10-08 20:35:33.052  1678  1678 I ViewRootImpl@77e2bcf[NotificationShade]: mThreadedRenderer.initializeIfNeeded()#2 mSurface={isValid=true 0x74148ff530}
10-08 20:35:33.052  1678  1678 D KeyguardUpdateMonitor: setFocusForBiometrics : false -> true, Focus window : 0 -> 1
10-08 20:35:33.052  1173  3627 D WindowManager: finishDrawingWindow: Window{4ecb50b u0 StatusBar} mDrawState=HAS_DRAWN seqId=5
10-08 20:35:33.052  1678  1678 I KeyguardImageWallpaper: onWindowFocusChanged: true
10-08 20:35:33.052  1678  1678 I DymLock|BaseLockContainer: onWindowFocusChanged true
10-08 20:35:33.053  1173  1272 D SurfaceControl: applyGlobalTransaction called, mName=finishDrawing_syncId(5)_StatusBar
10-08 20:35:33.053  2066  3840 I SecHAL  : device_wakeup: exit
10-08 20:35:33.053  2066  3840 I SecHAL  : OSI_timer_start: enter,osi_lock
10-08 20:35:33.053  2066  3840 I SecHAL  : OSI_timer_start: before pthread_create for timer thread
10-08 20:35:33.055  1678  1678 D AppController: screen_off : unregist SensorManager 
10-08 20:35:33.056  1173  1897 D SensorService: Calling activate off 49
10-08 20:35:33.056   770   770 I Sensors : AutoRotation old sensor_state 278528, new sensor_state : 35201552236544 en : 0
10-08 20:35:33.056  2066  3840 I SecHAL  : OSI_timer_start: after pthread_create for timer thread
10-08 20:35:33.056  2066  3840 I SecHAL  : OSI_timer_start: before osi_unlock
10-08 20:35:33.056  2066  3840 I SecHAL  : OSI_timer_start: exit
10-08 20:35:33.056  2066  3840 I SecHAL  : device_write: enter
10-08 20:35:33.056  2066  3840 I SecHAL  : device_write: before system call
10-08 20:35:33.057  2066  3840 I SecHAL  : device_write: after system call
10-08 20:35:33.057  2066  3840 I SecHAL  : device_write: exit
10-08 20:35:33.057  2066  3839 I SecHAL  : subft_sent_msg_to_Hal_task: subft_sent_msg_to_Hal_task enter
10-08 20:35:33.057  3682  3682 I id.diagmonagent: Explicit concurrent copying GC freed 159KB AllocSpace bytes, 8(416KB) LOS objects, 71% free, 2467KB/8611KB, paused 30us,20us total 11.522ms
10-08 20:35:33.057  2066  3839 D SecHAL  : subft_sent_msg_to_Hal_task: Sent message to HAL message task, remind que: 2
10-08 20:35:33.057 17722 17722 I ORC/WindowInsetsAnimation: onProgress
10-08 20:35:33.057 17722 17722 I ORC/WindowInsetsAnimation: setBottomPadding, 346
10-08 20:35:33.057 17722 17722 I ORC/Setting: getEnableSupportSplitMode() smallest screen width : 411
10-08 20:35:33.057  2066  3840 D SecHAL  : nfc_hal_task: Got a event: HAL_EVT_READ(4)
10-08 20:35:33.057  2066  3840 D SecHAL  : nfc_hal_task: current state: SERVICE
10-08 20:35:33.057  2066  3840 I SecHAL  : OSI_timer_start: enter,osi_lock
10-08 20:35:33.057  2066  3840 I SecHAL  : OSI_timer_start: before osi_unlock
10-08 20:35:33.057  2066  3840 I SecHAL  : OSI_timer_start: exit
10-08 20:35:33.057  2066  3840 I SecHAL  : nfc_data_callback: !
10-08 20:35:33.057  2066  3840 E SecHAL  : nfc_data_callback: [Cmd]Received a response packet : data_sending_flag = false!!
10-08 20:35:33.059  2066  2066 I SecHAL  : nfc_hal_write: enter;
10-08 20:35:33.059  2066  2066 E SecHAL  : nfc_hal_write: [Cmd]Send EVT data_sending_flag = true, return size=4!!
10-08 20:35:33.059  1173  3627 D WindowManager: finishDrawingWindow: Window{9232ea3 u0 NotificationShade} mDrawState=DRAW_PENDING seqId=1
10-08 20:35:33.059  2066  2066 I SecHAL  : nfc_hal_write: exit;
10-08 20:35:33.059  2066  3840 D SecHAL  : nfc_hal_task: Got a event: HAL_EVT_WRITE(3)
10-08 20:35:33.059  2066  3840 D SecHAL  : nfc_hal_task: current state: SERVICE
10-08 20:35:33.059  2066  3840 I SecHAL  : OSI_timer_start: enter,osi_lock
10-08 20:35:33.059  2066  3840 I SecHAL  : OSI_timer_start: before osi_unlock
10-08 20:35:33.059  2066  3840 I SecHAL  : OSI_timer_start: exit
10-08 20:35:33.059  2066  3840 I SecHAL  : device_write: enter
10-08 20:35:33.059  2066  3840 I SecHAL  : device_write: before system call
10-08 20:35:33.059  2066  3840 I SecHAL  : device_write: after system call
10-08 20:35:33.059  2066  3840 I SecHAL  : device_write: exit
10-08 20:35:33.059  1173  1272 V WindowManager: performShowLocked: mDrawState=HAS_DRAWN in Window{9232ea3 u0 NotificationShade}
10-08 20:35:33.060  1173  1272 D SurfaceControl: applyGlobalTransaction called, mName=finishDrawing_syncId(1)_NotificationShade
10-08 20:35:33.060   770   770 I Sensors : disable:: autorotation(32)
10-08 20:35:33.061  1678  1678 D SensorManager: unregisterListener
10-08 20:35:33.061  1678  1678 D SecVolume.SecVolumeStore: dispatch [ACTION_SCREEN_OFF] with [STATE_NO_DISPATCH]
10-08 20:35:33.061  1678  1678 D SecVolume.SecVolumeStore:   > New State : [STATE_NO_DISPATCH]
10-08 20:35:33.062  1678  1678 W Bundle  : Key reason expected String but value was a java.lang.Integer.  The default value <null> was returned.
10-08 20:35:33.062  1678  1678 W Bundle  : Attempt to cast generated internal exception:
10-08 20:35:33.062  1678  1678 W Bundle  : java.lang.ClassCastException: java.lang.Integer cannot be cast to java.lang.String
10-08 20:35:33.062  1678  1678 W Bundle  : 	at android.os.BaseBundle.getString(BaseBundle.java:1377)
10-08 20:35:33.062  1678  1678 W Bundle  : 	at android.content.Intent.getStringExtra(Intent.java:9514)
10-08 20:35:33.062  1678  1678 W Bundle  : 	at com.android.systemui.statusbar.phone.CentralSurfacesImpl$10.onReceive(CentralSurfacesImpl.java:3158)
10-08 20:35:33.062  1678  1678 W Bundle  : 	at com.android.systemui.broadcast.ActionReceiver$onReceive$1$1$1.run(ActionReceiver.kt:125)
10-08 20:35:33.062  1678  1678 W Bundle  : 	at android.os.Handler.handleCallback(Handler.java:942)
10-08 20:35:33.062  1678  1678 W Bundle  : 	at android.os.Handler.dispatchMessage(Handler.java:99)
10-08 20:35:33.062  1678  1678 W Bundle  : 	at android.os.Looper.loopOnce(Looper.java:226)
10-08 20:35:33.062  1678  1678 W Bundle  : 	at android.os.Looper.loop(Looper.java:313)
10-08 20:35:33.062  1678  1678 W Bundle  : 	at android.app.ActivityThread.main(ActivityThread.java:8762)
10-08 20:35:33.062  1678  1678 W Bundle  : 	at java.lang.reflect.Method.invoke(Native Method)
10-08 20:35:33.062  1678  1678 W Bundle  : 	at com.android.internal.os.RuntimeInit$MethodAndArgsCaller.run(RuntimeInit.java:604)
10-08 20:35:33.062  1678  1678 W Bundle  : 	at com.android.internal.os.ZygoteInit.main(ZygoteInit.java:1067)
10-08 20:35:33.064  2066  3839 I SecHAL  : subft_sent_msg_to_Hal_task: subft_sent_msg_to_Hal_task enter
10-08 20:35:33.064  2066  3839 D SecHAL  : subft_sent_msg_to_Hal_task: Sent message to HAL message task, remind que: 2
10-08 20:35:33.064  2066  3840 D SecHAL  : nfc_hal_task: Got a event: HAL_EVT_READ(4)
10-08 20:35:33.064  2066  3840 D SecHAL  : nfc_hal_task: current state: SERVICE
10-08 20:35:33.065  2066  3840 I SecHAL  : OSI_timer_start: enter,osi_lock
10-08 20:35:33.065  2066  3840 I SecHAL  : OSI_timer_start: before osi_unlock
10-08 20:35:33.065  2066  3840 I SecHAL  : OSI_timer_start: exit
10-08 20:35:33.065  2066  3840 I SecHAL  : nfc_data_callback: !
10-08 20:35:33.065  2066  3840 E SecHAL  : nfc_data_callback: [Cmd]Received a response packet : data_sending_flag = false!!
10-08 20:35:33.065  1961  3823 I libnfc_nci: [INFO:NativeNfcManager.cpp(1532)] SecureElement::getInstance().isPeerInListenMode()) : 0 
10-08 20:35:33.065  1961  3823 I libnfc_nci: [INFO:NativeNfcManager.cpp(1540)] isNeedToResendScreenState : 0
10-08 20:35:33.065  1961  1961 E libnfc_nci: [ERROR:NativeNfcTag.cpp(1227)] nativeNfcTag_doDisconnect: tag already deactivated
10-08 20:35:33.068  4675  4675 I HBD     : ScreenOffActionReceiver onReceive() : android.intent.action.SCREEN_OFF 
10-08 20:35:33.072 14388 14388 I BCMGR[11.0.01.10]: FeatureUtil] isBleScanFilterSupported - set
10-08 20:35:33.072 14388 14388 I BluetoothAdapter: STATE_ON
10-08 20:35:33.072 14388 14495 I BluetoothAdapter: STATE_ON
10-08 20:35:33.072 17722 17722 I ORC/WindowInsetsAnimation: onProgress
10-08 20:35:33.073 14388 14495 I BCMGR[11.0.01.10]: FeatureUtil] isBleScanFilterSupported - set
10-08 20:35:33.073 17722 17722 I ORC/WindowInsetsAnimation: setBottomPadding, 237
10-08 20:35:33.073 17722 17722 I ORC/Setting: getEnableSupportSplitMode() smallest screen width : 411
10-08 20:35:33.073 14388 14495 I BCMGR[11.0.01.10]: BleScanHelper] directStopLeScan - call BleScanner.stopScan()
10-08 20:35:33.073 14388 14495 I BluetoothAdapter: STATE_ON
10-08 20:35:33.074  1173  1606 V SilentRoamingManager: allowFrameworkRoaming: mAllowFrameworkRoaming=  false, enable= true
10-08 20:35:33.075  1173  1606 I WifiService: semSetSilentRoamingEnabled uid=1000 package=android enabled=true
10-08 20:35:33.075 16947 16947 I [MCFServer]_SubscriberManager: onReceive - ACTION_ID_SCREEN_OFF
10-08 20:35:33.075 16947 16947 I [MCFServer]_CasterManager: onReceive - ACTION_ID_SCREEN_OFF
10-08 20:35:33.075  1173  1606 D SilentRoamingManager: updatePnoNetworkList SSIDs { "M&J EXECUTIVE  BARBERSHOP ", "PAPS-PC 9018", "KALONJI shop", "CKV CYBER ", "Pascaline", "Tenda_3477C0_5G"  }
10-08 20:35:33.075 16947 16947 I [MCFServer]_BleScanner(Subscriber): stopScan - stop
10-08 20:35:33.075 16947 16947 I BluetoothAdapter: STATE_ON
10-08 20:35:33.075  1173  1606 D SilentRoamingPnoScanner: startPartialScan : freq list = [2412, 5560]
10-08 20:35:33.075  6153 11681 D ActivityAttributionService: notifyActivityAttributionInfo UID=1002 packageName=com.android.bluetooth deviceAddress=no_active_device_address
10-08 20:35:33.076  6153 11681 D BtGatt.ContextMap: remove() - id: 1
10-08 20:35:33.076  6153 11681 E BtGatt.ContextMap: remove() - removed: 1
10-08 20:35:33.076  6153 11681 I bt_stack: [INFO:le_scanning_manager.cc(172)] Unregister in shim layer, scanner_id:1
10-08 20:35:33.078  6153  6636 I bt_stack: [INFO:le_scanning_manager.cc(198)] ScanFilterParamSetup in shim layer
10-08 20:35:33.078  6153 20231 D ActivityAttributionService: notifyActivityAttributionInfo UID=1002 packageName=com.android.bluetooth deviceAddress=no_active_device_address
10-08 20:35:33.083 24094 24126 I SystemBroadcastReceiver: [#CMH#] onReceive completed :  0
10-08 20:35:33.083 24094 24094 I PolicyManager: [#CMH#] onReceive action = EVENT_SCREEN_OFF
10-08 20:35:33.084  6153  6636 I bt_stack: [INFO:le_scanning_manager.cc(198)] ScanFilterParamSetup in shim layer
10-08 20:35:33.085  6153  6636 I bt_stack: [INFO:le_scanning_manager.cc(198)] ScanFilterParamSetup in shim layer
10-08 20:35:33.087  6153 20231 D BtGatt.ContextMap: remove() - id: 3
10-08 20:35:33.087  6153 20231 E BtGatt.ContextMap: remove() - removed: 3
10-08 20:35:33.087  6153 20231 I bt_stack: [INFO:le_scanning_manager.cc(172)] Unregister in shim layer, scanner_id:3
10-08 20:35:33.088  6153  6636 I bt_stack: [INFO:le_scanning_manager.cc(198)] ScanFilterParamSetup in shim layer
10-08 20:35:33.088  6153  6636 I bt_stack: [INFO:le_scanning_manager.cc(198)] ScanFilterParamSetup in shim layer
10-08 20:35:33.089  6153  6636 I bt_stack: [INFO:le_scanning_manager.cc(198)] ScanFilterParamSetup in shim layer
10-08 20:35:33.090  6153  6636 I bt_stack: [INFO:le_scanning_manager.cc(198)] ScanFilterParamSetup in shim layer
10-08 20:35:33.090  6153  6636 I bt_stack: [INFO:le_scanning_manager.cc(198)] ScanFilterParamSetup in shim layer
10-08 20:35:33.090  6153  6636 I bt_stack: [INFO:le_scanning_manager.cc(198)] ScanFilterParamSetup in shim layer
10-08 20:35:33.091  6153  6636 I bt_stack: [INFO:le_scanning_manager.cc(198)] ScanFilterParamSetup in shim layer
10-08 20:35:33.092  6153  6636 I bt_stack: [INFO:le_scanning_manager.cc(198)] ScanFilterParamSetup in shim layer
10-08 20:35:33.092 17722 17722 I ORC/WindowInsetsAnimation: onProgress
10-08 20:35:33.092 17722 17722 I ORC/WindowInsetsAnimation: setBottomPadding, 136
10-08 20:35:33.092 17722 17722 I ORC/Setting: getEnableSupportSplitMode() smallest screen width : 411
10-08 20:35:33.094  6153  6636 I bt_stack: [INFO:le_scanning_manager.cc(198)] ScanFilterParamSetup in shim layer
10-08 20:35:33.094  6153  6636 I bt_stack: [INFO:le_scanning_manager.cc(198)] ScanFilterParamSetup in shim layer
10-08 20:35:33.095  6153  6636 I bt_stack: [INFO:le_scanning_manager.cc(198)] ScanFilterParamSetup in shim layer
10-08 20:35:33.095  1173  1594 D SemNscXgbMsL1: Probability - Cloud gaming: [0.006591083]
10-08 20:35:33.095 29370 12926 E LoadedApk: Exception : java.lang.NullPointerException: Attempt to invoke virtual method 'boolean android.os.Looper.isPerfLogEnable()' on a null object reference
10-08 20:35:33.095  1173  1594 D SemNscXgbMsL1: Probability - Real time: [0.7365917]
10-08 20:35:33.095  1173  1594 D SemNscXgbMsL1: Probability - Non real time: [0.72224283]
10-08 20:35:33.095  1173  1594 D SemNscXgbMsL1: 1 sample inference time: 0.723346 msecs
10-08 20:35:33.096  6153  6636 I bt_stack: [INFO:le_scanning_manager.cc(198)] ScanFilterParamSetup in shim layer
10-08 20:35:33.096  6153  6636 I bt_stack: [INFO:le_scanning_manager.cc(198)] ScanFilterParamSetup in shim layer
10-08 20:35:33.096  6153  6636 I bt_stack: [INFO:le_scanning_manager.cc(198)] ScanFilterParamSetup in shim layer
10-08 20:35:33.097  1173  1594 D SemNscXgbL2Rt: L2 RT 1 sample inference time: 1.352808 msecs
10-08 20:35:33.098  6153  6636 I bt_stack: [INFO:le_scanning_manager.cc(178)] Scan in shim layer stopped
10-08 20:35:33.098  6153  6636 I bt_stack: [INFO:le_scanning_manager.cc(312)] SetScanParameters with scanning phys in shim layer: phy_cnt=1
10-08 20:35:33.099  6153  6636 I bt_stack: [INFO:le_scanning_manager.cc(318)] SetScanParameters: scan_type=1, scan_interval=4992, scan_window=256
10-08 20:35:33.099  6153  6636 I bt_stack: [INFO:le_scanning_manager.cc(178)] Scan in shim layer started
10-08 20:35:33.099  6153  7276 W bt_stack: le_address_manager :: scan() - Unregister
10-08 20:35:33.099  6153  7276 W bt_stack: Stop LeSetExtendedScan
10-08 20:35:33.099  6153  7276 W bt_stack: Start LeSetExtendedScan
10-08 20:35:33.099  6153  7276 W bt_stack: register_client :: client registered!!!
10-08 20:35:33.099  6153  6320 E BtGatt.ContextMap: Context not found for ID 3
10-08 20:35:33.099  6153  6320 E BtGatt.GattService: Scan app or callback is null for scannerId = 3
10-08 20:35:33.099  1173  1594 D SemNscXgbL2Nrt: L2 NRT 1 sample inference time: 1.991039 msecs
10-08 20:35:33.100  6153  6636 I bt_stack: [INFO:le_scanning_manager.cc(178)] Scan in shim layer stopped
10-08 20:35:33.100  6153  7276 W bt_stack: le_address_manager :: scan() - Unregister
10-08 20:35:33.100  6153  7276 W bt_stack: Stop LeSetExtendedScan
10-08 20:35:33.100  6153  6636 I bt_stack: [INFO:le_scanning_manager.cc(198)] ScanFilterParamSetup in shim layer
10-08 20:35:33.100  6153  6697 E BtGatt.GattService: [GSIM LOG]: gsimLogHandler, msg: MESSAGE_SCAN_STOP, appName: android.uid.bcmgr, scannerId: 1, reportDelayMillis=0
10-08 20:35:33.106 17722 17722 I ORC/WindowInsetsAnimation: onProgress
10-08 20:35:33.106 17722 17722 I ORC/WindowInsetsAnimation: setBottomPadding, 77
10-08 20:35:33.106 17722 17722 I ORC/Setting: getEnableSupportSplitMode() smallest screen width : 411
10-08 20:35:33.107  6153  6697 E BtGatt.GattService: [GSIM LOG]: gsimLogHandler, msg: MESSAGE_SCAN_STOP, appName: com.samsung.android.mcfserver, scannerId: 3, reportDelayMillis=0
10-08 20:35:33.114  6153  7276 W bt_stack: Received command complete with op_code LE_SET_RANDOM_ADDRESS
10-08 20:35:33.116 29370 29727 I NearbyDiscovery: (REDACTED) FastPairHandler: Received action %s
10-08 20:35:33.117 29370 29727 I NearbyDiscovery: (REDACTED) OffloadFastPairScanner: eventType=%s, isInternalReq=%s, isOffloadScanning=%s, isOffloadScanningAllowed=%s
10-08 20:35:33.118 29370 29727 I NearbyDiscovery: (REDACTED) FastPairScanner: isScreenOn=%s, isLocationEnabled=%s, disableLocationRequirement=%s, isDiscoveryScanningEnabled=%s, during24GhzWifiWarmingUpPeriod=%s
10-08 20:35:33.119 29370 29727 I BluetoothAdapter: STATE_ON
10-08 20:35:33.119 29370 29727 I NearbyDiscovery: (REDACTED) FastPairScanner: eventType=%s, intReq=%s, scanning=%s, scanAllowed=%s, bleEnabled=%s, lockScanRate=%s, startScanningByLowPowerMode=%s
10-08 20:35:33.119 29370 29727 I NearbyDiscovery: FastPairController: onSystemStateChanged: skip due to flag disabled [CONTEXT service_id=265 ]
10-08 20:35:33.120  6153  7276 W bt_stack: Received command complete with op_code LE_SET_RANDOM_ADDRESS
10-08 20:35:33.121 29370 29681 E LoadedApk: Exception : java.lang.NullPointerException: Attempt to invoke virtual method 'boolean android.os.Looper.isPerfLogEnable()' on a null object reference
10-08 20:35:33.122 17722 17722 I ORC/WindowInsetsAnimation: onProgress
10-08 20:35:33.122 17722 17722 I ORC/WindowInsetsAnimation: setBottomPadding, 27
10-08 20:35:33.123 17722 17722 I ORC/Setting: getEnableSupportSplitMode() smallest screen width : 411
10-08 20:35:33.123 29370 29681 E LoadedApk: Exception : java.lang.NullPointerException: Attempt to invoke virtual method 'boolean android.os.Looper.isPerfLogEnable()' on a null object reference
10-08 20:35:33.138 17722 17722 I ORC/WindowInsetsAnimation: onProgress
10-08 20:35:33.138 17722 17722 I ORC/WindowInsetsAnimation: setBottomPadding, 0
10-08 20:35:33.138 17722 17722 I ORC/Setting: getEnableSupportSplitMode() smallest screen width : 411
10-08 20:35:33.156 17722 17722 I ORC/WindowInsetsAnimation: onProgress
10-08 20:35:33.156 17722 17722 I ORC/WindowInsetsAnimation: setBottomPadding, 0
10-08 20:35:33.156 17722 17722 I ORC/Setting: getEnableSupportSplitMode() smallest screen width : 411
10-08 20:35:33.159  1173  3627 D BaseRestrictionMgr: Package: com.sec.android.gallery3d, userid: 0, hostingType: broadcast is Restricted by policy: 4 caller is: android
10-08 20:35:33.159  1173  3627 W BroadcastQueue: intent:Intent { act=android.intent.action.SCREEN_OFF flg=0x50200010 (has extras) } is skipped in RestrictedPackage to ProcessRecord{f23e2e9 24206:com.sec.android.gallery3d/u0a111}
10-08 20:35:33.161  1173  1278 D BaseRestrictionMgr: Package: com.zhiliaoapp.musically, userid: 0, hostingType: broadcast is Restricted by policy: 4 caller is: android
10-08 20:35:33.161  1173  1278 W BroadcastQueue: intent:Intent { act=android.intent.action.SCREEN_OFF flg=0x50200010 (has extras) } is skipped in RestrictedPackage to ProcessRecord{47a2ccc 31412:com.zhiliaoapp.musically/u0a313}
10-08 20:35:33.173 17722 17722 I ORC/WindowInsetsAnimation: onProgress
10-08 20:35:33.173 17722 17722 I ORC/WindowInsetsAnimation: setBottomPadding, 0
10-08 20:35:33.173 17722 17722 I ORC/Setting: getEnableSupportSplitMode() smallest screen width : 411
10-08 20:35:33.187  1173  3627 D InputMethodManagerService: isImeSwitcherDisabledPackage : false
10-08 20:35:33.188 17722 17722 I ORC/WindowInsetsAnimation: onProgress
10-08 20:35:33.188 17722 17722 I ORC/WindowInsetsAnimation: setBottomPadding, 0
10-08 20:35:33.188 17722 17722 I ORC/Setting: getEnableSupportSplitMode() smallest screen width : 411
10-08 20:35:33.205 17722 17722 I ORC/WindowInsetsAnimation: onProgress
10-08 20:35:33.205 17722 17722 I ORC/WindowInsetsAnimation: setBottomPadding, 0
10-08 20:35:33.205 17722 17722 I ORC/Setting: getEnableSupportSplitMode() smallest screen width : 411
10-08 20:35:33.208 17505 17505 I Peripheral_Manager[1.2.93]: onReceive : android.intent.action.SCREEN_OFF
10-08 20:35:33.212 17505 17505 I IC_Service[1.2.93]: onReceive() IcDeviceStateListener got: android.intent.action.SCREEN_OFF
10-08 20:35:33.212 17505 17532 I IC_DeviceManager[1.2.93]: DeviceHandler, get message : MSG_SCREEN_OFF
10-08 20:35:33.216  1173  4214 I WifiService: releaseMulticastLock uid=10228
10-08 20:35:33.217  1173  1543 I serviceDiscovery: [MdnsDiscoveryManager] Unregistering listener for serviceType:_googlecast._tcp.local
10-08 20:35:33.217  1173  1543 I serviceDiscovery: [MdnsDiscoveryManager] Unregistering listener for serviceType:_googlecast._tcp.local
10-08 20:35:33.219  1861 23932 D IpClient.wlan0: set max DTIM multiplier to 9
10-08 20:35:33.220  1173  1543 I serviceDiscovery: [MdnsSocketProvider] Stop monitoring sockets.
10-08 20:35:33.220  1173  1543 D ConnectivityManager: StackLog: [android.net.ConnectivityManager.unregisterNetworkCallback(ConnectivityManager.java:5571)] [android.net.connectivity.com.android.server.connectivity.mdns.MdnsSocketProvider.maybeStopMonitoringSockets(MdnsSocketProvider.java:381)] [android.net.connectivity.com.android.server.connectivity.mdns.MdnsSocketProvider.requestStopWhenInactive(MdnsSocketProvider.java:406)] [android.net.connectivity.com.android.server.NsdService$NsdStateMachine.maybeStopMonitoringSocketsIfNoActiveRequest(NsdService.java:651)] [android.net.connectivity.com.android.server.NsdService$NsdStateMachine.-$$Nest$mmaybeStopMonitoringSocketsIfNoActiveRequest(NsdService.java:0)] [android.net.connectivity.com.android.server.NsdService$NsdStateMachine$EnabledState.removeRequestMap(NsdService.java:716)] [android.net.connectivity.com.android.server.NsdService$NsdStateMachine$EnabledState.stopDiscoveryManagerRequest(NsdService.java:747)] [android.net.connectivity.com.android.server.NsdService$NsdStateMachine$EnabledState.processMessage(NsdService.java:944)] [android.net.connectivity.com.android.internal.util.StateMachine$SmHandler.processMsg(StateMachine.java:1007)] [android.net.connectivity.com.android.internal.util.StateMachine$SmHandler.handleMessage(StateMachine.java:820)]
10-08 20:35:33.220   774   774 D WifiHAL : Setting APF program, halHandle = 0x778ceba7f0
10-08 20:35:33.220   774   774 I WifiHAL : createRequest: APF set program request
10-08 20:35:33.220  1173  1543 I TetheringManager: unregisterTetheringEventCallback caller:android
10-08 20:35:33.221  1173  3627 D BaseRestrictionMgr: Package: com.offline.bible, userid: 0, hostingType: broadcast is Restricted by policy: 4 caller is: android
10-08 20:35:33.221  1173  3627 W BroadcastQueue: intent:Intent { act=android.intent.action.SCREEN_OFF flg=0x50200010 (has extras) } is skipped in RestrictedPackage to ProcessRecord{372534 1060:com.offline.bible/u0a373}
10-08 20:35:33.223  1173  1278 D BaseRestrictionMgr: Package: com.offline.bible, userid: 0, hostingType: broadcast is Restricted by policy: 4 caller is: android
10-08 20:35:33.223  1173  1278 W BroadcastQueue: intent:Intent { act=android.intent.action.SCREEN_OFF flg=0x50200010 (has extras) } is skipped in RestrictedPackage to ProcessRecord{372534 1060:com.offline.bible/u0a373}
10-08 20:35:33.223  1173  1278 D BaseRestrictionMgr: Package: com.offline.bible, userid: 0, hostingType: broadcast is Restricted by policy: 4 caller is: android
10-08 20:35:33.223  1173  1278 W BroadcastQueue: intent:Intent { act=android.intent.action.SCREEN_OFF flg=0x50200010 (has extras) } is skipped in RestrictedPackage to ProcessRecord{372534 1060:com.offline.bible/u0a373}
10-08 20:35:33.223  1173  1278 D BaseRestrictionMgr: Package: com.offline.bible, userid: 0, hostingType: broadcast is Restricted by policy: 4 caller is: android
10-08 20:35:33.223  1173  1278 W BroadcastQueue: intent:Intent { act=android.intent.action.SCREEN_OFF flg=0x50200010 (has extras) } is skipped in RestrictedPackage to ProcessRecord{372534 1060:com.offline.bible/u0a373}
10-08 20:35:33.223 17722 17722 I ORC/WindowInsetsAnimation: onProgress
10-08 20:35:33.223  1173  1278 D BaseRestrictionMgr: Package: com.facebook.katana, userid: 0, hostingType: broadcast is Restricted by policy: 4 caller is: android
10-08 20:35:33.223 17722 17722 I ORC/WindowInsetsAnimation: setBottomPadding, 0
10-08 20:35:33.223  1173  1278 W BroadcastQueue: intent:Intent { act=android.intent.action.SCREEN_OFF flg=0x50200010 (has extras) } is skipped in RestrictedPackage to ProcessRecord{2907775 7995:com.facebook.katana/u0a193}
10-08 20:35:33.223 17722 17722 I ORC/Setting: getEnableSupportSplitMode() smallest screen width : 411
10-08 20:35:33.227  1173  1173 D PowerManagerService: [PWL] sb release: PowerManagerService.Broadcasts
10-08 20:35:33.228   774   774 I WifiHAL : Done!
10-08 20:35:33.237 17722 17722 I ORC/WindowInsetsAnimation: onProgress
10-08 20:35:33.237 17722 17722 I ORC/WindowInsetsAnimation: setBottomPadding, 0
10-08 20:35:33.237 17722 17722 I ORC/Setting: getEnableSupportSplitMode() smallest screen width : 411
10-08 20:35:33.255  3767  3767 I Utils   : isCurrentUser current = 0, ownerId = 0
10-08 20:35:33.256  3767  3767 I TrayVisibilityController: getComputedTrayVisible : keyguardState = 3
10-08 20:35:33.256  3767  3767 I TrayVisibilityController: updateTrayVisible: State=3 visible=2 mCurrentVisible=2 specificMode=0
10-08 20:35:33.257  3767  3767 I TrayStateController: setUiState 2 :  already 2
10-08 20:35:33.260 17722 17722 I ORC/WindowInsetsAnimation: onProgress
10-08 20:35:33.260 17722 17722 I ORC/WindowInsetsAnimation: setBottomPadding, 0
10-08 20:35:33.260 17722 17722 I ORC/Setting: getEnableSupportSplitMode() smallest screen width : 411
10-08 20:35:33.270 17722 17722 I ORC/WindowInsetsAnimation: onProgress
10-08 20:35:33.270 17722 17722 I ORC/WindowInsetsAnimation: setBottomPadding, 0
10-08 20:35:33.271 17722 17722 I ORC/Setting: getEnableSupportSplitMode() smallest screen width : 411
10-08 20:35:33.285  1173  4214 D WifiNl80211Manager: Scan result ready event
10-08 20:35:33.285  1173  4214 D WifiNative: Scan result ready event
10-08 20:35:33.290 17722 17722 I IMM_LC  : notifyImeHidden: mService.hideSoftInput
10-08 20:35:33.291  1173  3627 D InputMethodManagerService: hideSoftInput
10-08 20:35:33.291  1173  3627 V InputMethodManagerService: Client requesting input be hidden
10-08 20:35:33.291  1173  3627 V InputMethodManagerService: hideCurrentInputLocked : canceled, shouldHideSoftInput=false, mInputShown=false, mImeWindowVis=0
10-08 20:35:33.291  1173  3627 I InputMethodBindingController: setCurrentMethodNotVisible: mVisibleBound=false, mHasConnection=true, caller = com.android.server.inputmethod.InputMethodManagerService.hideCurrentInputLocked:4356 com.android.server.inputmethod.InputMethodManagerService.hideSoftInput:4294 com.android.internal.view.IInputMethodManager$Stub.onTransact:488 com.android.server.inputmethod.InputMethodManagerService.onTransact:2302 android.os.Binder.execTransactInternal:1321 android.os.Binder.execTransact:1280 <bottom of call stack> <bottom of call stack> <bottom of call stack> <bottom of call stack> 
10-08 20:35:33.292 17722 17722 I ORC/WindowInsetsAnimation: onProgress
10-08 20:35:33.292 17722 17722 I ORC/WindowInsetsAnimation: setBottomPadding, 0
10-08 20:35:33.292 17722 17722 I ORC/Setting: getEnableSupportSplitMode() smallest screen width : 411
10-08 20:35:33.293 17722 17722 I ORC/WindowInsetsAnimation: onEnd
10-08 20:35:33.293 17722 17722 I ORC/AppWindowManager: contentViewApplyWindowInsetListener
10-08 20:35:33.293 17722 17722 I ORC/Setting: getEnableSupportSplitMode() smallest screen width : 411
10-08 20:35:33.293 17722 17722 I ORC/WindowInsetsAnimation: setBottomPadding, 0
10-08 20:35:33.293 17722 17722 I ORC/Setting: getEnableSupportSplitMode() smallest screen width : 411
10-08 20:35:33.294  4675  4675 I InputMethodService: removeImeSurface
10-08 20:35:33.298  4675  4675 I MSHandlerLifeCycle: check: return. pkg=com.samsung.android.honeyboard isActivity=false callers=com.android.internal.policy.DecorView.setVisibility:4412 android.app.Dialog.hide:767 android.inputmethodservice.InputMethodService.removeImeSurface:1290 android.inputmethodservice.InputMethodService.scheduleImeSurfaceRemoval:1279 android.inputmethodservice.InputMethodService.-$$Nest$mscheduleImeSurfaceRemoval:0 
10-08 20:35:33.302  1173  1588 V SemWifiScanPool: updateScanResult, partial scan:5 configKeys: 6 pool_bssid:13 pool_configKeys:8
10-08 20:35:33.304  4675  4675 I MSHandlerLifeCycle: removeMultiSplitHandler: no exist. decor=DecorView@2b2e933[InputMethod]
10-08 20:35:33.320  4675  4675 I ViewRootImpl@1effe70[InputMethod]: performTraversals mFirst=false windowShouldResize=false viewVisibilityChanged=true mForceNextWindowRelayout=false params=null
10-08 20:35:33.322  1173  3627 V WindowManager: Relayout Window{a7ad32f u0 InputMethod}: viewVisibility=8 req=1080x2326 d0
10-08 20:35:33.322  1173  3627 E WindowManager: win=Window{a7ad32f u0 InputMethod} destroySurfaces: appStopped=true cleanupOnResume=false win.mWindowRemovalAllowed=false win.mRemoveOnExit=false win.mViewVisibility=8 caller=com.android.server.wm.WindowManagerService.tryStartExitingAnimation:3016 com.android.server.wm.WindowManagerService.relayoutWindow:2727 com.android.server.wm.Session.relayout:274 android.view.IWindowSession$Stub.onTransact:779 com.android.server.wm.Session.onTransact:188 android.os.Binder.execTransactInternal:1316 android.os.Binder.execTransact:1280 
10-08 20:35:33.323  1173  3627 I WindowManager: Destroying surface Surface(name=InputMethod$_4675)/@0xcb3c62b called by com.android.server.wm.WindowStateAnimator.destroySurface:942 com.android.server.wm.WindowStateAnimator.destroySurfaceLocked:536 com.android.server.wm.WindowState.destroySurfaceUnchecked:4309 com.android.server.wm.WindowState.destroySurface:4283 com.android.server.wm.WindowManagerService.tryStartExitingAnimation:3016 com.android.server.wm.WindowManagerService.relayoutWindow:2727 com.android.server.wm.Session.relayout:274 android.view.IWindowSession$Stub.onTransact:779 
10-08 20:35:33.331  1173  3627 V WindowManager: Relayout hash=a7ad32f, pid=4675, syncId=-1: mAttrs={(0,0)(fillxfill) gr=BOTTOM CENTER_VERTICAL sim={adjust=pan} ty=INPUT_METHOD fmt=TRANSPARENT wanim=0x7f1301aa preferredMinDisplayRefreshRate=60.0 receive insets ignoring z-order
10-08 20:35:33.331  1173  3627 V WindowManager:   fl=81800108
10-08 20:35:33.331  1173  3627 V WindowManager:   pfl=12000000
10-08 20:35:33.331  1173  3627 V WindowManager:   bhv=DEFAULT
10-08 20:35:33.331  1173  3627 V WindowManager:   fitTypes=STATUS_BARS NAVIGATION_BARS
10-08 20:35:33.331  1173  3627 V WindowManager:   fitSides=LEFT TOP RIGHT
10-08 20:35:33.331  1173  3627 V WindowManager:   fitIgnoreVis dimDuration=150 naviIconColor=0}
10-08 20:35:33.331 17722 17722 I ORC/ShortcutHelper: handleMessage: 0
10-08 20:35:33.336   846   846 I Layer   : id=31337 removeFromCurrentState InputMethod$_4675#31337 (204)
10-08 20:35:33.337   846   846 I SurfaceFlinger: id=31337 Removed InputMethod$_4675#31337 (204)
10-08 20:35:33.337  4675  4675 I ViewRootImpl@1effe70[InputMethod]: Relayout returned: old=(0,74,1080,2400) new=(0,74,1080,2400) req=(1080,2326)8 dur=14 res=0x2 s={false 0x0} ch=true seqId=0
10-08 20:35:33.338   846   846 I Layer   : id=31337 Destroyed InputMethod$_4675#31337
10-08 20:35:33.343 17722 17762 I ORC/ShortcutHelper: pinnedShortcutSize size : 0
10-08 20:35:33.343 17722 17762 I ORC/ShortcutHelper: dynamicShortcutSize size : 3
10-08 20:35:33.345 17722 17762 I ORC/PinnedShortcutUpdateManager: needToRefresh: current size: 0
10-08 20:35:33.345 17722 17762 I ORC/DynamicShortcutUpdateManager: needRefresh: true
10-08 20:35:33.345 17722 17762 I ORC/ShortcutHelper: refreshShortcutsIfNeeded() needUpdatePinnedShortcut : false, needUpdateDynamicShortcut : true
10-08 20:35:33.351  1678  1678 I AlwaysOnDisplayEx: showChargingInfo: false
10-08 20:35:33.354  1678  1678 I AODBatteryManager: updateBatteryData: ACTION_BATTERY_CHANGED
10-08 20:35:33.354  1678  1678 I AODBatteryManager: getChargeEstimateTime: not charging
10-08 20:35:33.355  1678  1678 I AODBatteryManager: saveBatteryData : AOD BatteryData [mBatteryLevel=100, mBatteryStatus=FULL, mBatteryPlugType=USB, mBatteryPlugged=true, mRemainingChargeTime=0, mBatteryChargingType=0, mBatteryChargerType=NORMAL, mBatteryOnline=NOT_DEFINED, mBatterySwellingMode=NONE, mBatteryProtectMode=false]
10-08 20:35:33.355  1678  1678 I ChargingInfoManager: updateChargingInfo: newState = AOD ChargingInfo [mState=HIDE_IN_FULLY_CHARGED, mIsCharging=false, mIsFullyCharged=true, mIsBatteryProtectMode=false], oldState = AOD ChargingInfo [mState=HIDE_IN_FULLY_CHARGED, mIsCharging=false, mIsFullyCharged=true, mIsBatteryProtectMode=false]
10-08 20:35:33.355  1678  1678 I AODUtils: supportStandAloneCharging: not charging
10-08 20:35:33.403  1041  1681 I bauth_FPBAuthService: pcf : 0x1012, 0 ,1 ,0 ,0 ,0 ,0, 7.0.0.0
10-08 20:35:33.403  1041  1681 I bauth_FPBAuthService: thread id : 1, preenroll_flag : 0, nd cnt : 0, cso : 0, et : 0
10-08 20:35:33.403  1041  1681 I bauth_FPBAuthService: FPBAuthService, 11511
10-08 20:35:33.476  1173  2576 I SemWifiApSmartBleScanner: Preconditions standalonemode is ON
10-08 20:35:33.476  1173  2576 D SemWifiApContentProviderHelper: SemWifiApContentProviderHelper insert:android,Binder.getCallingUid():1000,hasPermission:true
10-08 20:35:33.478  1173  2576 D SemWifiApContentProviderHelper: SemWifiApContentProviderHelper insert:android,Binder.getCallingUid():1000,hasPermission:true
10-08 20:35:33.479  1173  2576 D SemWifiApContentProviderHelper: SemWifiApContentProviderHelper insert:android,Binder.getCallingUid():1000,hasPermission:true
10-08 20:35:33.479  1173  2576 I BluetoothAdapter: STATE_ON
10-08 20:35:33.479  1173  2576 I BluetoothAdapter: STATE_ON
10-08 20:35:33.480  1173  2576 D SemWifiApContentProviderHelper: SemWifiApContentProviderHelper insert:android,Binder.getCallingUid():1000,hasPermission:true
10-08 20:35:33.480  1173  2576 D SemWifiApContentProviderHelper: SemWifiApContentProviderHelper insert:android,Binder.getCallingUid():1000,hasPermission:true
10-08 20:35:33.481  1173  2576 D SemWifiApContentProviderHelper: SemWifiApContentProviderHelper insert:android,Binder.getCallingUid():1000,hasPermission:true
10-08 20:35:33.482  1173  2576 D SemWifiApContentProviderHelper: SemWifiApContentProviderHelper insert:android,Binder.getCallingUid():1000,hasPermission:true
10-08 20:35:33.483  1173  2576 D SemWifiApContentProviderHelper: SemWifiApContentProviderHelper insert:android,Binder.getCallingUid():1000,hasPermission:true
10-08 20:35:33.484  1173  2576 D SemWifiApContentProviderHelper: SemWifiApContentProviderHelper insert:android,Binder.getCallingUid():1000,hasPermission:true
10-08 20:35:33.484  1173  2576 E SemWifiApSmartBleScanner: mMhsD2dFilter:BluetoothLeScanFilter [mDeviceName=null, mDeviceAddress=null, mUuid=null, mUuidMask=null, mServiceSolicitationUuid=null, mServiceSolicitationUuidMask=null, mServiceDataUuid=null, mServiceData=null, mServiceDataMask=null, mManufacturerId=117, mManufacturerData=[1, 18, 0, 0, 0, 0, 0, 0, 0, 0, 3, 0, 0, 0, 0, 0, 0, 0, 0, 0, 0, 0, 0, 0], mManufacturerDataMask=[0, -1, 0, 0, 0, 0, 0, 0, 0, 0, -1, 0, 0, 0, 0, 0, 0, 0, 0, 0, 0, 0, 0, 0], mAdvertisingDataType=-1, mAdvertisingData=null, mAdvertisingDataMask=null]
10-08 20:35:33.485  1173  2576 I BluetoothAdapter: STATE_ON
10-08 20:35:33.485  1173  2576 I BluetoothAdapter: STATE_ON
10-08 20:35:33.485  1173  2576 I BluetoothAdapter: STATE_ON
10-08 20:35:33.487  1173  2576 D BluetoothLeScanner: Start Scan with callback
10-08 20:35:33.490  6153 20231 D BtGatt.ContextMap: add() - appUid: 1000, appPid: 1173, appName: android.uid.system
10-08 20:35:33.491  6153 20231 I bt_stack: [INFO:le_scanning_manager.cc(165)] RegisterScanner in shim layer
10-08 20:35:33.491  6153  6320 D BtGatt.GattService: onScannerRegistered() - UUID=fdba30b5-9914-4dd6-8dc7-5307497732c1, scannerId=1, status=0
10-08 20:35:33.492  1173  4214 D BluetoothLeScanner: onScannerRegistered() - status=0 scannerId=1 mScannerId=0
10-08 20:35:33.493  6153 20231 I BluetoothAdapter: STATE_ON
10-08 20:35:33.496  6153 20231 D ActivityAttributionService: notifyActivityAttributionInfo UID=1002 packageName=com.android.bluetooth deviceAddress=no_active_device_address
10-08 20:35:33.496  6153  6636 I BluetoothAdapter: STATE_ON
10-08 20:35:33.500  6153  6636 I BluetoothAdapter: STATE_ON
10-08 20:35:33.500  6153  6697 E BtGatt.GattService: [GSIM LOG]: gsimLogHandler, msg: MESSAGE_SCAN_START, appName: android.uid.system, scannerId: 1, reportDelayMillis=0
10-08 20:35:33.500  6153  6636 I BluetoothAdapter: STATE_ON
10-08 20:35:33.500  1173  2576 I SemWifiApSmartBleScanner: Started scanning
10-08 20:35:33.500  6153  6636 I bt_stack: [INFO:le_scanning_manager.cc(269)] ScanFilterEnable in shim layer
10-08 20:35:33.501  6153  6636 I bt_stack: [INFO:le_scanning_manager.cc(240)] ScanFilterAdd in shim layer
10-08 20:35:33.502  6153  6636 D BtGatt.ScanManager: configureFilterParamter() : onFoundTimeout | onLostTimeout | onFoundCount | numOfTrackingEntries | scanFilterRssiThreshold | trackableScanFilterRssiThreshold | matchMode
10-08 20:35:33.503  6153  6636 D BtGatt.ScanManager: configureFilterParamter() : __________500__|________10000__|___________1__|___________________0__|___________________-128__|____________________________-128__|________1_
10-08 20:35:33.503  6153  6636 I bt_stack: [INFO:le_scanning_manager.cc(198)] ScanFilterParamSetup in shim layer
10-08 20:35:33.503  6153  6636 I bt_stack: [INFO:le_scanning_manager.cc(178)] Scan in shim layer started
10-08 20:35:33.503  6153  6636 I bt_stack: [INFO:le_scanning_manager.cc(178)] Scan in shim layer stopped
10-08 20:35:33.503  6153  6636 I bt_stack: [INFO:le_scanning_manager.cc(312)] SetScanParameters with scanning phys in shim layer: phy_cnt=1
10-08 20:35:33.503  6153  6636 I bt_stack: [INFO:le_scanning_manager.cc(318)] SetScanParameters: scan_type=1, scan_interval=4992, scan_window=88
10-08 20:35:33.504  6153  6636 I bt_stack: [INFO:le_scanning_manager.cc(178)] Scan in shim layer started
10-08 20:35:33.504  6153  7276 W bt_stack: Start LeSetExtendedScan
10-08 20:35:33.504  6153  7276 W bt_stack: register_client :: client registered!!!
10-08 20:35:33.504  6153  7276 W bt_stack: le_address_manager :: scan() - Unregister
10-08 20:35:33.504  6153  7276 W bt_stack: Stop LeSetExtendedScan
10-08 20:35:33.504  6153  7276 W bt_stack: Start LeSetExtendedScan
10-08 20:35:33.504  6153  7276 W bt_stack: register_client :: client registered!!!
10-08 20:35:33.517  6153  7276 W bt_stack: Received command complete with op_code LE_SET_RANDOM_ADDRESS
10-08 20:35:33.517  6153  7276 W bt_stack: le_scanning_manager :: OnResume()
10-08 20:35:33.517  6153  7276 W bt_stack: Start LeSetExtendedScan
10-08 20:35:33.517  6153  7276 W bt_stack: le_scanning_manager :: OnResume() - call AckResume
10-08 20:35:33.517  6153  7276 W bt_stack: le_address_manager :: ack_resume()
10-08 20:35:33.520  6153  7276 E bt_stack: Receive set extended scan enable with error code COMMAND_DISALLOWED
10-08 20:35:33.600  1173  1594 D SemNscXgbMsL1: Probability - Cloud gaming: [0.007619407]
10-08 20:35:33.601  1173  1594 D SemNscXgbMsL1: Probability - Real time: [0.7665228]
10-08 20:35:33.602  1173  1594 D SemNscXgbMsL1: Probability - Non real time: [0.61758655]
10-08 20:35:33.602  1173  1594 D SemNscXgbMsL1: 1 sample inference time: 1.674923 msecs
10-08 20:35:33.606  1173  1594 D SemNscXgbL2Rt: L2 RT 1 sample inference time: 3.638769 msecs
10-08 20:35:33.608  1173  1594 D SemNscXgbL2Nrt: L2 NRT 1 sample inference time: 2.703653 msecs
10-08 20:35:33.609  1173  1594 I SemWifiServiceDetector: NSD results: [1, 1, 1, 0, 1, 1, 0, 1, 0] Traff. type 1 Thr 0
10-08 20:35:33.612  1173  1597 D SemWifiOptimizer: enable=1 state=0x10 prev=0x10 new=0x10 force=0 mode=0
10-08 20:35:33.633  1173  1274 E Watchdog: !@Sync: 3745 heap: 117 / 127 FD: 1158 [2025-10-08 20:35:33.632]
10-08 20:35:33.680   546   546 D io_stats: !@   8,0 r 4439644 114124136 w 3926726 45136560 d 1343677 65113400 f 0 0 iot 2083204 0 th 0 0 0 pt 0 inp 0 0 112434.129
10-08 20:35:33.846 17722 17722 I ORC/ShortcutHelper: handleMessage: 11
10-08 20:35:33.847 17722 13450 I ORC/ShortcutHelper: mRefreshThreadForDynamic : start
10-08 20:35:33.854 17722 13450 I PROV/QueryUriConversations: [CONVERSATION]done query conversations, containsRecipientList : true, category : null, Elapsed time : 4.694539 ms
10-08 20:35:33.854 17722 13450 I PROV/MsgContentProviderQuery: query, uriMatch : 1001, Elapsed time : 5.064462 ms
10-08 20:35:33.863 17722 13450 I ORC/ListItemModel: setGroupChatInviterAddress, No inviter
10-08 20:35:33.864 17722 13450 I ORC/ShortcutListItemModel: loadItem() : needReload : false
10-08 20:35:33.871 17722 13450 I ORC/ListItemModel: setGroupChatInviterAddress, No inviter
10-08 20:35:33.872 17722 13450 I ORC/ListItemModel: setGroupChatInviterAddress, No inviter
10-08 20:35:33.872 17722 13450 I ORC/ListItemModel: setGroupChatInviterAddress, No inviter
10-08 20:35:33.872 17722 13450 I ORC/ListItemModel: setGroupChatInviterAddress, No inviter
10-08 20:35:33.872 17722 13450 I ORC/ListItemModel: setGroupChatInviterAddress, No inviter
10-08 20:35:33.873 17722 13450 I ORC/ListItemModel: setGroupChatInviterAddress, No inviter
10-08 20:35:33.873 17722 13450 I ORC/ListItemModel: setGroupChatInviterAddress, No inviter
10-08 20:35:33.873 17722 13450 I ORC/ListItemModel: setGroupChatInviterAddress, No inviter
10-08 20:35:33.874 17722 13450 I ORC/ListItemModel: setGroupChatInviterAddress, No inviter
10-08 20:35:33.874 17722 13450 I ORC/ListItemModel: setGroupChatInviterAddress, No inviter
10-08 20:35:33.874 17722 13450 I ORC/ListItemModel: setGroupChatInviterAddress, No inviter
10-08 20:35:33.874 17722 13450 I ORC/ListItemModel: setGroupChatInviterAddress, No inviter
10-08 20:35:33.875 17722 13450 I ORC/ListItemModel: setGroupChatInviterAddress, No inviter
10-08 20:35:33.875 17722 13450 I ORC/ListItemModel: setGroupChatInviterAddress, No inviter
10-08 20:35:33.875 17722 13450 I ORC/ListItemModel: setGroupChatInviterAddress, No inviter
10-08 20:35:33.876 17722 13450 I ORC/ListItemModel: setGroupChatInviterAddress, No inviter
10-08 20:35:33.876 17722 13450 I ORC/ListItemModel: setGroupChatInviterAddress, No inviter
10-08 20:35:33.876 17722 13450 I ORC/ShortcutListItemModel: loadItem() : needReload : false
10-08 20:35:33.882 17722 13450 I ORC/ListItemModel: setGroupChatInviterAddress, No inviter
10-08 20:35:33.883 17722 13450 I ORC/ListItemModel: setGroupChatInviterAddress, No inviter
10-08 20:35:33.883 17722 13450 I ORC/ListItemModel: setGroupChatInviterAddress, No inviter
10-08 20:35:33.884 17722 13450 I ORC/ListItemModel: setGroupChatInviterAddress, No inviter
10-08 20:35:33.884 17722 13450 I ORC/ListItemModel: setGroupChatInviterAddress, No inviter
10-08 20:35:33.884 17722 13450 I ORC/ListItemModel: setGroupChatInviterAddress, No inviter
10-08 20:35:33.884 17722 13450 I ORC/ListItemModel: setGroupChatInviterAddress, No inviter
10-08 20:35:33.885 17722 13450 I ORC/ListItemModel: setGroupChatInviterAddress, No inviter
10-08 20:35:33.885 17722 13450 I ORC/ListItemModel: setGroupChatInviterAddress, No inviter
10-08 20:35:33.885 17722 13450 I ORC/ListItemModel: setGroupChatInviterAddress, No inviter
10-08 20:35:33.885 17722 13450 I ORC/ShortcutListItemModel: loadItem() : needReload : false
10-08 20:35:33.931 17722 13450 I Kumiho-Kumiho: makeAndroidCodec: Image decoded by kumiho solution
10-08 20:35:33.937 17722 13450 W ORC/ShareTargetList: loadEntryList: overflow
10-08 20:35:33.939 17722 13450 I ORC/DynamicShortcutUpdateManager: makeDynamicShortcutListWithModel: 3
10-08 20:35:33.942 17722 13450 I PROV/QueryUriConversations: [CONVERSATION]done query conversations, containsRecipientList : false, category : null, Elapsed time : 1.627115 ms
10-08 20:35:33.942 17722 13450 I PROV/MsgContentProviderQuery: query, uriMatch : 1001, Elapsed time : 1.734384 ms
10-08 20:35:33.947 17722 13450 I PROV/QueryUriConversations: [CONVERSATION]done query conversations, containsRecipientList : false, category : null, Elapsed time : 1.852769 ms
10-08 20:35:33.947 17722 13450 I PROV/MsgContentProviderQuery: query, uriMatch : 1001, Elapsed time : 2.010692 ms
10-08 20:35:33.949 17722 13450 I ORC/ComposerParameter: create from builder
10-08 20:35:33.949 17722 13450 I ORC/OpenConversationUtil: openConversation
10-08 20:35:33.951 17722 13450 I ORC/PackageInfo: componentName=com.samsung.android.messaging.ui.RcsTransferContent, currentState=2
10-08 20:35:33.951 17722 13450 I ORC/PackageInfo: componentName=com.samsung.android.messaging.ui.TmoTransferContent, currentState=2
10-08 20:35:33.952 17722 13450 I ORC/PackageInfo: componentName=com.samsung.android.messaging.ui.ComposeMessageMms, currentState=1
10-08 20:35:33.955 17722 13450 I PROV/QueryUriConversations: [CONVERSATION]done query conversations, containsRecipientList : false, category : null, Elapsed time : 1.807962 ms
10-08 20:35:33.955 17722 13450 I PROV/MsgContentProviderQuery: query, uriMatch : 1001, Elapsed time : 1.953269 ms
10-08 20:35:33.960 17722 13450 I PROV/QueryUriConversations: [CONVERSATION]done query conversations, containsRecipientList : false, category : null, Elapsed time : 2.077616 ms
10-08 20:35:33.960 17722 13450 I PROV/MsgContentProviderQuery: query, uriMatch : 1001, Elapsed time : 2.226307 ms
10-08 20:35:33.962 17722 13450 I ORC/ComposerParameter: create from builder
10-08 20:35:33.962 17722 13450 I ORC/OpenConversationUtil: openConversation
10-08 20:35:33.963 17722 13450 I ORC/PackageInfo: componentName=com.samsung.android.messaging.ui.RcsTransferContent, currentState=2
10-08 20:35:33.964 17722 13450 I ORC/PackageInfo: componentName=com.samsung.android.messaging.ui.TmoTransferContent, currentState=2
10-08 20:35:33.964 17722 13450 I ORC/PackageInfo: componentName=com.samsung.android.messaging.ui.ComposeMessageMms, currentState=1
10-08 20:35:33.967 17722 13450 I PROV/QueryUriConversations: [CONVERSATION]done query conversations, containsRecipientList : false, category : null, Elapsed time : 1.775924 ms
10-08 20:35:33.967 17722 13450 I PROV/MsgContentProviderQuery: query, uriMatch : 1001, Elapsed time : 1.977731 ms
10-08 20:35:33.971 17722 13450 I PROV/QueryUriConversations: [CONVERSATION]done query conversations, containsRecipientList : false, category : null, Elapsed time : 1.161154 ms
10-08 20:35:33.971 17722 13450 I PROV/MsgContentProviderQuery: query, uriMatch : 1001, Elapsed time : 1.267615 ms
10-08 20:35:33.972 17722 13450 I ORC/ComposerParameter: create from builder
10-08 20:35:33.972 17722 13450 I ORC/OpenConversationUtil: openConversation
10-08 20:35:33.973 17722 13450 I ORC/PackageInfo: componentName=com.samsung.android.messaging.ui.RcsTransferContent, currentState=2
10-08 20:35:33.974 17722 13450 I ORC/PackageInfo: componentName=com.samsung.android.messaging.ui.TmoTransferContent, currentState=2
10-08 20:35:33.974 17722 13450 I ORC/PackageInfo: componentName=com.samsung.android.messaging.ui.ComposeMessageMms, currentState=1
10-08 20:35:33.976 17722 13450 I ORC/DynamicShortcutUpdateManager: s : 12fb57b36337cc2c false false
10-08 20:35:33.976 17722 13450 I ORC/DynamicShortcutUpdateManager: s : b271d255183b4b66 false false
10-08 20:35:33.976 17722 13450 I ORC/DynamicShortcutUpdateManager: s : 64d3ef15bf80d3db false false
10-08 20:35:33.977  1173  1277 W NotificationHistory: Attempted to remove conversation for locked/gone/disabled user 0
10-08 20:35:33.983  1173  4214 E ShortcutService: Invalid icon type in shortcut 64d3ef15bf80d3db. Bitmaps are not allowed in long-lived shortcuts. Use Resource icons, or Uri-based icons instead.
10-08 20:35:34.014 17722 13450 I ORC/DynamicShortcutUpdateManager: updateDynamicShortcuts : addDynamicShortcuts -> true
10-08 20:35:34.019 17722 13450 I ORC/DynamicShortcutUpdateManager: mShortcutManager.getDynamicShortcuts: ShortcutInfo {id=***, flags=0x6689 [DynIc-fIc-aStrRetsLiv], packageName=com.samsung.android.messaging, activity=ComponentInfo{com.samsung.android.messaging/com.android.mms.ui.ConversationComposer}, shortLabel=***, resId=0[null], longLabel=***, resId=0[null], disabledMessage=***, resId=0[null], disabledReason=[Not disabled], categories={com.samsung.android.messaging.category.SHARE_TEXT, com.samsung.android.messaging.category.SHARE_MMS}, persons=null, icon=null, rank=0, timestamp=1759944933952, intents=size:1, extras=PersistableBundle[mParcelledData.dataSize=180]}
10-08 20:35:34.019 17722 13450 I ORC/DynamicShortcutUpdateManager: mShortcutManager.getDynamicShortcuts: ShortcutInfo {id=***, flags=0x2689 [DynIc-fIc-aStrRetsLiv], packageName=com.samsung.android.messaging, activity=ComponentInfo{com.samsung.android.messaging/com.android.mms.ui.ConversationComposer}, shortLabel=***, resId=0[null], longLabel=***, resId=0[null], disabledMessage=***, resId=0[null], disabledReason=[Not disabled], categories={com.samsung.android.messaging.category.SHARE_TEXT, com.samsung.android.messaging.category.SHARE_MMS}, persons=null, icon=null, rank=1, timestamp=1759944933964, intents=size:1, extras=PersistableBundle[mParcelledData.dataSize=180]}
10-08 20:35:34.019 17722 13450 I ORC/DynamicShortcutUpdateManager: mShortcutManager.getDynamicShortcuts: ShortcutInfo {id=***, flags=0x2689 [DynIc-fIc-aStrRetsLiv], packageName=com.samsung.android.messaging, activity=ComponentInfo{com.samsung.android.messaging/com.android.mms.ui.ConversationComposer}, shortLabel=***, resId=0[null], longLabel=***, resId=0[null], disabledMessage=***, resId=0[null], disabledReason=[Not disabled], categories={com.samsung.android.messaging.category.SHARE_TEXT, com.samsung.android.messaging.category.SHARE_MMS}, persons=null, icon=null, rank=2, timestamp=1759944933974, intents=size:1, extras=PersistableBundle[mParcelledData.dataSize=180]}
10-08 20:35:34.019 17722 13450 I ORC/ShortcutHelper: mRefreshThreadForDynamic : finish
10-08 20:35:34.051 13453 13453 D AndroidRuntime: >>>>>> START com.android.internal.os.RuntimeInit uid 2000 <<<<<<
10-08 20:35:34.056 13453 13453 I AndroidRuntime: Using default boot image
10-08 20:35:34.056 13453 13453 I AndroidRuntime: Leaving lock profiling enabled
10-08 20:35:34.057 13453 13453 D SecNativeFeatureCppIf: encoded
10-08 20:35:34.057 13453 13453 D SecNativeFeatureCppIf: decoding and unzip finish
10-08 20:35:34.057 13453 13453 D SecNativeFeatureCppIf: use unCompDataBuff. encoded
10-08 20:35:34.057 13453 13453 D SecNativeFeatureCppIf: Free unCompDataBuff
10-08 20:35:34.057 13453 13453 D AndroidRuntime: addProductProperty: pBrand1 is not null
10-08 20:35:34.057 13453 13453 D AndroidRuntime: addProductProperty: not brand or 7
10-08 20:35:34.060 13453 13453 I app_process: Using CollectorTypeCC GC.
10-08 20:35:34.088  3682  4006 I id.diagmonagent: Explicit concurrent copying GC freed 100KB AllocSpace bytes, 0(0B) LOS objects, 71% free, 2465KB/8609KB, paused 76us,18us total 15.950ms
10-08 20:35:34.112  1173  1594 D SemNscXgbMsL1: Probability - Cloud gaming: [0.009954636]
10-08 20:35:34.112  1173  1594 D SemNscXgbMsL1: Probability - Real time: [0.50444263]
