10-08 20:36:32.363  6153  6636 I bt_stack: [INFO:le_scanning_manager.cc(198)] ScanFilterParamSetup in shim layer
10-08 20:36:32.364  6153  6636 I bt_stack: [INFO:le_scanning_manager.cc(240)] ScanFilterAdd in shim layer
10-08 20:36:32.364  6153  6636 D BtGatt.ScanManager: configureFilterParamter() : onFoundTimeout | onLostTimeout | onFoundCount | numOfTrackingEntries | scanFilterRssiThreshold | trackableScanFilterRssiThreshold | matchMode
10-08 20:36:32.364  6153  6636 D BtGatt.ScanManager: configureFilterParamter() : __________500__|________10000__|___________1__|___________________0__|___________________-128__|____________________________-128__|________1_
10-08 20:36:32.364  6153  6636 I bt_stack: [INFO:le_scanning_manager.cc(198)] ScanFilterParamSetup in shim layer
10-08 20:36:32.364  3767  3767 I ViewRootImpl@398488e[CocktailBarService]: updateBlastSurfaceIfNeeded mBlastBufferQueue=0x73846df9b0 isSameSurfaceControl=true
10-08 20:36:32.364  3767  3767 I BLASTBufferQueue: update, w= 67 h= 342 mName = ViewRootImpl@398488e[CocktailBarService] mNativeObject= 0x73846df9b0 sc.mNativeObject= 0x73146eed40 format= -2 caller= android.view.ViewRootImpl.updateBlastSurfaceIfNeeded:2898 android.view.ViewRootImpl.relayoutWindow:9847 android.view.ViewRootImpl.performTraversals:3884 android.view.ViewRootImpl.doTraversal:3116 android.view.ViewRootImpl$TraversalRunnable.run:10885 android.view.Choreographer$CallbackRecord.run:1301 
10-08 20:36:32.364  3767  3767 I ViewRootImpl@398488e[CocktailBarService]: Relayout returned: old=(1013,349,1080,691) new=(1013,349,1080,691) req=(67,342)0 dur=3 res=0x0 s={true 0x7414715ad0} ch=false seqId=9
10-08 20:36:32.367  3767  3767 I CocktailBarUiController: onCocktailBarStateChanged: flag=0x1 vis=1 bgType= showTimeout=-1 activate=true
10-08 20:36:32.370   846   846 D SurfaceFlinger: Display 4633128672291735937 HWC layers:
10-08 20:36:32.370   846   846 D SurfaceFlinger:      DEVICE | 0x7b941ec3d0 | 0100 | RGBA_8888    |    0.0    0.0 1080.0   74.0 |    0    0 1080   74 | StatusBar$_1678#85
10-08 20:36:32.370   846   846 D SurfaceFlinger:      DEVICE | 0x7b941f9bd0 | 0100 | RGBA_8888    |    0.0    0.0 1080.0 2400.0 |    0    0 1080 2400 | NotificationShade$_1678#31356
10-08 20:36:32.370   846   846 D SurfaceFlinger:      DEVICE | 0x7b941d4e50 | 0100 | RGBA_8888    |    0.0    0.0   67.0  342.0 | 1013  349 1080  691 | com.samsung.android.app.cocktailbars[...]rvice.CocktailBarService$_3767#31360
10-08 20:36:32.370   846   846 D SurfaceFlinger:      DEVICE | 0x7b941eb1d0 | 0140 | RGBA_8888    |    6.0    6.0 1086.0 2406.0 |    0    0 1080 2400 | FP Iconview$_21496#31359
10-08 20:36:32.370   846   846 D SurfaceFlinger: 
10-08 20:36:32.376  1173  3655 D BaseRestrictionMgr: Package: com.zhiliaoapp.musically, userid: 0, hostingType: broadcast is Restricted by policy: 4 caller is: android
10-08 20:36:32.376  1173  3655 W BroadcastQueue: intent:Intent { act=android.intent.action.SCREEN_ON flg=0x50200010 (has extras) } is skipped in RestrictedPackage to ProcessRecord{47a2ccc 31412:com.zhiliaoapp.musically/u0a313}
10-08 20:36:32.378  1173  1284 W libprocessgroup: Failed to open /dev/blkio//cgroup.procs: No such file or directory
10-08 20:36:32.390 29370 13618 W DatabaseProcessor: processLocalDevices: failed to get the network info with non-null networkId.
10-08 20:36:32.390 29370 29370 I CastMediaRouteProvider: Published 0 routes
10-08 20:36:32.391  1173  1284 W libprocessgroup: Failed to open /dev/blkio//cgroup.procs: No such file or directory
10-08 20:36:32.392  1173  1284 W libprocessgroup: Failed to open /dev/blkio//cgroup.procs: No such file or directory
10-08 20:36:32.392  1173  1284 W libprocessgroup: Failed to open /dev/blkio//cgroup.procs: No such file or directory
10-08 20:36:32.393   971  4213 I CameraService: onUidStateChanged: uid=10373, procState is changed. (19 -> 11)
10-08 20:36:32.396  1173  4214 D BaseRestrictionMgr: Package: com.facebook.katana, userid: 0, hostingType: broadcast is Restricted by policy: 4 caller is: android
10-08 20:36:32.396  1173  4214 W BroadcastQueue: intent:Intent { act=android.intent.action.SCREEN_ON flg=0x50200010 (has extras) } is skipped in RestrictedPackage to ProcessRecord{2907775 7995:com.facebook.katana/u0a193}
10-08 20:36:32.399   971  4451 I CameraService: onUidStateChanged: uid=10373, procState is changed. (11 -> 19)
10-08 20:36:32.400  1173  2513 D FreecessController: UFZ : com.zhiliaoapp.musically(31412)
10-08 20:36:32.402  1173  2513 D FreecessController: UFZ : com.zhiliaoapp.musically(0), reason: Binder(1)-free_buffer_full
10-08 20:36:32.402  1173  2513 D FreecessController: com.zhiliaoapp.musically(state: Initial -> Freezeable, Reason: Binder(1)-free_buffer_full)
10-08 20:36:32.402  1173  2543 W LocationManagerService: onFreezeStateChanged, uid[10313]=false
10-08 20:36:32.402  1173  2543 I PowerManagerService: [PWL] SetWakeLockEnableDisable uid = 10313 , disable= false
10-08 20:36:32.402  1173  2543 I PowerManagerService: [PWL] can not change uid =  10313
10-08 20:36:32.403  1173  1436 D MotionEngine: [MotionEngine] -> PR_MOVE -> Move Recognition Lv(3)
10-08 20:36:32.404 31412 31666 D thread_local: enter success: 1
10-08 20:36:32.404 31412 31666 D thread_local: exit success: 0
10-08 20:36:32.405 31412 31656 D thread_local: enter success: 1
10-08 20:36:32.405 31412 31656 D thread_local: exit success: 0
10-08 20:36:32.407 31412 31527 D thread_local: enter success: 1
10-08 20:36:32.407 31412 31527 D thread_local: exit success: 0
10-08 20:36:32.408 31412 31586 D thread_local: enter success: 1
10-08 20:36:32.408 31412 31586 D thread_local: exit success: 0
10-08 20:36:32.409 31412 31584 D thread_local: enter success: 1
10-08 20:36:32.409 31412 31584 D thread_local: exit success: 0
10-08 20:36:32.409  1173  1173 D PowerManagerService: [PWL] sb release: PowerManagerService.Broadcasts
10-08 20:36:32.410 31412 31674 D thread_local: enter success: 1
10-08 20:36:32.410 31412 31674 D thread_local: exit success: 0
10-08 20:36:32.410 31412 13327 D thread_local: deleteThreadLocal@0x72a4c27e10
10-08 20:36:32.411 31412 32094 D thread_local: enter success: 1
10-08 20:36:32.411 31412 32094 D thread_local: exit success: 0
10-08 20:36:32.412 31412  5047 D thread_local: enter success: 1
10-08 20:36:32.412 31412  5047 D thread_local: exit success: 0
10-08 20:36:32.412  1173  4214 I WifiService: acquireMulticastLock uid=10228
10-08 20:36:32.413  1861 23932 D IpClient.wlan0: set max DTIM multiplier to 1
10-08 20:36:32.414  1173  1543 I serviceDiscovery: [MdnsSocketProvider] Start monitoring sockets.
10-08 20:36:32.414   770  1430 I Sensors : lux = 0, CCT = 1370, r = 0, g = 0, b = 0, c = 0, atime = 16000, again = 0,  time = 217955812710149
10-08 20:36:32.414  1173  1543 D ConnectivityManager: StackLog: [android.net.ConnectivityManager.sendRequestForNetwork(ConnectivityManager.java:4736)] [android.net.ConnectivityManager.sendRequestForNetwork(ConnectivityManager.java:4904)] [android.net.ConnectivityManager.registerNetworkCallback(ConnectivityManager.java:5321)] [android.net.connectivity.com.android.server.connectivity.mdns.MdnsSocketProvider.startMonitoringSockets(MdnsSocketProvider.java:350)] [android.net.connectivity.com.android.server.NsdService$NsdStateMachine.maybeStartMonitoringSockets(NsdService.java:643)] [android.net.connectivity.com.android.server.NsdService$NsdStateMachine.-$$Nest$mmaybeStartMonitoringSockets(NsdService.java:0)] [android.net.connectivity.com.android.server.NsdService$NsdStateMachine$EnabledState.processMessage(NsdService.java:876)] [android.net.connectivity.com.android.internal.util.StateMachine$SmHandler.processMsg(StateMachine.java:1007)] [android.net.connectivity.com.android.internal.util.StateMachine$SmHandler.handleMessage(StateMachine.java:820)]
10-08 20:36:32.414   770  1430 I Sensors : luminance 63
10-08 20:36:32.414 31412 31412 D thread_local: enter success: 1
10-08 20:36:32.414 31412 31412 D thread_local: exit success: 0
10-08 20:36:32.415 31412 31666 D thread_local: enter success: 1
10-08 20:36:32.415 31412 31666 D thread_local: exit success: 0
10-08 20:36:32.416 31412 31412 D thread_local: enter success: 1
10-08 20:36:32.416 31412 31412 D thread_local: exit success: 0
10-08 20:36:32.417  1173  1173 I SingleKeyGesture: Detect press KEYCODE_POWER, count 1
10-08 20:36:32.417  1173  1173 I Telecom:SamsungTelecomServiceImpl: isRinging - callingPackage : android
10-08 20:36:32.417  1173  1173 D WindowManager: powerPress: eventTime=112492464 interactive=true count=1 beganFromNonInteractive=true mShortPressOnPowerBehavior=1 systemKeyRequested=false
10-08 20:36:32.419 31412 32094 D thread_local: enter success: 1
10-08 20:36:32.420 31412 32094 D thread_local: exit success: 0
10-08 20:36:32.420  1173  1543 I TetheringManager: registerTetheringEventCallback caller:android
10-08 20:36:32.421  1173  1543 I serviceDiscovery: [MdnsDiscoveryManager] Registering listener for serviceType: _googlecast._tcp.local
10-08 20:36:32.423  1173  1543 I serviceDiscovery: [MdnsDiscoveryManager] Registering listener for serviceType: _googlecast._tcp.local
10-08 20:36:32.423  1173  1436 D MotionEngine: [TURN OVER] #####  Init
10-08 20:36:32.429  1173  1539 D ConnectivityService: Rematched networks [computed 0ms] [applied 3ms] [issued 4]
10-08 20:36:32.429  1173  1539 D ConnectivityService: NetworkReassignment : no changes
10-08 20:36:32.430 16947 16947 I [MCFServer]_BleScanner(Subscriber): buildScanFilters -  # of service = 1, Data = [02140000050100000001], Mask = [FFFF0000FFFF00000001]
10-08 20:36:32.431 16947 16947 I [MCFServer]_BleScanner(Subscriber): startScan - t - 
10-08 20:36:32.431 16947 16947 I BluetoothAdapter: STATE_ON
10-08 20:36:32.431 31412 31527 D thread_local: enter success: 1
10-08 20:36:32.431 31412 31527 D thread_local: exit success: 0
10-08 20:36:32.431 16947 16947 I BluetoothAdapter: STATE_ON
10-08 20:36:32.431 16947 16947 I BluetoothAdapter: STATE_ON
10-08 20:36:32.431 31412 31656 D thread_local: enter success: 1
10-08 20:36:32.431 31412 31656 D thread_local: exit success: 0
10-08 20:36:32.432  6153 20231 D BtGatt.ContextMap: add() - appUid: 10108, appPid: 16947, appName: com.samsung.android.mcfserver
10-08 20:36:32.432  6153 20231 I bt_stack: [INFO:le_scanning_manager.cc(165)] RegisterScanner in shim layer
10-08 20:36:32.433  6153  6320 D BtGatt.GattService: onScannerRegistered() - UUID=d337aa05-b67c-4897-bb3a-fbbb24e87b56, scannerId=3, status=0
10-08 20:36:32.436  6153 20231 I BluetoothAdapter: STATE_ON
10-08 20:36:32.437 31412 31586 E ActivityThread: Failed to find provider info for com.zhiliaoapp.musically.apm
10-08 20:36:32.438  6153 20231 D ActivityAttributionService: notifyActivityAttributionInfo UID=1002 packageName=com.android.bluetooth deviceAddress=no_active_device_address
10-08 20:36:32.439  6153  6636 I BluetoothAdapter: STATE_ON
10-08 20:36:32.439  1041  1681 I bauth_FPBAuthService: pcf : 0x1012, 0 ,1 ,0 ,0 ,0 ,0, 7.0.0.0
10-08 20:36:32.439  1041  1681 I bauth_FPBAuthService: thread id : 1, preenroll_flag : 0, nd cnt : 0, cso : 0, et : 0
10-08 20:36:32.439  1041  1681 I bauth_FPBAuthService: FPBAuthService, 11511
10-08 20:36:32.440  6153  6636 I BluetoothAdapter: STATE_ON
10-08 20:36:32.440  6153  6636 I BluetoothAdapter: STATE_ON
10-08 20:36:32.440  6153  6636 I bt_stack: [INFO:le_scanning_manager.cc(269)] ScanFilterEnable in shim layer
10-08 20:36:32.440  6153  6697 E BtGatt.GattService: [GSIM LOG]: gsimLogHandler, msg: MESSAGE_SCAN_START, appName: com.samsung.android.mcfserver, scannerId: 3, reportDelayMillis=0
10-08 20:36:32.440  6153  6636 I bt_stack: [INFO:le_scanning_manager.cc(240)] ScanFilterAdd in shim layer
10-08 20:36:32.441  6153  6636 D BtGatt.ScanManager: configureFilterParamter() : onFoundTimeout | onLostTimeout | onFoundCount | numOfTrackingEntries | scanFilterRssiThreshold | trackableScanFilterRssiThreshold | matchMode
10-08 20:36:32.441  6153  6636 D BtGatt.ScanManager: configureFilterParamter() : __________500__|________10000__|___________1__|___________________0__|___________________-128__|____________________________-128__|________1_
10-08 20:36:32.441  6153  6636 I bt_stack: [INFO:le_scanning_manager.cc(198)] ScanFilterParamSetup in shim layer
10-08 20:36:32.444 31412 13119 D thread_local: deleteThreadLocal@0x72a4d7ee30
10-08 20:36:32.450 31412 31977 D thread_local: enter success: 1
10-08 20:36:32.450 31412 31977 D thread_local: exit success: 0
10-08 20:36:32.460 31412 31527 D thread_local: enter success: 1
10-08 20:36:32.460 31412 31527 D thread_local: exit success: 0
10-08 20:36:32.460 31412 31527 D thread_local: enter success: 1
10-08 20:36:32.460 31412 31527 D thread_local: exit success: 0
10-08 20:36:32.461 31412 31527 D thread_local: enter success: 1
10-08 20:36:32.461 31412 31527 D thread_local: exit success: 0
10-08 20:36:32.461 31412 31527 D thread_local: enter success: 1
10-08 20:36:32.461 31412 31527 D thread_local: exit success: 0
10-08 20:36:32.478   992 13766 I NuPlayerRenderer: [audio] notifyEOS() End of Stream, delayUs : 0
10-08 20:36:32.478   992 13763 V NuPlayer: reached audio EOS
10-08 20:36:32.478   992 13763 V NuPlayerDriver: notifyListener_l(0xf45c2410), playback complete, loop setting(0, 0)
10-08 20:36:32.478   992 13763 V MediaPlayerService: [891] notify (2, 0, 0)
10-08 20:36:32.478   992 13763 V NuPlayer: updatePlaybackTimer(stop)  time      112490269089502 (onPause)
10-08 20:36:32.478   992 13763 V NuPlayer: updatePlaybackTimer()  log            2658674998
10-08 20:36:32.478   992 13763 I GenericSource: pause
10-08 20:36:32.478   992 13766 I NuPlayerRenderer: onPause
10-08 20:36:32.478  1678  2305 V MediaPlayerNative: message received msg=2, ext1=0, ext2=0
10-08 20:36:32.478   992 13766 I MediaClock: setPlaybackRate rate : 0.000000
10-08 20:36:32.478  1678  2305 V MediaPlayerNative: playback complete
10-08 20:36:32.478   992 13766 V AudioSink: stop
10-08 20:36:32.478   992 13763 V MediaPlayerService: [891] notify (211, 0, 0)
10-08 20:36:32.478  1678  2305 V MediaPlayerNative: message received msg=211, ext1=0, ext2=0
10-08 20:36:32.478   992 30395 V MediaPlayerService: [891] enableAudioDeviceCallback, 0
10-08 20:36:32.478   992 30395 V AudioSink: enableAudioDeviceCallback, 0
10-08 20:36:32.478   992 13764 I GenericSource: kWhatPause
10-08 20:36:32.479  1173  3555 I MediaFocusControl: abandonAudioFocus() from uid/pid 10044/1678 clientId=android.media.AudioManager@8acfaba
10-08 20:36:32.479  1173  3555 D MediaFocusControl: abandonAudioFocus, clientId = android.media.AudioManager@8acfaba
10-08 20:36:32.479  1173  3555 D MediaFocusControl: selectFocusStack, uid = 10044, appDevice = 0, device = 2
10-08 20:36:32.479  1173  3555 I EasyMuteController: onCompletion
10-08 20:36:32.479  1173  3555 D MotionRecognitionManager: @ member 0 = com.android.server.notification.EasyMuteController$1@92866c
10-08 20:36:32.479  1173  3555 D MotionRecognitionService:   .unregisterCallback : 0, client=com.android.server.notification.EasyMuteController$1@92866c
10-08 20:36:32.479  1173  3555 D MotionRecognitionService: Acc/Gyro will be disabled by motion sensor  = 1
10-08 20:36:32.479  1173  3555 D MotionRecognitionService: Acc/Gyro will be disabled by motion sensor  = 2
10-08 20:36:32.481  1173  1539 D ConnectivityService: notifyType CALLBACK_CAP_CHANGED for [119 WIFI]
10-08 20:36:32.482  1173  3555 D SensorService: Calling activate off 1601008243
10-08 20:36:32.482   770   770 I Sensors : AccSensor old sensor_state 279043, new sensor_state : 316676528947714 en : 0
10-08 20:36:32.485  4675  5479 I HBD     : g onCapabilitiesChanged network : 119 current network state : wifi 
10-08 20:36:32.485  1173  1572 I WifiConnectivityMonitor.NCC: sNetworkCallback(oCC) FULL : 119(true/false)[ Transports: WIFI Capabilities: NOT_METERED&INTERNET&NOT_RESTRICTED&TRUSTED&NOT_VPN&VALIDATED&NOT_ROAMING&FOREGROUND&NOT_CONGESTED&NOT_SUSPENDED&NOT_VCN_MANAGED LinkUpBandwidth>=14198Kbps LinkDnBandwidth>=6548Kbps TransportInfo: <SSID: <unknown ssid>, BSSID: 02:00:00:**:**:00, MAC: 02:00:00:**:**:00, IP: /192.168.1.67, Security type: 2, Supplicant state: COMPLETED, Wi-Fi standard: 5, RSSI: -55, Link speed: 390Mbps, Tx Link speed: 390Mbps, Max Supported Tx Link speed: 866Mbps, Rx Link speed: 585Mbps, Max Supported Rx Link speed: 866Mbps, Frequency: 5560MHz, Net ID: -1, Metered hint: false, score: 60, isUsable: true, CarrierMerged: false, SubscriptionId: -1, IsPrimary: 1, Trusted: true, Restricted: false, Ephemeral: false, OEM paid: false, OEM private: false, OSU AP: false, FQDN: <none>, Provider friendly name: <none>, Requesting package name: <none><none>MLO Information: , AP MLD Address: <none>, AP MLO Link Id: <none>, AP MLO Affiliated links: <none>> SignalStrength: -55 AdminUids: [1000] SSID: "Droneverse" UnderlyingNetworks: Null]
10-08 20:36:32.486  1173  1612 I WifiConnectivityMonitor: current mode : 3
10-08 20:36:32.486  1173  1612 D OpenNetworkQos[4.00]: updateBssidNoInternet: mBssidNoInternet = false
10-08 20:36:32.486  1173  1612 D OpenNetworkQos[4.00]: getOpenNetworkQosNoInternetStatus: false
10-08 20:36:32.486  1173  1612 D OpenNetworkQos[4.00]: getOpenNetworkQosScores: 23 19 25 
10-08 20:36:32.486  1173  1612 D SettingsProvider: isChangeAllowed() : name = wifi_wcm_qos_sharing_score_summary
10-08 20:36:32.486  1173  1612 I WifiProfileShare: network QoS data was changed (internet), updateQoSData networkType: true, qosData: false
10-08 20:36:32.486  1173  1612 D WifiConnectivityMonitor: VALIDATED_DETECTED
10-08 20:36:32.486   770   770 I Sensors : disable:: accelerometer_sensor(0)
10-08 20:36:32.487 31412 13793 D thread_local: createThreadLocal@0x72a4b6b0f0
10-08 20:36:32.487 31412 13793 D thread_local: enter success: 1
10-08 20:36:32.487 31412 13793 D thread_local: exit success: 0
10-08 20:36:32.490  1173  2669 V WifiProfileShare.Caster: update wips network, size: 0
10-08 20:36:32.490  1173  2669 V WifiProfileShare.Caster: checkAndGetShareData - device locked
10-08 20:36:32.490  1173  2669 D WifiProfileShare.Caster: stop caster
10-08 20:36:32.490  1173  2669 I [MCFSDK_android_1.2.4010]_4_c: closeInternal - 
10-08 20:36:32.491 31412 13793 D thread_local: enter success: 1
10-08 20:36:32.491 31412 13793 D thread_local: exit success: 0
10-08 20:36:32.492 16947 16947 I [MCFServer]_McfMainController: destroySubscriber - appId=4 ,SubscribeCallback size:1
10-08 20:36:32.492  1173  2669 D [MCFSDK_android_1.2.4010]_McfContext: closeSubscriber  - c [#0x4, com.samsung.android.mcf.mcfwrapper.SubscriberCallbackWrapper@718e1d0]
10-08 20:36:32.493  1173  2669 I [MCFSDK_android_1.2.4010]_4_b: closeInternal - 
10-08 20:36:32.493 30668 30700 I Carnival-NetworkErrorManager(): onAvailable
10-08 20:36:32.494  1173  2669 D [MCFSDK_android_1.2.4010]_McfContext: closeCaster  - b [#0x4, com.samsung.android.mcf.mcfwrapper.CasterCallbackWrapper@fe2ad93]
10-08 20:36:32.494   770   770 I Sensors : GyroSensor old sensor_state 279042, new sensor_state : 316676528947712 en : 0
10-08 20:36:32.494 16947 16947 I [MCFServer]_McfMainController: destroyCaster - appId=4 ,CasterCallback size:0
10-08 20:36:32.494 16947 16947 I [MCFServer]_McfMainController: destroyCaster - CasterCallbacks is empty, destroyCasterManager after 3s
10-08 20:36:32.495 30668 30700 I Carnival-NetworkErrorManager(): onNetworkRecovered
10-08 20:36:32.495 30668 30700 I Carnival-SamsungAccountManager(): onNetworkRecovered
10-08 20:36:32.496  1678  1824 D NetworkController.WifiSignalController: notifyListener: visible=true, connected=true, inetCondition=1, isDefault=true, wifiTestReported=true, receivedInetCondition=-1, hideDuringMobileSwitching=false
10-08 20:36:32.498 12549 12553 I android.youtube: Background young concurrent copying GC freed 13MB AllocSpace bytes, 95(5408KB) LOS objects, 13% free, 118MB/137MB, paused 250us,80us total 102.061ms
10-08 20:36:32.498   839  1358 I SoundBoosterEffectPlus: SB_setVolume(0x787539a6d0)
10-08 20:36:32.498   839  1358 I SoundBoosterEffectPlus: command EFFECT_CMD_SET_VOLUME left = 0.000000, right =0.000000
10-08 20:36:32.498   770   770 I Sensors : disable:: gyro_sensor(2)
10-08 20:36:32.498   839  1044 V APM_AudioPolicyManager: stopOutput portId 2083
10-08 20:36:32.498   839  1044 V APM_AudioPolicyManager: stopOutput() output 13, stream 5, session 18041
10-08 20:36:32.498   839  1044 V APM_AudioPolicyManager: setBeaconMute(1) mBeaconMuteRefCount=0 mBeaconPlayingRefCount=0
10-08 20:36:32.499   839  1044 V APM_AudioPolicyManager: getNewOutputDevices selected devices AUDIO_DEVICE_NONE
10-08 20:36:32.499   839  1044 V APM_AudioPolicyManager: setOutputDevices device AUDIO_DEVICE_NONE delayMs 160
10-08 20:36:32.499   839  1044 V APM_AudioPolicyManager: setOutputDevices() prevDevice {AUDIO_DEVICE_OUT_SPEAKER, @:}
10-08 20:36:32.499   755  1363 D audio_hw_primary: primary_out-out_update_source_metadata: called, but not implemented yet
10-08 20:36:32.499   839  1044 V APM_AudioPolicyManager: setOutputDevices setting same device AUDIO_DEVICE_NONE or null device, force=0, patch handle=1251
10-08 20:36:32.499  1173  3555 D SensorManager: unregisterListener
10-08 20:36:32.499  1173  3555 D MotionRecognitionService:   .finalizeMotionEngine
10-08 20:36:32.499  1173  3555 I MotionRecognitionManager:   .unregisterListener : / listener count = 1->0, name :com.android.server.notification.EasyMuteController$1@92866c
10-08 20:36:32.499  1173  3555 I EasyMuteController: UnReg. OverTurn
10-08 20:36:32.500  1678 13761 V MediaPlayer: resetDrmState:  mDrmInfo=null mDrmProvisioningThread=null mPrepareDrmInProgress=false mActiveDrmScheme=false
10-08 20:36:32.500  1678 13761 V MediaPlayer: cleanDrmObj: mDrmObj=null mDrmSessionId=null
10-08 20:36:32.500  1678 13761 V MediaPlayer-JNI: release
10-08 20:36:32.500  1678 13761 V MediaPlayerNative: setListener
10-08 20:36:32.500  1678 13761 V MediaPlayerNative: disconnect
10-08 20:36:32.501   992 30395 V MediaPlayerService: disconnect(891) from AttributionSource AttributionSourceState{pid: 1678, uid: 10044, packageName: com.android.systemui, attributionTag: (null), token: {no toString() implemented}, renouncedPermissions: [], next: []}
10-08 20:36:32.501   992 30395 D NuPlayerDriver: reset(0xf45c2410) at state 6
10-08 20:36:32.501   992 30395 V NuPlayerDriver: updateMetrics(0xf45c2410) from reset at state 6
10-08 20:36:32.501   992 30395 V NuPlayer: updateInternalTimers()
10-08 20:36:32.501   992 30395 V NuPlayer: updatePlaybackTimer(snap)  time                    0 (updateInternalTimers)
10-08 20:36:32.501   992 30395 V NuPlayer: updateRebufferingTimer(snap)  time                    0 (exiting 0)
10-08 20:36:32.501   992 30395 V NuPlayerDriver: logMetrics(0xf45c2410) from reset at state 6
10-08 20:36:32.503   992 13763 V NuPlayer: kWhatReset
10-08 20:36:32.503   992 13763 V NuPlayer: setDecoderBooster enable = No
10-08 20:36:32.503   992 13763 V NuPlayer: updatePlaybackTimer(stop)  time                    0 (kWhatReset)
10-08 20:36:32.503   992 13763 V NuPlayer: updateRebufferingTimer(stop)  time                    0 (exiting 1)
10-08 20:36:32.503   992 13763 V NuPlayer: performDecoderFlush audio=2, video=2
10-08 20:36:32.503   992 13763 V NuPlayer: [audio] flushDecoder needShutdown=1
10-08 20:36:32.503   992 13763 V NuPlayer: postponing action mFlushingAudio=2, mFlushingVideo=0
10-08 20:36:32.503   992 13767 I NuPlayerRenderer: flush audio, notifyComplete 1, shutdown Yes
10-08 20:36:32.503   992 13766 I NuPlayerRenderer: flushing audio
10-08 20:36:32.503   992 13766 I NuPlayerRenderer: onFlush mAudioDrainGeneration : 2
10-08 20:36:32.503   992 13766 V AudioSink: flush
10-08 20:36:32.503   992 13766 V AudioSink: stop
10-08 20:36:32.503   992 13767 D NuPlayerRenderer: signalTimeDiscontinuity() mHasAudio = 0 , mHasVideo = 0
10-08 20:36:32.503   992 13768 I CCodec  : [c2.android.vorbis.decoder] state->set(FLUSHING)
10-08 20:36:32.503   992 13763 V NuPlayer: renderer audio flush completed.
10-08 20:36:32.504   992 13768 I CCodec  : [c2.android.vorbis.decoder] state->set(FLUSHED)
10-08 20:36:32.504 29370 29594 I NullBinder: NullBinder for android.net.action.RECOMMEND_NETWORKS triggering remote TransactionTooLargeException due to Service without Chimera impl, calling uid: 1000, calling pid: 0
10-08 20:36:32.504 29370 29594 W .gms.persistent: Large reply transaction of 1056768 bytes, interface descriptor , code 1
10-08 20:36:32.505  1173  2669 D [MCFSDK_android_1.2.4010]_McfContext: unbind - -
10-08 20:36:32.505  1173  2669 I [MCFSDK_android_1.2.4010]_McfContext: releaseInstance - -
10-08 20:36:32.505  1173  2669 D WifiProfileShare: unbind mcf service
10-08 20:36:32.506   992 13763 V NuPlayer: decoder audio flush completed
10-08 20:36:32.506   992 13763 V NuPlayer: initiating audio decoder shutdown
10-08 20:36:32.506   992 13768 I CCodec  : [c2.android.vorbis.decoder] state->set(RELEASING)
10-08 20:36:32.507   992 13796 I CCodec  : [c2.android.vorbis.decoder] release(1)
10-08 20:36:32.507   992 13796 I CCodec  : [c2.android.vorbis.decoder] state->set(RELEASED)
10-08 20:36:32.507   992 13768 I hw-BpHwBinder: onLastStrongRef automatically unlinking death recipients
10-08 20:36:32.507  1026 22958 I hw-BpHwBinder: onLastStrongRef automatically unlinking death recipients
10-08 20:36:32.508  1026 22958 D BufferPoolAccessor2.0: Destruction - bufferpool2 0x77518edd48 cached: 0/0M, 0/0% in use; allocs: 0, 0% recycled; transfers: 0, 0% unfetched
10-08 20:36:32.508   992 13768 I MediaCodec: Codec shutdown complete
10-08 20:36:32.508   992 13767 D MediaCodec: flushMediametrics
10-08 20:36:32.508   992 13767 I NuPlayerDecoder: onShutdown notifyComplete : Yes
10-08 20:36:32.508   992 13763 V NuPlayer: audio shutdown completed
10-08 20:36:32.510   992 13763 V NuPlayer: both audio and video are flushed now.
10-08 20:36:32.510   992 13763 V NuPlayer: performReset
10-08 20:36:32.510   992 13763 V NuPlayer: updatePlaybackTimer(stop)  time                    0 (performReset)
10-08 20:36:32.510   992 13763 V NuPlayer: updateRebufferingTimer(stop)  time                    0 (exiting 1)
10-08 20:36:32.510   992 13763 D NuPlayerDriver: notifyResetComplete(0xf45c2410)
10-08 20:36:32.510   992 30395 V NuPlayerDriver: ~NuPlayerDriver(0xf45c2410)
10-08 20:36:32.511   992 30395 V NuPlayerDriver: updateMetrics(0xf45c2410) from destructor at state 0
10-08 20:36:32.511   992 30395 V NuPlayer: updateInternalTimers()
10-08 20:36:32.511   992 30395 V NuPlayer: updatePlaybackTimer(snap)  time                    0 (updateInternalTimers)
10-08 20:36:32.511   992 30395 V NuPlayer: updateRebufferingTimer(snap)  time                    0 (exiting 0)
10-08 20:36:32.511   992 30395 V NuPlayerDriver: logMetrics(0xf45c2410) from destructor at state 0
10-08 20:36:32.511   992 30395 V NuPlayerDriver: nothing to record (only 3 fields)
10-08 20:36:32.511   992 30395 W AMessage: failed to post message as target looper for handler 0 is gone.
10-08 20:36:32.511  1678 13761 V MediaPlayerNative: destructor
10-08 20:36:32.511 31412 31412 D thread_local: enter success: 1
10-08 20:36:32.511   992 30395 V MediaPlayerService: Client(891) destructor AttributionSource = AttributionSourceState{pid: 1678, uid: 10044, packageName: com.android.systemui, attributionTag: (null), token: {no toString() implemented}, renouncedPermissions: [], next: []}
10-08 20:36:32.511 31412 31412 D thread_local: exit success: 0
10-08 20:36:32.511   992 30395 V AudioSink: +++ close
10-08 20:36:32.511   992 30395 V AudioSink: --- close
10-08 20:36:32.512  1678 13761 V MediaPlayerNative: disconnect
10-08 20:36:32.512   992 30395 V MediaPlayerService: disconnect(891) from AttributionSource AttributionSourceState{pid: 1678, uid: 10044, packageName: com.android.systemui, attributionTag: (null), token: {no toString() implemented}, renouncedPermissions: [], next: []}
10-08 20:36:32.512   839  1044 V APM_AudioPolicyManager: releaseOutput portId 2083
10-08 20:36:32.512   839  1044 V APM_AudioPolicyManager: releaseOutput() 13
10-08 20:36:32.515 31412 31619 D thread_local: enter success: 1
10-08 20:36:32.515 31412 31619 D thread_local: exit success: 0
10-08 20:36:32.517   839  1358 I SoundAlive_SRC384 arch64: ~SoundAlive_SRC384(): instance 1126
10-08 20:36:32.531  1678  1678 I KeyguardFingerprint: Waiting window focus change
10-08 20:36:32.531  1678  1678 D KeyguardFingerprint: shouldListenForFingerprint ( isFingerprintEnabled = true , mKeyguardIsVisible = true , mDeviceInteractive = true , mBouncerIsOrWillBeShowing = false , mBouncerFullyShown = false , mGoingToSleep = false , mSwitchingUser = false , mIsDreamingForBiometrics = false , mKeyguardUnlocking = false , mKeyguardGoingAway = false , mKeyguardShowing = true , mKeyguardOccluded = false , mSystemReady = true , mHasFocus = true
10-08 20:36:32.531  1678  1678 D KeyguardFingerprint: updateFingerprintListeningState#mFingerprintRunningState=1 shouldListenForFingerprint=true isUdfpsEnrolled=false bioType : 1
10-08 20:36:32.550   774   774 D WifiHAL : Setting APF program, halHandle = 0x778ceba7f0
10-08 20:36:32.550   774   774 I WifiHAL : createRequest: APF set program request
10-08 20:36:32.570   774   774 I WifiHAL : Done!
10-08 20:36:32.585 31412 13794 D thread_local: createThreadLocal@0x72a5022e50
10-08 20:36:32.585  4675  4675 E HBD     : g activeNetwork is null 
10-08 20:36:32.585 31412 13794 D thread_local: enter success: 1
10-08 20:36:32.586 31412 13794 D thread_local: exit success: 0
10-08 20:36:32.587  1173  3602 W ActivityManager: Background start not allowed: service Intent { cmp=com.zhiliaoapp.musically/com.bytedance.common.wschannel.client.WsClientService } to com.zhiliaoapp.musically/com.bytedance.common.wschannel.client.WsClientService from pid=31412 uid=10313 pkg=com.zhiliaoapp.musically startFg?=false
10-08 20:36:32.588 31412 13794 D thread_local: enter success: 1
10-08 20:36:32.588 31412 13794 D thread_local: exit success: 0
10-08 20:36:32.616  1678  1678 D FaceWidgetMusicPageShownObserver: showing spring animation end
10-08 20:36:32.622  1173  1637 D NetdEventListenerService: DNS Requested by : 119, 10313, 4, true
10-08 20:36:32.692  1173  2576 I SemWifiApSmartBleScanner: Preconditions standalonemode is ON
10-08 20:36:32.692  1173  2576 D SemWifiApContentProviderHelper: SemWifiApContentProviderHelper insert:android,Binder.getCallingUid():1000,hasPermission:true
10-08 20:36:32.692  1173  2576 D SemWifiApContentProviderHelper: SemWifiApContentProviderHelper insert:android,Binder.getCallingUid():1000,hasPermission:true
10-08 20:36:32.692  1173  2576 D SemWifiApContentProviderHelper: SemWifiApContentProviderHelper insert:android,Binder.getCallingUid():1000,hasPermission:true
10-08 20:36:32.692  1173  2576 I BluetoothAdapter: STATE_ON
10-08 20:36:32.692  1173  2576 I BluetoothAdapter: STATE_ON
10-08 20:36:32.692  1173  2576 D SemWifiApContentProviderHelper: SemWifiApContentProviderHelper insert:android,Binder.getCallingUid():1000,hasPermission:true
10-08 20:36:32.692  1173  2576 D SemWifiApContentProviderHelper: SemWifiApContentProviderHelper insert:android,Binder.getCallingUid():1000,hasPermission:true
10-08 20:36:32.693  1173  2576 D SemWifiApContentProviderHelper: SemWifiApContentProviderHelper insert:android,Binder.getCallingUid():1000,hasPermission:true
10-08 20:36:32.693  1173  2576 D SemWifiApContentProviderHelper: SemWifiApContentProviderHelper insert:android,Binder.getCallingUid():1000,hasPermission:true
10-08 20:36:32.693  1173  2576 D SemWifiApContentProviderHelper: SemWifiApContentProviderHelper insert:android,Binder.getCallingUid():1000,hasPermission:true
10-08 20:36:32.693  1173  2576 D SemWifiApContentProviderHelper: SemWifiApContentProviderHelper insert:android,Binder.getCallingUid():1000,hasPermission:true
10-08 20:36:32.693  1173  2576 E SemWifiApSmartBleScanner: mMhsD2dFilter:BluetoothLeScanFilter [mDeviceName=null, mDeviceAddress=null, mUuid=null, mUuidMask=null, mServiceSolicitationUuid=null, mServiceSolicitationUuidMask=null, mServiceDataUuid=null, mServiceData=null, mServiceDataMask=null, mManufacturerId=117, mManufacturerData=[1, 18, 0, 0, 0, 0, 0, 0, 0, 0, 3, 0, 0, 0, 0, 0, 0, 0, 0, 0, 0, 0, 0, 0], mManufacturerDataMask=[0, -1, 0, 0, 0, 0, 0, 0, 0, 0, -1, 0, 0, 0, 0, 0, 0, 0, 0, 0, 0, 0, 0, 0], mAdvertisingDataType=-1, mAdvertisingData=null, mAdvertisingDataMask=null]
10-08 20:36:32.693  1173  2576 I BluetoothAdapter: STATE_ON
10-08 20:36:32.693  1173  2576 I BluetoothAdapter: STATE_ON
10-08 20:36:32.693  1173  2576 I BluetoothAdapter: STATE_ON
10-08 20:36:32.694  1173  2576 D BluetoothLeScanner: Start Scan with callback
10-08 20:36:32.695  6153 20231 D BtGatt.ContextMap: add() - appUid: 1000, appPid: 1173, appName: android.uid.system
10-08 20:36:32.695  6153 20231 I bt_stack: [INFO:le_scanning_manager.cc(165)] RegisterScanner in shim layer
10-08 20:36:32.696  6153  6320 D BtGatt.GattService: onScannerRegistered() - UUID=892d9a7b-d73d-4169-b98b-63e99269228f, scannerId=4, status=0
10-08 20:36:32.696  1173  3555 D BluetoothLeScanner: onScannerRegistered() - status=0 scannerId=4 mScannerId=0
10-08 20:36:32.696  6153 20231 I BluetoothAdapter: STATE_ON
10-08 20:36:32.697  6153 20231 D ActivityAttributionService: notifyActivityAttributionInfo UID=1002 packageName=com.android.bluetooth deviceAddress=no_active_device_address
10-08 20:36:32.697  6153  6636 I BluetoothAdapter: STATE_ON
10-08 20:36:32.698  1173  2576 I SemWifiApSmartBleScanner: Started scanning
10-08 20:36:32.698  6153  6636 I BluetoothAdapter: STATE_ON
10-08 20:36:32.698  6153  6636 I BluetoothAdapter: STATE_ON
10-08 20:36:32.698  6153  6697 E BtGatt.GattService: [GSIM LOG]: gsimLogHandler, msg: MESSAGE_SCAN_START, appName: android.uid.system, scannerId: 4, reportDelayMillis=0
10-08 20:36:32.698  6153  6636 I bt_stack: [INFO:le_scanning_manager.cc(269)] ScanFilterEnable in shim layer
10-08 20:36:32.699  6153  6636 I bt_stack: [INFO:le_scanning_manager.cc(240)] ScanFilterAdd in shim layer
10-08 20:36:32.700  6153  6636 D BtGatt.ScanManager: configureFilterParamter() : onFoundTimeout | onLostTimeout | onFoundCount | numOfTrackingEntries | scanFilterRssiThreshold | trackableScanFilterRssiThreshold | matchMode
10-08 20:36:32.700  6153  6636 D BtGatt.ScanManager: configureFilterParamter() : __________500__|________10000__|___________1__|___________________0__|___________________-128__|____________________________-128__|________1_
10-08 20:36:32.700  6153  6636 I bt_stack: [INFO:le_scanning_manager.cc(198)] ScanFilterParamSetup in shim layer
10-08 20:36:32.741  1678  1824 D MobileStatusTracker(1/1): onSignalStrengthsChanged level=4, vendorLevel=4
10-08 20:36:32.743  1678  1824 D MobileSignalController(1/1): notifyListener: enabled=true, connected=true, dataConnected=false, networkType=LTE (4G), emergencyOnly=false, roaming=false, isDefault=false, dataActivity=, level=4, ca=false, mmWave=false, disabledDataIcon=false, simCard=ETC
10-08 20:36:32.744  1678  1824 D NetworkController: SignalStrength from intent slotId=1
10-08 20:36:32.764  1173  1612 I SemWifiEleStateTracker: Ele Parameters BD : 0 0 0 0 0 0 MD : 0 0 0 0 0 0 WD : 0 0 0 0 0 0 GC : false false false false false false SC : false false false false false false SH : false false false false false false TB : false false false false false false
10-08 20:36:33.029   776 13773 I HYPER-HAL: [ResourceManager.cpp]removeResource(): [CPUMinFreq] RemoveResource Request ID : 708662
10-08 20:36:33.029   776 13773 I HYPER-HAL: [RequestManager.cpp]releaseLocked(): Released ID : 708662
10-08 20:36:33.099  1678  1678 D KeyguardSecBottomAreaView: mCanIndicationAreaUpdate set to true
10-08 20:36:33.199  1173  1594 D SemNscXgbMsL1: Probability - Cloud gaming: [0.027715907]
10-08 20:36:33.200  1173  1594 D SemNscXgbMsL1: Probability - Real time: [0.65035576]
10-08 20:36:33.200  1173  1594 D SemNscXgbMsL1: Probability - Non real time: [0.6603436]
10-08 20:36:33.200  1173  1594 D SemNscXgbMsL1: 1 sample inference time: 1.0075 msecs
10-08 20:36:33.202  1173  1594 D SemNscXgbL2Rt: L2 RT 1 sample inference time: 1.696116 msecs
10-08 20:36:33.204  1173  1594 D SemNscXgbL2Nrt: L2 NRT 1 sample inference time: 1.283423 msecs
10-08 20:36:33.215  1173  1610 D SemWifiSwitchForIndividualAppsService: isSkipNetworkCondition - result:6
10-08 20:36:33.225  1041 13437 I qfp-vendorlib:  read fd sensor 1
10-08 20:36:33.225  1041 13437 I qfp-vendorlib:  Finger down 
10-08 20:36:33.225  1041 13437 I bauth_FPQCBAuthSensorControl: FPQCBAuthSensorControl, 233
10-08 20:36:33.225  1041 13437 I bauth_FPQCBAuthSensorControl: FPQCBAuthSensorControl, 519
10-08 20:36:33.225  1041 13437 I bauth_FPBAuthService: cosi
10-08 20:36:33.225  1041 13437 I bauth_FPBAuthService: acsf 2
10-08 20:36:33.225  1041 13437 I bauth_FPBAuthService: ad 0
10-08 20:36:33.225  1041 13437 I bauth_FPBAuthService: tfd 0 0 1
10-08 20:36:33.225  1041 13437 I bauth_FPQCBAuthSensorControl: FPQCBAuthSensorControl, 188
10-08 20:36:33.225  1041 13437 I qfp-vendorlib: QFPControl_DeviceSpiCtrl 1
10-08 20:36:33.225  1041  1712 I qfp-vendorlib:  read ipc cancel count 1
10-08 20:36:33.225  1041  1712 I qfp-vendorlib: QFPControl_DeviceWaitIPC exit with 4
10-08 20:36:33.225  1041  1712 E bauth_FPQCBAuthSensorControl: BAuthDeviceWaitIPC sys call failed : 4
10-08 20:36:33.225  1041  1712 I bauth_FPBAuthService: FPBAuthService, 9787
10-08 20:36:33.225  1041  1712 I bauth_FPQCBAuthSensorControl: FPQCBAuthSensorControl, 264
10-08 20:36:33.225  1041  1712 I qfp-vendorlib: QFPControl_DeviceEnableIPC 0
10-08 20:36:33.225  1041 13437 I bauth_FPQCBAuthSensorControl: scc 1
10-08 20:36:33.225  1041 13437 I bauth_FPQCBAuthSensorControl: FPQCBAuthSensorControl, 215
10-08 20:36:33.225  1041 13437 I qfp-vendorlib: QFPControl_DeviceEnableInt 0
10-08 20:36:33.225  1041  1712 I bauth_FPBAuthService: FPBAuthService, 9968
10-08 20:36:33.225  1041 13437 I bauth_FPBAuthService: FPBAuthService, 3368
10-08 20:36:33.225  1041 13437 I bauth_FPBAuthService: FPBAuthService, 3379
10-08 20:36:33.225  1041 13437 I bauth_FPQCBAuthSensorControl: FPQCBAuthSensorControl, 299
10-08 20:36:33.225  1041 13437 I qfp-vendorlib: QFPControl_DeviceCpuSpeedup 1
10-08 20:36:33.226  1173  1493 D InputReader: Btn_touch(9): value=1 when=112493.676071
10-08 20:36:33.227  1173  1493 I InputReader: Touch event's action is 0x0 (id=2, t=0) [pCnt=1, s=0.9509 ] when=112493.676071
10-08 20:36:33.227  1041 13437 I bauth_FPBAuthService: FPBAuthService, 5857
10-08 20:36:33.227  1041 13437 I TLC_BAUTH: Call FP cmd 0x6
10-08 20:36:33.227  1173  1492 I InputDispatcher: Delivering touch to (1678): action: 0x4, f=0x0, d=0, '5454305', t=1 
10-08 20:36:33.227  1173  1492 I InputDispatcher: Delivering touch to (1678): action: 0x0, f=0x0, d=0, '9232ea3', t=1 *(0.75)
10-08 20:36:33.229  1173  1269 I GestureDetector: obtain mCurrentDownEvent. id: 710106854 caller: com.android.server.wm.SystemGesturesPointerEventListener.onPointerEvent:203 com.android.server.wm.PointerEventDispatcher.onInputEvent:53 android.view.InputEventReceiver.dispatchInputEvent:285 
10-08 20:36:33.229  1678  1678 I ViewRootImpl@77e2bcf[NotificationShade]: ViewPostIme pointer 0
10-08 20:36:33.229  1173  1269 I GestureDetector: obtain mCurrentDownEvent. id: 710106854 caller: com.android.server.wm.SystemPerformancePointerEventListener.onPointerEvent:89 com.android.server.wm.PointerEventDispatcher.onInputEvent:53 android.view.InputEventReceiver.dispatchInputEvent:285 
10-08 20:36:33.231  1678  1678 D SecPanelLogger: PanelView.dispatchTouchEvent() MotionEvent { action=ACTION_DOWN, actionButton=0, id[0]=0, x[0]=519.6972, y[0]=1960.5468, toolType[0]=TOOL_TYPE_FINGER, buttonState=0, classification=NONE, metaState=0, flags=0x0, edgeFlags=0x0, pointerCount=1, historySize=0, eventTime=112493676, downTime=112493676, deviceId=2, source=0x1002, displayId=0, eventId=710106854 } |  StatusBarState:KEYGUARD
10-08 20:36:33.231  1678  1678 D SecPanelLogger: NPVC InterceptTouch(ACTION_DOWN) (mQsExpansionEnabledPolicy:true && mQsExpansionEnabledAmbient:true && !isRemoteInputActive:true && !isDexStandAloneMode():true) |  StatusBarState:KEYGUARD
10-08 20:36:33.232  1041 13437 I tlc_communication: blowfish : tlc_communicate commandID(6) (0x00000000 TEEC_SUCCESS) retry0
10-08 20:36:33.233  1041 13437 I TLC_BAUTH: Check the Trustlet return code is completed
10-08 20:36:33.233  1041 13437 I bauth_FPBAuthService: check_opcode status = 2, opcode = 5, func_ret_val = 0, function_status = 1, timeout = 0
10-08 20:36:33.233  1041 13437 I bauth_FPBAuthService: FPBAuthService, 3584
10-08 20:36:33.233  1041 13437 I bauth_FPBAuthService: FPBAuthService, 3603
10-08 20:36:33.233  1041 13437 I bauth_FPBAuthService: FPBAuthService, 3604
10-08 20:36:33.233  1041 13437 I bauth_FPBAuthService: fpop : 100021
10-08 20:36:33.233  1041 13437 I bauth_FPBAuthService: FPBAuthService, 5857
10-08 20:36:33.233  1041 13437 I TLC_BAUTH: Call FP cmd 0x6
10-08 20:36:33.233  1678  1678 I DymLock|DynamicLockContainer: isTouchOnItemViewArea() false
10-08 20:36:33.233  1173  1582 I FingerprintService: handleAcquired: acquiredInfo=6, vendor=10002
10-08 20:36:33.233  1173  1582 D FingerprintService: onAcquired: 6, 10002
10-08 20:36:33.233  1678  1678 D KeyguardTouchBase: setIntercept true
10-08 20:36:33.234  1678  1678 D KeyguardTouchAnimator: intercepted: action=0 mQsExpanded=false, mQsFullyExpanded=false
10-08 20:36:33.234 21496 21496 I BSS_SysUiManager: handleMessage = 7, 202, 10002
10-08 20:36:33.234  1678  1678 D SecPanelLogger: NPVC onTouch(ACTION_DOWN)  |  StatusBarState:KEYGUARD
10-08 20:36:33.234  1173  1582 I SemDvfsHyPerManager: acquire hyper - FINGERPRINT_SERVICE/1173@265, type = -999
10-08 20:36:33.234 21496 21496 I BSS_InDisplaySensorWindow: startVisualEffect
10-08 20:36:33.234 21496 21496 I BSS_VisualEffectContainer: start()
10-08 20:36:33.235  1173  1582 I BiometricsBoosting: com.samsung.android.intent.action.BIOMETRIC_AUTHENTICATION_START
10-08 20:36:33.235  1173  1582 V Biometrics/AcquisitionClient: Acquired: 6 10002, shouldSend: true
10-08 20:36:33.235  1678  1910 I FingerprintManager: handleMessage = 108, 0, 0
10-08 20:36:33.236   776   835 I HYPER-HAL: [RequestManager.cpp]acquire(): Acquired ID : 1034906  [1173 / 265]    HINT : BIOMETRICS_FINGER    list : 
10-08 20:36:33.236  1173  3543 D SemInputCommandService: getFodPosition: devid:1
10-08 20:36:33.236   776   835 I HYPER-HAL: [ResourceManager.cpp]updateResource(): [CPUMinFreq] UpdateResource Request ID : 1034906    Value : 2730000
10-08 20:36:33.237  1173  1195 I ActivityManager: Changes in 10062 19 to 5, 0 to 8
10-08 20:36:33.238  1173  1284 W libprocessgroup: Failed to open /dev/blkio//cgroup.procs: No such file or directory
10-08 20:36:33.239   818   818 I sysinput:Touch: writeInformation:249, OK
10-08 20:36:33.239  1173  1583 D SysinputHAL_V1_3(V1_2): runTspCmdNoRead(1): set_temperature,1(0)
10-08 20:36:33.239  1173  1583 I FingerprintService: setTspMode: [9] done
10-08 20:36:33.239  1173  1583 I FaceService: semPauseAuth called from pid=1173
10-08 20:36:33.240  1678  1910 I FingerprintManager: handleMessage = 101, 6, 10002
10-08 20:36:33.240  1173  1584 W Face10  : daemonPauseAuth skipped
10-08 20:36:33.242   818   818 I sysinput:Touch: readInformation:225, fod_pos: OK
10-08 20:36:33.242  1173  3543 D SysinputHAL_V1_3: getProperty(TSP_1): FOD_POS:000000000000000000000000000000000080018007000F000000000000000000000000000000000000
10-08 20:36:33.244  1678  1678 D BaseAnimator: mNonSwipeMode: 0x00000000
10-08 20:36:33.244  1678  1678 I GestureDetector: obtain mCurrentDownEvent. id: 710106854 caller: com.android.systemui.keyguard.animator.KeyguardTouchAnimator.onTouchEvent:191 com.android.systemui.statusbar.phone.NotificationPanelViewController$20.onTouch:6096 android.view.View.dispatchTouchEvent:15540 
10-08 20:36:33.244  1678  1678 D KeyguardTouchBase: setTouch true
10-08 20:36:33.244  1678  1678 D KeyguardTouchDymLockInjector: initDynamicLock mIsDynamicLockEnabled: true
10-08 20:36:33.244  1678  1678 D KeyguardTouchDymLockInjector: mNonSwipeMode: 0x00000000
10-08 20:36:33.245  1678  1678 D KeyguardUpdateMonitor: isUserUnlocked userId:0, unlocked:true
10-08 20:36:33.245  1678  1678 E KeyguardFingerPrintSwipe: mLongPressCallback canceled. Touch position is FP-InDisplay area!
10-08 20:36:33.245  1678  1678 E KeyguardFingerPrintSwipe: mLongPressCallback canceled. Touch position is FP-InDisplay area!
10-08 20:36:33.245  1678  1678 D KeyguardFingerprint: handleFingerprintAuth fpMsg index = 1 / type = 4
10-08 20:36:33.245  1678  1678 D KeyguardFingerprint: onAuthenticationAcquired( 6  )
10-08 20:36:33.245  1678  1678 D KeyguardFingerprint: handleFingerprintAcquired( 6  )
10-08 20:36:33.245  1678  1678 W KeyguardFingerprint: handleFingerprintAuth dispatchCount = 2 / elapsed time: 0ms
10-08 20:36:33.245  1678  1678 W KeyguardFingerprint: handleFingerprintAuth dispatchCount = 0 / elapsed time: 0ms
10-08 20:36:33.245  1173  3543 D PowerManagerService: [api] userActivity : event: 0 flags: 0 (uid: 10044 pid: 1678) eventTime = 112493694 displayId = 0
10-08 20:36:33.273  1173  3543 D SemInputCommandService: getFodPosition: devid:1
10-08 20:36:33.274   818   818 I sysinput:Touch: readInformation:225, fod_pos: OK
10-08 20:36:33.274  1173  3543 D SysinputHAL_V1_3: getProperty(TSP_1): FOD_POS:000000000000000000000000000000000080018007000F000000000000000000000000000000000000
10-08 20:36:33.305  1173  3543 D SemInputCommandService: getFodPosition: devid:1
10-08 20:36:33.307   818   818 I sysinput:Touch: readInformation:225, fod_pos: OK
10-08 20:36:33.307  1173  3543 D SysinputHAL_V1_3: getProperty(TSP_1): FOD_POS:000000000000000000000000000000000080018007000F000000000000000000000000000000000000
10-08 20:36:33.325  1041  1712 I bauth_FPBAuthService: FPBAuthService, 9995
10-08 20:36:33.325  1041  1712 I bauth_FPBAuthService: cbmd
10-08 20:36:33.325  1041  1712 I bauth_FPBAuthService: swipc
10-08 20:36:33.325  1041  1712 I bauth_FPQCBAuthSensorControl: FPQCBAuthSensorControl, 264
10-08 20:36:33.325  1041  1712 I qfp-vendorlib: QFPControl_DeviceEnableIPC 1
10-08 20:36:33.325  1041  1712 I bauth_FPBAuthService: wwipc
10-08 20:36:33.325  1041  1712 I qfp-vendorlib: QFPControl_DeviceWaitIPC Entry!!!
10-08 20:36:33.337  1173  3543 D SemInputCommandService: getFodPosition: devid:1
10-08 20:36:33.339   818   818 I sysinput:Touch: readInformation:225, fod_pos: OK
10-08 20:36:33.339  1173  3543 D SysinputHAL_V1_3: getProperty(TSP_1): FOD_POS:000000000000000000000000000000000080018007000F000000000000000000000000000000000000
10-08 20:36:33.348  1173  1269 I GestureDetector: obtain mCurrentMotionEventRaw. action: 2 id: 1013112684
10-08 20:36:33.349  1173  1269 I GestureDetector: obtain mCurrentMotionEventRaw. action: 2 id: 1013112684
10-08 20:36:33.365   846   846 E TimeStats: [31359]-[FP Iconview$_21496#31359]-timeRecords is at its maximum size[64]. Ignore this when unittesting.
10-08 20:36:33.365  1678  1678 D SecPanelLogger: PanelView.dispatchTouchEvent() MotionEvent { action=ACTION_MOVE, actionButton=0, id[0]=0, x[0]=521.40314, y[0]=1960.5468, toolType[0]=TOOL_TYPE_FINGER, buttonState=0, classification=NONE, metaState=0, flags=0x0, edgeFlags=0x0, pointerCount=1, historySize=2, eventTime=112493808, downTime=112493676, deviceId=2, source=0x1002, displayId=0, eventId=1013112684 } |  StatusBarState:KEYGUARD
10-08 20:36:33.365  1678  1678 D SecPanelLogger: NPVC onTouch(ACTION_MOVE)  |  StatusBarState:KEYGUARD
10-08 20:36:33.365  1678  1678 I GestureDetector: obtain mCurrentMotionEventRaw. action: 2 id: 1013112684
10-08 20:36:33.366  1678  1678 D KeyguardEditModeAnimatorController: actionMove false
10-08 20:36:33.370  1173  3543 D SemInputCommandService: getFodPosition: devid:1
10-08 20:36:33.371   818   818 I sysinput:Touch: readInformation:225, fod_pos: OK
10-08 20:36:33.371  1173  3543 D SysinputHAL_V1_3: getProperty(TSP_1): FOD_POS:000000000000000000000000000000000080018007000F000000000000000000000000000000000000
10-08 20:36:33.382  1678  1678 D KeyguardEditModeAnimatorController: actionMove false
10-08 20:36:33.398  1678  1678 I DymLock|BaseLockContainer: isIntercepting() false
10-08 20:36:33.399  1678  1678 D KeyguardEditModeAnimatorController: actionMove false
10-08 20:36:33.402  1173  3543 D SemInputCommandService: getFodPosition: devid:1
10-08 20:36:33.404   818   818 I sysinput:Touch: readInformation:225, fod_pos: OK
10-08 20:36:33.404  1173  3543 D SysinputHAL_V1_3: getProperty(TSP_1): FOD_POS:000000000000000000000000000000000080018007000F000000000000000000000000000000000000
10-08 20:36:33.415  1678  1678 D KeyguardEditModeAnimatorController: actionMove false
10-08 20:36:33.418  6857  6872 I Finsky  : [185] Stats for Executor: BlockingExecutor tzs@fa8b457[Running, pool size = 0, active threads = 0, queued tasks = 0, completed tasks = 292]
10-08 20:36:33.418  6857  6872 I Finsky  : [185] Stats for Executor: LightweightExecutor tzs@4117b44[Running, pool size = 4, active threads = 0, queued tasks = 0, completed tasks = 2510]
10-08 20:36:33.433  1678  1678 D KeyguardEditModeAnimatorController: actionMove false
10-08 20:36:33.435  1173  3543 D SemInputCommandService: getFodPosition: devid:1
10-08 20:36:33.436   818   818 I sysinput:Touch: readInformation:225, fod_pos: OK
10-08 20:36:33.436  1173  3543 D SysinputHAL_V1_3: getProperty(TSP_1): FOD_POS:000000000000000000000000000000000080018007000F000000000000000000000000000000000000
10-08 20:36:33.439  1041  1681 I bauth_FPBAuthService: pcf : 0x1012, 2 ,1 ,0 ,0 ,0 ,0, 7.0.0.0
10-08 20:36:33.439  1041  1681 I bauth_FPBAuthService: thread id : 1, preenroll_flag : 0, nd cnt : 0, cso : 0, et : 0
10-08 20:36:33.439  1041  1681 I bauth_FPBAuthService: FPBAuthService, 11511
10-08 20:36:33.448  1678  1678 D KeyguardEditModeAnimatorController: actionMove false
10-08 20:36:33.453  1041 13437 I tlc_communication: blowfish : tlc_communicate commandID(6) (0x00000000 TEEC_SUCCESS) retry0
10-08 20:36:33.453  1041 13437 I TLC_BAUTH: Check the Trustlet return code is completed
10-08 20:36:33.453  1041 13437 I bauth_FPBAuthService: check_opcode status = 2, opcode = 6, func_ret_val = 0, function_status = 1, timeout = 0
10-08 20:36:33.453  1041 13437 I bauth_FPBAuthService: FPBAuthService, 2964
