10-08 20:37:19.647  1173  1289 W CpuPowerCalculator: UID 10154 CPU freq # mismatch: Power Profile # 56 actual # 55
10-08 20:37:19.647  1173  1289 W CpuPowerCalculator: UID 10145 CPU freq # mismatch: Power Profile # 56 actual # 55
10-08 20:37:19.647  1173  1289 W CpuPowerCalculator: UID 10145 CPU freq # mismatch: Power Profile # 56 actual # 55
10-08 20:37:19.648  1173  1289 W CpuPowerCalculator: UID 10145 CPU freq # mismatch: Power Profile # 56 actual # 55
10-08 20:37:19.648  1173  1289 W CpuPowerCalculator: UID 10145 CPU freq # mismatch: Power Profile # 56 actual # 55
10-08 20:37:19.648  1173  1289 W CpuPowerCalculator: UID 10135 CPU freq # mismatch: Power Profile # 56 actual # 55
10-08 20:37:19.648  1173  1289 W CpuPowerCalculator: UID 10135 CPU freq # mismatch: Power Profile # 56 actual # 55
10-08 20:37:19.648  1173  1289 W CpuPowerCalculator: UID 10135 CPU freq # mismatch: Power Profile # 56 actual # 55
10-08 20:37:19.648  1173  1289 W CpuPowerCalculator: UID 10135 CPU freq # mismatch: Power Profile # 56 actual # 55
10-08 20:37:19.648  1173  1289 W CpuPowerCalculator: UID 10132 CPU freq # mismatch: Power Profile # 56 actual # 55
10-08 20:37:19.648  1173  1289 W CpuPowerCalculator: UID 10132 CPU freq # mismatch: Power Profile # 56 actual # 55
10-08 20:37:19.648  1173  1289 W CpuPowerCalculator: UID 10132 CPU freq # mismatch: Power Profile # 56 actual # 55
10-08 20:37:19.648  1173  1289 W CpuPowerCalculator: UID 10128 CPU freq # mismatch: Power Profile # 56 actual # 55
10-08 20:37:19.648  1173  1289 W CpuPowerCalculator: UID 10128 CPU freq # mismatch: Power Profile # 56 actual # 55
10-08 20:37:19.648  1173  1289 W CpuPowerCalculator: UID 10128 CPU freq # mismatch: Power Profile # 56 actual # 55
10-08 20:37:19.648  1173  1289 W CpuPowerCalculator: UID 10123 CPU freq # mismatch: Power Profile # 56 actual # 55
10-08 20:37:19.648  1173  1289 W CpuPowerCalculator: UID 10123 CPU freq # mismatch: Power Profile # 56 actual # 55
10-08 20:37:19.648  1173  1289 W CpuPowerCalculator: UID 10123 CPU freq # mismatch: Power Profile # 56 actual # 55
10-08 20:37:19.648  1173  1289 W CpuPowerCalculator: UID 10123 CPU freq # mismatch: Power Profile # 56 actual # 55
10-08 20:37:19.648  1173  1289 W CpuPowerCalculator: UID 10117 CPU freq # mismatch: Power Profile # 56 actual # 55
10-08 20:37:19.648  1173  1289 W CpuPowerCalculator: UID 10117 CPU freq # mismatch: Power Profile # 56 actual # 55
10-08 20:37:19.648  1173  1289 W CpuPowerCalculator: UID 10117 CPU freq # mismatch: Power Profile # 56 actual # 55
10-08 20:37:19.648  1173  1289 W CpuPowerCalculator: UID 10117 CPU freq # mismatch: Power Profile # 56 actual # 55
10-08 20:37:19.649  1173  1289 W CpuPowerCalculator: UID 10116 CPU freq # mismatch: Power Profile # 56 actual # 55
10-08 20:37:19.649  1173  1289 W CpuPowerCalculator: UID 10116 CPU freq # mismatch: Power Profile # 56 actual # 55
10-08 20:37:19.649  1173  1289 W CpuPowerCalculator: UID 10116 CPU freq # mismatch: Power Profile # 56 actual # 55
10-08 20:37:19.649  1173  1289 W CpuPowerCalculator: UID 10116 CPU freq # mismatch: Power Profile # 56 actual # 55
10-08 20:37:19.649  1173  1289 W CpuPowerCalculator: UID 10115 CPU freq # mismatch: Power Profile # 56 actual # 55
10-08 20:37:19.649  1173  1289 W CpuPowerCalculator: UID 10115 CPU freq # mismatch: Power Profile # 56 actual # 55
10-08 20:37:19.649  1173  1289 W CpuPowerCalculator: UID 10115 CPU freq # mismatch: Power Profile # 56 actual # 55
10-08 20:37:19.649  1173  1289 W CpuPowerCalculator: UID 10115 CPU freq # mismatch: Power Profile # 56 actual # 55
10-08 20:37:19.649  1173  1289 W CpuPowerCalculator: UID 10113 CPU freq # mismatch: Power Profile # 56 actual # 55
10-08 20:37:19.649  1173  1289 W CpuPowerCalculator: UID 10113 CPU freq # mismatch: Power Profile # 56 actual # 55
10-08 20:37:19.649  1173  1289 W CpuPowerCalculator: UID 10113 CPU freq # mismatch: Power Profile # 56 actual # 55
10-08 20:37:19.649  1173  1289 W CpuPowerCalculator: UID 10112 CPU freq # mismatch: Power Profile # 56 actual # 55
10-08 20:37:19.649  1173  1289 W CpuPowerCalculator: UID 10112 CPU freq # mismatch: Power Profile # 56 actual # 55
10-08 20:37:19.649  1173  1289 W CpuPowerCalculator: UID 10112 CPU freq # mismatch: Power Profile # 56 actual # 55
10-08 20:37:19.649  1173  1289 W CpuPowerCalculator: UID 10112 CPU freq # mismatch: Power Profile # 56 actual # 55
10-08 20:37:19.649  1173  1289 W CpuPowerCalculator: UID 10112 CPU freq # mismatch: Power Profile # 56 actual # 55
10-08 20:37:19.649  1173  1289 W CpuPowerCalculator: UID 10112 CPU freq # mismatch: Power Profile # 56 actual # 55
10-08 20:37:19.649  1173  1289 W CpuPowerCalculator: UID 10112 CPU freq # mismatch: Power Profile # 56 actual # 55
10-08 20:37:19.649  1173  1289 W CpuPowerCalculator: UID 10111 CPU freq # mismatch: Power Profile # 56 actual # 55
10-08 20:37:19.649  1173  1289 W CpuPowerCalculator: UID 10111 CPU freq # mismatch: Power Profile # 56 actual # 55
10-08 20:37:19.649  1173  1289 W CpuPowerCalculator: UID 10111 CPU freq # mismatch: Power Profile # 56 actual # 55
10-08 20:37:19.650  1173  1289 W CpuPowerCalculator: UID 10111 CPU freq # mismatch: Power Profile # 56 actual # 55
10-08 20:37:19.650  1173  1289 W CpuPowerCalculator: UID 10111 CPU freq # mismatch: Power Profile # 56 actual # 55
10-08 20:37:19.650  1173  1289 W CpuPowerCalculator: UID 10110 CPU freq # mismatch: Power Profile # 56 actual # 55
10-08 20:37:19.650  1173  1289 W CpuPowerCalculator: UID 10110 CPU freq # mismatch: Power Profile # 56 actual # 55
10-08 20:37:19.650  1173  1289 W CpuPowerCalculator: UID 10109 CPU freq # mismatch: Power Profile # 56 actual # 55
10-08 20:37:19.650  1173  1289 W CpuPowerCalculator: UID 10109 CPU freq # mismatch: Power Profile # 56 actual # 55
10-08 20:37:19.650  1173  1289 W CpuPowerCalculator: UID 10109 CPU freq # mismatch: Power Profile # 56 actual # 55
10-08 20:37:19.650  1173  1289 W CpuPowerCalculator: UID 10109 CPU freq # mismatch: Power Profile # 56 actual # 55
10-08 20:37:19.650  1173  1289 W CpuPowerCalculator: UID 10109 CPU freq # mismatch: Power Profile # 56 actual # 55
10-08 20:37:19.650  1173  1289 W CpuPowerCalculator: UID 10108 CPU freq # mismatch: Power Profile # 56 actual # 55
10-08 20:37:19.650  1173  1289 W CpuPowerCalculator: UID 10108 CPU freq # mismatch: Power Profile # 56 actual # 55
10-08 20:37:19.650  1173  1289 W CpuPowerCalculator: UID 10108 CPU freq # mismatch: Power Profile # 56 actual # 55
10-08 20:37:19.650  1173  1289 W CpuPowerCalculator: UID 10106 CPU freq # mismatch: Power Profile # 56 actual # 55
10-08 20:37:19.650  1173  1289 W CpuPowerCalculator: UID 10106 CPU freq # mismatch: Power Profile # 56 actual # 55
10-08 20:37:19.650  1173  1289 W CpuPowerCalculator: UID 10106 CPU freq # mismatch: Power Profile # 56 actual # 55
10-08 20:37:19.650  1173  1289 W CpuPowerCalculator: UID 10106 CPU freq # mismatch: Power Profile # 56 actual # 55
10-08 20:37:19.650  1173  1289 W CpuPowerCalculator: UID 10105 CPU freq # mismatch: Power Profile # 56 actual # 55
10-08 20:37:19.650  1173  1289 W CpuPowerCalculator: UID 10105 CPU freq # mismatch: Power Profile # 56 actual # 55
10-08 20:37:19.650  1173  1289 W CpuPowerCalculator: UID 10105 CPU freq # mismatch: Power Profile # 56 actual # 55
10-08 20:37:19.650  1173  1289 W CpuPowerCalculator: UID 10105 CPU freq # mismatch: Power Profile # 56 actual # 55
10-08 20:37:19.651  1173  1289 W CpuPowerCalculator: UID 10104 CPU freq # mismatch: Power Profile # 56 actual # 55
10-08 20:37:19.651  1173  1289 W CpuPowerCalculator: UID 10104 CPU freq # mismatch: Power Profile # 56 actual # 55
10-08 20:37:19.651  1173  1289 W CpuPowerCalculator: UID 10104 CPU freq # mismatch: Power Profile # 56 actual # 55
10-08 20:37:19.651  1173  1289 W CpuPowerCalculator: UID 10104 CPU freq # mismatch: Power Profile # 56 actual # 55
10-08 20:37:19.651  1173  1289 W CpuPowerCalculator: UID 10103 CPU freq # mismatch: Power Profile # 56 actual # 55
10-08 20:37:19.651  1173  1289 W CpuPowerCalculator: UID 10103 CPU freq # mismatch: Power Profile # 56 actual # 55
10-08 20:37:19.651  1173  1289 W CpuPowerCalculator: UID 10103 CPU freq # mismatch: Power Profile # 56 actual # 55
10-08 20:37:19.651  1173  1289 W CpuPowerCalculator: UID 10103 CPU freq # mismatch: Power Profile # 56 actual # 55
10-08 20:37:19.651  1173  1289 W CpuPowerCalculator: UID 10103 CPU freq # mismatch: Power Profile # 56 actual # 55
10-08 20:37:19.651  1173  1289 W CpuPowerCalculator: UID 10102 CPU freq # mismatch: Power Profile # 56 actual # 55
10-08 20:37:19.651  1173  1289 W CpuPowerCalculator: UID 10102 CPU freq # mismatch: Power Profile # 56 actual # 55
10-08 20:37:19.651  1173  1289 W CpuPowerCalculator: UID 10102 CPU freq # mismatch: Power Profile # 56 actual # 55
10-08 20:37:19.651  1173  1289 W CpuPowerCalculator: UID 10102 CPU freq # mismatch: Power Profile # 56 actual # 55
10-08 20:37:19.651  1173  1289 W CpuPowerCalculator: UID 10100 CPU freq # mismatch: Power Profile # 56 actual # 55
10-08 20:37:19.651  1173  1289 W CpuPowerCalculator: UID 10100 CPU freq # mismatch: Power Profile # 56 actual # 55
10-08 20:37:19.651  1173  1289 W CpuPowerCalculator: UID 10100 CPU freq # mismatch: Power Profile # 56 actual # 55
10-08 20:37:19.651  1173  1289 W CpuPowerCalculator: UID 10100 CPU freq # mismatch: Power Profile # 56 actual # 55
10-08 20:37:19.651  1173  1289 W CpuPowerCalculator: UID 10098 CPU freq # mismatch: Power Profile # 56 actual # 55
10-08 20:37:19.651  1173  1289 W CpuPowerCalculator: UID 10098 CPU freq # mismatch: Power Profile # 56 actual # 55
10-08 20:37:19.651  1173  1289 W CpuPowerCalculator: UID 10098 CPU freq # mismatch: Power Profile # 56 actual # 55
10-08 20:37:19.651  1173  1289 W CpuPowerCalculator: UID 10097 CPU freq # mismatch: Power Profile # 56 actual # 55
10-08 20:37:19.651  1173  1289 W CpuPowerCalculator: UID 10097 CPU freq # mismatch: Power Profile # 56 actual # 55
10-08 20:37:19.652  1173  1289 W CpuPowerCalculator: UID 10097 CPU freq # mismatch: Power Profile # 56 actual # 55
10-08 20:37:19.652  1173  1289 W CpuPowerCalculator: UID 10095 CPU freq # mismatch: Power Profile # 56 actual # 55
10-08 20:37:19.652  1173  1289 W CpuPowerCalculator: UID 10095 CPU freq # mismatch: Power Profile # 56 actual # 55
10-08 20:37:19.652  1173  1289 W CpuPowerCalculator: UID 10095 CPU freq # mismatch: Power Profile # 56 actual # 55
10-08 20:37:19.652  1173  1289 W CpuPowerCalculator: UID 10095 CPU freq # mismatch: Power Profile # 56 actual # 55
10-08 20:37:19.652  1173  1289 W CpuPowerCalculator: UID 10095 CPU freq # mismatch: Power Profile # 56 actual # 55
10-08 20:37:19.652  1173  1289 W CpuPowerCalculator: UID 10094 CPU freq # mismatch: Power Profile # 56 actual # 55
10-08 20:37:19.652  1173  1289 W CpuPowerCalculator: UID 10094 CPU freq # mismatch: Power Profile # 56 actual # 55
10-08 20:37:19.652  1173  1289 W CpuPowerCalculator: UID 10094 CPU freq # mismatch: Power Profile # 56 actual # 55
10-08 20:37:19.652  1173  1289 W CpuPowerCalculator: UID 10094 CPU freq # mismatch: Power Profile # 56 actual # 55
10-08 20:37:19.652  1173  1289 W CpuPowerCalculator: UID 10093 CPU freq # mismatch: Power Profile # 56 actual # 55
10-08 20:37:19.652  1173  1289 W CpuPowerCalculator: UID 10093 CPU freq # mismatch: Power Profile # 56 actual # 55
10-08 20:37:19.652  1173  1289 W CpuPowerCalculator: UID 10093 CPU freq # mismatch: Power Profile # 56 actual # 55
10-08 20:37:19.652  1173  1289 W CpuPowerCalculator: UID 10091 CPU freq # mismatch: Power Profile # 56 actual # 55
10-08 20:37:19.652  1173  1289 W CpuPowerCalculator: UID 10091 CPU freq # mismatch: Power Profile # 56 actual # 55
10-08 20:37:19.652  1173  1289 W CpuPowerCalculator: UID 10091 CPU freq # mismatch: Power Profile # 56 actual # 55
10-08 20:37:19.652  1173  1289 W CpuPowerCalculator: UID 10090 CPU freq # mismatch: Power Profile # 56 actual # 55
10-08 20:37:19.652  1173  1289 W CpuPowerCalculator: UID 10090 CPU freq # mismatch: Power Profile # 56 actual # 55
10-08 20:37:19.652  1173  1289 W CpuPowerCalculator: UID 10090 CPU freq # mismatch: Power Profile # 56 actual # 55
10-08 20:37:19.652  1173  1289 W CpuPowerCalculator: UID 10085 CPU freq # mismatch: Power Profile # 56 actual # 55
10-08 20:37:19.652  1173  1289 W CpuPowerCalculator: UID 10085 CPU freq # mismatch: Power Profile # 56 actual # 55
10-08 20:37:19.653  1173  1289 W CpuPowerCalculator: UID 10083 CPU freq # mismatch: Power Profile # 56 actual # 55
10-08 20:37:19.653  1173  1289 W CpuPowerCalculator: UID 10083 CPU freq # mismatch: Power Profile # 56 actual # 55
10-08 20:37:19.653  1173  1289 W CpuPowerCalculator: UID 10083 CPU freq # mismatch: Power Profile # 56 actual # 55
10-08 20:37:19.653  1173  1289 W CpuPowerCalculator: UID 10081 CPU freq # mismatch: Power Profile # 56 actual # 55
10-08 20:37:19.653  1173  1289 W CpuPowerCalculator: UID 10081 CPU freq # mismatch: Power Profile # 56 actual # 55
10-08 20:37:19.653  1173  1289 W CpuPowerCalculator: UID 10081 CPU freq # mismatch: Power Profile # 56 actual # 55
10-08 20:37:19.653  1173  1289 W CpuPowerCalculator: UID 10081 CPU freq # mismatch: Power Profile # 56 actual # 55
10-08 20:37:19.653  1173  1289 W CpuPowerCalculator: UID 10081 CPU freq # mismatch: Power Profile # 56 actual # 55
10-08 20:37:19.653  1173  1289 W CpuPowerCalculator: UID 10079 CPU freq # mismatch: Power Profile # 56 actual # 55
10-08 20:37:19.653  1173  1289 W CpuPowerCalculator: UID 10079 CPU freq # mismatch: Power Profile # 56 actual # 55
10-08 20:37:19.653  1173  1289 W CpuPowerCalculator: UID 10079 CPU freq # mismatch: Power Profile # 56 actual # 55
10-08 20:37:19.653  1173  1289 W CpuPowerCalculator: UID 10076 CPU freq # mismatch: Power Profile # 56 actual # 55
10-08 20:37:19.653  1173  1289 W CpuPowerCalculator: UID 10076 CPU freq # mismatch: Power Profile # 56 actual # 55
10-08 20:37:19.653  1173  1289 W CpuPowerCalculator: UID 10076 CPU freq # mismatch: Power Profile # 56 actual # 55
10-08 20:37:19.653  1173  1289 W CpuPowerCalculator: UID 10075 CPU freq # mismatch: Power Profile # 56 actual # 55
10-08 20:37:19.653  1173  1289 W CpuPowerCalculator: UID 10075 CPU freq # mismatch: Power Profile # 56 actual # 55
10-08 20:37:19.653  1173  1289 W CpuPowerCalculator: UID 10075 CPU freq # mismatch: Power Profile # 56 actual # 55
10-08 20:37:19.653  1173  1289 W CpuPowerCalculator: UID 10075 CPU freq # mismatch: Power Profile # 56 actual # 55
10-08 20:37:19.653  1173  1289 W CpuPowerCalculator: UID 10074 CPU freq # mismatch: Power Profile # 56 actual # 55
10-08 20:37:19.653  1173  1289 W CpuPowerCalculator: UID 10074 CPU freq # mismatch: Power Profile # 56 actual # 55
10-08 20:37:19.653  1173  1289 W CpuPowerCalculator: UID 10074 CPU freq # mismatch: Power Profile # 56 actual # 55
10-08 20:37:19.654  1173  1289 W CpuPowerCalculator: UID 10072 CPU freq # mismatch: Power Profile # 56 actual # 55
10-08 20:37:19.654  1173  1289 W CpuPowerCalculator: UID 10072 CPU freq # mismatch: Power Profile # 56 actual # 55
10-08 20:37:19.654  1173  1289 W CpuPowerCalculator: UID 10072 CPU freq # mismatch: Power Profile # 56 actual # 55
10-08 20:37:19.654  1173  1289 W CpuPowerCalculator: UID 10071 CPU freq # mismatch: Power Profile # 56 actual # 55
10-08 20:37:19.654  1173  1289 W CpuPowerCalculator: UID 10071 CPU freq # mismatch: Power Profile # 56 actual # 55
10-08 20:37:19.654  1173  1289 W CpuPowerCalculator: UID 10071 CPU freq # mismatch: Power Profile # 56 actual # 55
10-08 20:37:19.654  1173  1289 W CpuPowerCalculator: UID 10071 CPU freq # mismatch: Power Profile # 56 actual # 55
10-08 20:37:19.654  1173  1289 W CpuPowerCalculator: UID 10070 CPU freq # mismatch: Power Profile # 56 actual # 55
10-08 20:37:19.654  1173  1289 W CpuPowerCalculator: UID 10070 CPU freq # mismatch: Power Profile # 56 actual # 55
10-08 20:37:19.654  1173  1289 W CpuPowerCalculator: UID 10070 CPU freq # mismatch: Power Profile # 56 actual # 55
10-08 20:37:19.654  1173  1289 W CpuPowerCalculator: UID 10070 CPU freq # mismatch: Power Profile # 56 actual # 55
10-08 20:37:19.654  1173  1289 W CpuPowerCalculator: UID 10067 CPU freq # mismatch: Power Profile # 56 actual # 55
10-08 20:37:19.654  1173  1289 W CpuPowerCalculator: UID 10067 CPU freq # mismatch: Power Profile # 56 actual # 55
10-08 20:37:19.654  1173  1289 W CpuPowerCalculator: UID 10067 CPU freq # mismatch: Power Profile # 56 actual # 55
10-08 20:37:19.654  1173  1289 W CpuPowerCalculator: UID 10066 CPU freq # mismatch: Power Profile # 56 actual # 55
10-08 20:37:19.654  1173  1289 W CpuPowerCalculator: UID 10066 CPU freq # mismatch: Power Profile # 56 actual # 55
10-08 20:37:19.654  1173  1289 W CpuPowerCalculator: UID 10066 CPU freq # mismatch: Power Profile # 56 actual # 55
10-08 20:37:19.654  1173  1289 W CpuPowerCalculator: UID 10066 CPU freq # mismatch: Power Profile # 56 actual # 55
10-08 20:37:19.654  1173  1289 W CpuPowerCalculator: UID 10065 CPU freq # mismatch: Power Profile # 56 actual # 55
10-08 20:37:19.654  1173  1289 W CpuPowerCalculator: UID 10065 CPU freq # mismatch: Power Profile # 56 actual # 55
10-08 20:37:19.654  1173  1289 W CpuPowerCalculator: UID 10065 CPU freq # mismatch: Power Profile # 56 actual # 55
10-08 20:37:19.654  1173  1289 W CpuPowerCalculator: UID 10065 CPU freq # mismatch: Power Profile # 56 actual # 55
10-08 20:37:19.654  1173  1289 W CpuPowerCalculator: UID 10062 CPU freq # mismatch: Power Profile # 56 actual # 55
10-08 20:37:19.655  1173  1289 W CpuPowerCalculator: UID 10062 CPU freq # mismatch: Power Profile # 56 actual # 55
10-08 20:37:19.655  1173  1289 W CpuPowerCalculator: UID 10062 CPU freq # mismatch: Power Profile # 56 actual # 55
10-08 20:37:19.655  1173  1289 W CpuPowerCalculator: UID 10061 CPU freq # mismatch: Power Profile # 56 actual # 55
10-08 20:37:19.655  1173  1289 W CpuPowerCalculator: UID 10061 CPU freq # mismatch: Power Profile # 56 actual # 55
10-08 20:37:19.655  1173  1289 W CpuPowerCalculator: UID 10061 CPU freq # mismatch: Power Profile # 56 actual # 55
10-08 20:37:19.655  1173  1289 W CpuPowerCalculator: UID 10057 CPU freq # mismatch: Power Profile # 56 actual # 55
10-08 20:37:19.655  1173  1289 W CpuPowerCalculator: UID 10057 CPU freq # mismatch: Power Profile # 56 actual # 55
10-08 20:37:19.655  1173  1289 W CpuPowerCalculator: UID 10057 CPU freq # mismatch: Power Profile # 56 actual # 55
10-08 20:37:19.655  1173  1289 W CpuPowerCalculator: UID 10057 CPU freq # mismatch: Power Profile # 56 actual # 55
10-08 20:37:19.655  1173  1289 W CpuPowerCalculator: UID 10057 CPU freq # mismatch: Power Profile # 56 actual # 55
10-08 20:37:19.655  1173  1289 W CpuPowerCalculator: UID 10055 CPU freq # mismatch: Power Profile # 56 actual # 55
10-08 20:37:19.655  1173  1289 W CpuPowerCalculator: UID 10055 CPU freq # mismatch: Power Profile # 56 actual # 55
10-08 20:37:19.655  1173  1289 W CpuPowerCalculator: UID 10055 CPU freq # mismatch: Power Profile # 56 actual # 55
10-08 20:37:19.655  1173  1289 W CpuPowerCalculator: UID 10053 CPU freq # mismatch: Power Profile # 56 actual # 55
10-08 20:37:19.655  1173  1289 W CpuPowerCalculator: UID 10053 CPU freq # mismatch: Power Profile # 56 actual # 55
10-08 20:37:19.655  1173  1289 W CpuPowerCalculator: UID 10053 CPU freq # mismatch: Power Profile # 56 actual # 55
10-08 20:37:19.655  1173  1289 W CpuPowerCalculator: UID 10050 CPU freq # mismatch: Power Profile # 56 actual # 55
10-08 20:37:19.655  1173  1289 W CpuPowerCalculator: UID 10050 CPU freq # mismatch: Power Profile # 56 actual # 55
10-08 20:37:19.655  1173  1289 W CpuPowerCalculator: UID 10050 CPU freq # mismatch: Power Profile # 56 actual # 55
10-08 20:37:19.655  1173  1289 W CpuPowerCalculator: UID 10048 CPU freq # mismatch: Power Profile # 56 actual # 55
10-08 20:37:19.656  1173  1289 W CpuPowerCalculator: UID 10048 CPU freq # mismatch: Power Profile # 56 actual # 55
10-08 20:37:19.656  1173  1289 W CpuPowerCalculator: UID 10048 CPU freq # mismatch: Power Profile # 56 actual # 55
10-08 20:37:19.656  1173  1289 W CpuPowerCalculator: UID 10048 CPU freq # mismatch: Power Profile # 56 actual # 55
10-08 20:37:19.656  1173  1289 W CpuPowerCalculator: UID 10048 CPU freq # mismatch: Power Profile # 56 actual # 55
10-08 20:37:19.656  1173  1289 W CpuPowerCalculator: UID 10047 CPU freq # mismatch: Power Profile # 56 actual # 55
10-08 20:37:19.656  1173  1289 W CpuPowerCalculator: UID 10047 CPU freq # mismatch: Power Profile # 56 actual # 55
10-08 20:37:19.656  1173  1289 W CpuPowerCalculator: UID 10047 CPU freq # mismatch: Power Profile # 56 actual # 55
10-08 20:37:19.656  1173  1289 W CpuPowerCalculator: UID 10047 CPU freq # mismatch: Power Profile # 56 actual # 55
10-08 20:37:19.656  1173  1289 W CpuPowerCalculator: UID 10044 CPU freq # mismatch: Power Profile # 56 actual # 55
10-08 20:37:19.656  1173  1289 W CpuPowerCalculator: UID 10044 CPU freq # mismatch: Power Profile # 56 actual # 55
10-08 20:37:19.656  1173  1289 W CpuPowerCalculator: UID 10044 CPU freq # mismatch: Power Profile # 56 actual # 55
10-08 20:37:19.656  1173  1289 W CpuPowerCalculator: UID 10043 CPU freq # mismatch: Power Profile # 56 actual # 55
10-08 20:37:19.656  1173  1289 W CpuPowerCalculator: UID 10043 CPU freq # mismatch: Power Profile # 56 actual # 55
10-08 20:37:19.656  1173  1289 W CpuPowerCalculator: UID 10043 CPU freq # mismatch: Power Profile # 56 actual # 55
10-08 20:37:19.656  1173  1289 W CpuPowerCalculator: UID 10040 CPU freq # mismatch: Power Profile # 56 actual # 55
10-08 20:37:19.656  1173  1289 W CpuPowerCalculator: UID 10040 CPU freq # mismatch: Power Profile # 56 actual # 55
10-08 20:37:19.656  1173  1289 W CpuPowerCalculator: UID 10040 CPU freq # mismatch: Power Profile # 56 actual # 55
10-08 20:37:19.656  1173  1289 W CpuPowerCalculator: UID 9999 CPU freq # mismatch: Power Profile # 56 actual # 55
10-08 20:37:19.656  1173  1289 W CpuPowerCalculator: UID 7503 CPU freq # mismatch: Power Profile # 56 actual # 55
10-08 20:37:19.656  1173  1289 W CpuPowerCalculator: UID 7502 CPU freq # mismatch: Power Profile # 56 actual # 55
10-08 20:37:19.656  1173  1289 W CpuPowerCalculator: UID 5555 CPU freq # mismatch: Power Profile # 56 actual # 55
10-08 20:37:19.656  1173  1289 W CpuPowerCalculator: UID 5278 CPU freq # mismatch: Power Profile # 56 actual # 55
10-08 20:37:19.656  1173  1289 W CpuPowerCalculator: UID 5278 CPU freq # mismatch: Power Profile # 56 actual # 55
10-08 20:37:19.656  1173  1289 W CpuPowerCalculator: UID 5278 CPU freq # mismatch: Power Profile # 56 actual # 55
10-08 20:37:19.656  1173  1289 W CpuPowerCalculator: UID 5026 CPU freq # mismatch: Power Profile # 56 actual # 55
10-08 20:37:19.656  1173  1289 W CpuPowerCalculator: UID 5026 CPU freq # mismatch: Power Profile # 56 actual # 55
10-08 20:37:19.656  1173  1289 W CpuPowerCalculator: UID 5026 CPU freq # mismatch: Power Profile # 56 actual # 55
10-08 20:37:19.656  1173  1289 W CpuPowerCalculator: UID 5026 CPU freq # mismatch: Power Profile # 56 actual # 55
10-08 20:37:19.657  1173  1289 W CpuPowerCalculator: UID 5025 CPU freq # mismatch: Power Profile # 56 actual # 55
10-08 20:37:19.657  1173  1289 W CpuPowerCalculator: UID 5025 CPU freq # mismatch: Power Profile # 56 actual # 55
10-08 20:37:19.657  1173  1289 W CpuPowerCalculator: UID 5025 CPU freq # mismatch: Power Profile # 56 actual # 55
10-08 20:37:19.657  1173  1289 W CpuPowerCalculator: UID 5023 CPU freq # mismatch: Power Profile # 56 actual # 55
10-08 20:37:19.657  1173  1289 W CpuPowerCalculator: UID 5023 CPU freq # mismatch: Power Profile # 56 actual # 55
10-08 20:37:19.657  1173  1289 W CpuPowerCalculator: UID 5023 CPU freq # mismatch: Power Profile # 56 actual # 55
10-08 20:37:19.657  1173  1289 W CpuPowerCalculator: UID 5013 CPU freq # mismatch: Power Profile # 56 actual # 55
10-08 20:37:19.657  1173  1289 W CpuPowerCalculator: UID 5013 CPU freq # mismatch: Power Profile # 56 actual # 55
10-08 20:37:19.657  1173  1289 W CpuPowerCalculator: UID 5012 CPU freq # mismatch: Power Profile # 56 actual # 55
10-08 20:37:19.657  1173  1289 W CpuPowerCalculator: UID 5012 CPU freq # mismatch: Power Profile # 56 actual # 55
10-08 20:37:19.657  1173  1289 W CpuPowerCalculator: UID 5012 CPU freq # mismatch: Power Profile # 56 actual # 55
10-08 20:37:19.657  1173  1289 W CpuPowerCalculator: UID 5010 CPU freq # mismatch: Power Profile # 56 actual # 55
10-08 20:37:19.657  1173  1289 W CpuPowerCalculator: UID 5010 CPU freq # mismatch: Power Profile # 56 actual # 55
10-08 20:37:19.657  1173  1289 W CpuPowerCalculator: UID 5010 CPU freq # mismatch: Power Profile # 56 actual # 55
10-08 20:37:19.657  1173  1289 W CpuPowerCalculator: UID 5009 CPU freq # mismatch: Power Profile # 56 actual # 55
10-08 20:37:19.657  1173  1289 W CpuPowerCalculator: UID 5009 CPU freq # mismatch: Power Profile # 56 actual # 55
10-08 20:37:19.657  1173  1289 W CpuPowerCalculator: UID 5009 CPU freq # mismatch: Power Profile # 56 actual # 55
10-08 20:37:19.657  1173  1289 W CpuPowerCalculator: UID 5009 CPU freq # mismatch: Power Profile # 56 actual # 55
10-08 20:37:19.657  1173  1289 W CpuPowerCalculator: UID 5006 CPU freq # mismatch: Power Profile # 56 actual # 55
10-08 20:37:19.657  1173  1289 W CpuPowerCalculator: UID 5006 CPU freq # mismatch: Power Profile # 56 actual # 55
10-08 20:37:19.657  1173  1289 W CpuPowerCalculator: UID 5004 CPU freq # mismatch: Power Profile # 56 actual # 55
10-08 20:37:19.657  1173  1289 W CpuPowerCalculator: UID 5004 CPU freq # mismatch: Power Profile # 56 actual # 55
10-08 20:37:19.657  1173  1289 W CpuPowerCalculator: UID 5004 CPU freq # mismatch: Power Profile # 56 actual # 55
10-08 20:37:19.657  1173  1289 W CpuPowerCalculator: UID 5004 CPU freq # mismatch: Power Profile # 56 actual # 55
10-08 20:37:19.657  1678  1678 I KeyguardFingerprint: Waiting window focus change
10-08 20:37:19.657  1173  1289 W CpuPowerCalculator: UID 5004 CPU freq # mismatch: Power Profile # 56 actual # 55
10-08 20:37:19.658  1173  1289 W CpuPowerCalculator: UID 5003 CPU freq # mismatch: Power Profile # 56 actual # 55
10-08 20:37:19.658  1173  1289 W CpuPowerCalculator: UID 5003 CPU freq # mismatch: Power Profile # 56 actual # 55
10-08 20:37:19.658  1173  1289 W CpuPowerCalculator: UID 5003 CPU freq # mismatch: Power Profile # 56 actual # 55
10-08 20:37:19.658  1678  1678 D KeyguardFingerprint: shouldListenForFingerprint ( isFingerprintEnabled = true , mKeyguardIsVisible = true , mDeviceInteractive = false , mBouncerIsOrWillBeShowing = false , mBouncerFullyShown = false , mGoingToSleep = false , mSwitchingUser = false , mIsDreamingForBiometrics = true , mKeyguardUnlocking = false , mKeyguardGoingAway = false , mKeyguardShowing = true , mKeyguardOccluded = false , mSystemReady = true , mHasFocus = true
10-08 20:37:19.658  1173  1289 W CpuPowerCalculator: UID 2000 CPU freq # mismatch: Power Profile # 56 actual # 55
10-08 20:37:19.658  1173  1289 W CpuPowerCalculator: UID 1073 CPU freq # mismatch: Power Profile # 56 actual # 55
10-08 20:37:19.658  1173  1289 W CpuPowerCalculator: UID 1073 CPU freq # mismatch: Power Profile # 56 actual # 55
10-08 20:37:19.658  1173  1289 W CpuPowerCalculator: UID 1072 CPU freq # mismatch: Power Profile # 56 actual # 55
10-08 20:37:19.658  1173  1289 W CpuPowerCalculator: UID 1069 CPU freq # mismatch: Power Profile # 56 actual # 55
10-08 20:37:19.658  1173  1289 W CpuPowerCalculator: UID 1068 CPU freq # mismatch: Power Profile # 56 actual # 55
10-08 20:37:19.658  1173  1289 W CpuPowerCalculator: UID 1068 CPU freq # mismatch: Power Profile # 56 actual # 55
10-08 20:37:19.658  1173  1289 W CpuPowerCalculator: UID 1066 CPU freq # mismatch: Power Profile # 56 actual # 55
10-08 20:37:19.658  1173  1289 W CpuPowerCalculator: UID 1053 CPU freq # mismatch: Power Profile # 56 actual # 55
10-08 20:37:19.658  1173  1289 W CpuPowerCalculator: UID 1047 CPU freq # mismatch: Power Profile # 56 actual # 55
10-08 20:37:19.658  1173  1289 W CpuPowerCalculator: UID 1046 CPU freq # mismatch: Power Profile # 56 actual # 55
10-08 20:37:19.658  1173  1289 W CpuPowerCalculator: UID 1041 CPU freq # mismatch: Power Profile # 56 actual # 55
10-08 20:37:19.658  1173  1289 W CpuPowerCalculator: UID 1040 CPU freq # mismatch: Power Profile # 56 actual # 55
10-08 20:37:19.658  1173  1289 W CpuPowerCalculator: UID 1036 CPU freq # mismatch: Power Profile # 56 actual # 55
10-08 20:37:19.658  1173  1289 W CpuPowerCalculator: UID 1027 CPU freq # mismatch: Power Profile # 56 actual # 55
10-08 20:37:19.658  1173  1289 W CpuPowerCalculator: UID 1027 CPU freq # mismatch: Power Profile # 56 actual # 55
10-08 20:37:19.659  1173  1289 W CpuPowerCalculator: UID 1021 CPU freq # mismatch: Power Profile # 56 actual # 55
10-08 20:37:19.659  1173  1289 W CpuPowerCalculator: UID 1019 CPU freq # mismatch: Power Profile # 56 actual # 55
10-08 20:37:19.659  1173  1289 W CpuPowerCalculator: UID 1017 CPU freq # mismatch: Power Profile # 56 actual # 55
10-08 20:37:19.659  1173  1289 W CpuPowerCalculator: UID 1013 CPU freq # mismatch: Power Profile # 56 actual # 55
10-08 20:37:19.659  1173  1289 W CpuPowerCalculator: UID 1010 CPU freq # mismatch: Power Profile # 56 actual # 55
10-08 20:37:19.659  1173  1289 W CpuPowerCalculator: UID 1002 CPU freq # mismatch: Power Profile # 56 actual # 55
10-08 20:37:19.659  1173  1289 W CpuPowerCalculator: UID 1002 CPU freq # mismatch: Power Profile # 56 actual # 55
10-08 20:37:19.659  1173  1289 W CpuPowerCalculator: UID 1001 CPU freq # mismatch: Power Profile # 56 actual # 55
10-08 20:37:19.659  1173  1289 W CpuPowerCalculator: UID 1001 CPU freq # mismatch: Power Profile # 56 actual # 55
10-08 20:37:19.659  1173  1289 W CpuPowerCalculator: UID 1001 CPU freq # mismatch: Power Profile # 56 actual # 55
10-08 20:37:19.659  1173  1289 W CpuPowerCalculator: UID 1000 CPU freq # mismatch: Power Profile # 56 actual # 55
10-08 20:37:19.659  1173  1289 W CpuPowerCalculator: UID 0 CPU freq # mismatch: Power Profile # 56 actual # 55
10-08 20:37:19.659  1678  1678 D KeyguardFingerprint: updateFingerprintListeningState#mFingerprintRunningState=1 shouldListenForFingerprint=true isUdfpsEnrolled=false bioType : 1
10-08 20:37:19.725   546   546 D io_stats: !@   8,0 r 4442947 114213944 w 3929457 45158920 d 1344592 65130172 f 0 0 iot 2084484 0 th 0 0 0 pt 0 inp 0 0 112540.174
10-08 20:37:20.099  1041  1681 I bauth_FPBAuthService: pcf : 0x1012, 0 ,1 ,0 ,0 ,0 ,0, 7.0.0.0
10-08 20:37:20.099  1041  1681 I bauth_FPBAuthService: thread id : 1, preenroll_flag : 0, nd cnt : 0, cso : 0, et : 0
10-08 20:37:20.099  1041  1681 I bauth_FPBAuthService: FPBAuthService, 11511
10-08 20:37:20.471  1173  1277 I ActivityManager: Changes in 10103 5 to 15, 8 to 0
10-08 20:37:20.668  1173  1277 I ActivityManager: Changes in 10047 5 to 15, 8 to 0
10-08 20:37:20.794  1173  1594 I SemWifiServiceDetector: Traff. tracking started
10-08 20:37:21.047  1173  1278 I AppOps  : commitUidPendingStateLocked() :: UID - 10044, 100 > 500, 15 > 15
10-08 20:37:21.100  1041  1681 I bauth_FPBAuthService: pcf : 0x1012, 0 ,1 ,0 ,0 ,0 ,0, 7.0.0.0
10-08 20:37:21.100  1041  1681 I bauth_FPBAuthService: thread id : 1, preenroll_flag : 0, nd cnt : 0, cso : 0, et : 0
10-08 20:37:21.100  1041  1681 I bauth_FPBAuthService: FPBAuthService, 11511
10-08 20:37:21.180   829   994 I EDEN    : [Exynos][EDEN][v1.6.23][SERVICE] processAliveMointorMain:253: Try to check pid=(784)...
10-08 20:37:21.297  1173  1594 D SemNscXgbMsL1: Probability - Cloud gaming: [0.044715147]
10-08 20:37:21.298  1173  1594 D SemNscXgbMsL1: Probability - Real time: [0.45880607]
10-08 20:37:21.298  1173  1594 D SemNscXgbMsL1: Probability - Non real time: [0.85612786]
10-08 20:37:21.298  1173  1594 D SemNscXgbMsL1: 1 sample inference time: 1.527154 msecs
10-08 20:37:21.301  1173  1594 D SemNscXgbL2Rt: L2 RT 1 sample inference time: 2.642192 msecs
10-08 20:37:21.303  1173  1594 D SemNscXgbL2Nrt: L2 NRT 1 sample inference time: 1.920807 msecs
10-08 20:37:21.602  1173  1278 W ActivityManager: Stopping service due to app idle: u0a311 -1m20s546ms com.whatsapp/.messageservice.messaging.MessageService
10-08 20:37:21.726   546   546 D io_stats: !@   8,0 r 4442947 114213944 w 3929497 45159580 d 1344592 65130172 f 0 0 iot 2084496 0 th 0 0 0 pt 0 inp 0 0 112542.175
10-08 20:37:21.804  1173  1594 D SemNscXgbMsL1: Probability - Cloud gaming: [0.017725835]
10-08 20:37:21.804  1173  1594 D SemNscXgbMsL1: Probability - Real time: [0.24395825]
10-08 20:37:21.805  1173  1594 D SemNscXgbMsL1: Probability - Non real time: [0.8617265]
10-08 20:37:21.805  1173  1594 D SemNscXgbMsL1: 1 sample inference time: 1.448808 msecs
10-08 20:37:21.808  1173  1594 D SemNscXgbL2Rt: L2 RT 1 sample inference time: 3.451423 msecs
10-08 20:37:21.811  1173  1594 D SemNscXgbL2Nrt: L2 NRT 1 sample inference time: 2.020116 msecs
10-08 20:37:22.101  1041  1681 I bauth_FPBAuthService: pcf : 0x1012, 0 ,1 ,0 ,0 ,0 ,0, 7.0.0.0
10-08 20:37:22.101  1041  1681 I bauth_FPBAuthService: thread id : 1, preenroll_flag : 0, nd cnt : 0, cso : 0, et : 0
10-08 20:37:22.101  1041  1681 I bauth_FPBAuthService: FPBAuthService, 11511
10-08 20:37:22.312  1173  1594 D SemNscXgbMsL1: Probability - Cloud gaming: [0.04336829]
10-08 20:37:22.313  1173  1594 D SemNscXgbMsL1: Probability - Real time: [0.1819429]
10-08 20:37:22.313  1173  1594 D SemNscXgbMsL1: Probability - Non real time: [0.9279607]
10-08 20:37:22.313  1173  1594 D SemNscXgbMsL1: 1 sample inference time: 1.411423 msecs
10-08 20:37:22.316  1173  1594 D SemNscXgbL2Rt: L2 RT 1 sample inference time: 2.634462 msecs
10-08 20:37:22.318  1173  1594 D SemNscXgbL2Nrt: L2 NRT 1 sample inference time: 1.559 msecs
10-08 20:37:22.367 23931 23931 I wpa_supplicant: Heartbeat 7692
10-08 20:37:22.820  1173  1594 D SemNscXgbMsL1: Probability - Cloud gaming: [0.029285202]
10-08 20:37:22.821  1173  1594 D SemNscXgbMsL1: Probability - Real time: [0.12561657]
10-08 20:37:22.821  1173  1594 D SemNscXgbMsL1: Probability - Non real time: [0.84370995]
10-08 20:37:22.821  1173  1594 D SemNscXgbMsL1: 1 sample inference time: 2.126346 msecs
10-08 20:37:22.825  1173  1594 D SemNscXgbL2Rt: L2 RT 1 sample inference time: 3.257193 msecs
10-08 20:37:22.828  1173  1594 D SemNscXgbL2Nrt: L2 NRT 1 sample inference time: 2.977885 msecs
10-08 20:37:23.101  1041  1681 I bauth_FPBAuthService: pcf : 0x1012, 0 ,1 ,0 ,0 ,0 ,0, 7.0.0.0
10-08 20:37:23.101  1041  1681 I bauth_FPBAuthService: thread id : 1, preenroll_flag : 0, nd cnt : 0, cso : 0, et : 0
10-08 20:37:23.102  1041  1681 I bauth_FPBAuthService: FPBAuthService, 11511
10-08 20:37:23.329  1173  1594 D SemNscXgbMsL1: Probability - Cloud gaming: [0.03829558]
10-08 20:37:23.330  1173  1594 D SemNscXgbMsL1: Probability - Real time: [0.16463162]
10-08 20:37:23.330  1173  1594 D SemNscXgbMsL1: Probability - Non real time: [0.79300845]
10-08 20:37:23.330  1173  1594 D SemNscXgbMsL1: 1 sample inference time: 1.875884 msecs
10-08 20:37:23.336  1173  1594 D SemNscXgbL2Rt: L2 RT 1 sample inference time: 4.726154 msecs
10-08 20:37:23.338  1173  1594 D SemNscXgbL2Nrt: L2 NRT 1 sample inference time: 2.282423 msecs
10-08 20:37:23.780  1173  1594 I SemWifiServiceDetector: Traff. tracking stopped
10-08 20:37:24.102  1041  1681 I bauth_FPBAuthService: pcf : 0x1012, 0 ,1 ,0 ,0 ,0 ,0, 7.0.0.0
10-08 20:37:24.102  1041  1681 I bauth_FPBAuthService: thread id : 1, preenroll_flag : 0, nd cnt : 0, cso : 0, et : 0
10-08 20:37:24.102  1041  1681 I bauth_FPBAuthService: FPBAuthService, 11511
10-08 20:37:24.180 14034 14034 D AndroidRuntime: >>>>>> START com.android.internal.os.RuntimeInit uid 2000 <<<<<<
10-08 20:37:24.185 14034 14034 I AndroidRuntime: Using default boot image
10-08 20:37:24.185 14034 14034 I AndroidRuntime: Leaving lock profiling enabled
10-08 20:37:24.185 14034 14034 D SecNativeFeatureCppIf: encoded
10-08 20:37:24.186 14034 14034 D SecNativeFeatureCppIf: decoding and unzip finish
10-08 20:37:24.186 14034 14034 D SecNativeFeatureCppIf: use unCompDataBuff. encoded
10-08 20:37:24.186 14034 14034 D SecNativeFeatureCppIf: Free unCompDataBuff
10-08 20:37:24.186 14034 14034 D AndroidRuntime: addProductProperty: pBrand1 is not null
10-08 20:37:24.186 14034 14034 D AndroidRuntime: addProductProperty: not brand or 7
10-08 20:37:24.189 14034 14034 I app_process: Using CollectorTypeCC GC.
10-08 20:37:24.256 14034 14034 D nativeloader: InitDefaultPublicLibraries for_preload=1: libandroid.so:libaaudio.so:libamidi.so:libbinder_ndk.so:libc.so:libcamera2ndk.so:libdl.so:libEGL.so:libGLESv1_CM.so:libGLESv2.so:libGLESv3.so:libicu.so:libicui18n.so:libicuuc.so:libjnigraphics.so:liblog.so:libmediandk.so:libm.so:libnativehelper.so:libnativewindow.so:libOpenMAXAL.so:libOpenSLES.so:libRS.so:libstdc++.so:libsync.so:libvulkan.so:libwebviewchromium_plat_support.so:libz.so
10-08 20:37:24.271 14034 14034 D nativeloader: Load libicu_jni.so using APEX ns com_android_art for caller /apex/com.android.art/javalib/core-oj.jar: ok
10-08 20:37:24.271 14034 14034 D app_process: Time zone APEX ICU file found: /apex/com.android.tzdata/etc/icu/icu_tzdata.dat
10-08 20:37:24.271 14034 14034 D app_process: I18n APEX ICU file found: /apex/com.android.i18n/etc/icu/icudt70l.dat
10-08 20:37:24.272 14034 14034 D nativeloader: Load libjavacore.so using APEX ns com_android_art for caller /apex/com.android.art/javalib/core-oj.jar: ok
10-08 20:37:24.273 14034 14034 D nativeloader: Load libopenjdk.so using APEX ns com_android_art for caller /apex/com.android.art/javalib/core-oj.jar: ok
10-08 20:37:24.292 14034 14034 E SemDvfsManager_JNI: SemDvfsManager: registerfunction enter
10-08 20:37:24.292 14034 14034 E SemAffinityControl: SemAffinityControl: registerfunction enter
10-08 20:37:24.302 14034 14034 D nativeloader: Load libframework-connectivity-tiramisu-jni.so using APEX ns com_android_tethering for caller /apex/com.android.tethering/javalib/framework-connectivity-t.jar: ok
10-08 20:37:24.302 14034 14034 D AndroidRuntime: Calling main entry com.android.commands.content.Content
10-08 20:37:24.303 14034 14034 D AndroidRuntime: Shutting down VM
10-08 20:37:24.662  1173  1558 W ProcessStats: Tracking association SourceState{3a8fe9a com.samsung.android.smartsuggestions:core/10110 Top #455708} whose proc state 1 is better than process ProcessState{6961927 com.samsung.android.smartsuggestions/10110 pkg=com.samsung.android.smartsuggestions} proc state 2 (780 skipped)
10-08 20:37:24.822 29370 29681 I NearbyPresence: (REDACTED) %s verified [==] new request %s equals to the old request
10-08 20:37:24.941  3767  6936 I AppsEdge.Badge: getBadgeIconType 0
10-08 20:37:24.956 27396 29422 I BadgeProvider: query, [selection] : null
10-08 20:37:24.961  3767  6936 I AppsEdge.Badge: key=com.instagram.android:0 count=2
10-08 20:37:24.961  3767  6936 I AppsEdge.Badge: key=ee.mtakso.client:0 count=1
10-08 20:37:24.961  3767  6936 I AppsEdge.Badge: key=com.whatsapp:0 count=16
10-08 20:37:24.961  3767  6936 I AppsEdge.Badge: key=com.offline.bible:0 count=2
10-08 20:37:24.961  3767  6936 I AppsEdge.Badge: key=com.google.android.youtube:0 count=16
10-08 20:37:24.961  3767  6936 I AppsEdge.Badge: key=com.google.android.gm:0 count=2
10-08 20:37:25.103  1041  1681 I bauth_FPBAuthService: pcf : 0x1012, 0 ,1 ,0 ,0 ,0 ,0, 7.0.0.0
10-08 20:37:25.103  1041  1681 I bauth_FPBAuthService: thread id : 1, preenroll_flag : 0, nd cnt : 0, cso : 0, et : 0
10-08 20:37:25.103  1041  1681 I bauth_FPBAuthService: FPBAuthService, 11511
10-08 20:37:25.129 13647 13948 I [SC][AuthDataManager]: countDown: 0
10-08 20:37:25.129 13647 13948 E [SC][ExceptionHandler]: exception caught.
10-08 20:37:25.130 13647 13948 E [SC][SamsungAccountService]: onServiceConnected: failed.onServiceConnected: Account is not valid.
10-08 20:37:25.130 13647 13948 E [SC][ExceptionHandler]: exception caught.
10-08 20:37:25.131 13647 13705 I [SC][AuthDataManager]: Await countDownLatch: 0
10-08 20:37:25.131 13647 13705 I [SC][Registration]: Already registered.
10-08 20:37:25.131 13647 13705 I [SC][Token]: Get token
10-08 20:37:25.153 13647 14044 I [SC][SamsungAccountService]: onServiceConnected.
10-08 20:37:25.235  1678  1824 D MobileStatusTracker(1/1): onSignalStrengthsChanged level=4, vendorLevel=4
10-08 20:37:25.238  1678  1824 D MobileSignalController(1/1): notifyListener: enabled=true, connected=true, dataConnected=false, networkType=LTE (4G), emergencyOnly=false, roaming=false, isDefault=false, dataActivity=, level=4, ca=false, mmWave=false, disabledDataIcon=false, simCard=ETC
10-08 20:37:25.246  1678  1824 D NetworkController: SignalStrength from intent slotId=1
10-08 20:37:26.104  1041  1681 I bauth_FPBAuthService: pcf : 0x1012, 0 ,1 ,0 ,0 ,0 ,0, 7.0.0.0
10-08 20:37:26.104  1041  1681 I bauth_FPBAuthService: thread id : 1, preenroll_flag : 0, nd cnt : 0, cso : 0, et : 0
10-08 20:37:26.104  1041  1681 I bauth_FPBAuthService: FPBAuthService, 11511
10-08 20:37:26.181   829   994 I EDEN    : [Exynos][EDEN][v1.6.23][SERVICE] processAliveMointorMain:253: Try to check pid=(784)...
10-08 20:37:27.104  1041  1681 I bauth_FPBAuthService: pcf : 0x1012, 0 ,1 ,0 ,0 ,0 ,0, 7.0.0.0
10-08 20:37:27.105  1041  1681 I bauth_FPBAuthService: thread id : 1, preenroll_flag : 0, nd cnt : 0, cso : 0, et : 0
10-08 20:37:27.105  1041  1681 I bauth_FPBAuthService: FPBAuthService, 11511
10-08 20:37:27.462   724   724 E audit   : type=1400 audit(1759945047.455:47426): avc:  denied  { write } for  pid=29392 comm="PerfettoTrace" name="traced_producer" dev="tmpfs" ino=26836 scontext=u:r:gmscore_app:s0:c512,c768 tcontext=u:object_r:traced_producer_socket:s0 tclass=sock_file permissive=0 SEPF_SM-G988B_12_0001 audit_filtered
10-08 20:37:27.462   724   724 E audit   : type=1300 audit(1759945047.455:47426): arch=c00000b7 syscall=203 success=no exit=-13 a0=12c a1=6e00797b50 a2=1e a3=ffffffff971b164c items=0 ppid=746 pid=29392 auid=4294967295 uid=10228 gid=10228 euid=10228 suid=10228 fsuid=10228 egid=10228 sgid=10228 fsgid=10228 tty=(none) ses=4294967295 comm="PerfettoTrace" exe="/system/bin/app_process64" subj=u:r:gmscore_app:s0:c512,c768 key=(null)
10-08 20:37:27.462   724   724 E audit   : type=1327 audit(1759945047.455:47426): proctitle="com.google.android.gms"
10-08 20:37:27.638  3732  4747 I SDHMS:D : SIOP:: AP:329 BAT:319 USB:316 CHG:326 PA:-777 CP:336 WIFI:337 SKIN:331 SKINF:-777 SKINB:-777 LRP:331 LRF:-777 LRB:-777 BLRF:331 BLRB:329 
10-08 20:37:27.731   546   546 D io_stats: !@   8,0 r 4442947 114213944 w 3929516 45159680 d 1344592 65130172 f 0 0 iot 2084500 0 th 0 0 0 pt 0 inp 0 0 112548.180
10-08 20:37:27.760 13647 13928 I [SC]CtbConfigurationManager: initialized : 1759945047753
10-08 20:37:27.761 13647 13744 I [SC]CtbConfigurationManager: get : 1759945047753
10-08 20:37:27.768  1173  1558 D SettingsProvider: isChangeAllowed() : name = settings_reset_ctb_support
10-08 20:37:27.768  1173  1558 D SettingsProvider: edmUri: content://com.sec.knox.provider/RestrictionPolicy3
10-08 20:37:27.768  1173  1558 D SettingsProvider: projectionArgs: isSettingsChangesAllowed
10-08 20:37:27.768  1173  1558 D SettingsProvider: selectionArgs: false
10-08 20:37:27.768  1173  1558 D SettingsProvider: selectionArgs: 5009
10-08 20:37:27.772  1173  1558 D SecContentProvider: query(), uri = 17 selection = isSettingsChangesAllowed
10-08 20:37:27.772  1173  1558 D SecContentProvider: called from android.uid.samsungcloud:5009
10-08 20:37:27.772  1173  1558 D RestrictionPolicy: isSettingsChangesAllowedAsUser, userId 0 : true
10-08 20:37:27.772  1173  1558 D SettingsProvider: ret = 1
10-08 20:37:27.774 13647 13744 I [SC]ConfigurationManager: getBackupPolicyCommon
10-08 20:37:27.775 13647 13744 I [SC]ConfigurationItemDataManager: getFilePath : configurationName = scloud-backup-common
10-08 20:37:27.790   564   564 W keymaster_tee: [WRN]begin req PARAMS: A32 B2 P64 
10-08 20:37:27.796   563  8685 I keystore2: keystore2::security_level: In create_operation. Success to create IKeystoreOperation. 5009, None
10-08 20:37:27.829 13647 13744 I [SC]CtbConfigurationManager: initialized : 1759945047829
10-08 20:37:27.830  1173  3655 D SettingsProvider: isChangeAllowed() : name = ctb_retention_day
10-08 20:37:27.830  1173  3655 D SettingsProvider: edmUri: content://com.sec.knox.provider/RestrictionPolicy3
10-08 20:37:27.830  1173  3655 D SettingsProvider: projectionArgs: isSettingsChangesAllowed
10-08 20:37:27.830  1173  3655 D SettingsProvider: selectionArgs: false
10-08 20:37:27.830  1173  3655 D SettingsProvider: selectionArgs: 5009
10-08 20:37:27.830  1173  3655 D SecContentProvider: query(), uri = 17 selection = isSettingsChangesAllowed
10-08 20:37:27.830  1173  3655 D SecContentProvider: called from android.uid.samsungcloud:5009
10-08 20:37:27.830  1173  3655 D RestrictionPolicy: isSettingsChangesAllowedAsUser, userId 0 : true
10-08 20:37:27.830  1173  3655 D SettingsProvider: ret = 1
10-08 20:37:27.833 13647 13744 I [SC]CtbConfigurationManager: setting reset ctb support success : true
10-08 20:37:27.899 13647 13745 I [SC]ConfigurationWorker: Skip because it is the same configuration tipcard data as in the past.
10-08 20:37:27.904 13647 13738 I WM-WorkerWrapper: Worker result SUCCESS for Work [ id=e73d1084-c8ac-47f9-8e38-2281fa315966, tags={ com.samsung.android.scloud.odm.modellibrary.work.ConfigurationWorker } ]
10-08 20:37:27.948  1173  3655 D CompatibilityChangeReporter: Compat change id reported: 194532703; UID 5009; state: ENABLED
10-08 20:37:28.105  1041  1681 I bauth_FPBAuthService: pcf : 0x1012, 0 ,1 ,0 ,0 ,0 ,0, 7.0.0.0
10-08 20:37:28.105  1041  1681 I bauth_FPBAuthService: thread id : 1, preenroll_flag : 0, nd cnt : 0, cso : 0, et : 0
10-08 20:37:28.105  1041  1681 I bauth_FPBAuthService: FPBAuthService, 11511
10-08 20:37:29.107  1041  1681 I bauth_FPBAuthService: pcf : 0x1012, 0 ,1 ,0 ,0 ,0 ,0, 7.0.0.0
10-08 20:37:29.107  1041  1681 I bauth_FPBAuthService: thread id : 1, preenroll_flag : 0, nd cnt : 0, cso : 0, et : 0
10-08 20:37:29.107  1041  1681 I bauth_FPBAuthService: FPBAuthService, 11511
10-08 20:37:29.241 29370 13619 D ConnectivityManager: StackLog: [android.net.ConnectivityManager.reportNetworkConnectivity(ConnectivityManager.java:3685)] [btpz.a(:com.google.android.gms@253931029@25.39.31 (190400-813878953):15)] [btsf.n(:com.google.android.gms@253931029@25.39.31 (190400-813878953):6)] [btrt.run(:com.google.android.gms@253931029@25.39.31 (190400-813878953):623)] [btsq.run(:com.google.android.gms@253931029@25.39.31 (190400-813878953):5)] [ggtb.run(:com.google.android.gms@253931029@25.39.31 (190400-813878953):21)] [bcgr.c(:com.google.android.gms@253931029@25.39.31 (190400-813878953):50)] [bcgr.run(:com.google.android.gms@253931029@25.39.31 (190400-813878953):73)] [java.util.concurrent.ThreadPoolExecutor.runWorker(ThreadPoolExecutor.java:1156)] [java.util.concurrent.ThreadPoolExecutor$Worker.run(ThreadPoolExecutor.java:651)] [bcmj.run(:com.google.android.gms@253931029@25.39.31 (190400-813878953):8)] [java.lang.Thread.run(Thread.java:1119)]
10-08 20:37:29.242 29370 13619 I AlarmManager: setExactAndAllowWhileIdle [name: GCM_HB_ALARM type: 2 triggerAtMillis: 218312643]
10-08 20:37:29.259 29370 13619 I AlarmManager: setExactAndAllowWhileIdle [name: GCM_HB_ALARM type: 2 triggerAtMillis: 218312659]
10-08 20:37:29.269 29370 13952 I AlarmManager: setExactAndAllowWhileIdle [name: FcmRetry type: 2 triggerAtMillis: 218132668]
10-08 20:37:29.427  1173  1278 I DropBoxManagerService: add tag=system_server_wtf isTagEnabled=true flags=0x2
10-08 20:37:29.427  1173  3568 I ActivityManager: Background started FGS: Allowed [callingPackage: com.microsoft.appmanager; callingUid: 10135; uidState: BFGS; intent: Intent { act=com.microsoft.mmx.agents.action.initializeagent cmp=com.microsoft.appmanager/com.microsoft.mmx.agents.AgentService (has extras) }; code:PROC_STATE_BFGS; tempAllowListReason:<,reasonCode:SYSTEM_ALLOW_LISTED,duration:9223372036854775807,callingUid:-1>; targetSdkVersion:35; callerTargetSdkVersion:35; startForegroundCount:0; bindFromPackage:null]
10-08 20:37:29.431  1173  3568 I ActivityManager: Changes in 10112 12 to 4, 0 to 14
10-08 20:37:29.431  1173  1284 W libprocessgroup: Failed to open /dev/blkio//cgroup.procs: No such file or directory
10-08 20:37:29.431  1173  3568 I AppOps  : updateUidProcState uid: 10112 procState: 4 capability:14
10-08 20:37:29.431  1173  3568 I AppOps  : commitUidPendingStateLocked() :: UID - 10112, 600 > 400, 0 > 14
10-08 20:37:29.431  1173  3568 I ActivityManager: Changes in 10081 19 to 4, 0 to 14
10-08 20:37:29.431  1173  3568 I AppOps  : updateUidProcState uid: 10081 procState: 4 capability:14
10-08 20:37:29.431  1173  3568 I AppOps  : commitUidPendingStateLocked() :: UID - 10081, 600 > 400, 0 > 14
10-08 20:37:29.432  1173  1284 W libprocessgroup: Failed to open /dev/blkio//cgroup.procs: No such file or directory
10-08 20:37:29.433  1173  1284 W libprocessgroup: Failed to open /dev/blkio//cgroup.procs: No such file or directory
10-08 20:37:29.433   971  1433 I CameraService: onUidStateChanged: uid=10135, procState is changed. (5 -> 4)
10-08 20:37:29.441  1173  3568 E AppOps  : evalMode() Foreground Record OP returned IGNORE, uid - 10244, capability - 8
10-08 20:37:29.442  1173  3655 E AppOps  : evalMode() Foreground Record OP returned IGNORE, uid - 10244, capability - 8
10-08 20:37:29.446 10588 10749 I duzn    : (REDACTED) appOpsListener %s %s
10-08 20:37:29.446 10588 10749 I duzn    : (REDACTED) Ignoring irrelevant audio permission changes for package %s
10-08 20:37:29.446 10588 10749 I duzn    : (REDACTED) appOpsListener %s %s
10-08 20:37:29.446 10588 10749 I duzn    : (REDACTED) Ignoring irrelevant audio permission changes for package %s
10-08 20:37:29.455  1173  1284 W libprocessgroup: Failed to apply TimerSlackHigh process profile: No such file or directory
10-08 20:37:29.461  1173  3568 W ActivityManager: Foreground service started from background can not have location/camera/microphone access: service com.microsoft.appmanager/com.microsoft.mmx.agents.AgentService
10-08 20:37:29.462  1173  1278 D ApplicationPolicy: isStatusBarNotificationAllowedAsUser: packageName = com.microsoft.appmanager,userId = 0
