10-08 20:36:32.290  1173  1901 I SLocation: SPManager - need to Login samsung account.
10-08 20:36:32.290  1173  1901 D SLocation: GeofenceCoreManager - try to sync geofence true
10-08 20:36:32.290  1173  1901 D SLocation: GeofenceCoreManager - check time for sync geofence, diff time = 11137736 / 28800000
10-08 20:36:32.293  1961  1961 I NfcService: When receiving ACTION_SCREEN_ON, S view cover is already opened. So screenState is ON_LOCKED by isKeyguardLocked()
10-08 20:36:32.293  1961  1961 D NfcService: MSG_APPLY_SCREEN_STATE 4
10-08 20:36:32.293  1961  1961 D NfcService: doSetScreenState - MSG_APPLY_SCREEN_STATE
10-08 20:36:32.293  2066  2066 I SecHAL  : nfc_hal_write: enter;
10-08 20:36:32.293  2066  2066 E SecHAL  : nfc_hal_write: [Cmd]Send EVT data_sending_flag = true, return size=4!!
10-08 20:36:32.293  2066  2066 I SecHAL  : nfc_hal_write: exit;
10-08 20:36:32.293  2066  3840 D SecHAL  : nfc_hal_task: Got a event: HAL_EVT_WRITE(3)
10-08 20:36:32.293  2066  3840 D SecHAL  : nfc_hal_task: current state: SERVICE
10-08 20:36:32.293  2066  3840 I SecHAL  : device_wakeup: Wakeup! in 20 ms
10-08 20:36:32.297  1963  2351 I VolteServiceModule: onSreenOnOffChanged: on =1
10-08 20:36:32.297  1963  2351 I StackIF<0>: updateScreenOnOff: on 1
10-08 20:36:32.297  1963  2351 I SECIMSJ : [0977]> 84
10-08 20:36:32.297  1963  2348 I [IMS6.0]: IMS_onResponse()
10-08 20:36:32.297  1963  2348 I StackIF : processMessage 2
10-08 20:36:32.297  1963  2348 I StackIF : Processing Response
10-08 20:36:32.297  1963  2348 I SECIMSJ : [0977]< 101
10-08 20:36:32.297  1963  2348 I StackIF : processResponse: reqId 101
10-08 20:36:32.297  1963  2348 I StackIF : processResponse: handle -1 result 0 reason 0
10-08 20:36:32.298  1173  2541 D LiftUpHandler:   mReceiver.onReceive : ACTION_SCREEN_ON
10-08 20:36:32.300  1173  2541 D LiftUpHandler: [LTW] Stopped already.
10-08 20:36:32.303  1678  1678 D SecLifecycle: screenState=2
10-08 20:36:32.304  1173  1436 D MotionEngine: [TURN OVER] ##### GYRO satisfied but still LCD Up.... Sequence start from the top
10-08 20:36:32.304   770  1430 I Sensors : AutoRotation: data = -1006658731, time = 104
10-08 20:36:32.304  1678  1678 V Navbar.Store: ----handleEvent(0) OnUpdateRemoteViewContainer(leftContainer=android.widget.LinearLayout{9b3f82 I.E...... ......ID 0,0-118,126 #7f0b04f6 app:id/left_remoteview}, rightContainer=android.widget.LinearLayout{fffd693 I.E...... ......ID 962,0-1080,126 #7f0b07aa app:id/right_remoteview}, contextualButtonVisible=false, darkIntensity=0.0) [Module] SamsungNavigationBarView
10-08 20:36:32.304  1678  1678 V Navbar.Store: ------[Band]REMOTE_VIEW_PACK_SET_REMOTEVIEW_CONTAINER
10-08 20:36:32.304  1678  1678 V Navbar.Store: --------apply(0) UpdateRemoteViewContainer
10-08 20:36:32.304  1678  1678 V Navbar.Store: --------apply(0) UpdateRemoteViewDarkIntensity
10-08 20:36:32.304  1678  1678 V Navbar.Store: handleEvent(0) OnUpdateSysUiStateFlag(noArguments=true) [Module] SamsungNavigationBarView
10-08 20:36:32.304  1678  1678 V Navbar.Store: --[Band]GESTURE_PACK_UPDATE_SYSTEMUI_STATE_FLAG
10-08 20:36:32.304  1678  1678 V Navbar.Store: --[Band] (afterAction) GESTURE_PACK_UPDATE_SYSTEMUI_STATE_FLAG
10-08 20:36:32.305  1678  1678 D SecLifecycle: wakefulness=2
10-08 20:36:32.305  1678  1678 D KeyguardWallpaperEventHandler: onFinishedWakingUp()
10-08 20:36:32.305  2080  2631 I TouchInteractionService: onScreenTurnedOn
10-08 20:36:32.305  1678  1678 D KeyguardWallpaperEventHandler: sendMessage(), what = 836 , obj = null , arg1 = -1 , arg2 = -1
10-08 20:36:32.305  1678  1678 D KeyguardSecIndicationPolicy: update Event pos = BIOMETRIC_ERROR, type =           EMPTY_HIGH, id =  6177, text = 
10-08 20:36:32.305  2080  2631 I TouchInteractionService: onActiveNavBarRegionChanges, region : SkRegion((691,2274,961,2400))
10-08 20:36:32.305  1678  1678 D KeyguardSecIndicationPolicy:   update top pos = BIOMETRIC_ERROR, item = [id=6172|ty=EMPTY_HIGH|pr=45|txt=|ti=duration=PERSISTENT|an=false] -> [id=6177|ty=EMPTY_HIGH|pr=45|txt=|ti=duration=PERSISTENT|an=false]
10-08 20:36:32.305  2080  2631 I TouchInteractionService: onActiveNavBarRegionChanges, region : SkRegion((691,2274,961,2400))
10-08 20:36:32.305  1678  1678 D FaceWidgetViewModel: onFinishedWakingUp()
10-08 20:36:32.305  1678  1678 D FaceWidgetViewModel: updateInfoParameters(waking up) isAODState = false, clockSidePadding = (63, 63), musicSidePadding = (30, 30)
10-08 20:36:32.305  1678  1678 D FaceWidgetViewModel: shouldContainerVisible() reason = (onFinishedWakingUp) true
10-08 20:36:32.306  1173  1269 D WindowOrientationListener: onAccuracyChanged : 3
10-08 20:36:32.306  1173  1269 I WindowOrientationListener: OrientationSensorJudge.onSensorChanged, Rotation: 0
10-08 20:36:32.306  1173  1269 V WindowManager: rotationForOrientation(orient=SCREEN_ORIENTATION_NOSENSOR (5), last=ROTATION_0 (0)); user=ROTATION_0 (0) USER_ROTATION_LOCKED
10-08 20:36:32.306  1678  1678 D KeyguardPunchHoleVIView: onFinishedWakingUp
10-08 20:36:32.306  1173  1269 D WindowManager: rotationForOrientation, orientationSource=Window{9232ea3 u0 NotificationShade}
10-08 20:36:32.306  1678  1678 D KeyguardPunchHoleVIView: startVI() - return, face recognition is stopped
10-08 20:36:32.306  1173  1269 V WindowManager: Computed rotation=ROTATION_0 (0) for display id=0 based on lastOrientation=SCREEN_ORIENTATION_NOSENSOR (5) and oldRotation=ROTATION_0 (0), caller=com.android.server.wm.DisplayContent.updateRotationUnchecked:2410 com.android.server.wm.WindowManagerService.updateRotationUnchecked:4778 com.android.server.wm.WindowManagerService.updateRotation:4759 com.android.server.wm.DisplayRotation$OrientationListener.onProposedRotationChanged:1861 com.android.server.wm.WindowOrientationListener$OrientationSensorJudge.finalizeRotation:1407 com.android.server.wm.WindowOrientationListener$OrientationSensorJudge.onSensorChanged:1330 
10-08 20:36:32.306  1173  4214 I DreamManagerService: Leaving dreamland.
10-08 20:36:32.306  1173  4214 D PowerManagerService: [api] release WakeLock DOZE_WAKE_LOCK                 'DreamManagerService' ACQ=-59s375ms (uid=1000 pid=1173 displayId=-1 lock=26eb5d4)
10-08 20:36:32.307  1678  1678 V Navbar.Store: --NavBarStates canUseNavBarBackgroundFrame: false
10-08 20:36:32.307  2080 23498 I TouchInteractionService: onActiveNavBarRegionChanges, region : SkRegion((691,2274,961,2400))
10-08 20:36:32.307  1173  1268 I DreamManagerService: Performing gentle wake from dream.
10-08 20:36:32.308  1173  1268 I DreamController: Stopping dream: name=ComponentInfo{com.android.systemui/com.android.systemui.doze.DozeService}, isPreviewMode=false, canDoze=true, userId=0, reason='finished self'(from 'requested stopDream')
10-08 20:36:32.308  1173  1297 D PowerManagerService: [api] DreamReceiver: onReceive: android.intent.action.DREAMING_STOPPED
10-08 20:36:32.308  1173  1173 I SemWifiApAdvancedAutohotspotService:  Screen ON
10-08 20:36:32.309  1678  1678 I FaceWidgetPositionAlgorithm: getClockContainerHeight() supplier = 270, bottom margin = 63, real height = 333
10-08 20:36:32.309  1678  1678 I FaceWidgetPositionAlgorithm: getMediaContainerHeight() height = 456 container Visibility = 0, isValid = true, mIsDozing = false, fraction = 1.0, source = 0, target = 0
10-08 20:36:32.309  1678  1678 I FaceWidgetPositionAlgorithm: getMediaContainerHeight() supplier = 456
10-08 20:36:32.309  1678  1678 I FaceWidgetPositionAlgorithm: getMediaContainerHeight() height = 456 container Visibility = 0, isValid = true, mIsDozing = false, fraction = 1.0, source = 0, target = 0
10-08 20:36:32.309  1678  1678 I FaceWidgetPositionAlgorithm: getMediaContainerHeight() supplier = 456
10-08 20:36:32.309  1678  1678 I FaceWidgetPositionAlgorithm: getClockContainerHeight() supplier = 270, bottom margin = 0, real height = 333
10-08 20:36:32.309  1173  2615 I SemWifiApAdvancedAutohotspotService: got: CMD_SCREEN_ON
10-08 20:36:32.309  1678  1678 I FaceWidgetPositionAlgorithm: getClockContainerHeight() supplier = 270, bottom margin = 63, real height = 333
10-08 20:36:32.309  1173  2615 D SemWifiApAdvancedAutohotspotService: prev history :10
10-08 20:36:32.309  1678  1678 I FaceWidgetPositionAlgorithm: getMediaContainerHeight() height = 456 container Visibility = 0, isValid = true, mIsDozing = false, fraction = 1.0, source = 0, target = 0
10-08 20:36:32.309  1173  2615 D SemWifiApSmartGattClient: mHotspotVersion value : 0
10-08 20:36:32.309  1678  1678 I FaceWidgetPositionAlgorithm: getMediaContainerHeight() supplier = 456
10-08 20:36:32.309  1678  1678 I FaceWidgetPositionAlgorithm: getClockContainerHeight() supplier = 270, bottom margin = 0, real height = 333
10-08 20:36:32.310  1678  1678 D KeyguardSecIndicationController: changeBiometricErrorIndication = 
10-08 20:36:32.310  1173  2615 I SemWifiApAdvancedAutohotspotService: getAdvnacedConnectionSetting() : 1
10-08 20:36:32.310  1173  2615 I SemWifiApAdvancedAutohotspotService: Never option is chosen
10-08 20:36:32.310  3767  3767 I CocktailBarUiHandler: ACTION_DREAMING_STOPPED
10-08 20:36:32.310  3767  3767 I AbstractCocktailPanelView: notifyPanelVisibilityChanged: visibility not changed 2 id: 1
10-08 20:36:32.310  3767  3767 I AbstractCocktailPanelView: setPanelVisible: f2 will be hidden: 1
10-08 20:36:32.310  3767  3767 I CocktailBarPanelVisibilityManager: updateActivePanelView:  vis=false onTransit=false -hide: 1 current Active: 1
10-08 20:36:32.311  2517  2628 I EventReceiver_FLP: BroadcastReceiver : ACTION_SCREEN_ON
10-08 20:36:32.311  2517  2628 I EventReceiver_FLP: BroadcastReceiver finished
10-08 20:36:32.311  2517  2613 I SettingManager_FLP: LocationPowerSave is changed to false by screen state
10-08 20:36:32.311  1678  1678 D AppController: screen_on : regist SensorManager 
10-08 20:36:32.312  1678  1678 D SensorManager: registerListener :: 49, AutoRotation Sensor, 200000, 0, 
10-08 20:36:32.313  1678  1678 D AppController: AppControlSensorListener.onSensorChanged, Rotation: 0
10-08 20:36:32.313  3767  3767 I Utils   : isCurrentUser current = 0, ownerId = 0
10-08 20:36:32.313  1678  2305 D KeyguardViewMediator: onDreamingStopped
10-08 20:36:32.313  3767  3767 I TrayVisibilityController: getComputedTrayVisible : keyguardState = 2
10-08 20:36:32.313  3767  3767 I TrayVisibilityController: updateTrayVisible: State=2 visible=1 mCurrentVisible=2 specificMode=0
10-08 20:36:32.313  3767  3767 I TrayStateController: onNotifyUpdateTray: state=2
10-08 20:36:32.314  1678  1678 D QSClockBellTower: He is ready to ring the bell. (((QSClockBellSound - TimeText:20:36, TimeContentDescription:20:36, DateText:Wed, 8 October, ShortDateText:Wed, 8 Oct, Demo:false, QuickStar-Second(false|12:34:56))))
10-08 20:36:32.314  3767  3767 I MSHandlerLifeCycle: check: return. pkg=com.samsung.android.app.cocktailbarservice isActivity=false callers=com.android.internal.policy.DecorView.setVisibility:4412 l4.r.F:11 l4.o.U0:41 l4.o$g.e:4 l4.o$g.c:7 
10-08 20:36:32.314  2066  3840 I SecHAL  : device_wakeup: exit
10-08 20:36:32.314  2066  3840 I SecHAL  : OSI_timer_start: enter,osi_lock
10-08 20:36:32.314  2066  3840 I SecHAL  : OSI_timer_start: before pthread_create for timer thread
10-08 20:36:32.314  1678  1678 D QSClockIndicatorView: Home Indicator status_bar_clock 20:36 notifyTimeChanged(QSClockBellSound - TimeText:20:36, TimeContentDescription:20:36, DateText:Wed, 8 October, ShortDateText:Wed, 8 Oct, Demo:false, QuickStar-Second(false|12:34:56)) ClockVisibleByPolicy:true, ClockVisibleByUser:true, visible?false, parent:android.widget.LinearLayout{825f285 V.E...... ......I. 0,0-0,58 #7f0b04f0 app:id/left_clock_container}
10-08 20:36:32.314  3767  3767 I MSHandlerLifeCycle: removeMultiSplitHandler: no exist. decor=DecorView@ead54e1[CocktailBarService]
10-08 20:36:32.314  1678  1678 D QSClockBellTower: Everyone heard the bell. run(currentTime:1759944992313,   getTime():Wed Oct 08 20:36:32 GMT+03:00 2025,   getTimeZone():libcore.util.ZoneInfo[mDstSavings=0,mUseDst=false,mDelegate=[id="Africa/Nairobi",mRawOffset=10800000,mEarliestRawOffset=8836000,transitions=5]])
10-08 20:36:32.314  1678  1678 D FaceWidgetContainerObserver: onChanged() FaceWidgetContainerLiveData{mIsContainerVisible=true, mClipLayoutVisibility=0, mRotation=0, mIsOwnerVisible=0, mOwnerInfoGravity=17, mAdditionalInfoGravity=17, mClockSideStartPadding=63, mClockSideEndPadding=63, mMusicSideStartPadding=30, mMusicSideEndPadding=30, mInfoSideStartPadding=63, mInfoSideEndPadding=63, mClipLayoutWidth = -1, mIsUpdateOwnerInfoText=true, mAdditionalInfoRemoteView=null, mHasCMAS=false, mIsAdditionalViewGoingToSleep=false, mConfig=CustomConfiguration{fontScale=1.0, screenLayout=268435810, orientation=1, screenWidthDp=411, screenHeightDp=838, smallestScreenWidthDp=411, densityDpi=420, uiMode=33, isRTL=false, mConfiguration={1.0 639mcc2mnc [en_GB] ldltr sw411dp w411dp h838dp 420dpi nrml long port night finger -keyb/v/h -nav/h winConfig={ mBounds=Rect(0, 0 - 1080, 2400) mAppBounds=Rect(0, 74 - 1080, 2274) mMaxBounds=Rect(0, 0 - 1080, 2400) mDisplayRotation=ROTATION_0 mWindowingMode=fullscreen mDisplayWindowingMode=fullscreen mActivityType=undefined mAlwaysOnTop=undefined mRotation=ROTATION_0 mPopOver=undefined mStageConfig=undefined mFreeformTaskPinningState=undefined mFreeformStashState=undefined mDexTaskDockingState=undefined} s.650 fontWeightAdjustment=0 ff=0 bf=0 bts=0 desktop/d dm/n ?dc ?dcui themeSeq=0 nightDim=0}}}
10-08 20:36:32.314  1678  1678 D FaceWidgetPagesController: onGravityChanged()
10-08 20:36:32.314  3767  3767 I MSHandlerLifeCycle: check: return. pkg=com.samsung.android.app.cocktailbarservice isActivity=false callers=com.android.internal.policy.DecorView.setVisibility:4412 l4.v.E:2 l4.o.U0:46 l4.o$g.e:4 l4.o$g.c:7 
10-08 20:36:32.314  3767  3767 I MSHandlerLifeCycle: removeMultiSplitHandler: no exist. decor=DecorView@ead54e1[CocktailBarService]
10-08 20:36:32.314  2066  3840 I SecHAL  : OSI_timer_start: after pthread_create for timer thread
10-08 20:36:32.314  2066  3840 I SecHAL  : OSI_timer_start: before osi_unlock
10-08 20:36:32.314  2066  3840 I SecHAL  : OSI_timer_start: exit
10-08 20:36:32.314  2066  3840 I SecHAL  : device_write: enter
10-08 20:36:32.314  2066  3840 I SecHAL  : device_write: before system call
10-08 20:36:32.314  1678  1678 D FaceWidgetClockPage: setClockGravity() gravity = 49
10-08 20:36:32.314  2066  3840 I SecHAL  : device_write: after system call
10-08 20:36:32.315  2066  3840 I SecHAL  : device_write: exit
10-08 20:36:32.318   839  1358 I SoundAlive_SRC384 arch64: SoundAlive_SRC384: Instance 1126 Init(outFs 8, InFs 7, chnum 2, outBW 3, inBW 3)
10-08 20:36:32.318   839  1358 I Samsung_SoundAlive_SRC arch64: SRC384 version Samsung SoundAlive SRC ver320 arch64  2021.08.04 (Cppref for ARM64, ver.300.c 32bit 07_10_2016 based)
10-08 20:36:32.320  2066  3839 I SecHAL  : subft_sent_msg_to_Hal_task: subft_sent_msg_to_Hal_task enter
10-08 20:36:32.320  2066  3839 D SecHAL  : subft_sent_msg_to_Hal_task: Sent message to HAL message task, remind que: 2
10-08 20:36:32.320  2066  3840 D SecHAL  : nfc_hal_task: Got a event: HAL_EVT_READ(4)
10-08 20:36:32.320  1678  1678 I FaceWidgetPositionAlgorithm: getClockContainerHeight() supplier = 270, bottom margin = 63, real height = 333
10-08 20:36:32.320  1678  1678 I FaceWidgetPositionAlgorithm: getMediaContainerHeight() height = 456 container Visibility = 0, isValid = true, mIsDozing = false, fraction = 1.0, source = 0, target = 0
10-08 20:36:32.320  1678  1678 I FaceWidgetPositionAlgorithm: getMediaContainerHeight() supplier = 456
10-08 20:36:32.320  2066  3840 D SecHAL  : nfc_hal_task: current state: SERVICE
10-08 20:36:32.320  1678  1678 I FaceWidgetPositionAlgorithm: getMediaContainerHeight() height = 456 container Visibility = 0, isValid = true, mIsDozing = false, fraction = 1.0, source = 0, target = 0
10-08 20:36:32.321  1678  1678 I FaceWidgetPositionAlgorithm: getMediaContainerHeight() supplier = 456
10-08 20:36:32.321  1678  1678 I FaceWidgetPositionAlgorithm: getClockContainerHeight() supplier = 270, bottom margin = 0, real height = 333
10-08 20:36:32.321   787 13780 I Sec MiscPowerHAL: !@sysfs_write -: /sys/class/sec/tsp/input/enabled: 1
10-08 20:36:32.321  1678  1678 V QsExpandAnimator: setQsExpansionPosition 0.0
10-08 20:36:32.321  1678  1678 I FaceWidgetPositionAlgorithm: getClockContainerHeight() supplier = 270, bottom margin = 63, real height = 333
10-08 20:36:32.321  1678  1678 I FaceWidgetPositionAlgorithm: getMediaContainerHeight() height = 456 container Visibility = 0, isValid = true, mIsDozing = false, fraction = 1.0, source = 0, target = 0
10-08 20:36:32.321  1678  1678 I FaceWidgetPositionAlgorithm: getMediaContainerHeight() supplier = 456
10-08 20:36:32.321  2066  3840 I SecHAL  : OSI_timer_start: enter,osi_lock
10-08 20:36:32.321  1678  1678 I FaceWidgetPositionAlgorithm: getClockContainerHeight() supplier = 270, bottom margin = 0, real height = 333
10-08 20:36:32.321  2066  3840 I SecHAL  : OSI_timer_start: before osi_unlock
10-08 20:36:32.321  2066  3840 I SecHAL  : OSI_timer_start: exit
10-08 20:36:32.321  2066  3840 I SecHAL  : nfc_data_callback: !
10-08 20:36:32.321  2066  3840 E SecHAL  : nfc_data_callback: [Cmd]Received a response packet : data_sending_flag = false!!
10-08 20:36:32.322  1961  3823 I libnfc_nci: [INFO:NativeNfcManager.cpp(1532)] SecureElement::getInstance().isPeerInListenMode()) : 0 
10-08 20:36:32.322  1961  3823 I libnfc_nci: [INFO:NativeNfcManager.cpp(1540)] isNeedToResendScreenState : 0
10-08 20:36:32.322   818   818 I sysinput:Touch: writeInformation:249, OK
10-08 20:36:32.322  2066  2066 I SecHAL  : nfc_hal_write: enter;
10-08 20:36:32.322  2066  2066 E SecHAL  : nfc_hal_write: [Cmd]Send EVT data_sending_flag = true, return size=7!!
10-08 20:36:32.323  2066  2066 I SecHAL  : nfc_hal_write: exit;
10-08 20:36:32.323  2066  3840 D SecHAL  : nfc_hal_task: Got a event: HAL_EVT_WRITE(3)
10-08 20:36:32.323  2066  3840 D SecHAL  : nfc_hal_task: current state: SERVICE
10-08 20:36:32.323  2066  3840 I SecHAL  : OSI_timer_start: enter,osi_lock
10-08 20:36:32.323  2066  3840 I SecHAL  : OSI_timer_start: before osi_unlock
10-08 20:36:32.323  2066  3840 I SecHAL  : OSI_timer_start: exit
10-08 20:36:32.323  2066  3840 I SecHAL  : device_write: enter
10-08 20:36:32.323  2066  3840 I SecHAL  : device_write: before system call
10-08 20:36:32.323  6153  6153 D BtGatt.AppCurrentConsumptionStats: onReceive : android.intent.action.SCREEN_ON
10-08 20:36:32.323  2066  3840 I SecHAL  : device_write: after system call
10-08 20:36:32.324  2066  3840 I SecHAL  : device_write: exit
10-08 20:36:32.324  2066  3839 I SecHAL  : subft_sent_msg_to_Hal_task: subft_sent_msg_to_Hal_task enter
10-08 20:36:32.324  2066  3839 D SecHAL  : subft_sent_msg_to_Hal_task: Sent message to HAL message task, remind que: 2
10-08 20:36:32.324  2066  3840 D SecHAL  : nfc_hal_task: Got a event: HAL_EVT_READ(4)
10-08 20:36:32.324  1173  1583 D SysinputHAL_V1_3(V1_2): runTspCmdNoRead(1): fod_enable,1,1,0(0)
10-08 20:36:32.324  2066  3840 D SecHAL  : nfc_hal_task: current state: SERVICE
10-08 20:36:32.324  1173  1583 I FingerprintService: setTspMode: [2] done
10-08 20:36:32.324  1678  1678 D DozeService: onDreamingStopped: 
10-08 20:36:32.324  2066  3840 I SecHAL  : OSI_timer_start: enter,osi_lock
10-08 20:36:32.324  2066  3840 I SecHAL  : OSI_timer_start: before osi_unlock
10-08 20:36:32.324  2066  3840 I SecHAL  : OSI_timer_start: exit
10-08 20:36:32.324  2066  3840 I SecHAL  : nfc_data_callback: !
10-08 20:36:32.324  2066  3840 E SecHAL  : nfc_data_callback: [Cmd]Received a response packet : data_sending_flag = false!!
10-08 20:36:32.324  3767  3767 I HandleSettingUtils: getTriggerMarginOnTop retY=349 halfHandleSize=171 getTriggerPosition=12.202689
10-08 20:36:32.325  1678  1678 I DozeMachine: transition: old=DOZE req=FINISH new=FINISH
10-08 20:36:32.325  1678  1678 D PluginAODManager: enableTouch : true FaceWidgetContainerWrapper = com.android.systemui.facewidget.plugin.FaceWidgetContainerWrapper@fc7b9f5
10-08 20:36:32.326  1678  1678 D DozeService: stopAlwaysOnDisplay: mAODPlugin=com.samsung.android.app.aodservice.plugin.PluginAODImpl@324171c
10-08 20:36:32.326  1678  1678 V KeyguardUpdateMonitor: *** unregister callback for com.android.systemui.doze.PluginAODManager$1@e302510
10-08 20:36:32.326  1678  1678 D PluginAODManager: removeUpdateMonitor mWakefulness=2
10-08 20:36:32.326  1678  1678 D PluginAODManager: removeNotiCollectionListener: 
10-08 20:36:32.326  1678  1678 I PluginAODImpl: onDreamingStopped()
10-08 20:36:32.326  1678  1678 I AlwaysOnDisplayEx: !@AlwaysOnDisplayEx: onDestroy hashCode=115231795
10-08 20:36:32.326  1678  1678 I AODUiTimer: removeAODTimeTickTimerListener
10-08 20:36:32.326  1678  1678 W AODAlarmTimer_AOD_CHARGING_INFO_TICK: stop : not yet started 
10-08 20:36:32.328 14388 14388 I BluetoothAdapter: STATE_ON
10-08 20:36:32.328  3767  3767 I TrayStateController: setUiState 0 : 2 --> 0
10-08 20:36:32.328 14388 14495 I BluetoothAdapter: STATE_ON
10-08 20:36:32.328 14388 14495 I BCMGR[11.0.01.10]: FeatureUtil] isBleScanFilterSupported - set
10-08 20:36:32.328 14388 14495 I BCMGR[11.0.01.10]: BleScanHelper] directStopLeScan - call BleScanner.stopScan()
10-08 20:36:32.328 14388 14495 I BluetoothAdapter: STATE_ON
10-08 20:36:32.328 14388 14495 W BCMGR[11.0.01.10]: BleScanHelper] startBleScan - Start filter Scan(SCREEN_ON) size: 17
10-08 20:36:32.328  1678  1678 D ScoverManager: unregisterListener
10-08 20:36:32.328  3767  3767 I ViewRootImpl@398488e[CocktailBarService]: performTraversals mFirst=false windowShouldResize=false viewVisibilityChanged=true mForceNextWindowRelayout=false params=null
10-08 20:36:32.329  1678  1678 I MODManager: unregister
10-08 20:36:32.329  1173  1195 V WindowManager: Relayout Window{47ac2bf u0 com.samsung.android.app.cocktailbarservice/com.samsung.android.app.cocktailbarservice.CocktailBarService}: viewVisibility=0 req=67x342 d0
10-08 20:36:32.329 14388 14495 I BluetoothAdapter: STATE_ON
10-08 20:36:32.329  1173  1195 D RestrictionPolicy: isScreenCaptureEnabled : ret=true userId=0
10-08 20:36:32.329  1173  4214 D EdgeLightingListenerManager: unregister : pkg = com.android.systemui, mListeners = 1
10-08 20:36:32.329 14388 14495 I BluetoothAdapter: STATE_ON
10-08 20:36:32.329 14388 14495 I BluetoothAdapter: STATE_ON
10-08 20:36:32.329  1678  1678 I AOD_BRIGHTNESS@BrightnessManager: releaseForceState: EDGE LIGHTING
10-08 20:36:32.329  1678  1678 E MODManager: hideSubUIChargingInfo skip because mAODChargingInfoSubUiPresenter is null
10-08 20:36:32.329  1173  3642 D AODManagerService: unregisterAODDozeCallbackInternal
10-08 20:36:32.329  1678  1678 I MODManager: unregisterFingerprintListener called
10-08 20:36:32.329   846   879 I SurfaceFlinger: id=31360 createSurf flag=40004, com.samsung.android.app.cocktailbarservice/com.samsung.android.app.cocktailbarservice.CocktailBarService$_3767#31360
10-08 20:36:32.329  1173  3655 D FingerprintService.Ext: unregisterAodController: 1678
10-08 20:36:32.330  1173  1195 D WindowManager: makeSurface duration=1 name=com.samsung.android.app.cocktailbarservice/com.samsung.android.app.cocktailbarservice.CocktailBarService$_3767
10-08 20:36:32.330 16947 16947 I [MCFServer]_SubscriberManager: onReceive - ACTION_ID_SCREEN_ON
10-08 20:36:32.330 16947 16947 I [MCFServer]_CasterManager: onReceive - ACTION_ID_SCREEN_ON
10-08 20:36:32.332  1678  1678 I ChargingInfoManager: removeMessages: 
10-08 20:36:32.332  1678  1678 W AODAlarmTimer_HIDE_CHARGING_INFO_TIMER: stop : not yet started 
10-08 20:36:32.332  1678  1678 D KeyguardUpdateMonitor: handleDreamingStateChanged() dreaming : true -> false, screen saver : false -> false
10-08 20:36:32.332  1678  1678 D KeyguardUpdateMonitor: updateBiometricListeningState()
10-08 20:36:32.332  1678  1678 D KeyguardFingerprint: shouldListenForFingerprint ( isFingerprintEnabled = true , mKeyguardIsVisible = true , mDeviceInteractive = true , mBouncerIsOrWillBeShowing = false , mBouncerFullyShown = false , mGoingToSleep = false , mSwitchingUser = false , mIsDreamingForBiometrics = false , mKeyguardUnlocking = false , mKeyguardGoingAway = false , mKeyguardShowing = true , mKeyguardOccluded = false , mSystemReady = true , mHasFocus = true
10-08 20:36:32.333  1678  1678 D KeyguardFingerprint: updateFingerprintListeningState#mFingerprintRunningState=1 shouldListenForFingerprint=true isUdfpsEnrolled=false bioType : 1
10-08 20:36:32.333  6153 20231 D BtGatt.ContextMap: add() - appUid: 5006, appPid: 14388, appName: android.uid.bcmgr
10-08 20:36:32.333  6153 20231 I bt_stack: [INFO:le_scanning_manager.cc(165)] RegisterScanner in shim layer
10-08 20:36:32.333  1678  1678 D PluginInstanceManager: stopListening
10-08 20:36:32.333  1678  1678 I DozeService: onDestroy: com.android.systemui.doze.DozeService@d656131
10-08 20:36:32.333  1678  1678 V QsExpandAnimator: updateAnimators
10-08 20:36:32.333  1678  1678 V QsExpandAnimator: clearAnimationState 
10-08 20:36:32.333  1678  1678 V QsExpandAnimator: updateViews
10-08 20:36:32.333  1678  1678 V QsExpandAnimator: updateTileAnimator
10-08 20:36:32.334  6153  6320 D BtGatt.GattService: onScannerRegistered() - UUID=ab8eeeb0-3327-42f7-82a9-260714aff215, scannerId=1, status=0
10-08 20:36:32.334  1678  1678 V QsExpandAnimator: updateHeaderAnimator
10-08 20:36:32.334 24094 24126 I SystemBroadcastReceiver: [#CMH#] onReceive completed :  0
10-08 20:36:32.334  1678  1678 V QsExpandAnimator: updateBarAnimator
10-08 20:36:32.334 24094 24094 I PolicyManager: [#CMH#] onReceive action = EVENT_SCREEN_ON
10-08 20:36:32.334  1678  1678 V QsExpandAnimator: setQsExpansionPosition 0.0
10-08 20:36:32.334  1678  1678 V QsExpandAnimator: onAnimationAtStart
10-08 20:36:32.334  1173  1284 W libprocessgroup: Failed to open /dev/blkio//cgroup.procs: No such file or directory
10-08 20:36:32.335  1678  1678 D FaceWidgetMusicPageShownObserver: showing animation end
10-08 20:36:32.335  6153 20231 I BluetoothAdapter: STATE_ON
10-08 20:36:32.336  6153 20231 D ActivityAttributionService: notifyActivityAttributionInfo UID=1002 packageName=com.android.bluetooth deviceAddress=no_active_device_address
10-08 20:36:32.336  6153  6636 I BluetoothAdapter: STATE_ON
10-08 20:36:32.336  1678  1678 D PluginInstanceManager: onPluginDisconnected
10-08 20:36:32.336  1678  1678 D DozeService: onPluginDisconnected: PluginAOD plugin=com.samsung.android.app.aodservice.plugin.PluginAODImpl@324171c
10-08 20:36:32.336  1678  1678 D DozeService: stopAlwaysOnDisplay: mAODPlugin=null
10-08 20:36:32.336  1678  1678 I PluginAODImpl: onDestroy()
10-08 20:36:32.337  1173  1195 V WindowManager: Relayout hash=47ac2bf, pid=3767, syncId=-1: mAttrs={(0,349)(67x342) gr=TOP RIGHT CENTER sim={adjust=nothing} layoutInDisplayCutoutMode=shortEdges ty=2226 fmt=TRANSPARENT
10-08 20:36:32.337  1173  1195 V WindowManager:   fl=81800508
10-08 20:36:32.337  1173  1195 V WindowManager:   pfl=2000050
10-08 20:36:32.337  1173  1195 V WindowManager:   bhv=SHOW_TRANSIENT_BARS_BY_SWIPE
10-08 20:36:32.337  1173  1195 V WindowManager:   fitTypes=NAVIGATION_BARS CAPTION_BAR
10-08 20:36:32.337  1173  1195 V WindowManager:  dimAmount=0.0 dimDuration=0 naviIconColor=0
10-08 20:36:32.337  1173  1195 V WindowManager:   sfl=620000}
10-08 20:36:32.337  6153  6636 I BluetoothAdapter: STATE_ON
10-08 20:36:32.337  6153  6636 I BluetoothAdapter: STATE_ON
10-08 20:36:32.337  6153  6636 I bt_stack: [INFO:le_scanning_manager.cc(269)] ScanFilterEnable in shim layer
10-08 20:36:32.337  6153  6697 E BtGatt.GattService: [GSIM LOG]: gsimLogHandler, msg: MESSAGE_SCAN_START, appName: android.uid.bcmgr, scannerId: 1, reportDelayMillis=0
10-08 20:36:32.338  6153  6636 I bt_stack: [INFO:le_scanning_manager.cc(240)] ScanFilterAdd in shim layer
10-08 20:36:32.339  6153  6636 D BtGatt.ScanManager: configureFilterParamter() : onFoundTimeout | onLostTimeout | onFoundCount | numOfTrackingEntries | scanFilterRssiThreshold | trackableScanFilterRssiThreshold | matchMode
10-08 20:36:32.339  6153  6636 D BtGatt.ScanManager: configureFilterParamter() : __________500__|________10000__|___________1__|___________________0__|___________________-128__|____________________________-128__|________1_
10-08 20:36:32.339  6153  6636 I bt_stack: [INFO:le_scanning_manager.cc(198)] ScanFilterParamSetup in shim layer
10-08 20:36:32.340  6153  6636 I bt_stack: [INFO:le_scanning_manager.cc(240)] ScanFilterAdd in shim layer
10-08 20:36:32.340  6153  6636 D BtGatt.ScanManager: configureFilterParamter() : onFoundTimeout | onLostTimeout | onFoundCount | numOfTrackingEntries | scanFilterRssiThreshold | trackableScanFilterRssiThreshold | matchMode
10-08 20:36:32.340  6153  6636 D BtGatt.ScanManager: configureFilterParamter() : __________500__|________10000__|___________1__|___________________0__|___________________-128__|____________________________-128__|________1_
10-08 20:36:32.340  6153  6636 I bt_stack: [INFO:le_scanning_manager.cc(198)] ScanFilterParamSetup in shim layer
10-08 20:36:32.342 29370 13618 E LoadedApk: Exception : java.lang.NullPointerException: Attempt to invoke virtual method 'boolean android.os.Looper.isPerfLogEnable()' on a null object reference
10-08 20:36:32.343  3767  3767 I ViewRootImpl@398488e[CocktailBarService]: updateBlastSurfaceIfNeeded mBlastBufferQueue=null isSameSurfaceControl=false
10-08 20:36:32.344  3767  3767 I BLASTBufferQueue: new BLASTBufferQueue, mName= ViewRootImpl@398488e[CocktailBarService] mNativeObject= 0x73846df9b0 sc.mNativeObject= 0x7314714c50 caller= android.view.ViewRootImpl.updateBlastSurfaceIfNeeded:2909 android.view.ViewRootImpl.relayoutWindow:9847 android.view.ViewRootImpl.performTraversals:3884 android.view.ViewRootImpl.doTraversal:3116 android.view.ViewRootImpl$TraversalRunnable.run:10885 android.view.Choreographer$CallbackRecord.run:1301 android.view.Choreographer$CallbackRecord.run:1309 android.view.Choreographer.doCallbacks:923 android.view.Choreographer.doFrame:852 android.view.Choreographer$FrameDisplayEventReceiver.run:1283 
10-08 20:36:32.344  3767  3767 I BLASTBufferQueue: update, w= 67 h= 342 mName = ViewRootImpl@398488e[CocktailBarService] mNativeObject= 0x73846df9b0 sc.mNativeObject= 0x7314714c50 format= -2 caller= android.graphics.BLASTBufferQueue.<init>:84 android.view.ViewRootImpl.updateBlastSurfaceIfNeeded:2909 android.view.ViewRootImpl.relayoutWindow:9847 android.view.ViewRootImpl.performTraversals:3884 android.view.ViewRootImpl.doTraversal:3116 android.view.ViewRootImpl$TraversalRunnable.run:10885 
10-08 20:36:32.345  3767  3767 I ViewRootImpl@398488e[CocktailBarService]: Relayout returned: old=(1013,349,1080,691) new=(1013,349,1080,691) req=(67,342)0 dur=15 res=0x3 s={true 0x7414715ad0} ch=true seqId=9
10-08 20:36:32.345  3767  3767 I ViewRootImpl@398488e[CocktailBarService]: mThreadedRenderer.initialize() mSurface={isValid=true 0x7414715ad0} hwInitialized=true
10-08 20:36:32.345  3767  3767 I ViewRootImpl@398488e[CocktailBarService]: reportNextDraw android.view.ViewRootImpl.performTraversals:4438 android.view.ViewRootImpl.doTraversal:3116 android.view.ViewRootImpl$TraversalRunnable.run:10885 android.view.Choreographer$CallbackRecord.run:1301 android.view.Choreographer$CallbackRecord.run:1309 
10-08 20:36:32.345  3767  3767 I ViewRootImpl@398488e[CocktailBarService]: Setup new sync id=621
10-08 20:36:32.345  3767  3767 I ViewRootImpl@398488e[CocktailBarService]: Setting syncFrameCallback
10-08 20:36:32.345  3767  3767 I ViewRootImpl@398488e[CocktailBarService]: registerCallbacksForSync syncBuffer=false
10-08 20:36:32.346   762   790 D gralloc : [mali_gralloc_allocate] begin
10-08 20:36:32.346  6153  6636 I bt_stack: [INFO:le_scanning_manager.cc(240)] ScanFilterAdd in shim layer
10-08 20:36:32.346   762   790 D gralloc : buffer_descriptor: wh(67 342) usage_pc(0x40000000000b00 0x40000000000b00) hal_format(0x1) layer_count(1) sizes(0 0 0) strde(0) byte_stride(0) alloc_wh(0 0) internal_format(0x0) alloc_format(0x0) fd_count(1) plane_count(0)
10-08 20:36:32.346  3767  4913 I ViewRootImpl@398488e[CocktailBarService]: Received frameDrawingCallback syncResult=0 frameNum=1.
10-08 20:36:32.346  3767  4913 I ViewRootImpl@398488e[CocktailBarService]: Setting up sync and frameCommitCallback
10-08 20:36:32.346   762   790 D gralloc : [mali_gralloc_allocate] allocation successful
10-08 20:36:32.347  6153  6636 D BtGatt.ScanManager: configureFilterParamter() : onFoundTimeout | onLostTimeout | onFoundCount | numOfTrackingEntries | scanFilterRssiThreshold | trackableScanFilterRssiThreshold | matchMode
10-08 20:36:32.347  6153  6636 D BtGatt.ScanManager: configureFilterParamter() : __________500__|________10000__|___________1__|___________________0__|___________________-128__|____________________________-128__|________1_
10-08 20:36:32.347  6153  6636 I bt_stack: [INFO:le_scanning_manager.cc(198)] ScanFilterParamSetup in shim layer
10-08 20:36:32.347  6153  6636 I bt_stack: [INFO:le_scanning_manager.cc(240)] ScanFilterAdd in shim layer
10-08 20:36:32.347   762   790 D gralloc : [mali_gralloc_allocate] begin
10-08 20:36:32.347   762   790 D gralloc : buffer_descriptor: wh(67 342) usage_pc(0x40000000000b00 0x40000000000b00) hal_format(0x1) layer_count(1) sizes(0 0 0) strde(0) byte_stride(0) alloc_wh(0 0) internal_format(0x0) alloc_format(0x0) fd_count(1) plane_count(0)
10-08 20:36:32.347   762   790 D gralloc : [mali_gralloc_allocate] allocation successful
10-08 20:36:32.348   762   790 D gralloc : [mali_gralloc_allocate] begin
10-08 20:36:32.348   762   790 D gralloc : buffer_descriptor: wh(67 342) usage_pc(0x40000000000b00 0x40000000000b00) hal_format(0x1) layer_count(1) sizes(0 0 0) strde(0) byte_stride(0) alloc_wh(0 0) internal_format(0x0) alloc_format(0x0) fd_count(1) plane_count(0)
10-08 20:36:32.348   762   790 D gralloc : [mali_gralloc_allocate] allocation successful
10-08 20:36:32.348  6153  6636 D BtGatt.ScanManager: configureFilterParamter() : onFoundTimeout | onLostTimeout | onFoundCount | numOfTrackingEntries | scanFilterRssiThreshold | trackableScanFilterRssiThreshold | matchMode
10-08 20:36:32.348  6153  6636 D BtGatt.ScanManager: configureFilterParamter() : __________500__|________10000__|___________1__|___________________0__|___________________-128__|____________________________-128__|________1_
10-08 20:36:32.348  6153  6636 I bt_stack: [INFO:le_scanning_manager.cc(198)] ScanFilterParamSetup in shim layer
10-08 20:36:32.348   762   790 D gralloc : [mali_gralloc_allocate] begin
10-08 20:36:32.348   762   790 D gralloc : buffer_descriptor: wh(67 342) usage_pc(0x40000000000b00 0x40000000000b00) hal_format(0x1) layer_count(1) sizes(0 0 0) strde(0) byte_stride(0) alloc_wh(0 0) internal_format(0x0) alloc_format(0x0) fd_count(1) plane_count(0)
10-08 20:36:32.348   762   790 D gralloc : [mali_gralloc_allocate] allocation successful
10-08 20:36:32.348  6153  6636 I bt_stack: [INFO:le_scanning_manager.cc(240)] ScanFilterAdd in shim layer
10-08 20:36:32.348  3767  4797 I BLASTBufferQueue: [ViewRootImpl@398488e[CocktailBarService]#584](f:0,a:0) onFrameAvailable the first frame is available
10-08 20:36:32.348  6153  6636 D BtGatt.ScanManager: configureFilterParamter() : onFoundTimeout | onLostTimeout | onFoundCount | numOfTrackingEntries | scanFilterRssiThreshold | trackableScanFilterRssiThreshold | matchMode
10-08 20:36:32.348  6153  6636 D BtGatt.ScanManager: configureFilterParamter() : __________500__|________10000__|___________1__|___________________0__|___________________-128__|____________________________-128__|________1_
10-08 20:36:32.348  6153  6636 I bt_stack: [INFO:le_scanning_manager.cc(198)] ScanFilterParamSetup in shim layer
10-08 20:36:32.348  6153  6636 I bt_stack: [INFO:le_scanning_manager.cc(240)] ScanFilterAdd in shim layer
10-08 20:36:32.348  6153  6636 D BtGatt.ScanManager: configureFilterParamter() : onFoundTimeout | onLostTimeout | onFoundCount | numOfTrackingEntries | scanFilterRssiThreshold | trackableScanFilterRssiThreshold | matchMode
10-08 20:36:32.348  6153  6636 D BtGatt.ScanManager: configureFilterParamter() : __________500__|________10000__|___________1__|___________________0__|___________________-128__|____________________________-128__|________1_
10-08 20:36:32.349  6153  6636 I bt_stack: [INFO:le_scanning_manager.cc(198)] ScanFilterParamSetup in shim layer
10-08 20:36:32.349 29370 29727 I NearbyDiscovery: (REDACTED) FastPairHandler: Received action %s
10-08 20:36:32.349  3767  4797 I ViewRootImpl@398488e[CocktailBarService]: Received frameCommittedCallback lastAttemptedDrawFrameNum=1 didProduceBuffer=true
10-08 20:36:32.349 29370 29727 I NearbyDiscovery: (REDACTED) OffloadFastPairScanner: eventType=%s, isInternalReq=%s, isOffloadScanning=%s, isOffloadScanningAllowed=%s
10-08 20:36:32.350  3767  3767 I ViewRootImpl@398488e[CocktailBarService]: onSyncComplete
10-08 20:36:32.350 29370 29727 I NearbyDiscovery: (REDACTED) FastPairScanner: isScreenOn=%s, isLocationEnabled=%s, disableLocationRequirement=%s, isDiscoveryScanningEnabled=%s, during24GhzWifiWarmingUpPeriod=%s
10-08 20:36:32.350  3767  3767 I ViewRootImpl@398488e[CocktailBarService]: setupSync seqId=9 mSyncId=621 fn=1 caller=android.view.ViewRootImpl$$ExternalSyntheticLambda11.accept:6 android.window.SurfaceSyncer.lambda$setupSync$1$android-window-SurfaceSyncer:128 android.window.SurfaceSyncer$$ExternalSyntheticLambda1.accept:8 android.window.SurfaceSyncer$SyncSet.checkIfSyncIsComplete:382 android.window.SurfaceSyncer$SyncSet.markSyncReady:359 android.window.SurfaceSyncer.markSyncReady:151 android.view.ViewRootImpl.performTraversals:4503 
10-08 20:36:32.350  3767  3767 I ViewRootImpl@398488e[CocktailBarService]: reportDrawFinished seqId=9 mSyncId=-1 fn=1 mSurfaceChangedTransaction=0x73446d3990
10-08 20:36:32.350  3767  3767 I TrayStateController: putInputRect mDynamicInputRegion=102666135@LastEvent=t=1759944932919Rect(25, 0 - 67, 342),Rect=Rect(25, 0 - 67, 342)
10-08 20:36:32.350 29370 29727 I BluetoothAdapter: STATE_ON
10-08 20:36:32.350 29370 29727 I NearbyDiscovery: (REDACTED) FastPairScanner: eventType=%s, intReq=%s, scanning=%s, scanAllowed=%s, bleEnabled=%s, lockScanRate=%s, startScanningByLowPowerMode=%s
10-08 20:36:32.351 29370 29727 I NearbyDiscovery: FastPairController: onSystemStateChanged: skip due to flag disabled [CONTEXT service_id=265 ]
10-08 20:36:32.351  1173  3642 D WindowManager: finishDrawingWindow: Window{47ac2bf u0 com.samsung.android.app.cocktailbarservice/com.samsung.android.app.cocktailbarservice.CocktailBarService} mDrawState=DRAW_PENDING seqId=9
10-08 20:36:32.352  3767  3767 I DecorView: notifyKeepScreenOnChanged: keepScreenOn=false
10-08 20:36:32.352  6153  6636 I bt_stack: [INFO:le_scanning_manager.cc(240)] ScanFilterAdd in shim layer
10-08 20:36:32.352  1173  1272 V WindowManager: performShowLocked: mDrawState=HAS_DRAWN in Window{47ac2bf u0 com.samsung.android.app.cocktailbarservice/com.samsung.android.app.cocktailbarservice.CocktailBarService}
10-08 20:36:32.352  6153  6636 D BtGatt.ScanManager: configureFilterParamter() : onFoundTimeout | onLostTimeout | onFoundCount | numOfTrackingEntries | scanFilterRssiThreshold | trackableScanFilterRssiThreshold | matchMode
10-08 20:36:32.352  6153  6636 D BtGatt.ScanManager: configureFilterParamter() : __________500__|________10000__|___________1__|___________________0__|___________________-128__|____________________________-128__|________1_
10-08 20:36:32.352  6153  6636 I bt_stack: [INFO:le_scanning_manager.cc(198)] ScanFilterParamSetup in shim layer
10-08 20:36:32.352  1173  1272 D SurfaceControl: applyGlobalTransaction called, mName=finishDrawing_syncId(9)_com.samsung.android.app.cocktailbarservice/com.samsung.android.app.cocktailbarservice.CocktailBarService<pending>
10-08 20:36:32.355  3767  3767 I TrayStateTrigger: showTriggerView
10-08 20:36:32.355  1173 13785 D TspStateManager: wrote command: cmd=0,2,465,921, type=3
10-08 20:36:32.355  1173  4214 W CocktailBarStatePolicyController: updateWindowType: current window type is requested window type(1)
10-08 20:36:32.356   818   818 I sysinput:Touch: writeInformation:249, OK
10-08 20:36:32.356  1173  1506 D SysinputHAL_V1_3(V1_2): runTspCmdNoRead(1): set_grip_data,0,2,465,921(0)
10-08 20:36:32.358 23931 23931 I wpa_supplicant: Heartbeat 7687
10-08 20:36:32.359   724   724 E audit   : type=1400 audit(1759944992.355:47419): avc:  denied  { write } for  pid=29392 comm="ThreadPoolForeg" name="traced_producer" dev="tmpfs" ino=26836 scontext=u:r:gmscore_app:s0:c512,c768 tcontext=u:object_r:traced_producer_socket:s0 tclass=sock_file permissive=0 SEPF_SM-G988B_12_0001 audit_filtered
10-08 20:36:32.359   724   724 E audit   : type=1300 audit(1759944992.355:47419): arch=c00000b7 syscall=203 success=no exit=-13 a0=12c a1=72b4848400 a2=1e a3=ffffffff971b164c items=0 ppid=746 pid=29392 auid=4294967295 uid=10228 gid=10228 euid=10228 suid=10228 fsuid=10228 egid=10228 sgid=10228 fsgid=10228 tty=(none) ses=4294967295 comm="ThreadPoolForeg" exe="/system/bin/app_process64" subj=u:r:gmscore_app:s0:c512,c768 key=(null)
10-08 20:36:32.359   724   724 E audit   : type=1327 audit(1759944992.355:47419): proctitle="com.google.android.gms"
10-08 20:36:32.359 29370 11170 E LoadedApk: Exception : java.lang.NullPointerException: Attempt to invoke virtual method 'boolean android.os.Looper.isPerfLogEnable()' on a null object reference
10-08 20:36:32.359  6153  6636 I bt_stack: [INFO:le_scanning_manager.cc(240)] ScanFilterAdd in shim layer
10-08 20:36:32.360  6153  6636 D BtGatt.ScanManager: configureFilterParamter() : onFoundTimeout | onLostTimeout | onFoundCount | numOfTrackingEntries | scanFilterRssiThreshold | trackableScanFilterRssiThreshold | matchMode
10-08 20:36:32.360  6153  6636 D BtGatt.ScanManager: configureFilterParamter() : __________500__|________10000__|___________1__|___________________0__|___________________-128__|____________________________-128__|________1_
10-08 20:36:32.360  6153  6636 I bt_stack: [INFO:le_scanning_manager.cc(198)] ScanFilterParamSetup in shim layer
10-08 20:36:32.360  6153  6636 I bt_stack: [INFO:le_scanning_manager.cc(240)] ScanFilterAdd in shim layer
10-08 20:36:32.360 29370 11170 E LoadedApk: Exception : java.lang.NullPointerException: Attempt to invoke virtual method 'boolean android.os.Looper.isPerfLogEnable()' on a null object reference
10-08 20:36:32.360  6153  6636 D BtGatt.ScanManager: configureFilterParamter() : onFoundTimeout | onLostTimeout | onFoundCount | numOfTrackingEntries | scanFilterRssiThreshold | trackableScanFilterRssiThreshold | matchMode
10-08 20:36:32.360  6153  6636 D BtGatt.ScanManager: configureFilterParamter() : __________500__|________10000__|___________1__|___________________0__|___________________-128__|____________________________-128__|________1_
10-08 20:36:32.360  6153  6636 I bt_stack: [INFO:le_scanning_manager.cc(198)] ScanFilterParamSetup in shim layer
10-08 20:36:32.360  6153  6636 I bt_stack: [INFO:le_scanning_manager.cc(240)] ScanFilterAdd in shim layer
10-08 20:36:32.360  6153  6636 D BtGatt.ScanManager: configureFilterParamter() : onFoundTimeout | onLostTimeout | onFoundCount | numOfTrackingEntries | scanFilterRssiThreshold | trackableScanFilterRssiThreshold | matchMode
10-08 20:36:32.361  6153  6636 D BtGatt.ScanManager: configureFilterParamter() : __________500__|________10000__|___________1__|___________________0__|___________________-128__|____________________________-128__|________1_
10-08 20:36:32.361  6153  6636 I bt_stack: [INFO:le_scanning_manager.cc(198)] ScanFilterParamSetup in shim layer
10-08 20:36:32.361  6153  6636 I bt_stack: [INFO:le_scanning_manager.cc(240)] ScanFilterAdd in shim layer
10-08 20:36:32.361  6153  6636 D BtGatt.ScanManager: configureFilterParamter() : onFoundTimeout | onLostTimeout | onFoundCount | numOfTrackingEntries | scanFilterRssiThreshold | trackableScanFilterRssiThreshold | matchMode
10-08 20:36:32.361  6153  6636 D BtGatt.ScanManager: configureFilterParamter() : __________500__|________10000__|___________1__|___________________0__|___________________-128__|____________________________-128__|________1_
10-08 20:36:32.361  3767  3767 I ViewRootImpl@398488e[CocktailBarService]: performTraversals params={(0,349)(67x342) gr=TOP RIGHT CENTER sim={adjust=nothing} layoutInDisplayCutoutMode=shortEdges ty=2226 fmt=TRANSPARENT
10-08 20:36:32.361  3767  3767 I ViewRootImpl@398488e[CocktailBarService]:   fl=81800508
10-08 20:36:32.361  3767  3767 I ViewRootImpl@398488e[CocktailBarService]:   pfl=2000050
10-08 20:36:32.361  3767  3767 I ViewRootImpl@398488e[CocktailBarService]:   bhv=SHOW_TRANSIENT_BARS_BY_SWIPE
10-08 20:36:32.361  3767  3767 I ViewRootImpl@398488e[CocktailBarService]:   fitTypes=STATUS_BARS NAVIGATION_BARS CAPTION_BAR
10-08 20:36:32.361  3767  3767 I ViewRootImpl@398488e[CocktailBarService]:  dimAmount=0.0 dimDuration=0 naviIconColor=0
10-08 20:36:32.361  3767  3767 I ViewRootImpl@398488e[CocktailBarService]:   sfl=620000}
10-08 20:36:32.361  6153  6636 I bt_stack: [INFO:le_scanning_manager.cc(198)] ScanFilterParamSetup in shim layer
10-08 20:36:32.361  6153  6636 I bt_stack: [INFO:le_scanning_manager.cc(240)] ScanFilterAdd in shim layer
10-08 20:36:32.361  6153  6636 D BtGatt.ScanManager: configureFilterParamter() : onFoundTimeout | onLostTimeout | onFoundCount | numOfTrackingEntries | scanFilterRssiThreshold | trackableScanFilterRssiThreshold | matchMode
10-08 20:36:32.361  6153  6636 D BtGatt.ScanManager: configureFilterParamter() : __________500__|________10000__|___________1__|___________________0__|___________________-128__|____________________________-128__|________1_
10-08 20:36:32.361  3767  3767 I ViewRootImpl@398488e[CocktailBarService]: performTraversals mFirst=false windowShouldResize=false viewVisibilityChanged=false mForceNextWindowRelayout=false params={(0,349)(67x342) gr=TOP RIGHT CENTER sim={adjust=nothing} layoutInDisplayCutoutMode=shortEdges ty=2226 fmt=TRANSPARENT
10-08 20:36:32.361  3767  3767 I ViewRootImpl@398488e[CocktailBarService]:   fl=81800508
10-08 20:36:32.361  3767  3767 I ViewRootImpl@398488e[CocktailBarService]:   pfl=2000050
10-08 20:36:32.361  3767  3767 I ViewRootImpl@398488e[CocktailBarService]:   bhv=SHOW_TRANSIENT_BARS_BY_SWIPE
10-08 20:36:32.361  3767  3767 I ViewRootImpl@398488e[CocktailBarService]:   fitTypes=NAVIGATION_BARS CAPTION_BAR
10-08 20:36:32.361  3767  3767 I ViewRootImpl@398488e[CocktailBarService]:  dimAmount=0.0 dimDuration=0 naviIconColor=0
10-08 20:36:32.361  3767  3767 I ViewRootImpl@398488e[CocktailBarService]:   sfl=620000}
10-08 20:36:32.361  6153  6636 I bt_stack: [INFO:le_scanning_manager.cc(198)] ScanFilterParamSetup in shim layer
10-08 20:36:32.361  6153  6636 I bt_stack: [INFO:le_scanning_manager.cc(240)] ScanFilterAdd in shim layer
10-08 20:36:32.361  6153  6636 D BtGatt.ScanManager: configureFilterParamter() : onFoundTimeout | onLostTimeout | onFoundCount | numOfTrackingEntries | scanFilterRssiThreshold | trackableScanFilterRssiThreshold | matchMode
10-08 20:36:32.361  6153  6636 D BtGatt.ScanManager: configureFilterParamter() : __________500__|________10000__|___________1__|___________________0__|___________________-128__|____________________________-128__|________1_
10-08 20:36:32.361  6153  6636 I bt_stack: [INFO:le_scanning_manager.cc(198)] ScanFilterParamSetup in shim layer
10-08 20:36:32.361  1173  4214 V WindowManager: Relayout Window{47ac2bf u0 com.samsung.android.app.cocktailbarservice/com.samsung.android.app.cocktailbarservice.CocktailBarService}: viewVisibility=0 req=67x342 d0
10-08 20:36:32.362  6153  6636 I bt_stack: [INFO:le_scanning_manager.cc(240)] ScanFilterAdd in shim layer
10-08 20:36:32.362  6153  6636 D BtGatt.ScanManager: configureFilterParamter() : onFoundTimeout | onLostTimeout | onFoundCount | numOfTrackingEntries | scanFilterRssiThreshold | trackableScanFilterRssiThreshold | matchMode
10-08 20:36:32.362  6153  6636 D BtGatt.ScanManager: configureFilterParamter() : __________500__|________10000__|___________1__|___________________0__|___________________-128__|____________________________-128__|________1_
10-08 20:36:32.362  6153  6636 I bt_stack: [INFO:le_scanning_manager.cc(198)] ScanFilterParamSetup in shim layer
10-08 20:36:32.362  6153  6636 I bt_stack: [INFO:le_scanning_manager.cc(240)] ScanFilterAdd in shim layer
10-08 20:36:32.363  6153  6636 D BtGatt.ScanManager: configureFilterParamter() : onFoundTimeout | onLostTimeout | onFoundCount | numOfTrackingEntries | scanFilterRssiThreshold | trackableScanFilterRssiThreshold | matchMode
10-08 20:36:32.363  6153  6636 D BtGatt.ScanManager: configureFilterParamter() : __________500__|________10000__|___________1__|___________________0__|___________________-128__|____________________________-128__|________1_
10-08 20:36:32.363  6153  6636 I bt_stack: [INFO:le_scanning_manager.cc(198)] ScanFilterParamSetup in shim layer
10-08 20:36:32.363  6153  6636 I bt_stack: [INFO:le_scanning_manager.cc(240)] ScanFilterAdd in shim layer
10-08 20:36:32.363  1173  4214 V WindowManager: Relayout hash=47ac2bf, pid=3767, syncId=-1: mAttrs={(0,349)(67x342) gr=TOP RIGHT CENTER sim={adjust=nothing} layoutInDisplayCutoutMode=shortEdges ty=2226 fmt=TRANSPARENT
10-08 20:36:32.363  1173  4214 V WindowManager:   fl=81800508
10-08 20:36:32.363  1173  4214 V WindowManager:   pfl=2000050
10-08 20:36:32.363  1173  4214 V WindowManager:   bhv=SHOW_TRANSIENT_BARS_BY_SWIPE
10-08 20:36:32.363  1173  4214 V WindowManager:   fitTypes=NAVIGATION_BARS CAPTION_BAR
10-08 20:36:32.363  1173  4214 V WindowManager:  dimAmount=0.0 dimDuration=0 naviIconColor=0
10-08 20:36:32.363  1173  4214 V WindowManager:   sfl=620000}
10-08 20:36:32.363  6153  6636 D BtGatt.ScanManager: configureFilterParamter() : onFoundTimeout | onLostTimeout | onFoundCount | numOfTrackingEntries | scanFilterRssiThreshold | trackableScanFilterRssiThreshold | matchMode
10-08 20:36:32.363  6153  6636 D BtGatt.ScanManager: configureFilterParamter() : __________500__|________10000__|___________1__|___________________0__|___________________-128__|____________________________-128__|________1_
