10-08 20:35:32.924  1678  1678 D KeyguardSecIndicationPolicy:   update top pos = DEFAULT, item = [id=6168|ty=BATTERY|pr=40|txt=Fully charged|ti=duration=3000|an=false] -> [id=6170|ty=BATTERY|pr=40|txt=Fully charged|ti=duration=3000|an=false]
10-08 20:35:32.924  1678  1678 D KeyguardSecIndicationController: onIndicationChanged() return - keyguard is not visible, pos = DEFAULT, item = [id=6170|ty=BATTERY|pr=40|txt=Fully charged|ti=duration=3000|an=false]
10-08 20:35:32.924  1678  1678 D KeyguardSecIndicationPolicy: update Event pos = DEFAULT, type =      BATTERY_RESTING, id =  6171, text = Fully charged
10-08 20:35:32.924  1678  1678 D KeyguardSecIndicationPolicy:  remove Item pos = DEFAULT, type =           OWNER_INFO
10-08 20:35:32.924  1678  1678 D KeyguardSecIndicationController: addBatteryAndOwnerInfoIndication() battery status = BatteryStatus{status=5,level=100,plugged=2,health=2,maxChargingWattage=-1,remaining=94000ultraFastCharger=0}
10-08 20:35:32.924  1678  1678 D LockscreenNotificationManager: BarState updated : 1
10-08 20:35:32.924  1678  1678 D FaceWidgetContainer: setVisibility 0, callers = bb.a.B:51 hb.c.N:18 com.samsung.android.app.facewidget.FaceWidgetContainer.setVisibility:22 com.android.keyguard.KeyguardVisibilityHelper.setViewVisibility:257 com.android.keyguard.KeyguardStatusViewController.setKeyguardStatusViewVisibility:309 
10-08 20:35:32.925  1678  1678 D PanelView: mBarState changed SHADE >>> KEYGUARD
10-08 20:35:32.925  1678  1678 D PanelView: callTrace : java.lang.Throwable
10-08 20:35:32.925  1678  1678 D PanelView: 	at com.android.systemui.statusbar.phone.NotificationPanelViewController$StatusBarStateListener.onStateChanged(NotificationPanelViewController.java:7104)
10-08 20:35:32.925  1678  1678 D PanelView: 	at com.android.systemui.statusbar.StatusBarStateControllerImpl.setState(StatusBarStateControllerImpl.java:229)
10-08 20:35:32.925  1678  1678 D PanelView: 	at com.android.systemui.statusbar.SysuiStatusBarStateController.setState(SysuiStatusBarStateController.java:67)
10-08 20:35:32.925  1678  1678 D PanelView: 	at com.android.systemui.statusbar.phone.CentralSurfacesImpl.showKeyguardImpl(CentralSurfacesImpl.java:3566)
10-08 20:35:32.925  1678  1678 D PanelView: 	at com.android.systemui.statusbar.phone.CentralSurfacesImpl.updateIsKeyguard(CentralSurfacesImpl.java:3539)
10-08 20:35:32.925  1678  1678 D PanelView: 	at com.android.systemui.statusbar.phone.CentralSurfacesImpl.updateIsKeyguard(CentralSurfacesImpl.java:3501)
10-08 20:35:32.925  1678  1678 D PanelView: 	at com.android.systemui.statusbar.phone.DozeServiceHost.startDozing(DozeServiceHost.java:238)
10-08 20:35:32.925  1678  1678 D PanelView: 	at com.android.systemui.doze.DozeUi.transitionTo(DozeUi.java:167)
10-08 20:35:32.925  1678  1678 D PanelView: 	at com.android.systemui.doze.AODUi.transitionTo(AODUi.java:46)
10-08 20:35:32.925  1678  1678 D PanelView: 	at com.android.systemui.doze.DozeMachine.performTransitionOnComponents(DozeMachine.java:382)
10-08 20:35:32.925  1678  1678 D PanelView: 	at com.android.systemui.doze.DozeMachine.transitionTo(DozeMachine.java:366)
10-08 20:35:32.925  1678  1678 D PanelView: 	at com.android.systemui.doze.DozeMachine.requestState(DozeMachine.java:291)
10-08 20:35:32.925  1678  1678 D PanelView: 	at com.android.systemui.doze.DozeMachine.requestState(DozeMachine.java:258)
10-08 20:35:32.925  1678  1678 D PanelView: 	at com.android.systemui.doze.DozeService.onDreamingStarted(DozeService.java:222)
10-08 20:35:32.925  1678  1678 D PanelView: 	at android.service.dreams.DreamService.lambda$attach$0$android-service-dreams-DreamService(DreamService.java:1306)
10-08 20:35:32.925  1678  1678 D PanelView: 	at android.service.dreams.DreamService$$ExternalSyntheticLambda0.run(Unknown Source:4)
10-08 20:35:32.925  1678  1678 D PanelView: 	at android.service.dreams.DreamService.attach(DreamService.java:1339)
10-08 20:35:32.925  1678  1678 D PanelView: 	at android.service.dreams.DreamService.-$$Nest$mattach(Unknown Source:0)
10-08 20:35:32.925  1678  1678 D PanelView: 	at android.service.dreams.DreamService$DreamServiceWrapper.lambda$attach$0$android-service-dreams-DreamService$DreamServiceWrapper(DreamService.java:1493)
10-08 20:35:32.925  1678  1678 D PanelView: 	at android.service.dreams.DreamService$DreamServiceWrapper$$ExternalSyntheticLambda1.run(Unknown Source:8)
10-08 20:35:32.925  1678  1678 D PanelView: 	at android.os.Handler.handleCallback(Handler.java:942)
10-08 20:35:32.925  1678  1678 D PanelView: 	at android.os.Handler.dispatchMessage(Handler.java:99)
10-08 20:35:32.925  1678  1678 D PanelView: 	at android.os.Looper.loopOnce(Looper.java:226)
10-08 20:35:32.925  1678  1678 D PanelView: 	at android.os.Looper.loop(Looper.java:313)
10-08 20:35:32.925  1678  1678 D PanelView: 	at android.app.ActivityThread.main(ActivityThread.java:8762)
10-08 20:35:32.925  1678  1678 D PanelView: 	at java.lang.reflect.Method.invoke(Native Method)
10-08 20:35:32.925  1678  1678 D PanelView: 	at com.android.internal.os.RuntimeInit$MethodAndArgsCaller.run(RuntimeInit.java:604)
10-08 20:35:32.925  1678  1678 D PanelView: 	at com.android.internal.os.ZygoteInit.main(ZygoteInit.java:1067)
10-08 20:35:32.925  1678  1678 D KeyguardEditModeAnimatorController: dismissEditActivity false
10-08 20:35:32.925  2080  2353 I BadgeCountUpdaterImpl: reload badge without refresh
10-08 20:35:32.925  1678  1678 V SecQsTransitionAnimator: restorePanelView
10-08 20:35:32.925  1678  1678 D MultiSIMPreferredSlotBar: setExpanded : false mShowing : false
10-08 20:35:32.925  1678  1678 D MultiSIMController: unRegisterSimCardManagerCallback : mSimCardManagerService is null 
10-08 20:35:32.925  1678  1678 D MultiSIMPreferredSlotBar: setExpanded : false mShowing : false
10-08 20:35:32.925  1678  1678 D MultiSIMController: unRegisterSimCardManagerCallback : mSimCardManagerService is null 
10-08 20:35:32.925  1678  1678 D PanelView: onBarStateChanged() to 1
10-08 20:35:32.925  1678  1678 D PluginLockDelegateApp: onBarStateChanged 
10-08 20:35:32.925  1678  1678 I DymLock|DynamicLockManager: setBarState() state[1] mIsScreenOn[true]
10-08 20:35:32.925  1678  1678 V SecQsTransitionAnimator: restorePanelView
10-08 20:35:32.925  1678  1678 D MultiSIMPreferredSlotBar: setExpanded : false mShowing : false
10-08 20:35:32.925  1678  1678 D MultiSIMController: unRegisterSimCardManagerCallback : mSimCardManagerService is null 
10-08 20:35:32.925  1678  1678 D SecQSFragmentAnimator_QSCinema: [barState:1] qsExpanded:false, qsFullyExpanded:false, qsExpansionPosition:0, qsExpandImmediate:false, qsCollapsingWhilePanelClosing:false &&&  panelExpansionFraction:0, panelExpansionDragDownPxAmount:0 ***   panelExpanded:false, panelExpanding:false %%%   barState:0, overScrolling:false, userId:-1, isRunningPanelOnHeightAnimation:false
10-08 20:35:32.925  1678  1678 V QsExpandAnimator: onStateChanged
10-08 20:35:32.926  1678  1678 D SecPanelLogger: updateExpansionHeight(869 >> 147)
10-08 20:35:32.926  1678  1678 V QsExpandAnimator: setQsExpansionPosition 0.0
10-08 20:35:32.926  1678  1678 D SecQpScrimControlHelper:  secVisible?false (scrimState:AOD) (1stFrc:0, 2ndFrc:0, drgDown:0, PanelEx:false)   (dlyGed:0, dlySec:0)   [N(0|ff000000)-B(0|ff000000)]   (expanded:false, tracking:false, qsBottomVisible:false)   thm(a:1, rtEnabled:false) park(panel_on?false)   kgd(fw:false, gw:false, ocl:false)   (assetsSeq:0, themeSeq:0, uiMode:33)   GED[F(1|ff000000)-N(0|0)-B(1,|ff000000)-Duration:600], caller:setQsPosition()
10-08 20:35:32.926  1678  1678 I FaceWidgetPositionAlgorithm: setup() mStatusBarHeight = 74, mDarkAmount = 1.0, mQsTopPadding = 1269, notificationStackHeight = 53, mPanelExpansion = 0.0, mHeight = 2400, mFaceWidgetContainerHeight = 333, mCurrentClockType = 2, notificationType = 1, hasVisibleNotifs = false
10-08 20:35:32.926  1678  1678 I FaceWidgetPositionAlgorithm: getMediaContainerHeight() height = 456 container Visibility = 8, isValid = true, mIsDozing = true, fraction = 1.0, source = 0, target = 0
10-08 20:35:32.927  1678  1678 I FaceWidgetPositionAlgorithm: getMediaContainerHeight() supplier = 0
10-08 20:35:32.927  1173  3642 I ActivityManager: Changes in 10047 19 to 5, 0 to 8
10-08 20:35:32.927  1678  1678 I FaceWidgetPositionAlgorithm: getClockContainerHeight() supplier = 270, bottom margin = 0, real height = 333
10-08 20:35:32.927  1678  1678 I FaceWidgetPositionAlgorithm: run() clockX = 0, clockY = 480, clockAlpha = 1.0, stackScrollerPadding(expand=false) = 813, centerAlignClockType = true, iconTypeTranslationY = 792, position List = [Point(0, 480), Point(0, 813), Point(0, 0)], clockContainerHeight = 333, mediaContainerHeight = 0, diffMarginBetweenDetailAndNIO = -21
10-08 20:35:32.927  1678  1678 V SecQsTransitionAnimator: restorePanelView
10-08 20:35:32.927  1678  1678 W NotificationEntryMgr: While running New Pipeline: updateNotifications(reason=CentralSurfaces state changed)
10-08 20:35:32.928  1678  1678 D SecPanelLogger: makeExpandedVisible(force:true) mExpandedVisible:false, panelsEnabled: true
10-08 20:35:32.928  1678  1678 D CentralSurfaces: Received new disable state: enaihbcrsokt.qingr (unchanged)
10-08 20:35:32.928  1678  1678 D SecPanelLogger: makeExpandedVisible(force:false) mExpandedVisible:true, panelsEnabled: true
10-08 20:35:32.928  1678  1678 D KeyguardVisible: go panelState: CLOSED -> OPENING tracking=false, expanded=false, fraction=0.0
10-08 20:35:32.928  1678  1678 D KeyguardVisible: go panelState: OPENING -> OPENING tracking=false, expanded=true, fraction=0.0
10-08 20:35:32.928  1678  1678 D PanelView: shouldPanelBeVisible true / headUpVisible=false, why=-1
10-08 20:35:32.929  1678  1678 D CentralSurfaces: Received new disable state: enaihbcrsokt.qingr (unchanged)
10-08 20:35:32.929  1678  1678 D KeyguardWallpaperController: mWallpaperView.reset()
10-08 20:35:32.929  1678  1678 D DozeScreenState: transitionTo INITIALIZED shouldWaitForTransitionToAodUi : false
10-08 20:35:32.929  1678  1678 D DozeScreenState: setDozeScreenState(1, shouldWaitForTransitionToAodUi = false)
10-08 20:35:32.929  1173  4214 D PowerManagerService: [api] setDozeOverrideFromDreamManager: screenState: OFF mode: 0x10002 screenBrightness: -1 shouldWait: false
10-08 20:35:32.930  1173  4214 D PowerManagerService: [api] acquire WakeLock DOZE_WAKE_LOCK                 'DreamManagerService' (uid=1000 pid=1173 displayId=-1 lock=26eb5d4)
10-08 20:35:32.930  1173  4214 D PowerManagerService: displayReady: false groupId=0
10-08 20:35:32.930  1173  1297 D DisplayPowerController[0]: animateScreenStateChange: target=1, mLogicalDisplay.isEnabled()=true
10-08 20:35:32.930  1173  1297 D PowerManagerService: [PWL] sb acquire: PowerManagerService.Display
10-08 20:35:32.931  1173  1297 D PowerManagerService: displayReady: true groupId=0
10-08 20:35:32.931  1173  1297 D PowerManagerService: [PWL] sb acquire: PowerManagerService.Broadcasts
10-08 20:35:32.931  1173  1173 I WindowManager: Finished going to sleep... (why=OFF_BECAUSE_OF_TIMEOUT)
10-08 20:35:32.931  1678  1678 D DozeService: startAlwaysOnDisplay: mAODPlugin=com.samsung.android.app.aodservice.plugin.PluginAODImpl@324171c unlockedState=true occlude=false screenOffMemoRunning=false bouncerFullyShown=false
10-08 20:35:32.931  1678  1678 I PluginAODImpl: onDreamingStarted()
10-08 20:35:32.931  1678  1678 I AlwaysOnDisplayEx: !@AlwaysOnDisplayEx: onStart hashCode=115231795
10-08 20:35:32.931  1678  1678 I AlwaysOnDisplayEx: updateClockTransitionNeeds = false
10-08 20:35:32.932  1678  1678 I AODCommonSettingsUtils: tap to show enable. return 0 to work as show always : true
10-08 20:35:32.932  1678  1678 I AODCommonSettingsUtils: tap to show enable. return 0 to work as show always : false
10-08 20:35:32.932  1678  1678 I AODCommonUtils: updateLockScreenState
10-08 20:35:32.932  1678  2538 D KeyguardViewMediator: onFinishedGoingToSleep(3)
10-08 20:35:32.932  1173  1297 D PowerManagerService: [PWL] sb release: PowerManagerService.Display
10-08 20:35:32.933  1173  1810 D DARUtil : Device owner status not updated yet...
10-08 20:35:32.933  1173  1810 D DARUtil : Not an enterprise user : 0
10-08 20:35:32.933  1173  1810 D DARUtil : Device owner status not updated yet...
10-08 20:35:32.933  1173  1810 D DARUtil : Not an enterprise user : 0
10-08 20:35:32.934  3767  3767 I ViewRootImpl@398488e[CocktailBarService]: performTraversals params={(0,349)(67x342) gr=TOP RIGHT CENTER sim={adjust=nothing} layoutInDisplayCutoutMode=shortEdges ty=2226 fmt=TRANSPARENT
10-08 20:35:32.934  3767  3767 I ViewRootImpl@398488e[CocktailBarService]:   fl=81800508
10-08 20:35:32.934  3767  3767 I ViewRootImpl@398488e[CocktailBarService]:   pfl=2000050
10-08 20:35:32.934  3767  3767 I ViewRootImpl@398488e[CocktailBarService]:   bhv=SHOW_TRANSIENT_BARS_BY_SWIPE
10-08 20:35:32.934  3767  3767 I ViewRootImpl@398488e[CocktailBarService]:   fitTypes=STATUS_BARS NAVIGATION_BARS CAPTION_BAR
10-08 20:35:32.934  3767  3767 I ViewRootImpl@398488e[CocktailBarService]:  dimAmount=0.0 dimDuration=0 naviIconColor=0
10-08 20:35:32.934  3767  3767 I ViewRootImpl@398488e[CocktailBarService]:   sfl=620000}
10-08 20:35:32.934  1678  1678 I CommonUtils: isNetworkRoaming id=1
10-08 20:35:32.934  1678  1678 I CommonUtils: isNetworkRoaming: false
10-08 20:35:32.934  3767  3767 I ViewRootImpl@398488e[CocktailBarService]: performTraversals mFirst=false windowShouldResize=false viewVisibilityChanged=false mForceNextWindowRelayout=false params={(0,349)(67x342) gr=TOP RIGHT CENTER sim={adjust=nothing} layoutInDisplayCutoutMode=shortEdges ty=2226 fmt=TRANSPARENT
10-08 20:35:32.934  3767  3767 I ViewRootImpl@398488e[CocktailBarService]:   fl=81800508
10-08 20:35:32.934  3767  3767 I ViewRootImpl@398488e[CocktailBarService]:   pfl=2000050
10-08 20:35:32.934  3767  3767 I ViewRootImpl@398488e[CocktailBarService]:   bhv=SHOW_TRANSIENT_BARS_BY_SWIPE
10-08 20:35:32.934  3767  3767 I ViewRootImpl@398488e[CocktailBarService]:   fitTypes=NAVIGATION_BARS CAPTION_BAR
10-08 20:35:32.934  3767  3767 I ViewRootImpl@398488e[CocktailBarService]:  dimAmount=0.0 dimDuration=0 naviIconColor=0
10-08 20:35:32.934  3767  3767 I ViewRootImpl@398488e[CocktailBarService]:   sfl=620000}
10-08 20:35:32.934  1678  1678 I AOD_CONFIG@AODCommonUtils: isMirrorDisplayExist : [NONE]
10-08 20:35:32.934  1678  1678 I CommonUtils: isNetworkRoaming id=1
10-08 20:35:32.934  1678  1678 I CommonUtils: isNetworkRoaming: false
10-08 20:35:32.935  1678  1678 I AODThemeSettingsHelper: getAODSelectedThemeClock = 0
10-08 20:35:32.935  1678  1678 I AOD_CONFIG@AODConfigurationController: registerMonitor MONITOR_CONFIGURATION
10-08 20:35:32.935  1678  1678 I AOD_CONFIG@AODConfigurationController: initialize monitor MONITOR_CONFIGURATION
10-08 20:35:32.935  1678  1678 I AOD_CONFIG@AODConfigurationController: registerMonitor MONITOR_SCHEDULE
10-08 20:35:32.935  1678  1678 I AOD_CONFIG@AODConfigurationController: registerMonitor MONITOR_COVER
10-08 20:35:32.935 27396  6997 I BadgeProvider: query, [selection] : null
10-08 20:35:32.936  1678  1678 D ScoverManager: registerListener
10-08 20:35:32.936  1678  1678 I AOD_CONFIG@AODConfigurationController: initialize monitor MONITOR_COVER
10-08 20:35:32.936  1678  1678 I AOD_CONFIG@AODConfigurationController: registerMonitor MONITOR_DISPLAY
10-08 20:35:32.936  1678  1678 I AOD_CONFIG@AODConfigurationController: registerMonitor - MONITOR_DISPLAY : register to [0]
10-08 20:35:32.936  1678  1678 I AOD_CONFIG@AODConfigurationController: initialize monitor MONITOR_DISPLAY
10-08 20:35:32.936  1678  1678 I AODTriggers: onAODEventDispatched = 2 / eventData = r7.a$d@9fe8377
10-08 20:35:32.936  1678  1678 I AOD_LIVE_CLOCK@LiveClockController: updateDisplayState: DISPLAY_STATE_OFF
10-08 20:35:32.936  1678  1678 I AODTriggers: REASON_DISPLAY_STATE_INITIALIZED DisplayState = 1
10-08 20:35:32.936  1678  1678 I AOD_CONFIG@AODConfigurationController: registerMonitor MONITOR_SETTINGSDB_AODENABLE
10-08 20:35:32.937  1173  1810 V WindowManager: Relayout Window{47ac2bf u0 com.samsung.android.app.cocktailbarservice/com.samsung.android.app.cocktailbarservice.CocktailBarService}: viewVisibility=8 req=67x342 d0
10-08 20:35:32.937  1678  1678 I AOD_CONFIG@AODConfigurationController: registerMonitor MONITOR_BROADCAST_LOCK_TASK_MODE
10-08 20:35:32.939 30668 30668 I Carnival-MainActivity(): ScreenBroadcastReceiver:android.intent.action.SCREEN_OFF
10-08 20:35:32.939 30668 30668 I Carnival-MainActivity(): ScreenBroadcastReceiver:android.intent.action.SCREEN_OFF Try to stop
10-08 20:35:32.940  1173  1810 V WindowManager: Relayout hash=47ac2bf, pid=3767, syncId=-1: mAttrs={(0,349)(67x342) gr=TOP RIGHT CENTER sim={adjust=nothing} layoutInDisplayCutoutMode=shortEdges ty=2226 fmt=TRANSPARENT
10-08 20:35:32.940  1173  1810 V WindowManager:   fl=81800508
10-08 20:35:32.940  1173  1810 V WindowManager:   pfl=2000050
10-08 20:35:32.940  1173  1810 V WindowManager:   bhv=SHOW_TRANSIENT_BARS_BY_SWIPE
10-08 20:35:32.940  1173  1810 V WindowManager:   fitTypes=NAVIGATION_BARS CAPTION_BAR
10-08 20:35:32.940  1173  1810 V WindowManager:  dimAmount=0.0 dimDuration=0 naviIconColor=0
10-08 20:35:32.940  1173  1810 V WindowManager:   sfl=620000}
10-08 20:35:32.941  1678  1678 I AOD_CONFIG@AODConfigurationController: initialize monitor MONITOR_BROADCAST_LOCK_TASK_MODE
10-08 20:35:32.941  1173  1173 D BaseRestrictionMgr: Package: com.facebook.katana, userid: 0, hostingType: broadcast is Restricted by policy: 4 caller is: android
10-08 20:35:32.941  1173  1173 W BroadcastQueue: intent:Intent { act=android.intent.action.SCREEN_OFF flg=0x50200010 (has extras) } is skipped in RestrictedPackage to ProcessRecord{2907775 7995:com.facebook.katana/u0a193}
10-08 20:35:32.941  1678  1678 I AOD_CONFIG@AODConfigurationController: registerMonitor MONITOR_INTENT
10-08 20:35:32.941  1678  1678 I AOD_CONFIG@AODConfigurationController: registerMonitor MONITOR_TAP_TO_SHOW
10-08 20:35:32.942  3767  3767 I ViewRootImpl@398488e[CocktailBarService]: Relayout returned: old=(1013,349,1080,691) new=(1013,349,1080,691) req=(67,342)8 dur=7 res=0x0 s={false 0x0} ch=false seqId=9
10-08 20:35:32.942  3767  3767 I CocktailBarUiController: onCocktailBarStateChanged: flag=0x1 vis=2 bgType= showTimeout=-1 activate=true
10-08 20:35:32.943  1678  1678 I AOD_CONFIG@AODConfigurationController: registerMonitor MONITOR_NEW_NOTI
10-08 20:35:32.943  1678  1678 I AOD_CONFIG@AODConfigurationController: registerMonitor: SHOW FOR NEW NOTI is disabled
10-08 20:35:32.943  1678  1678 I AOD_CONFIG@AODConfigurationController: registerMonitor MONITOR_SETTINGDB_DENSITY
10-08 20:35:32.945  2080  2353 I BadgeCache: reloadBadge size : 0
10-08 20:35:32.945  1678  1678 I AODCommonUtils: isDesktopModeEnabled : desktopModeState = SemDesktopModeState(DISABLED, STATE_UNDEFINED, DISPLAY_TYPE_NONE)
10-08 20:35:32.946  1173  1475 D SensorService: setSContextDataLocked ints length 2 , byte length 4
10-08 20:35:32.946  1173  1475 D SensorService: setSContextDataLocked f20047c1
10-08 20:35:32.946   770   770 D Sensors : c1 47 00 f2  
10-08 20:35:32.946   770   770 E Sensors : inject_scontext_data: New ssp_data_injection_fd(42)
10-08 20:35:32.946  1173  1477 D MotionRecognitionService: Receiver: ACTION_SCREEN_OFF
10-08 20:35:32.946  1678  1678 I ClockInfoManager: isClockFaceType: type = 2 clockFaceType = 0
10-08 20:35:32.947  1678  1678 I AODThemeSettingsHelper: getAODSelectedThemeClock = 0
10-08 20:35:32.947  1678  1678 I AOD_CONFIG@AODConfigurationController: not applied theme clock
10-08 20:35:32.947  1678  1678 I ClockInfoManager: isClockFaceType: type = 2 clockFaceType = 0
10-08 20:35:32.947  1678  1678 I ClockInfoManager: isClockFaceType: type = 2 clockFaceType = 0
10-08 20:35:32.947  1678  1678 I CommonUtils: isNetworkRoaming id=1
10-08 20:35:32.947  1678  1678 I CommonUtils: isNetworkRoaming: false
10-08 20:35:32.947  1678  1678 I CommonUtils: isNetworkRoaming id=1
10-08 20:35:32.947  1678  1678 I CommonUtils: isNetworkRoaming: false
10-08 20:35:32.947  1678  1678 I AODThemeSettingsHelper: getAODSelectedThemeClock = 0
10-08 20:35:32.947  1678  1678 I AlwaysOnDisplayEx: startAOD: AODServicePolicy :null, mIsRestricted = false, mIsEnabled = false, mReason = AOD OFF
10-08 20:35:32.947  1678  1678 I AOD_LIVE_CLOCK@LiveClockController: init
10-08 20:35:32.947  1678  1678 I MODManager: register Listener=115231795
10-08 20:35:32.948  1173  1477 D MotionRecognitionService: SCREEN_OFF: setAccIntStatus
10-08 20:35:32.948  1173  1477 D MotionRecognitionService: SCREEN_OFF END
10-08 20:35:32.948  1173  3642 D EdgeLightingListenerManager: register : pkg = com.samsung.android.app.aodservice, mListeners = 0
10-08 20:35:32.948  1173  1477 D MotionRecognitionService: Not supported calibratedLux type sensor [3]
10-08 20:35:32.948  1173  3642 D AODManagerService: registerAODDozeCallbackInternal
10-08 20:35:32.948  1173  1173 E PocketModeEvent: PocketModeSetting is off 
10-08 20:35:32.949   770   770 D Sensors : SContext Data Injection return 4
10-08 20:35:32.949  1173  1474 I CAE     : handleMessage(CaPowerManager.java:285) - SCREEN_OFF_INTENT
10-08 20:35:32.950  1678  1678 I MODManager: registerFingerprintListener
10-08 20:35:32.950  1173  1810 D FingerprintService.Ext: registerAodController: 1678
10-08 20:35:32.951  1678  1678 I DozeMachine: transition: old=INITIALIZED req=DOZE new=DOZE
10-08 20:35:32.951  1173  1173 I InputMethodManagerService: Calling com.android.server.inputmethod.IInputMethodInvoker@443a1fc.hideSoftInput(0, android.os.Binder@8923d17, null) for reason: HIDE_SCREEN_OFF_SECURE_LOCK_SCREEN_STATE
10-08 20:35:32.951  1678  1678 D KeyguardUpdateMonitor: handleDreamingStateChanged() dreaming : false -> true, screen saver : false -> false
10-08 20:35:32.951  1678  1678 D KeyguardFingerprint: shouldListenForFingerprint ( isFingerprintEnabled = true , mKeyguardIsVisible = false , mDeviceInteractive = false , mBouncerIsOrWillBeShowing = false , mBouncerFullyShown = false , mGoingToSleep = true , mSwitchingUser = false , mIsDreamingForBiometrics = true , mKeyguardUnlocking = false , mKeyguardGoingAway = false , mKeyguardShowing = false , mKeyguardOccluded = false , mSystemReady = true , mHasFocus = false
10-08 20:35:32.951  4675  4675 I InputMethod: hideSoftInput(), flags : 0
10-08 20:35:32.951  4675  4675 I HBD     : HoneyBoardService onWindowHidden 
10-08 20:35:32.951  4675  4675 I HBD     : HoneyBoardService [PF_CL][onWindowHidden]  0 ms 
10-08 20:35:32.952  1678  1678 D KeyguardFingerprint: updateFingerprintListeningState#mFingerprintRunningState=1 shouldListenForFingerprint=true isUdfpsEnrolled=false bioType : 1
10-08 20:35:32.952  4675  4675 I DecorView: notifyKeepScreenOnChanged: keepScreenOn=false
10-08 20:35:32.952  1678  1678 D FaceWidgetContainerObserver: onChanged() FaceWidgetContainerLiveData{mIsContainerVisible=true, mClipLayoutVisibility=0, mRotation=0, mIsOwnerVisible=0, mOwnerInfoGravity=17, mAdditionalInfoGravity=17, mClockSideStartPadding=63, mClockSideEndPadding=63, mMusicSideStartPadding=30, mMusicSideEndPadding=30, mInfoSideStartPadding=63, mInfoSideEndPadding=63, mClipLayoutWidth = -1, mIsUpdateOwnerInfoText=true, mAdditionalInfoRemoteView=null, mHasCMAS=false, mIsAdditionalViewGoingToSleep=false, mConfig=CustomConfiguration{fontScale=1.0, screenLayout=268435810, orientation=1, screenWidthDp=411, screenHeightDp=838, smallestScreenWidthDp=411, densityDpi=420, uiMode=33, isRTL=false, mConfiguration={1.0 639mcc2mnc [en_GB] ldltr sw411dp w411dp h838dp 420dpi nrml long port night finger -keyb/v/h -nav/h winConfig={ mBounds=Rect(0, 0 - 1080, 2400) mAppBounds=Rect(0, 74 - 1080, 2274) mMaxBounds=Rect(0, 0 - 1080, 2400) mDisplayRotation=ROTATION_0 mWindowingMode=fullscreen mDisplayWindowingMode=fullscreen mActivityType=undefined mAlwaysOnTop=undefined mRotation=ROTATION_0 mPopOver=undefined mStageConfig=undefined mFreeformTaskPinningState=undefined mFreeformStashState=undefined mDexTaskDockingState=undefined} s.650 fontWeightAdjustment=0 ff=0 bf=0 bts=0 desktop/d dm/n ?dc ?dcui themeSeq=0 nightDim=0}}}
10-08 20:35:32.952  1678  1678 D FaceWidgetPagesController: onGravityChanged()
10-08 20:35:32.952  1678  1678 D FaceWidgetClockPage: setClockGravity() gravity = 49
10-08 20:35:32.953  3767  3767 I CocktailBarUiHandler: onReceive: action = ResponseAxT9Info sipVisibility = 0
10-08 20:35:32.954  1173  1173 I InputMethodBindingController: setCurrentMethodNotVisible: mVisibleBound=true, mHasConnection=true, caller = com.android.server.inputmethod.InputMethodManagerService.hideCurrentInputLocked:4356 com.android.server.inputmethod.InputMethodManagerService$ScreenOffReceiver.onReceive:7554 android.app.LoadedApk$ReceiverDispatcher$Args.lambda$getRunnable$0$android-app-LoadedApk$ReceiverDispatcher$Args:1919 android.app.LoadedApk$ReceiverDispatcher$Args$$ExternalSyntheticLambda0.run:2 android.os.Handler.handleCallback:942 android.os.Handler.dispatchMessage:99 android.os.Looper.loopOnce:226 android.os.Looper.loop:313 com.android.server.SystemServer.run:1346 com.android.server.SystemServer.main:989 
10-08 20:35:32.954  1173  1173 D InputMethodBindingController: unbindVisibleConnection mVisibleConnection : com.android.server.inputmethod.InputMethodBindingController$1@1dee182
10-08 20:35:32.955  1173  1173 I ActivityManager: Changes in 10208 5 to 7, 15 to 0
10-08 20:35:32.956   971  1840 I CameraService: onUidStateChanged: uid=10208, procState is changed. (5 -> 7)
10-08 20:35:32.956 17722 17736 W System  : A resource failed to call ContentProviderClient.close. 
10-08 20:35:32.957  1173  1810 D InputMethodManagerService: isImeSwitcherDisabledPackage : false
10-08 20:35:32.958  1173  1810 I InputMethodManagerService: setImeWindowStatus: vis=0, backDisposition=0
10-08 20:35:32.958 17722 17736 W System  : A resource failed to call ContentProviderClient.close. 
10-08 20:35:32.958 17722 17736 W System  : A resource failed to call ContentProviderClient.close. 
10-08 20:35:32.958  1173  1810 I InputMethodManagerService: applyImeVisibility: setVisible=false, IsClientNull=false
10-08 20:35:32.958 17722 17722 I ORC/WindowInsetsAnimation: onPrepare
10-08 20:35:32.959  1678  1678 D PluginInstanceManager: stopListening
10-08 20:35:32.960  1678  1678 D KeyguardVisible: visibilityChanged 4 -> 0
10-08 20:35:32.960  1678  1678 D SecPanelConfigurationBellTower: onWindowViewVisibilityChanged (cSeq.650 : vSeq.650) dState(dW:1080, dH:2400) rPicker(pW:1080, pH:2137, adH:2137, cH:74, nbH:126) Rotation(0, c:0, v:0) 
10-08 20:35:32.961  1678  2538 I ViewRootImpl@f3dc5c7[StatusBar]: Resizing android.view.ViewRootImpl@346f763: frame = [0,0][1080,74] reportDraw = true forceLayout = false syncSeqId = 5
10-08 20:35:32.961  1678  2546 I ViewRootImpl@6d60797[NavigationBar0]: Resizing android.view.ViewRootImpl@3c3ddf0: frame = [0,2274][1080,2400] reportDraw = true forceLayout = false syncSeqId = 6
10-08 20:35:32.964  1678  1678 I ViewRootImpl@77e2bcf[NotificationShade]: performTraversals params={(0,0)(fillxfill) gr=TOP CENTER_VERTICAL sim={adjust=resize} layoutInDisplayCutoutMode=always ty=NOTIFICATION_SHADE fmt=TRANSLUCENT or=SCREEN_ORIENTATION_NOSENSOR
10-08 20:35:32.964  1678  1678 I ViewRootImpl@77e2bcf[NotificationShade]:   fl=81840048
10-08 20:35:32.964  1678  1678 I ViewRootImpl@77e2bcf[NotificationShade]:   pfl=1a000000
10-08 20:35:32.964  1678  1678 I ViewRootImpl@77e2bcf[NotificationShade]:   bhv=SHOW_TRANSIENT_BARS_BY_SWIPE
10-08 20:35:32.964  1678  1678 I ViewRootImpl@77e2bcf[NotificationShade]:  dimAmount=0.0 naviIconColor=0
10-08 20:35:32.964  1678  1678 I ViewRootImpl@77e2bcf[NotificationShade]:   sfl=40000}
10-08 20:35:32.964  1678  1678 I ViewRootImpl@77e2bcf[NotificationShade]: performTraversals mFirst=false windowShouldResize=false viewVisibilityChanged=true mForceNextWindowRelayout=false params={(0,0)(fillxfill) gr=TOP CENTER_VERTICAL sim={adjust=resize} layoutInDisplayCutoutMode=always ty=NOTIFICATION_SHADE fmt=TRANSLUCENT or=SCREEN_ORIENTATION_NOSENSOR
10-08 20:35:32.964  1678  1678 I ViewRootImpl@77e2bcf[NotificationShade]:   fl=81840048
10-08 20:35:32.964  1678  1678 I ViewRootImpl@77e2bcf[NotificationShade]:   pfl=1a000000
10-08 20:35:32.964  1678  1678 I ViewRootImpl@77e2bcf[NotificationShade]:   bhv=SHOW_TRANSIENT_BARS_BY_SWIPE
10-08 20:35:32.964  1678  1678 I ViewRootImpl@77e2bcf[NotificationShade]:  dimAmount=0.0 naviIconColor=0
10-08 20:35:32.964  1678  1678 I ViewRootImpl@77e2bcf[NotificationShade]:   sfl=40000}
10-08 20:35:32.964  1173  3642 V WindowManager: Relayout Window{9232ea3 u0 NotificationShade}: viewVisibility=0 req=1080x2400 d0
10-08 20:35:32.964  1173  3642 D RestrictionPolicy: isScreenCaptureEnabled : ret=true userId=0
10-08 20:35:32.965   846   879 I SurfaceFlinger: id=31356 createSurf flag=40004, NotificationShade$_1678#31356
10-08 20:35:32.965  1173  3642 D WindowManager: makeSurface duration=0 name=NotificationShade$_1678
10-08 20:35:32.966  1173  1173 D PowerManagerService: [api] setScreenDimDurationOverrideFromSqdInternal: mScreenDimDurationOverrideFromSQD: -1
10-08 20:35:32.966  1173  3642 V WindowManager: rotationForOrientation(orient=SCREEN_ORIENTATION_NOSENSOR (5), last=ROTATION_0 (0)); user=ROTATION_0 (0) USER_ROTATION_LOCKED
10-08 20:35:32.967  1173  3642 D WindowManager: rotationForOrientation, orientationSource=Window{9232ea3 u0 NotificationShade}
10-08 20:35:32.967  1173  3642 V WindowManager: Computed rotation=ROTATION_0 (0) for display id=0 based on lastOrientation=SCREEN_ORIENTATION_NOSENSOR (5) and oldRotation=ROTATION_0 (0), caller=com.android.server.wm.DisplayRotation.updateOrientation:414 com.android.server.wm.DisplayContent.updateOrientation:1990 com.android.server.wm.DisplayContent.updateOrientation:1872 com.android.server.wm.WindowManagerService.relayoutWindow:2851 com.android.server.wm.Session.relayout:274 android.view.IWindowSession$Stub.onTransact:779 
10-08 20:35:32.967  1173  3642 V WindowManager: Relayout hash=9232ea3, pid=1678, syncId=-1: mAttrs={(0,0)(fillxfill) gr=TOP CENTER_VERTICAL sim={adjust=resize} layoutInDisplayCutoutMode=always ty=NOTIFICATION_SHADE fmt=TRANSLUCENT or=SCREEN_ORIENTATION_NOSENSOR
10-08 20:35:32.967  1173  3642 V WindowManager:   fl=81840048
10-08 20:35:32.967  1173  3642 V WindowManager:   pfl=1a000000
10-08 20:35:32.967  1173  3642 V WindowManager:   bhv=SHOW_TRANSIENT_BARS_BY_SWIPE
10-08 20:35:32.967  1173  3642 V WindowManager:  dimAmount=0.0 naviIconColor=0
10-08 20:35:32.967  1173  3642 V WindowManager:   sfl=40000}
10-08 20:35:32.968  1173  1173 D SmartAlertController: ACTION_SCREEN_OFF
10-08 20:35:32.968  1678  1678 I ViewRootImpl@77e2bcf[NotificationShade]: updateBlastSurfaceIfNeeded mBlastBufferQueue=null isSameSurfaceControl=false
10-08 20:35:32.969  1678  1678 I BLASTBufferQueue: new BLASTBufferQueue, mName= ViewRootImpl@77e2bcf[NotificationShade] mNativeObject= 0x73847d7a70 sc.mNativeObject= 0x7314885450 caller= android.view.ViewRootImpl.updateBlastSurfaceIfNeeded:2909 android.view.ViewRootImpl.relayoutWindow:9847 android.view.ViewRootImpl.performTraversals:3884 android.view.ViewRootImpl.doTraversal:3116 android.view.ViewRootImpl$TraversalRunnable.run:10885 android.view.Choreographer$CallbackRecord.run:1301 android.view.Choreographer$CallbackRecord.run:1309 android.view.Choreographer.doCallbacks:923 android.view.Choreographer.doFrame:852 android.view.Choreographer$FrameDisplayEventReceiver.run:1283 
10-08 20:35:32.969  1678  1678 I BLASTBufferQueue: update, w= 1080 h= 2400 mName = ViewRootImpl@77e2bcf[NotificationShade] mNativeObject= 0x73847d7a70 sc.mNativeObject= 0x7314885450 format= -3 caller= android.graphics.BLASTBufferQueue.<init>:84 android.view.ViewRootImpl.updateBlastSurfaceIfNeeded:2909 android.view.ViewRootImpl.relayoutWindow:9847 android.view.ViewRootImpl.performTraversals:3884 android.view.ViewRootImpl.doTraversal:3116 android.view.ViewRootImpl$TraversalRunnable.run:10885 
10-08 20:35:32.969  1678  1678 I ViewRootImpl@77e2bcf[NotificationShade]: Relayout returned: old=(0,0,1080,2400) new=(0,0,1080,2400) req=(1080,2400)0 dur=4 res=0x3 s={true 0x74148ff530} ch=true seqId=1
10-08 20:35:32.970   755  1363 D audio_hw_primary: device-adev_set_parameters: enter with key(screen_state=off)
10-08 20:35:32.970  1678  1678 I ViewRootImpl@77e2bcf[NotificationShade]: mThreadedRenderer.initialize() mSurface={isValid=true 0x74148ff530} hwInitialized=true
10-08 20:35:32.970   755  1363 D audio_hw_proxy_9830: proxy-proxy_set_parameters: Screen State = off state configured)
10-08 20:35:32.970   755  1363 I audio_hw_primary: device-adev_set_parameters: Screen State = off)
10-08 20:35:32.970   755  1363 I audio_hw_primary_odm: odm_adev_set_parameters: enter with key()
10-08 20:35:32.970   755  1363 I Audio_a2dpsink_hw: adev_set_parameters: kevpairs=[screen_state=off]
10-08 20:35:32.970  1678  1742 D OpenGLRenderer: eglCreateWindowSurface
10-08 20:35:32.971  1678  1678 I FaceWidgetPositionAlgorithm: setup() mStatusBarHeight = 74, mDarkAmount = 1.0, mQsTopPadding = 813, notificationStackHeight = 53, mPanelExpansion = 0.0, mHeight = 2400, mFaceWidgetContainerHeight = 333, mCurrentClockType = 2, notificationType = 1, hasVisibleNotifs = false
10-08 20:35:32.971  1678  1678 I FaceWidgetPositionAlgorithm: getClockContainerHeight() supplier = 270, bottom margin = 63, real height = 333
10-08 20:35:32.971  1678  1678 I FaceWidgetPositionAlgorithm: getMediaContainerHeight() height = 456 container Visibility = 8, isValid = true, mIsDozing = true, fraction = 1.0, source = 0, target = 0
10-08 20:35:32.971  1678  1678 I FaceWidgetPositionAlgorithm: getMediaContainerHeight() supplier = 0
10-08 20:35:32.971  1678  1678 I FaceWidgetPositionAlgorithm: getClockContainerHeight() supplier = 270, bottom margin = 0, real height = 333
10-08 20:35:32.971   762   790 D gralloc : [mali_gralloc_allocate] begin
10-08 20:35:32.971   762   790 D gralloc : buffer_descriptor: wh(1080 2400) usage_pc(0x40000000000b00 0x40000000000b00) hal_format(0x1) layer_count(1) sizes(0 0 0) strde(0) byte_stride(0) alloc_wh(0 0) internal_format(0x0) alloc_format(0x0) fd_count(1) plane_count(0)
10-08 20:35:32.971  1678  1678 V QsExpandAnimator: setQsExpansionPosition 0.0
10-08 20:35:32.971  1678  1678 I FaceWidgetPositionAlgorithm: getClockContainerHeight() supplier = 270, bottom margin = 63, real height = 333
10-08 20:35:32.971  1678  1678 I FaceWidgetPositionAlgorithm: getMediaContainerHeight() height = 456 container Visibility = 8, isValid = true, mIsDozing = true, fraction = 1.0, source = 0, target = 0
10-08 20:35:32.971  1678  1678 I FaceWidgetPositionAlgorithm: getMediaContainerHeight() supplier = 0
10-08 20:35:32.971  1678  1678 I FaceWidgetPositionAlgorithm: getClockContainerHeight() supplier = 270, bottom margin = 0, real height = 333
10-08 20:35:32.972  1678  1678 D CentralSurfaces: Received new disable state: enaihbcrsokt.qingr (unchanged)
10-08 20:35:32.972  1173  1590 V WifiProfileShare: screen off
10-08 20:35:32.972  1173  1612 D WifiConnectivityMonitor: Fetch Detect Mode : 1
10-08 20:35:32.972  1678  1678 I FaceWidgetPositionAlgorithm: getClockContainerHeight() supplier = 270, bottom margin = 63, real height = 333
10-08 20:35:32.972  1678  1678 I FaceWidgetPositionAlgorithm: getMediaContainerHeight() height = 456 container Visibility = 8, isValid = true, mIsDozing = true, fraction = 1.0, source = 0, target = 0
10-08 20:35:32.972  1173  1612 I WifiConnectivityMonitor: disable setMonitorEnabled by EVENT_SCREEN_OFF
10-08 20:35:32.972  1678  1678 I FaceWidgetPositionAlgorithm: getMediaContainerHeight() supplier = 0
10-08 20:35:32.972  1173  1590 D SemWifiApSmartBleScanner: Screen is OFF, restarting scanning
10-08 20:35:32.972  1678  1678 I FaceWidgetPositionAlgorithm: getClockContainerHeight() supplier = 270, bottom margin = 0, real height = 333
10-08 20:35:32.972  1173  1590 D SemWifiApSmartClient: LCD is OFF,so stop client advertize
10-08 20:35:32.972  1173  1590 D SemWifiApPowerSaveImpl: Lcd OFF
10-08 20:35:32.972  1173  1590 D SemWifiApPowerSaveImpl: sendMessage cmd: POWER_STATE_MACHINE_STATE_COMMANDS
10-08 20:35:32.973  1173  1590 D SemWifiP2pGoPowerSave: handleScreenState: false
10-08 20:35:32.973  1173  2576 I BluetoothAdapter: STATE_ON
10-08 20:35:32.973  1173  2576 D BluetoothLeScanner: Stop Scan with callback
10-08 20:35:32.973  1173  1608 D SemWifiTransportLayerMonitor.TcpMonitorHandler: MSG_SAVE_FILES
10-08 20:35:32.973  1173  1608 D SemWifiTransportLayerFileManager: saveWifiPackageInfoToFile
10-08 20:35:32.973  1173  1608 D SemWifiTransportLayerFileManager: writeWifiPackageInfoList
10-08 20:35:32.974   762   790 D gralloc : [mali_gralloc_allocate] allocation successful
10-08 20:35:32.974   762   790 D gralloc : [mali_gralloc_allocate] begin
10-08 20:35:32.975   762   790 D gralloc : buffer_descriptor: wh(1080 2400) usage_pc(0x40000000000b00 0x40000000000b00) hal_format(0x1) layer_count(1) sizes(0 0 0) strde(0) byte_stride(0) alloc_wh(0 0) internal_format(0x0) alloc_format(0x0) fd_count(1) plane_count(0)
10-08 20:35:32.975  1173  1173 I PersonaManagerService: UserReceiver.onReceive() {action:android.intent.action.SCREEN_OFF userHandle:-1}
10-08 20:35:32.976  1173  1608 D SemWifiTransportLayerFileManager: saveWifiApInfoToFile
10-08 20:35:32.976 17722 17722 I ORC/Setting: getEnableSupportSplitMode() smallest screen width : 411
10-08 20:35:32.976  1173  1608 D SemWifiTransportLayerFileManager: writeWifiApInfoList
10-08 20:35:32.976 17722 17722 I ORC/AppWindowManager: softInputMode = 51
10-08 20:35:32.976 17722 17722 I ORC/AppWindowManager: rootView = true, contentView = true
10-08 20:35:32.976 17722 17722 I ORC/AppWindowManager: isMultiWindowMode = false, isCurrentSplit = false
10-08 20:35:32.977  1173  1608 D SemWifiTransportLayerFileManager: saveSwitchEnabledUidListToFile
10-08 20:35:32.977  1173  1608 D SemWifiTransportLayerFileManager: writeSwitchEnabledUidInfoList - 
10-08 20:35:32.977  1173  1608 D SemWifiTransportLayerFileManager: writeSwitchEnabledUidInfoList - 
10-08 20:35:32.977   762   790 D gralloc : [mali_gralloc_allocate] allocation successful
10-08 20:35:32.978 17722 17722 I ORC/AppWindowManager: contentViewApplyWindowInsetListener
10-08 20:35:32.978  1173  1173 D AdaptiveBrightnessLongtermModelBuilder: Received android.intent.action.SCREEN_OFF
10-08 20:35:32.978 17722 17722 I ORC/Setting: getEnableSupportSplitMode() smallest screen width : 411
10-08 20:35:32.978  1173  2669 D WifiProfileShare.Caster: stop caster
10-08 20:35:32.978  1173  2669 D WifiProfileShare.McfCast: -ME--- stopScan
10-08 20:35:32.978  1173  2669 I [MCFSDK_android_1.2.4010]_4_b: stopScan - 
10-08 20:35:32.978  1173  1612 I SemWifiEleStateTracker: setMonitorEnabled : false
10-08 20:35:32.978  1173  1612 I SemWifiEleStateTracker: mMonitorEnabled false
10-08 20:35:32.978  1173  2669 D WifiProfileShare.McfCast: -ME--- unregisterPilotScan !!
10-08 20:35:32.978  1173  2669 I [MCFSDK_android_1.2.4010]_4_b: unregisterAdvertiseData - 
10-08 20:35:32.979 16947 16947 I [MCFServer]_CasterManager: stopScan - bleSID = 0x40000
10-08 20:35:32.979 16947 16947 I [MCFServer]_ScanCallback: onDiscoveryStopped - publish to 0x0
10-08 20:35:32.979 16947 16947 I [MCFServer]_BleScanner(Caster): stopScan - stop
10-08 20:35:32.979 16947 16947 I BluetoothAdapter: STATE_ON
10-08 20:35:32.979  1173  1552 D LocationManagerService: screen interactive is now false
10-08 20:35:32.980 17722 17722 I ORC/WindowInsetsAnimation: onStart
10-08 20:35:32.980 17722 17722 I ORC/InputMethodUtil: isIMEShown = false
10-08 20:35:32.980  6153 20231 D ActivityAttributionService: notifyActivityAttributionInfo UID=1002 packageName=com.android.bluetooth deviceAddress=no_active_device_address
10-08 20:35:32.980  6153 11681 D ActivityAttributionService: notifyActivityAttributionInfo UID=1002 packageName=com.android.bluetooth deviceAddress=no_active_device_address
10-08 20:35:32.980  6153  6636 I bt_stack: [INFO:le_scanning_manager.cc(198)] ScanFilterParamSetup in shim layer
10-08 20:35:32.981  1173  1644 V WifiAwareStateManager: WaitState{ when=0 what=1 arg1=120 target=com.android.wifi.x.com.android.internal.util.StateMachine$SmHandler }
10-08 20:35:32.981  1173  1644 V WifiAwareStateManager: processCommand: msg={ when=0 what=1 arg1=120 target=com.android.wifi.x.com.android.internal.util.StateMachine$SmHandler }
10-08 20:35:32.981  1173  1644 V WifiAwareStateManager: reconfigureLocal(): transactionId=995
10-08 20:35:32.981  4675  4675 I ViewRootImpl@1effe70[InputMethod]: performTraversals params={(0,0)(fillxfill) gr=BOTTOM CENTER_VERTICAL sim={adjust=pan} ty=INPUT_METHOD fmt=TRANSPARENT wanim=0x7f1301aa preferredMinDisplayRefreshRate=60.0 receive insets ignoring z-order
10-08 20:35:32.981  4675  4675 I ViewRootImpl@1effe70[InputMethod]:   fl=81800108
10-08 20:35:32.981  4675  4675 I ViewRootImpl@1effe70[InputMethod]:   pfl=12000000
10-08 20:35:32.981  4675  4675 I ViewRootImpl@1effe70[InputMethod]:   bhv=DEFAULT
10-08 20:35:32.981  4675  4675 I ViewRootImpl@1effe70[InputMethod]:   fitTypes=STATUS_BARS NAVIGATION_BARS
10-08 20:35:32.981  4675  4675 I ViewRootImpl@1effe70[InputMethod]:   fitSides=LEFT TOP RIGHT
10-08 20:35:32.981  4675  4675 I ViewRootImpl@1effe70[InputMethod]:   fitIgnoreVis dimDuration=150 naviIconColor=0}
10-08 20:35:32.981  6153  6636 I bt_stack: [INFO:le_scanning_manager.cc(178)] Scan in shim layer stopped
10-08 20:35:32.981  6153  7276 W bt_stack: le_address_manager :: scan() - Unregister
10-08 20:35:32.981  6153  7276 W bt_stack: Stop LeSetExtendedScan
10-08 20:35:32.981 17722 17722 I ORC/WindowInsetsAnimation: onProgress
10-08 20:35:32.981 17722 17722 I ORC/WindowInsetsAnimation: setBottomPadding, 865
10-08 20:35:32.981  1173  1612 I WifiConnectivityMonitor: current mode : 3
10-08 20:35:32.981  1173  1612 D SemWifiEleStateTracker: pedometer.getCurrentTotalStepCnt() : 162
10-08 20:35:32.981  1173  1612 I SemWifiEleStateTracker: resetEleParameters
10-08 20:35:32.981  1173  1612 D WifiConnectivityMonitor: MultiNetwork : false || false
10-08 20:35:32.981  1173  1612 D WifiConnectivityMonitor: MultiNetwork legacy (1000) false
10-08 20:35:32.981  1173  1612 D WifiConnectivityMonitor: validationBlock : false
10-08 20:35:32.981 17722 17722 I ORC/Setting: getEnableSupportSplitMode() smallest screen width : 411
10-08 20:35:32.982  1173  1615 D SemWifiRssiBasePoller: RSSI_BASE_STOP
10-08 20:35:32.982  6153  6636 I bt_stack: [INFO:le_scanning_manager.cc(312)] SetScanParameters with scanning phys in shim layer: phy_cnt=1
10-08 20:35:32.982  6153  6636 I bt_stack: [INFO:le_scanning_manager.cc(318)] SetScanParameters: scan_type=1, scan_interval=4992, scan_window=256
10-08 20:35:32.982  6153  6636 I bt_stack: [INFO:le_scanning_manager.cc(178)] Scan in shim layer started
10-08 20:35:32.982  1173  2669 V WifiProfileShare.Caster: clear all confirm history
10-08 20:35:32.982  1173  2669 V WifiProfileShare.MCF: clearUserConfirmHistory 
10-08 20:35:32.982  6153  7276 W bt_stack: Start LeSetExtendedScan
10-08 20:35:32.982  6153  7276 W bt_stack: register_client :: client registered!!!
10-08 20:35:32.982  6153 20231 D BtGatt.ContextMap: remove() - id: 4
10-08 20:35:32.982  6153 20231 E BtGatt.ContextMap: remove() - removed: 4
10-08 20:35:32.983  6153 20231 I bt_stack: [INFO:le_scanning_manager.cc(172)] Unregister in shim layer, scanner_id:4
10-08 20:35:32.984  4675  4675 I ViewRootImpl@1effe70[InputMethod]: performTraversals mFirst=false windowShouldResize=false viewVisibilityChanged=false mForceNextWindowRelayout=false params={(0,0)(fillxfill) gr=BOTTOM CENTER_VERTICAL sim={adjust=pan} ty=INPUT_METHOD fmt=TRANSPARENT wanim=0x7f1301aa preferredMinDisplayRefreshRate=60.0 receive insets ignoring z-order
10-08 20:35:32.984  4675  4675 I ViewRootImpl@1effe70[InputMethod]:   fl=81800108
10-08 20:35:32.984  4675  4675 I ViewRootImpl@1effe70[InputMethod]:   pfl=12000000
10-08 20:35:32.984  4675  4675 I ViewRootImpl@1effe70[InputMethod]:   bhv=DEFAULT
10-08 20:35:32.984  4675  4675 I ViewRootImpl@1effe70[InputMethod]:   fitTypes=STATUS_BARS NAVIGATION_BARS
10-08 20:35:32.984  4675  4675 I ViewRootImpl@1effe70[InputMethod]:   fitSides=LEFT TOP RIGHT
10-08 20:35:32.984  4675  4675 I ViewRootImpl@1effe70[InputMethod]:   fitIgnoreVis dimDuration=150 naviIconColor=0}
10-08 20:35:32.984 16947 16947 I [MCFServer]_CasterManager: unregisterAdvertiseData - stop adv, bleSID from cb(0x4)
10-08 20:35:32.984 16947 16947 I [MCFServer]_CasterManager: unregisterAdvertiseData - stop scan, bleSID from cb(0x0)
10-08 20:35:32.984 16947 16947 I [MCFServer]_ScanCallback: onDiscoveryStopped - publish to 0x0
10-08 20:35:32.984  1173  1897 V WindowManager: Relayout Window{a7ad32f u0 InputMethod}: viewVisibility=0 req=1080x2326 d0
10-08 20:35:32.984  6153  6636 I bt_stack: [INFO:le_scanning_manager.cc(198)] ScanFilterParamSetup in shim layer
10-08 20:35:32.985  6153  6697 E BtGatt.GattService: [GSIM LOG]: gsimLogHandler, msg: MESSAGE_SCAN_STOP, appName: com.samsung.android.mcfserver, scannerId: 4, reportDelayMillis=0
10-08 20:35:32.985  1678  1678 D SecQSFragmentAnimator_QSCinema: [panelExpanded:true] qsExpanded:false, qsFullyExpanded:false, qsExpansionPosition:0, qsExpandImmediate:false, qsCollapsingWhilePanelClosing:false &&&  panelExpansionFraction:0, panelExpansionDragDownPxAmount:0 ***   panelExpanded:false, panelExpanding:false %%%   barState:1, overScrolling:false, userId:-1, isRunningPanelOnHeightAnimation:false
10-08 20:35:32.985  6153  6636 I bt_stack: [INFO:le_scanning_manager.cc(178)] Scan in shim layer stopped
10-08 20:35:32.985  1678  1678 D KeyguardVisible: go panelState: OPENING -> OPEN tracking=false, expanded=true, fraction=0.0
10-08 20:35:32.985  6153 11681 D BtGatt.ContextMap: remove() - id: 5
10-08 20:35:32.985  6153  6636 I bt_stack: [INFO:le_scanning_manager.cc(312)] SetScanParameters with scanning phys in shim layer: phy_cnt=1
10-08 20:35:32.985  6153 11681 E BtGatt.ContextMap: remove() - removed: 5
10-08 20:35:32.985  6153  7276 W bt_stack: le_address_manager :: scan() - Unregister
10-08 20:35:32.985  6153  7276 W bt_stack: Stop LeSetExtendedScan
10-08 20:35:32.985  6153 11681 I bt_stack: [INFO:le_scanning_manager.cc(172)] Unregister in shim layer, scanner_id:5
10-08 20:35:32.985  1678  1678 D SecQpScrimControlHelper:  secVisible?false (scrimState:AOD) (1stFrc:1, 2ndFrc:0, drgDown:0, PanelEx:false)   (dlyGed:0, dlySec:0)   [N(0.4|ff000000)-B(0|ff000000)]   (expanded:true, tracking:false, qsBottomVisible:false)   thm(a:1, rtEnabled:false) park(panel_on?false)   kgd(fw:false, gw:false, ocl:false)   (assetsSeq:0, themeSeq:0, uiMode:33)   GED[F(1|ff000000)-N(0|0)-B(1,|ff000000)-Duration:600], caller:onPanelExpansionChanged()
10-08 20:35:32.986  1678  1678 D SecQpScrimView sec_qp_scrim_notifications: setViewAlpha(0.00 >> 0.40)
10-08 20:35:32.986  1678  1678 D SecQSFragmentAnimator_QSCinema: [panelExpansionFraction:1] qsExpanded:false, qsFullyExpanded:false, qsExpansionPosition:0, qsExpandImmediate:false, qsCollapsingWhilePanelClosing:false &&&  panelExpansionFraction:0, panelExpansionDragDownPxAmount:0 ***   panelExpanded:true, panelExpanding:false %%%   barState:1, overScrolling:false, userId:-1, isRunningPanelOnHeightAnimation:false
10-08 20:35:32.986  6153  7276 W bt_stack: Received command complete with op_code LE_SET_RANDOM_ADDRESS
10-08 20:35:32.986  1678  1678 D SecQSFragmentAnimator_QSCinema: [panelExpansionDragDownPxAmount:892] qsExpanded:false, qsFullyExpanded:false, qsExpansionPosition:0, qsExpandImmediate:false, qsCollapsingWhilePanelClosing:false &&&  panelExpansionFraction:1, panelExpansionDragDownPxAmount:0 ***   panelExpanded:true, panelExpanding:false %%%   barState:1, overScrolling:false, userId:-1, isRunningPanelOnHeightAnimation:false
10-08 20:35:32.987  2080  2631 I TouchInteractionService: onSystemUiStateChanged, stateFlags : 2228228 |notif_visible|allow_gesture|device_dozing|
10-08 20:35:32.987  2080  2080 I RecentsAnimationDeviceState: setSystemUiFlags, stateFlags : 2228228
10-08 20:35:32.987  1173  2576 D SemWifiApSmartBleScanner: Stopped scanning
10-08 20:35:32.987  2080  2080 I TouchInteractionService: onSystemUiFlagsChanged, lastSysUIFlags : 2228224
10-08 20:35:32.987  2080  2080 I TaskAnimationManager: endLiveTile
10-08 20:35:32.987  6153  6636 I bt_stack: [INFO:le_scanning_manager.cc(318)] SetScanParameters: scan_type=1, scan_interval=4992, scan_window=256
10-08 20:35:32.987  6153  6636 I bt_stack: [INFO:le_scanning_manager.cc(178)] Scan in shim layer started
10-08 20:35:32.987  1678  1678 I ViewRootImpl@77e2bcf[NotificationShade]: reportNextDraw android.view.ViewRootImpl.performTraversals:4438 android.view.ViewRootImpl.doTraversal:3116 android.view.ViewRootImpl$TraversalRunnable.run:10885 android.view.Choreographer$CallbackRecord.run:1301 android.view.Choreographer$CallbackRecord.run:1309 
10-08 20:35:32.987  6153  7276 W bt_stack: Start LeSetExtendedScan
10-08 20:35:32.987  1678  1678 I ViewRootImpl@77e2bcf[NotificationShade]: Setup new sync id=1322
10-08 20:35:32.987  6153  7276 W bt_stack: register_client :: client registered!!!
10-08 20:35:32.987  1678  1678 I ViewRootImpl@77e2bcf[NotificationShade]: Setting syncFrameCallback
10-08 20:35:32.987  1678  1678 I ViewRootImpl@77e2bcf[NotificationShade]: registerCallbacksForSync syncBuffer=false
10-08 20:35:32.988   762   790 D gralloc : [mali_gralloc_allocate] begin
10-08 20:35:32.988   762   790 D gralloc : buffer_descriptor: wh(1080 2400) usage_pc(0x40000000000b00 0x40000000000b00) hal_format(0x1) layer_count(1) sizes(0 0 0) strde(0) byte_stride(0) alloc_wh(0 0) internal_format(0x0) alloc_format(0x0) fd_count(1) plane_count(0)
10-08 20:35:32.988  1173  1897 V WindowManager: Relayout hash=a7ad32f, pid=4675, syncId=-1: mAttrs={(0,0)(fillxfill) gr=BOTTOM CENTER_VERTICAL sim={adjust=pan} ty=INPUT_METHOD fmt=TRANSPARENT wanim=0x7f1301aa preferredMinDisplayRefreshRate=60.0 receive insets ignoring z-order
10-08 20:35:32.988  1173  1897 V WindowManager:   fl=81800108
10-08 20:35:32.988  1173  1897 V WindowManager:   pfl=12000000
10-08 20:35:32.988  1173  1897 V WindowManager:   bhv=DEFAULT
10-08 20:35:32.988  1173  1897 V WindowManager:   fitTypes=STATUS_BARS NAVIGATION_BARS
