10-08 20:36:37.406  1678  1678 D InsetsController: onStateChanged: InsetsState: {mDisplayFrame=Rect(0, 0 - 1080, 2400), mDisplayCutout=DisplayCutout{insets=Rect(0, 74 - 0, 0) waterfall=Insets{left=0, top=0, right=0, bottom=0} boundingRect={Bounds=[Rect(0, 0 - 0, 0), Rect(691, 0 - 749, 74), Rect(0, 0 - 0, 0), Rect(0, 0 - 0, 0)]} cutoutPathParserInfo={CutoutPathParserInfo{displayWidth=1080 displayHeight=2400 physicalDisplayWidth=1440 physicalDisplayHeight=3200 density={2.625} cutoutSpec={M 0,0 H -11.14285714285714 V 28.28571428571429 H 11.14285714285714 V 0 H 0 Z @dp} rotation={0} scale={1.0} physicalPixelDisplaySizeRatio={1.0}}}}, mRoundedCorners=RoundedCorners{[RoundedCorner{position=TopLeft, radius=63, center=Point(63, 63)}, RoundedCorner{position=TopRight, radius=63, center=Point(1017, 63)}, RoundedCorner{position=BottomRight, radius=63, center=Point(1017, 2337)}, RoundedCorner{position=BottomLeft, radius=63, center=Point(63, 2337)}]}  mRoundedCornerFrame=Rect(0, 0 - 0, 0), mPrivacyIndicatorBounds=PrivacyIndicatorBounds {static bounds=Rect(964, 0 - 1080, 74) rotation=0}, mSources= { InsetsSource: {mType=ITYPE_NAVIGATION_BAR, mFrame=[0,2274][1080,2400], mVisible=true, mInsetsRoundedCornerFrame=false}, InsetsSource: {mType=ITYPE_LEFT_GESTURES, mFrame=[0,0][0,2400], mVisible=true, mInsetsRoundedCornerFrame=false}, InsetsSource: {mType=ITYPE_RIGHT_GESTURES, mFrame=[1080,0][1080,2400], mVisible=true, mInsetsRoundedCornerFrame=false}, InsetsSource: {mType=ITYPE_TOP_MANDATORY_GESTURES, mFrame=[0,0][1080,106], mVisible=true, mInsetsRoundedCornerFrame=false}, InsetsSource: {mType=ITYPE_BOTTOM_MANDATORY_GESTURES, mFrame=[0,2274][1080,2400], mVisible=true, mInsetsRoundedCornerFrame=false}, InsetsSource: {mType=ITYPE_LEFT_DISPLAY_CUTOUT, mFrame=[0,0][-100000,2400], mVisible=true, mInsetsRoundedCornerFrame=false}, InsetsSource: {mType=ITYPE_TOP_DISPLAY_CUTOUT, mFrame=[0,0][1080,74], mVisible=true, mInsetsRoundedCornerFrame=false}, InsetsSource: {mType=ITYPE_RIGHT_DISPLAY_CUTOUT, mFrame=[100000,0][1080,2400], mVisible=true, mInsetsRoundedCornerFrame=false}, InsetsSource: {mType=ITYPE_BOTTOM_DISPLAY_CUTOUT, mFrame=[0,100000][1080,2400], mVisible=true, mInsetsRoundedCornerFrame=false}, InsetsSource: {mType=ITYPE_BOTTOM_TAPPABLE_ELEMENT, mFrame=[0,2274][1080,2400], mVisible=true, mInsetsRoundedCornerFrame=false} } host=NotificationShade from=android.view.ViewRootImpl$ViewRootHandler.handleMessageImpl:6740
10-08 20:36:37.407  2080  2080 I TouchInteractionService: onSystemUiFlagsChanged, lastSysUIFlags : 131072
10-08 20:36:37.409   846   846 D Layer   : [SEC_SF_EFFECTS] setBlurRegions ## {radius=13u, cornerRadii=[0.000000, 0.000000, 0.000000, 0.000000], alpha=1.000000, rect=[0, 0, 1080, 2400]
10-08 20:36:37.409   846   846 D Layer   : GPIS:: requestGPIS
10-08 20:36:37.409   846  2482 D NativeSemDvfsManager: acquire:: timeout = 2000 mIsAcquired = 1  mTagName : SurfaceFlinger 
10-08 20:36:37.410   846  2482 E NativeCustomFrequencyManager: [NativeCFMS] BpCustomFrequencyManager::acquire()
10-08 20:36:37.410   776   835 I HYPER-HAL: [RequestManager.cpp]acquire(): Acquired ID : 1705781  [846 / 1000]    HINT : SF_GPU_MINLOCK    list : [TIMEOUT / 2000] 
10-08 20:36:37.411  3767  3767 I Utils   : isCurrentUser current = 0, ownerId = 0
10-08 20:36:37.411  3767  3767 I TrayVisibilityController: updateTrayVisible: State=513 visible=2 mCurrentVisible=1 specificMode=0
10-08 20:36:37.411  1173  3627 D InputDispatcher: Focus entered window (0): 9232ea3 NotificationShade
10-08 20:36:37.412  1173  3627 V SystemKeyManager: requestSystemKeyEvent() is called keyCode=3 componentName=ComponentInfo{com.samsung.android.app.cocktailbarservice/com.samsung.android.app.cocktailbarservice.CocktailBarService} request=false
10-08 20:36:37.412  1173  3627 V SystemKeyManager: requestSystemKeyEvent() is called keyCode=187 componentName=ComponentInfo{com.samsung.android.app.cocktailbarservice/com.samsung.android.app.cocktailbarservice.CocktailBarService} request=false
10-08 20:36:37.412  3767  3767 I MSHandlerLifeCycle: check: return. pkg=com.samsung.android.app.cocktailbarservice isActivity=false callers=com.android.internal.policy.DecorView.setVisibility:4412 l4.r.G:2 l4.r.E:4 l4.o.U0:46 l4.o$g.e:4 
10-08 20:36:37.412  3767  3767 I MSHandlerLifeCycle: removeMultiSplitHandler: no exist. decor=DecorView@ead54e1[CocktailBarService]
10-08 20:36:37.413  3767  3767 I TrayStateController: setUiState 2 : 0 --> 2
10-08 20:36:37.414  1678  1678 D SecQSFragmentAnimator_QSCinema: [panelExpansionDragDownPxAmount:68.968] qsExpanded:false, qsFullyExpanded:false, qsExpansionPosition:0, qsExpandImmediate:false, qsCollapsingWhilePanelClosing:false &&&  panelExpansionFraction:0.03, panelExpansionDragDownPxAmount:50.1 ***   panelExpanded:true, panelExpanding:true %%%   barState:0, overScrolling:false, userId:-1, isRunningPanelOnHeightAnimation:false
10-08 20:36:37.415  1678  1678 V SecQpBlurController: applySemWindowBlur (34 )
10-08 20:36:37.415  1678  1678 D BackgroundBlurDrawable: setScaleX, scaleX : 1.0
10-08 20:36:37.415  1678  1678 D BackgroundBlurDrawable: setScaleY, scaleY : 1.0
10-08 20:36:37.418  1678  1678 I FaceWidgetPositionAlgorithm: getClockContainerHeight() supplier = 270, bottom margin = 0, real height = 333
10-08 20:36:37.418  1678  1678 I FaceWidgetPositionAlgorithm: getClockContainerHeight() supplier = 270, bottom margin = 63, real height = 333
10-08 20:36:37.418  1678  1678 I FaceWidgetPositionAlgorithm: getMediaContainerHeight() height = 456 container Visibility = 8, isValid = true, mIsDozing = false, fraction = 1.0, source = 0, target = 0
10-08 20:36:37.418  1678  1678 I FaceWidgetPositionAlgorithm: getMediaContainerHeight() supplier = 456
10-08 20:36:37.419   846   846 D SurfaceFlinger: Display 4633128672291735937 HWC layers:
10-08 20:36:37.419   846   846 D SurfaceFlinger:      CLIENT | 0x7b941f2c70 | 0102 | RGBA_8888    |    0.0    0.0 1080.0 2400.0 |    0    0 1080 2400 | com.samsung.android.messaging/com.an[...]ui.ConversationComposer$_17722#31364
10-08 20:36:37.419   846   846 D SurfaceFlinger:      CLIENT | 0x7b941ec3d0 | 0100 | RGBA_8888    |    0.0    0.0 1080.0   74.0 |    0    0 1080   74 | StatusBar$_1678#85
10-08 20:36:37.419   846   846 D SurfaceFlinger:      CLIENT | 0x7b941fe2b0 | 0100 | RGBA_8888    |    0.0    0.0 1080.0 2400.0 |    0    0 1080 2400 | NotificationShade$_1678#31368 (blurRegions)
10-08 20:36:37.419   846   846 D SurfaceFlinger:      DEVICE | 0x7b941d8330 | 0100 | RGBA_8888    |    0.0    0.0   67.0  342.0 | 1013  349 1080  691 | com.samsung.android.app.cocktailbars[...]rvice.CocktailBarService$_3767#31360
10-08 20:36:37.419   846   846 D SurfaceFlinger:      DEVICE | 0x7b941ce7f0 | 0100 | RGBA_8888    |    0.0    0.0 1080.0  126.0 |    0 2274 1080 2400 | NavigationBar0$_1678#80
10-08 20:36:37.419   846   846 D SurfaceFlinger: 
10-08 20:36:37.426   846   846 D Layer   : [SEC_SF_EFFECTS] setBlurRegions ## {radius=25u, cornerRadii=[0.000000, 0.000000, 0.000000, 0.000000], alpha=1.000000, rect=[0, 0, 1080, 2400]
10-08 20:36:37.426  1678  1678 D CentralSurfaces: Received new disable state: enaihbcrsokt.qingr (unchanged)
10-08 20:36:37.428  1678  1678 D SecQSFragmentAnimator_QSCinema: [panelExpansionDragDownPxAmount:99.492] qsExpanded:false, qsFullyExpanded:false, qsExpansionPosition:0, qsExpandImmediate:false, qsCollapsingWhilePanelClosing:false &&&  panelExpansionFraction:0.05, panelExpansionDragDownPxAmount:68.97 ***   panelExpanded:true, panelExpanding:true %%%   barState:0, overScrolling:false, userId:-1, isRunningPanelOnHeightAnimation:false
10-08 20:36:37.428  1678  1678 V SecQpBlurController: applySemWindowBlur (49 )
10-08 20:36:37.429  1678  1678 D BackgroundBlurDrawable: setScaleX, scaleX : 1.0
10-08 20:36:37.429  3767  3767 I ViewRootImpl@398488e[CocktailBarService]: performTraversals mFirst=false windowShouldResize=false viewVisibilityChanged=true mForceNextWindowRelayout=false params=null
10-08 20:36:37.429  1678  1678 D BackgroundBlurDrawable: setScaleY, scaleY : 1.0
10-08 20:36:37.429  1173  1837 V WindowManager: Relayout Window{47ac2bf u0 com.samsung.android.app.cocktailbarservice/com.samsung.android.app.cocktailbarservice.CocktailBarService}: viewVisibility=8 req=67x342 d0
10-08 20:36:37.429  1173  1837 E WindowManager: win=Window{47ac2bf u0 com.samsung.android.app.cocktailbarservice/com.samsung.android.app.cocktailbarservice.CocktailBarService} destroySurfaces: appStopped=true cleanupOnResume=false win.mWindowRemovalAllowed=false win.mRemoveOnExit=false win.mViewVisibility=8 caller=com.android.server.wm.WindowManagerService.tryStartExitingAnimation:3016 com.android.server.wm.WindowManagerService.relayoutWindow:2727 com.android.server.wm.Session.relayout:274 android.view.IWindowSession$Stub.onTransact:779 com.android.server.wm.Session.onTransact:188 android.os.Binder.execTransactInternal:1316 android.os.Binder.execTransact:1280 
10-08 20:36:37.429  1173  1837 I WindowManager: Destroying surface Surface(name=com.samsung.android.app.cocktailbarservice/com.samsung.android.app.cocktailbarservice.CocktailBarService$_3767)/@0x1bdd5bb called by com.android.server.wm.WindowStateAnimator.destroySurface:942 com.android.server.wm.WindowStateAnimator.destroySurfaceLocked:536 com.android.server.wm.WindowState.destroySurfaceUnchecked:4309 com.android.server.wm.WindowState.destroySurface:4283 com.android.server.wm.WindowManagerService.tryStartExitingAnimation:3016 com.android.server.wm.WindowManagerService.relayoutWindow:2727 com.android.server.wm.Session.relayout:274 android.view.IWindowSession$Stub.onTransact:779 
10-08 20:36:37.433  1173  1837 V WindowManager: Relayout hash=47ac2bf, pid=3767, syncId=-1: mAttrs={(0,349)(67x342) gr=TOP RIGHT CENTER sim={adjust=nothing} layoutInDisplayCutoutMode=shortEdges ty=2226 fmt=TRANSPARENT
10-08 20:36:37.433  1173  1837 V WindowManager:   fl=81800508
10-08 20:36:37.433  1173  1837 V WindowManager:   pfl=2000050
10-08 20:36:37.433  1173  1837 V WindowManager:   bhv=SHOW_TRANSIENT_BARS_BY_SWIPE
10-08 20:36:37.433  1173  1837 V WindowManager:   fitTypes=NAVIGATION_BARS CAPTION_BAR
10-08 20:36:37.433  1173  1837 V WindowManager:  dimAmount=0.0 dimDuration=0 naviIconColor=0
10-08 20:36:37.433  1173  1837 V WindowManager:   sfl=620000}
10-08 20:36:37.434  3767  3767 I ViewRootImpl@398488e[CocktailBarService]: Relayout returned: old=(1013,349,1080,691) new=(1013,349,1080,691) req=(67,342)8 dur=5 res=0x2 s={false 0x0} ch=true seqId=9
10-08 20:36:37.434  3767  3767 I TrayStateController: putInputRect mDynamicInputRegion=102666135@LastEvent=t=1759944997434Rect(25, 0 - 67, 342),Rect=Rect(0, 0 - 0, 0)
10-08 20:36:37.435  3767  3767 I DecorView: notifyKeepScreenOnChanged: keepScreenOn=false
10-08 20:36:37.435  1173  3627 W CocktailBarStatePolicyController: updateWindowType: current window type is requested window type(1)
10-08 20:36:37.436  1678  1678 I ViewRootImpl@77e2bcf[NotificationShade]: MSG_WINDOW_FOCUS_CHANGED 1 1
10-08 20:36:37.438  1678  1678 I ViewRootImpl@77e2bcf[NotificationShade]: mThreadedRenderer.initializeIfNeeded()#2 mSurface={isValid=true 0x7414b3c000}
10-08 20:36:37.438  1678  1678 D KeyguardUpdateMonitor: setFocusForBiometrics : false -> true, Focus window : 0 -> 1
10-08 20:36:37.438  1678  1678 I KeyguardImageWallpaper: onWindowFocusChanged: true
10-08 20:36:37.438  1678  1678 I DymLock|BaseLockContainer: onWindowFocusChanged true
10-08 20:36:37.439  1173 13878 D TspStateManager: wrote command: cmd=0,0,0,0, type=3
10-08 20:36:37.439   818   818 I sysinput:Touch: writeInformation:249, OK
10-08 20:36:37.440  1173  1506 D SysinputHAL_V1_3(V1_2): runTspCmdNoRead(1): set_grip_data,0,0,0,0(0)
10-08 20:36:37.442   846   846 D Layer   : [SEC_SF_EFFECTS] setBlurRegions ## {radius=34u, cornerRadii=[0.000000, 0.000000, 0.000000, 0.000000], alpha=1.000000, rect=[0, 0, 1080, 2400]
10-08 20:36:37.442   846   846 I Layer   : id=31360 removeFromCurrentState com.samsung.android.app.cocktailbarservice/com.samsung.android.app.cocktailbarservice.CocktailBarService$_3767#31360 (201)
10-08 20:36:37.443   846   846 I SurfaceFlinger: id=31360 Removed com.samsung.android.app.cocktailbarservice/com.samsung.android.app.cocktailbarservice.CocktailBarService$_3767#31360 (201)
10-08 20:36:37.444   846   846 I Layer   : id=31360 Destroyed com.samsung.android.app.cocktailbarservice/com.samsung.android.app.cocktailbarservice.CocktailBarService$_3767#31360
10-08 20:36:37.445  3767  3767 I ViewRootImpl@398488e[CocktailBarService]: performTraversals params={(0,349)(67x342) gr=TOP RIGHT CENTER sim={adjust=nothing} layoutInDisplayCutoutMode=shortEdges ty=2226 fmt=TRANSPARENT
10-08 20:36:37.445  3767  3767 I ViewRootImpl@398488e[CocktailBarService]:   fl=81800508
10-08 20:36:37.445  3767  3767 I ViewRootImpl@398488e[CocktailBarService]:   pfl=2000050
10-08 20:36:37.445  3767  3767 I ViewRootImpl@398488e[CocktailBarService]:   bhv=SHOW_TRANSIENT_BARS_BY_SWIPE
10-08 20:36:37.445  3767  3767 I ViewRootImpl@398488e[CocktailBarService]:   fitTypes=STATUS_BARS NAVIGATION_BARS CAPTION_BAR
10-08 20:36:37.445  3767  3767 I ViewRootImpl@398488e[CocktailBarService]:  dimAmount=0.0 dimDuration=0 naviIconColor=0
10-08 20:36:37.445  3767  3767 I ViewRootImpl@398488e[CocktailBarService]:   sfl=620000}
10-08 20:36:37.446  3767  3767 I ViewRootImpl@398488e[CocktailBarService]: performTraversals mFirst=false windowShouldResize=false viewVisibilityChanged=false mForceNextWindowRelayout=false params={(0,349)(67x342) gr=TOP RIGHT CENTER sim={adjust=nothing} layoutInDisplayCutoutMode=shortEdges ty=2226 fmt=TRANSPARENT
10-08 20:36:37.446  3767  3767 I ViewRootImpl@398488e[CocktailBarService]:   fl=81800508
10-08 20:36:37.446  3767  3767 I ViewRootImpl@398488e[CocktailBarService]:   pfl=2000050
10-08 20:36:37.446  3767  3767 I ViewRootImpl@398488e[CocktailBarService]:   bhv=SHOW_TRANSIENT_BARS_BY_SWIPE
10-08 20:36:37.446  3767  3767 I ViewRootImpl@398488e[CocktailBarService]:   fitTypes=NAVIGATION_BARS CAPTION_BAR
10-08 20:36:37.446  3767  3767 I ViewRootImpl@398488e[CocktailBarService]:  dimAmount=0.0 dimDuration=0 naviIconColor=0
10-08 20:36:37.446  3767  3767 I ViewRootImpl@398488e[CocktailBarService]:   sfl=620000}
10-08 20:36:37.446  1678  1678 D SecQpScrimView sec_qp_scrim_notifications: setViewAlpha(0.13 >> 0.20)
10-08 20:36:37.446  1173  3627 V WindowManager: Relayout Window{47ac2bf u0 com.samsung.android.app.cocktailbarservice/com.samsung.android.app.cocktailbarservice.CocktailBarService}: viewVisibility=8 req=67x342 d0
10-08 20:36:37.447  1678  1678 D SecQSFragmentAnimator_QSCinema: [panelExpansionDragDownPxAmount:149.812] qsExpanded:false, qsFullyExpanded:false, qsExpansionPosition:0, qsExpandImmediate:false, qsCollapsingWhilePanelClosing:false &&&  panelExpansionFraction:0.07, panelExpansionDragDownPxAmount:99.49 ***   panelExpanded:true, panelExpanding:true %%%   barState:0, overScrolling:false, userId:-1, isRunningPanelOnHeightAnimation:false
10-08 20:36:37.448  1173  3627 V WindowManager: Relayout hash=47ac2bf, pid=3767, syncId=-1: mAttrs={(0,349)(67x342) gr=TOP RIGHT CENTER sim={adjust=nothing} layoutInDisplayCutoutMode=shortEdges ty=2226 fmt=TRANSPARENT
10-08 20:36:37.448  1173  3627 V WindowManager:   fl=81800508
10-08 20:36:37.448  1173  3627 V WindowManager:   pfl=2000050
10-08 20:36:37.448  1173  3627 V WindowManager:   bhv=SHOW_TRANSIENT_BARS_BY_SWIPE
10-08 20:36:37.448  1173  3627 V WindowManager:   fitTypes=NAVIGATION_BARS CAPTION_BAR
10-08 20:36:37.448  1173  3627 V WindowManager:  dimAmount=0.0 dimDuration=0 naviIconColor=0
10-08 20:36:37.448  1173  3627 V WindowManager:   sfl=620000}
10-08 20:36:37.448  1678  1678 V SecQpBlurController: applySemWindowBlur (72 )
10-08 20:36:37.449  1678  1678 D BackgroundBlurDrawable: setScaleX, scaleX : 1.0
10-08 20:36:37.449  1678  1678 D BackgroundBlurDrawable: setScaleY, scaleY : 1.0
10-08 20:36:37.449  1678  1678 D SecQpBlurDefaultUtils: windowBlur(49 >> 72), wallpaper:0
10-08 20:36:37.449   846   846 D SurfaceFlinger: Display 4633128672291735937 HWC layers:
10-08 20:36:37.449   846   846 D SurfaceFlinger:      CLIENT | 0x7b941df5f0 | 0102 | RGBA_8888    |    0.0    0.0 1080.0 2400.0 |    0    0 1080 2400 | com.samsung.android.messaging/com.an[...]ui.ConversationComposer$_17722#31364
10-08 20:36:37.449   846   846 D SurfaceFlinger:      CLIENT | 0x7b941e6af0 | 0100 | RGBA_8888    |    0.0    0.0 1080.0   74.0 |    0    0 1080   74 | StatusBar$_1678#85
10-08 20:36:37.449   846   846 D SurfaceFlinger:      CLIENT | 0x7b941f9cf0 | 0100 | RGBA_8888    |    0.0    0.0 1080.0 2400.0 |    0    0 1080 2400 | NotificationShade$_1678#31368 (blurRegions)
10-08 20:36:37.449   846   846 D SurfaceFlinger:      DEVICE | 0x7b941ce7f0 | 0100 | RGBA_8888    |    0.0    0.0 1080.0  126.0 |    0 2274 1080 2400 | NavigationBar0$_1678#80
10-08 20:36:37.449   846   846 D SurfaceFlinger: 
10-08 20:36:37.451  3767  3767 I ViewRootImpl@398488e[CocktailBarService]: Relayout returned: old=(1013,349,1080,691) new=(1013,349,1080,691) req=(67,342)8 dur=5 res=0x0 s={false 0x0} ch=false seqId=9
10-08 20:36:37.451  3767  3767 I CocktailBarUiController: onCocktailBarStateChanged: flag=0x1 vis=2 bgType= showTimeout=-1 activate=true
10-08 20:36:37.459   846   846 D Layer   : [SEC_SF_EFFECTS] setBlurRegions ## {radius=48u, cornerRadii=[0.000000, 0.000000, 0.000000, 0.000000], alpha=1.000000, rect=[0, 0, 1080, 2400]
10-08 20:36:37.460  1678  1678 D SecQSFragmentAnimator_QSCinema: [panelExpansionDragDownPxAmount:215.396] qsExpanded:false, qsFullyExpanded:false, qsExpansionPosition:0, qsExpandImmediate:false, qsCollapsingWhilePanelClosing:false &&&  panelExpansionFraction:0.1, panelExpansionDragDownPxAmount:149.81 ***   panelExpanded:true, panelExpanding:true %%%   barState:0, overScrolling:false, userId:-1, isRunningPanelOnHeightAnimation:false
10-08 20:36:37.460  1678  1678 V SecQpBlurController: applySemWindowBlur (99 )
10-08 20:36:37.461  1678  1678 D BackgroundBlurDrawable: setScaleX, scaleX : 1.0
10-08 20:36:37.461  1678  1678 D BackgroundBlurDrawable: setScaleY, scaleY : 1.0
10-08 20:36:37.470  1173  1583 D BiometricSysUiManager: unBind: started
10-08 20:36:37.475   846   846 D Layer   : [SEC_SF_EFFECTS] setBlurRegions ## {radius=72u, cornerRadii=[0.000000, 0.000000, 0.000000, 0.000000], alpha=1.000000, rect=[0, 0, 1080, 2400]
10-08 20:36:37.477  1678  1678 D SecQpScrimView sec_qp_scrim_notifications: setViewAlpha(0.27 >> 0.35)
10-08 20:36:37.479  1678  1678 D SecQSFragmentAnimator_QSCinema: [panelExpansionFraction:0.134] qsExpanded:false, qsFullyExpanded:false, qsExpansionPosition:0, qsExpandImmediate:false, qsCollapsingWhilePanelClosing:false &&&  panelExpansionFraction:0.1, panelExpansionDragDownPxAmount:215.4 ***   panelExpanded:true, panelExpanding:true %%%   barState:0, overScrolling:false, userId:-1, isRunningPanelOnHeightAnimation:false
10-08 20:36:37.479  1678  1678 D SecQSFragmentAnimator_QSCinema: [panelExpansionDragDownPxAmount:285.703] qsExpanded:false, qsFullyExpanded:false, qsExpansionPosition:0, qsExpandImmediate:false, qsCollapsingWhilePanelClosing:false &&&  panelExpansionFraction:0.13, panelExpansionDragDownPxAmount:215.4 ***   panelExpanded:true, panelExpanding:true %%%   barState:0, overScrolling:false, userId:-1, isRunningPanelOnHeightAnimation:false
10-08 20:36:37.481  1678  1678 V SecQpBlurController: applySemWindowBlur (126 )
10-08 20:36:37.481  1678  1678 D BackgroundBlurDrawable: setScaleX, scaleX : 1.0
10-08 20:36:37.481  1678  1678 D BackgroundBlurDrawable: setScaleY, scaleY : 1.0
10-08 20:36:37.481  1678  1678 D SecQpBlurDefaultUtils: windowBlur(99 >> 126), wallpaper:0
10-08 20:36:37.482  1173  1493 D InputReader: Btn_touch(9): value=0 when=112497.931665
10-08 20:36:37.482  1173  1493 I InputReader: Touch event's action is 0x1 (id=2, t=0) [pCnt=1, s=] when=112497.931665
10-08 20:36:37.482  1173  1492 I InputDispatcher: Delivering touch to (1678): action: 0x1, f=0x0, d=0, '4ecb50b', t=1 *(0.75)
10-08 20:36:37.484  1173  1173 D SGM:GameManager: identifyGamePackage. com.samsung.android.messaging, mCurrentUserId: 0, callerUserId: 0, callingMethodInfo: com.android.server.ssrm.fgapps.GameAppUtils.isGame(GameAppUtils.java:84)
10-08 20:36:37.484  1173  1173 D SGM:PkgDataHelper: getGamePkgData(). com.samsung.android.messaging
10-08 20:36:37.484  1173  1173 I SemDvfsHyPerManager: acquire hyper - GESTURE_DETECTED/1173@25, type = -999
10-08 20:36:37.485  1678  1678 D SecQSFragmentAnimator_QSCinema: [panelExpansionDragDownPxAmount:309.375] qsExpanded:false, qsFullyExpanded:false, qsExpansionPosition:0, qsExpandImmediate:false, qsCollapsingWhilePanelClosing:false &&&  panelExpansionFraction:0.14, panelExpansionDragDownPxAmount:285.7 ***   panelExpanded:true, panelExpanding:true %%%   barState:0, overScrolling:false, userId:-1, isRunningPanelOnHeightAnimation:false
10-08 20:36:37.485  1678  1678 I ViewRootImpl@f3dc5c7[StatusBar]: ViewPostIme pointer 1
10-08 20:36:37.485   776   835 I HYPER-HAL: [RequestManager.cpp]acquire(): Acquired ID : 718226  [1173 / 25]    HINT : GESTURE_DETECTED    list : [TIMEOUT / 1766] 
10-08 20:36:37.485  1678  1678 D SecPanelLogger: PanelView.dispatchTouchEvent() MotionEvent { action=ACTION_UP, actionButton=0, id[0]=0, x[0]=534.7265, y[0]=322.85153, toolType[0]=TOOL_TYPE_FINGER, buttonState=0, classification=NONE, metaState=0, flags=0x0, edgeFlags=0x0, pointerCount=1, historySize=0, eventTime=112497931, downTime=112497621, deviceId=2, source=0x1002, displayId=0, eventId=416509052 } |  StatusBarState:SHADE
10-08 20:36:37.485  1678  1678 D SecPanelLogger: NPVC onTouch(ACTION_UP)  |  StatusBarState:SHADE
10-08 20:36:37.485   776   835 I HYPER-HAL: [ResourceManager.cpp]updateResource(): [CPUMinFreq] UpdateResource Request ID : 718226    Value : 1167714
10-08 20:36:37.485  1678  1678 D SecPanelLogger:  PVC onTouch(ACTION_UP)  |  StatusBarState:SHADE
10-08 20:36:37.486  1678  1678 D PanelView: SecPanelLogger PVC.flingToHeight(vel:5026.236, expand:true, target:2137.0, collapseSpeedUpFactor:1.0, expandBecauseOfFalsing:false), mExpandedHeight:309.37497, mOverExpansion:0.0, mIsFlinging:false
10-08 20:36:37.486  1173  1173 D SGM:GameManager: identifyGamePackage. com.samsung.android.messaging, mCurrentUserId: 0, callerUserId: 0, callingMethodInfo: com.android.server.ssrm.fgapps.GameAppUtils.isGame(GameAppUtils.java:84)
10-08 20:36:37.486  1173  1173 D SGM:PkgDataHelper: getGamePkgData(). com.samsung.android.messaging
10-08 20:36:37.486  1678  1678 D PanelView: set mHeightAnimator : ValueAnimator@dd02b26
10-08 20:36:37.486  1678  1678 D PanelView:     :  309.37497  2137.0  
10-08 20:36:37.486  1678  1678 D PanelView: call stack : java.lang.Throwable
10-08 20:36:37.486  1678  1678 D PanelView: 	at com.android.systemui.statusbar.phone.PanelViewController.setAnimator(PanelViewController.java:1220)
10-08 20:36:37.486  1678  1678 D PanelView: 	at com.android.systemui.statusbar.phone.PanelViewController.flingToHeight(PanelViewController.java:793)
10-08 20:36:37.486  1678  1678 D PanelView: 	at com.android.systemui.statusbar.phone.NotificationPanelViewController.flingToHeight(NotificationPanelViewController.java:2788)
10-08 20:36:37.486  1678  1678 D PanelView: 	at com.android.systemui.statusbar.phone.PanelViewController.fling(PanelViewController.java:675)
10-08 20:36:37.486  1678  1678 D PanelView: 	at com.android.systemui.statusbar.phone.PanelViewController.fling(PanelViewController.java:666)
10-08 20:36:37.486  1678  1678 D PanelView: 	at com.android.systemui.statusbar.phone.PanelViewController.endMotionEvent(PanelViewController.java:522)
10-08 20:36:37.486  1678  1678 D PanelView: 	at com.android.systemui.statusbar.phone.PanelViewController.endMotionEvent(PanelViewController.java:457)
10-08 20:36:37.486  1678  1678 D PanelView: 	at com.android.systemui.statusbar.phone.PanelViewController.-$$Nest$mendMotionEvent(Unknown Source:0)
10-08 20:36:37.486  1678  1678 D PanelView: 	at com.android.systemui.statusbar.phone.PanelViewController$TouchHandler.onTouch(PanelViewController.java:1771)
10-08 20:36:37.486  1678  1678 D PanelView: 	at com.android.systemui.statusbar.phone.NotificationPanelViewController$20.onTouch(NotificationPanelViewController.java:6109)
10-08 20:36:37.486  1678  1678 D PanelView: 	at android.view.View.dispatchTouchEvent(View.java:15540)
10-08 20:36:37.486  1678  1678 D PanelView: 	at android.view.ViewGroup.dispatchTransformedTouchEvent(ViewGroup.java:3310)
10-08 20:36:37.486  1678  1678 D PanelView: 	at android.view.ViewGroup.dispatchTouchEvent(ViewGroup.java:2974)
10-08 20:36:37.486  1678  1678 D PanelView: 	at com.android.systemui.statusbar.phone.PanelView.dispatchTouchEvent(PanelView.java:88)
10-08 20:36:37.486  1678  1678 D PanelView: 	at com.android.systemui.statusbar.phone.NotificationPanelViewController$21.handleTouchEvent(NotificationPanelViewController.java:6168)
10-08 20:36:37.486  1678  1678 D PanelView: 	at com.android.systemui.statusbar.phone.PhoneStatusBarView.onTouchEvent(PhoneStatusBarView.java:210)
10-08 20:36:37.486  1678  1678 D PanelView: 	at android.view.View.dispatchTouchEvent(View.java:15544)
10-08 20:36:37.486  1678  1678 D PanelView: 	at android.view.ViewGroup.dispatchTransformedTouchEvent(ViewGroup.java:3310)
10-08 20:36:37.486  1678  1678 D PanelView: 	at android.view.ViewGroup.dispatchTouchEvent(ViewGroup.java:2974)
10-08 20:36:37.486  1678  1678 D PanelView: 	at android.view.ViewGroup.dispatchTransformedTouchEvent(ViewGroup.java:3316)
10-08 20:36:37.486  1678  1678 D PanelView: 	at android.view.ViewGroup.dispatchTouchEvent(ViewGroup.java:2990)
10-08 20:36:37.486  1678  1678 D PanelView: 	at android.view.ViewGroup.dispatchTransformedTouchEvent(ViewGroup.java:3316)
10-08 20:36:37.486  1678  1678 D PanelView: 	at android.view.ViewGroup.dispatchTouchEvent(ViewGroup.java:2990)
10-08 20:36:37.486  1678  1678 D PanelView: 	at com.android.systemui.statusbar.window.StatusBarWindowView.dispatchTouchEvent(StatusBarWindowView.java:101)
10-08 20:36:37.486  1678  1678 D PanelView: 	at android.view.View.dispatchPointerEvent(View.java:15803)
10-08 20:36:37.486  1678  1678 D PanelView: 	at android.view.ViewRootImpl$ViewPostImeInputStage.processPointerEvent(ViewRootImpl.java:8153)
10-08 20:36:37.486  1678  1678 D PanelView: 	at android.view.ViewRootImpl$ViewPostImeInputStage.onProcess(ViewRootImpl.java:7877)
10-08 20:36:37.486  1678  1678 D PanelView: 	at android.view.ViewRootImpl$InputStage.deliver(ViewRootImpl.java:7213)
10-08 20:36:37.486  1678  1678 D PanelView: 	at android.view.ViewRootImpl$InputStage.onDeliverToNext(ViewRootImpl.java:7270)
10-08 20:36:37.486  1678  1678 D PanelView: 	at android.view.ViewRootImpl$InputStage.forward(ViewRootImpl.java:7236)
10-08 20:36:37.486  1678  1678 D PanelView: 	at android.view.ViewRootImpl$AsyncInputStage.forward(ViewRootImpl.java:7434)
10-08 20:36:37.486  1678  1678 D PanelView: 	at android.view.ViewRootImpl$InputStage.apply(ViewRootImpl.java:7244)
10-08 20:36:37.486  1678  1678 D PanelView: 	at android.view.ViewRootImpl$AsyncInputStage.apply(ViewRootImpl.java:7491)
10-08 20:36:37.486  1678  1678 D PanelView: 	at android.view.ViewRootImpl$InputStage.deliver(ViewRootImpl.java:7217)
10-08 20:36:37.486  1678  1678 D PanelView: 	at android.view.ViewRootImpl$InputStage.onDeliverToNext(ViewRootImpl.java:7270)
10-08 20:36:37.486  1678  1678 D PanelView: 	at android.view.ViewRootImpl$InputStage.forward(ViewRootImpl.java:7236)
10-08 20:36:37.486  1678  1678 D PanelView: 	at android.view.ViewRootImpl$InputStage.apply(ViewRootImpl.java:7244)
10-08 20:36:37.486  1678  1678 D PanelView: 	at android.view.ViewRootImpl$InputStage.deliver(ViewRootImpl.java:7217)
10-08 20:36:37.486  1678  1678 D PanelView: 	at android.view.ViewRootImpl.deliverInputEvent(ViewRootImpl.java:10788)
10-08 20:36:37.486  1678  1678 D PanelView: 	at android.view.ViewRootImpl.doProcessInputEvents(ViewRootImpl.java:10676)
10-08 20:36:37.486  1678  1678 D PanelView: 	at android.view.ViewRootImpl.enqueueInputEvent(ViewRootImpl.java:10632)
10-08 20:36:37.486  1678  1678 D PanelView: 	at android.view.ViewRootImpl$WindowInputEventReceiver.onInputEvent(ViewRootImpl.java:10926)
10-08 20:36:37.486  1678  1678 D PanelView: 	at android.view.InputEventReceiver.dispatchInputEvent(InputEventReceiver.java:285)
10-08 20:36:37.486  1678  1678 D PanelView: 	at android.os.MessageQueue.nativePollOnce(Native Method)
10-08 20:36:37.486  1678  1678 D PanelView: 	at android.os.MessageQueue.next(MessageQueue.java:335)
10-08 20:36:37.486  1678  1678 D PanelView: 	at android.os.Looper.loopOnce(Looper.java:186)
10-08 20:36:37.486  1678  1678 D PanelView: 	at android.os.Looper.loop(Looper.java:313)
10-08 20:36:37.486  1173  1173 I SemDvfsHyPerManager: acquire hyper - GESTURE_DETECTED/1173@25, type = -999
10-08 20:36:37.486  1678  1678 D PanelView: 	at android.app.ActivityThread.main(ActivityThread.java:8762)
10-08 20:36:37.486  1678  1678 D PanelView: 	at java.lang.reflect.Method.invoke(Native Method)
10-08 20:36:37.486  1678  1678 D PanelView: 	at com.android.internal.os.RuntimeInit$MethodAndArgsCaller.run(RuntimeInit.java:604)
10-08 20:36:37.486  1678  1678 D PanelView: 	at com.android.internal.os.ZygoteInit.main(ZygoteInit.java:1067)
10-08 20:36:37.486  1173  1173 I SemDvfsHyPerManager: acquire hyper - SMOOTH_SCROLL/1173@24, type = -999
10-08 20:36:37.486   776   835 I HYPER-HAL: [RequestManager.cpp]acquire(): Acquired ID : 718226  [1173 / 25]    HINT : GESTURE_DETECTED    list : [TIMEOUT / 1766] 
10-08 20:36:37.486   776   835 I HYPER-HAL: [ResourceManager.cpp]updateResource(): [CPUMinFreq] UpdateResource Request ID : 718226    Value : 1167714
10-08 20:36:37.486   776   835 I HYPER-HAL: [RequestManager.cpp]acquire(): Acquired ID : 717027  [1173 / 24]    HINT : SMOOTH_SCROLL    list : 
10-08 20:36:37.487   776   835 I HYPER-HAL: [ResourceManager.cpp]updateResource(): [CPUMinFreq] UpdateResource Request ID : 717027    Value : 1258359
10-08 20:36:37.487   776   835 I HYPER-HAL: [ResourceManager.cpp]removeResource(): [CPUMinFreq] RemoveResource Request ID : 717027
10-08 20:36:37.487   776   835 I HYPER-HAL: [RequestManager.cpp]releaseLocked(): Released ID : 717027
10-08 20:36:37.487  1678  1678 D KeyguardVisible: go panelState: OPENING -> OPENING tracking=false, expanded=true, fraction=0.1447707
10-08 20:36:37.487  1678  1678 D SecPanelLogger: NPVC FINAL (!mDozing:true || mPulsing:false || handled:false) = return:true onTouch(ACTION_UP)  |  StatusBarState:SHADE
10-08 20:36:37.492   846   846 D Layer   : [SEC_SF_EFFECTS] setBlurRegions ## {radius=99u, cornerRadii=[0.000000, 0.000000, 0.000000, 0.000000], alpha=1.000000, rect=[0, 0, 1080, 2400]
10-08 20:36:37.493  1678  1678 V SecQpBlurController: applySemWindowBlur (135 )
10-08 20:36:37.495  1678  1678 D BackgroundBlurDrawable: setScaleX, scaleX : 1.0
10-08 20:36:37.495  1678  1678 D BackgroundBlurDrawable: setScaleY, scaleY : 1.0
10-08 20:36:37.509   846   846 D Layer   : [SEC_SF_EFFECTS] setBlurRegions ## {radius=125u, cornerRadii=[0.000000, 0.000000, 0.000000, 0.000000], alpha=1.000000, rect=[0, 0, 1080, 2400]
10-08 20:36:37.509  1678  1678 V SecQpBlurController: applySemWindowBlur (135 )
10-08 20:36:37.510  1678  1678 D BackgroundBlurDrawable: setScaleX, scaleX : 1.0
10-08 20:36:37.510  1678  1678 D BackgroundBlurDrawable: setScaleY, scaleY : 1.0
10-08 20:36:37.510  1678  1678 D SecQpScrimView sec_qp_scrim_notifications: setViewAlpha(0.37 >> 0.40)
10-08 20:36:37.511  1678  1678 D SecQSFragmentAnimator_QSCinema: [panelExpansionDragDownPxAmount:395.253] qsExpanded:false, qsFullyExpanded:false, qsExpansionPosition:0, qsExpandImmediate:false, qsCollapsingWhilePanelClosing:false &&&  panelExpansionFraction:0.18, panelExpansionDragDownPxAmount:309.37 ***   panelExpanded:true, panelExpanding:true %%%   barState:0, overScrolling:false, userId:-1, isRunningPanelOnHeightAnimation:false
10-08 20:36:37.515  1678  1678 D SamsungLightBarControlHelper: updateStatus(WHITE icon) NumStacks:1, StatusBarMode:MODE_TRANSPARENT, lightBarBounds:[], StatusBarState:SHADE, packageName:reevaluate, isWhiteKeyguardStatusBarBySettings:false
10-08 20:36:37.525   846   846 D Layer   : [SEC_SF_EFFECTS] setBlurRegions ## {radius=135u, cornerRadii=[0.000000, 0.000000, 0.000000, 0.000000], alpha=1.000000, rect=[0, 0, 1080, 2400]
10-08 20:36:37.526  1678  1678 V SecQpBlurController: applySemWindowBlur (163 )
10-08 20:36:37.527  1678  1678 D BackgroundBlurDrawable: setScaleX, scaleX : 1.0
10-08 20:36:37.527  1678  1678 D BackgroundBlurDrawable: setScaleY, scaleY : 1.0
10-08 20:36:37.528  1678  1678 D SecQSFragmentAnimator_QSCinema: [panelExpansionDragDownPxAmount:478.564] qsExpanded:false, qsFullyExpanded:false, qsExpansionPosition:0, qsExpandImmediate:false, qsCollapsingWhilePanelClosing:false &&&  panelExpansionFraction:0.22, panelExpansionDragDownPxAmount:395.25 ***   panelExpanded:true, panelExpanding:true %%%   barState:0, overScrolling:false, userId:-1, isRunningPanelOnHeightAnimation:false
10-08 20:36:37.539 29392 29392 D BoundBrokerSvc: onBind: Intent { act=com.google.android.gms.feedback.internal.IFeedbackService dat=chimera-action:/... cmp=com.google.android.gms/.chimera.GmsBoundBrokerService }
10-08 20:36:37.539 29392 29392 D BoundBrokerSvc: Loading bound service for intent: Intent { act=com.google.android.gms.feedback.internal.IFeedbackService dat=chimera-action:/... cmp=com.google.android.gms/.chimera.GmsBoundBrokerService }
10-08 20:36:37.542   846   846 D Layer   : [SEC_SF_EFFECTS] setBlurRegions ## {radius=135u, cornerRadii=[0.000000, 0.000000, 0.000000, 0.000000], alpha=1.000000, rect=[0, 0, 1080, 2400]
10-08 20:36:37.542  1678  1678 V SecQpBlurController: applySemWindowBlur (187 )
10-08 20:36:37.543  1678  1678 D BackgroundBlurDrawable: setScaleX, scaleX : 1.0
10-08 20:36:37.543  1678  1678 D BackgroundBlurDrawable: setScaleY, scaleY : 1.0
10-08 20:36:37.543  1678  1678 D SecQpBlurDefaultUtils: windowBlur(163 >> 187), wallpaper:0
10-08 20:36:37.544  1678  1678 D SecQSFragmentAnimator_QSCinema: [panelExpansionFraction:0.266] qsExpanded:false, qsFullyExpanded:false, qsExpansionPosition:0, qsExpandImmediate:false, qsCollapsingWhilePanelClosing:false &&&  panelExpansionFraction:0.22, panelExpansionDragDownPxAmount:478.56 ***   panelExpanded:true, panelExpanding:true %%%   barState:0, overScrolling:false, userId:-1, isRunningPanelOnHeightAnimation:false
10-08 20:36:37.544  1678  1678 D SecQSFragmentAnimator_QSCinema: [panelExpansionDragDownPxAmount:568.311] qsExpanded:false, qsFullyExpanded:false, qsExpansionPosition:0, qsExpandImmediate:false, qsCollapsingWhilePanelClosing:false &&&  panelExpansionFraction:0.27, panelExpansionDragDownPxAmount:478.56 ***   panelExpanded:true, panelExpanding:true %%%   barState:0, overScrolling:false, userId:-1, isRunningPanelOnHeightAnimation:false
10-08 20:36:37.559   846   846 D Layer   : [SEC_SF_EFFECTS] setBlurRegions ## {radius=163u, cornerRadii=[0.000000, 0.000000, 0.000000, 0.000000], alpha=1.000000, rect=[0, 0, 1080, 2400]
10-08 20:36:37.559  1678  1678 V SecQpBlurController: applySemWindowBlur (209 )
10-08 20:36:37.560  1678  1678 D BackgroundBlurDrawable: setScaleX, scaleX : 1.0
10-08 20:36:37.560  1678  1678 D BackgroundBlurDrawable: setScaleY, scaleY : 1.0
10-08 20:36:37.563  1678  1678 D SecQSFragmentAnimator_QSCinema: [panelExpansionDragDownPxAmount:658.232] qsExpanded:false, qsFullyExpanded:false, qsExpansionPosition:0, qsExpandImmediate:false, qsCollapsingWhilePanelClosing:false &&&  panelExpansionFraction:0.31, panelExpansionDragDownPxAmount:568.31 ***   panelExpanded:true, panelExpanding:true %%%   barState:0, overScrolling:false, userId:-1, isRunningPanelOnHeightAnimation:false
10-08 20:36:37.575   846   846 D Layer   : [SEC_SF_EFFECTS] setBlurRegions ## {radius=187u, cornerRadii=[0.000000, 0.000000, 0.000000, 0.000000], alpha=1.000000, rect=[0, 0, 1080, 2400]
10-08 20:36:37.576  1678  1678 V SecQpBlurController: applySemWindowBlur (229 )
10-08 20:36:37.579  1678  1678 D BackgroundBlurDrawable: setScaleX, scaleX : 1.0
10-08 20:36:37.580  1678  1678 D BackgroundBlurDrawable: setScaleY, scaleY : 1.0
10-08 20:36:37.580  1678  1678 D SecQSFragmentAnimator_QSCinema: [panelExpansionDragDownPxAmount:742.744] qsExpanded:false, qsFullyExpanded:false, qsExpansionPosition:0, qsExpandImmediate:false, qsCollapsingWhilePanelClosing:false &&&  panelExpansionFraction:0.35, panelExpansionDragDownPxAmount:658.23 ***   panelExpanded:true, panelExpanding:true %%%   barState:0, overScrolling:false, userId:-1, isRunningPanelOnHeightAnimation:false
10-08 20:36:37.592   846   846 D Layer   : [SEC_SF_EFFECTS] setBlurRegions ## {radius=209u, cornerRadii=[0.000000, 0.000000, 0.000000, 0.000000], alpha=1.000000, rect=[0, 0, 1080, 2400]
10-08 20:36:37.592  1678  1678 V SecQpBlurController: applySemWindowBlur (244 )
10-08 20:36:37.596  1678  1678 D BackgroundBlurDrawable: setScaleX, scaleX : 1.0
10-08 20:36:37.596  1678  1678 D BackgroundBlurDrawable: setScaleY, scaleY : 1.0
10-08 20:36:37.596  1678  1678 D SecQpBlurDefaultUtils: windowBlur(229 >> 244), wallpaper:0
10-08 20:36:37.596  1678  1678 D SecQSFragmentAnimator_QSCinema: [panelExpansionFraction:0.389] qsExpanded:false, qsFullyExpanded:false, qsExpansionPosition:0, qsExpandImmediate:false, qsCollapsingWhilePanelClosing:false &&&  panelExpansionFraction:0.35, panelExpansionDragDownPxAmount:742.74 ***   panelExpanded:true, panelExpanding:true %%%   barState:0, overScrolling:false, userId:-1, isRunningPanelOnHeightAnimation:false
10-08 20:36:37.597  1678  1678 D SecQSFragmentAnimator_QSCinema: [panelExpansionDragDownPxAmount:831.952] qsExpanded:false, qsFullyExpanded:false, qsExpansionPosition:0, qsExpandImmediate:false, qsCollapsingWhilePanelClosing:false &&&  panelExpansionFraction:0.39, panelExpansionDragDownPxAmount:742.74 ***   panelExpanded:true, panelExpanding:true %%%   barState:0, overScrolling:false, userId:-1, isRunningPanelOnHeightAnimation:false
10-08 20:36:37.608   846   846 D Layer   : [SEC_SF_EFFECTS] setBlurRegions ## {radius=229u, cornerRadii=[0.000000, 0.000000, 0.000000, 0.000000], alpha=1.000000, rect=[0, 0, 1080, 2400]
10-08 20:36:37.609  1678  1678 V SecQpBlurController: applySemWindowBlur (258 )
10-08 20:36:37.610  1678  1678 D BackgroundBlurDrawable: setScaleX, scaleX : 1.0
10-08 20:36:37.610  1678  1678 D BackgroundBlurDrawable: setScaleY, scaleY : 1.0
10-08 20:36:37.611  1678  1678 D SecQSFragmentAnimator_QSCinema: [panelExpansionDragDownPxAmount:914.37] qsExpanded:false, qsFullyExpanded:false, qsExpansionPosition:0, qsExpandImmediate:false, qsCollapsingWhilePanelClosing:false &&&  panelExpansionFraction:0.43, panelExpansionDragDownPxAmount:831.95 ***   panelExpanded:true, panelExpanding:true %%%   barState:0, overScrolling:false, userId:-1, isRunningPanelOnHeightAnimation:false
10-08 20:36:37.625   846   846 D Layer   : [SEC_SF_EFFECTS] setBlurRegions ## {radius=244u, cornerRadii=[0.000000, 0.000000, 0.000000, 0.000000], alpha=1.000000, rect=[0, 0, 1080, 2400]
10-08 20:36:37.626  1678  1678 V SecQpBlurController: applySemWindowBlur (268 )
10-08 20:36:37.627  1678  1678 D BackgroundBlurDrawable: setScaleX, scaleX : 1.0
10-08 20:36:37.627  1678  1678 D BackgroundBlurDrawable: setScaleY, scaleY : 1.0
10-08 20:36:37.628  1678  1678 D SecQSFragmentAnimator_QSCinema: [panelExpansionDragDownPxAmount:1001.129] qsExpanded:false, qsFullyExpanded:false, qsExpansionPosition:0, qsExpandImmediate:false, qsCollapsingWhilePanelClosing:false &&&  panelExpansionFraction:0.47, panelExpansionDragDownPxAmount:914.37 ***   panelExpanded:true, panelExpanding:true %%%   barState:0, overScrolling:false, userId:-1, isRunningPanelOnHeightAnimation:false
10-08 20:36:37.642   846   846 D Layer   : [SEC_SF_EFFECTS] setBlurRegions ## {radius=258u, cornerRadii=[0.000000, 0.000000, 0.000000, 0.000000], alpha=1.000000, rect=[0, 0, 1080, 2400]
10-08 20:36:37.642  1678  1678 V SecQpBlurController: applySemWindowBlur (277 )
10-08 20:36:37.643  1678  1678 D BackgroundBlurDrawable: setScaleX, scaleX : 1.0
10-08 20:36:37.643  1678  1678 D BackgroundBlurDrawable: setScaleY, scaleY : 1.0
10-08 20:36:37.644  1678  1678 D SecQSFragmentAnimator_QSCinema: [panelExpansionFraction:0.508] qsExpanded:false, qsFullyExpanded:false, qsExpansionPosition:0, qsExpandImmediate:false, qsCollapsingWhilePanelClosing:false &&&  panelExpansionFraction:0.47, panelExpansionDragDownPxAmount:1001.13 ***   panelExpanded:true, panelExpanding:true %%%   barState:0, overScrolling:false, userId:-1, isRunningPanelOnHeightAnimation:false
10-08 20:36:37.644  1678  1678 D SecQSFragmentAnimator_QSCinema: [panelExpansionDragDownPxAmount:1085.296] qsExpanded:false, qsFullyExpanded:false, qsExpansionPosition:0, qsExpandImmediate:false, qsCollapsingWhilePanelClosing:false &&&  panelExpansionFraction:0.51, panelExpansionDragDownPxAmount:1001.13 ***   panelExpanded:true, panelExpanding:true %%%   barState:0, overScrolling:false, userId:-1, isRunningPanelOnHeightAnimation:false
10-08 20:36:37.658   846   846 D Layer   : [SEC_SF_EFFECTS] setBlurRegions ## {radius=268u, cornerRadii=[0.000000, 0.000000, 0.000000, 0.000000], alpha=1.000000, rect=[0, 0, 1080, 2400]
10-08 20:36:37.659  1678  1678 V SecQpBlurController: applySemWindowBlur (284 )
10-08 20:36:37.660  1678  1678 D BackgroundBlurDrawable: setScaleX, scaleX : 1.0
10-08 20:36:37.660  1678  1678 D BackgroundBlurDrawable: setScaleY, scaleY : 1.0
10-08 20:36:37.662  1678  1678 D SecQSFragmentAnimator_QSCinema: [panelExpansionDragDownPxAmount:1163.188] qsExpanded:false, qsFullyExpanded:false, qsExpansionPosition:0, qsExpandImmediate:false, qsCollapsingWhilePanelClosing:false &&&  panelExpansionFraction:0.54, panelExpansionDragDownPxAmount:1085.3 ***   panelExpanded:true, panelExpanding:true %%%   barState:0, overScrolling:false, userId:-1, isRunningPanelOnHeightAnimation:false
10-08 20:36:37.675   846   846 D Layer   : [SEC_SF_EFFECTS] setBlurRegions ## {radius=277u, cornerRadii=[0.000000, 0.000000, 0.000000, 0.000000], alpha=1.000000, rect=[0, 0, 1080, 2400]
10-08 20:36:37.676  1678  1678 V SecQpBlurController: applySemWindowBlur (289 )
10-08 20:36:37.676  1678  1678 D BackgroundBlurDrawable: setScaleX, scaleX : 1.0
10-08 20:36:37.676  1678  1678 D BackgroundBlurDrawable: setScaleY, scaleY : 1.0
10-08 20:36:37.677  1678  1678 D SecQSFragmentAnimator_QSCinema: [panelExpansionDragDownPxAmount:1243.516] qsExpanded:false, qsFullyExpanded:false, qsExpansionPosition:0, qsExpandImmediate:false, qsCollapsingWhilePanelClosing:false &&&  panelExpansionFraction:0.58, panelExpansionDragDownPxAmount:1163.19 ***   panelExpanded:true, panelExpanding:true %%%   barState:0, overScrolling:false, userId:-1, isRunningPanelOnHeightAnimation:false
10-08 20:36:37.692   846   846 D Layer   : [SEC_SF_EFFECTS] setBlurRegions ## {radius=284u, cornerRadii=[0.000000, 0.000000, 0.000000, 0.000000], alpha=1.000000, rect=[0, 0, 1080, 2400]
10-08 20:36:37.692  1678  1678 V SecQpBlurController: applySemWindowBlur (293 )
10-08 20:36:37.693  1678  1678 D BackgroundBlurDrawable: setScaleX, scaleX : 1.0
10-08 20:36:37.693  1678  1678 D BackgroundBlurDrawable: setScaleY, scaleY : 1.0
10-08 20:36:37.694  1678  1678 D SecQSFragmentAnimator_QSCinema: [panelExpansionFraction:0.618] qsExpanded:false, qsFullyExpanded:false, qsExpansionPosition:0, qsExpandImmediate:false, qsCollapsingWhilePanelClosing:false &&&  panelExpansionFraction:0.58, panelExpansionDragDownPxAmount:1243.52 ***   panelExpanded:true, panelExpanding:true %%%   barState:0, overScrolling:false, userId:-1, isRunningPanelOnHeightAnimation:false
10-08 20:36:37.695  1678  1678 D SecQSFragmentAnimator_QSCinema: [panelExpansionDragDownPxAmount:1320.979] qsExpanded:false, qsFullyExpanded:false, qsExpansionPosition:0, qsExpandImmediate:false, qsCollapsingWhilePanelClosing:false &&&  panelExpansionFraction:0.62, panelExpansionDragDownPxAmount:1243.52 ***   panelExpanded:true, panelExpanding:true %%%   barState:0, overScrolling:false, userId:-1, isRunningPanelOnHeightAnimation:false
10-08 20:36:37.708   846   846 D Layer   : [SEC_SF_EFFECTS] setBlurRegions ## {radius=289u, cornerRadii=[0.000000, 0.000000, 0.000000, 0.000000], alpha=1.000000, rect=[0, 0, 1080, 2400]
10-08 20:36:37.709  1678  1678 V SecQpBlurController: applySemWindowBlur (296 )
10-08 20:36:37.710  1678  1678 D BackgroundBlurDrawable: setScaleX, scaleX : 1.0
10-08 20:36:37.710  1678  1678 D BackgroundBlurDrawable: setScaleY, scaleY : 1.0
10-08 20:36:37.710  1678  1678 D SecQpBlurDefaultUtils: windowBlur(293 >> 296), wallpaper:0
10-08 20:36:37.711  1678  1678 D SecQSFragmentAnimator_QSCinema: [panelExpansionDragDownPxAmount:1392.833] qsExpanded:false, qsFullyExpanded:false, qsExpansionPosition:0, qsExpandImmediate:false, qsCollapsingWhilePanelClosing:false &&&  panelExpansionFraction:0.65, panelExpansionDragDownPxAmount:1320.98 ***   panelExpanded:true, panelExpanding:true %%%   barState:0, overScrolling:false, userId:-1, isRunningPanelOnHeightAnimation:false
10-08 20:36:37.712   546   546 D io_stats: !@   8,0 r 4440807 114154508 w 3928582 45152332 d 1344221 65125484 f 0 0 iot 2084048 0 th 0 0 0 pt 0 inp 0 0 112498.161
10-08 20:36:37.717  1173  1594 D SemNscXgbMsL1: Probability - Cloud gaming: [0.0314844]
10-08 20:36:37.717  1173  1594 D SemNscXgbMsL1: Probability - Real time: [0.22477214]
10-08 20:36:37.717  1173  1594 D SemNscXgbMsL1: Probability - Non real time: [0.815831]
10-08 20:36:37.717  1173  1594 D SemNscXgbMsL1: 1 sample inference time: 0.426116 msecs
10-08 20:36:37.718  1173  1594 D SemNscXgbL2Rt: L2 RT 1 sample inference time: 0.715115 msecs
10-08 20:36:37.719  1173  1594 D SemNscXgbL2Nrt: L2 NRT 1 sample inference time: 0.64223 msecs
10-08 20:36:37.719  1173  1594 I SemWifiServiceDetector: NSD results: [0, 1, 2, 0, 0, 1, 0, 1, 0] Traff. type 1 Thr 2
10-08 20:36:37.719  1173  1597 D SemWifiOptimizer: enable=0 state=0x10 prev=0x10 new=0x00 force=0 mode=0
10-08 20:36:37.725   846   846 D Layer   : [SEC_SF_EFFECTS] setBlurRegions ## {radius=293u, cornerRadii=[0.000000, 0.000000, 0.000000, 0.000000], alpha=1.000000, rect=[0, 0, 1080, 2400]
10-08 20:36:37.725  1678  1678 V SecQpBlurController: applySemWindowBlur (297 )
10-08 20:36:37.727  1678  1678 D BackgroundBlurDrawable: setScaleX, scaleX : 1.0
10-08 20:36:37.727  1678  1678 D BackgroundBlurDrawable: setScaleY, scaleY : 1.0
10-08 20:36:37.728  1678  1678 D SecQSFragmentAnimator_QSCinema: [panelExpansionDragDownPxAmount:1463.93] qsExpanded:false, qsFullyExpanded:false, qsExpansionPosition:0, qsExpandImmediate:false, qsCollapsingWhilePanelClosing:false &&&  panelExpansionFraction:0.69, panelExpansionDragDownPxAmount:1392.83 ***   panelExpanded:true, panelExpanding:true %%%   barState:0, overScrolling:false, userId:-1, isRunningPanelOnHeightAnimation:false
10-08 20:36:37.742   846   846 D Layer   : [SEC_SF_EFFECTS] setBlurRegions ## {radius=296u, cornerRadii=[0.000000, 0.000000, 0.000000, 0.000000], alpha=1.000000, rect=[0, 0, 1080, 2400]
10-08 20:36:37.742  1678  1678 V SecQpBlurController: applySemWindowBlur (298 )
10-08 20:36:37.743  1678  1678 D BackgroundBlurDrawable: setScaleX, scaleX : 1.0
10-08 20:36:37.744  1678  1678 D BackgroundBlurDrawable: setScaleY, scaleY : 1.0
10-08 20:36:37.745  1678  1678 D SecQSFragmentAnimator_QSCinema: [panelExpansionDragDownPxAmount:1534.114] qsExpanded:false, qsFullyExpanded:false, qsExpansionPosition:0, qsExpandImmediate:false, qsCollapsingWhilePanelClosing:false &&&  panelExpansionFraction:0.72, panelExpansionDragDownPxAmount:1463.93 ***   panelExpanded:true, panelExpanding:true %%%   barState:0, overScrolling:false, userId:-1, isRunningPanelOnHeightAnimation:false
10-08 20:36:37.758   846   846 D Layer   : [SEC_SF_EFFECTS] setBlurRegions ## {radius=297u, cornerRadii=[0.000000, 0.000000, 0.000000, 0.000000], alpha=1.000000, rect=[0, 0, 1080, 2400]
10-08 20:36:37.759  1678  1678 V SecQpBlurController: applySemWindowBlur (299 )
10-08 20:36:37.759  1678  1678 D BackgroundBlurDrawable: setScaleX, scaleX : 1.0
10-08 20:36:37.760  1678  1678 D BackgroundBlurDrawable: setScaleY, scaleY : 1.0
10-08 20:36:37.760  1678  1678 D SecQSFragmentAnimator_QSCinema: [panelExpansionFraction:0.747] qsExpanded:false, qsFullyExpanded:false, qsExpansionPosition:0, qsExpandImmediate:false, qsCollapsingWhilePanelClosing:false &&&  panelExpansionFraction:0.72, panelExpansionDragDownPxAmount:1534.11 ***   panelExpanded:true, panelExpanding:true %%%   barState:0, overScrolling:false, userId:-1, isRunningPanelOnHeightAnimation:false
10-08 20:36:37.761  1678  1678 D SecQSFragmentAnimator_QSCinema: [panelExpansionDragDownPxAmount:1596.133] qsExpanded:false, qsFullyExpanded:false, qsExpansionPosition:0, qsExpandImmediate:false, qsCollapsingWhilePanelClosing:false &&&  panelExpansionFraction:0.75, panelExpansionDragDownPxAmount:1534.11 ***   panelExpanded:true, panelExpanding:true %%%   barState:0, overScrolling:false, userId:-1, isRunningPanelOnHeightAnimation:false
10-08 20:36:37.775   846   846 D Layer   : [SEC_SF_EFFECTS] setBlurRegions ## {radius=298u, cornerRadii=[0.000000, 0.000000, 0.000000, 0.000000], alpha=1.000000, rect=[0, 0, 1080, 2400]
10-08 20:36:37.775  1678  1678 V SecQpBlurController: applySemWindowBlur (299 )
10-08 20:36:37.776  1678  1678 D BackgroundBlurDrawable: setScaleX, scaleX : 1.0
10-08 20:36:37.776  1678  1678 D BackgroundBlurDrawable: setScaleY, scaleY : 1.0
10-08 20:36:37.778  1678  1678 D SecQSFragmentAnimator_QSCinema: [panelExpansionDragDownPxAmount:1658.731] qsExpanded:false, qsFullyExpanded:false, qsExpansionPosition:0, qsExpandImmediate:false, qsCollapsingWhilePanelClosing:false &&&  panelExpansionFraction:0.78, panelExpansionDragDownPxAmount:1596.13 ***   panelExpanded:true, panelExpanding:true %%%   barState:0, overScrolling:false, userId:-1, isRunningPanelOnHeightAnimation:false
10-08 20:36:37.792   846   846 D Layer   : [SEC_SF_EFFECTS] setBlurRegions ## {radius=299u, cornerRadii=[0.000000, 0.000000, 0.000000, 0.000000], alpha=1.000000, rect=[0, 0, 1080, 2400]
10-08 20:36:37.792  1678  1678 V SecQpBlurController: applySemWindowBlur (299 )
10-08 20:36:37.793  1678  1678 D BackgroundBlurDrawable: setScaleX, scaleX : 1.0
