10-08 20:37:14.087  1041 13960 I bauth_FPBAuthService: check_opcode status = 5, opcode = 0, func_ret_val = 0, function_status = 0, timeout = 0
10-08 20:37:14.087  1041  1712 I qfp-vendorlib:  read ipc cancel count 1
10-08 20:37:14.087  1041 13960 I bauth_FPQCBAuthSensorControl: FPQCBAuthSensorControl, 188
10-08 20:37:14.087  1041 13960 I qfp-vendorlib: QFPControl_DeviceSpiCtrl 1
10-08 20:37:14.087  1041  1712 I qfp-vendorlib: QFPControl_DeviceWaitIPC exit with 4
10-08 20:37:14.087  1041  1712 E bauth_FPQCBAuthSensorControl: BAuthDeviceWaitIPC sys call failed : 4
10-08 20:37:14.087  1041 13960 I bauth_FPQCBAuthSensorControl: scc 1
10-08 20:37:14.087  1041 13960 I bauth_FPQCBAuthSensorControl: FPQCBAuthSensorControl, 519
10-08 20:37:14.087  1041 13960 I bauth_FPBAuthService: isi
10-08 20:37:14.087  1041 13960 I bauth_FPBAuthService: acsf 2
10-08 20:37:14.087  1041 13960 I bauth_FPBAuthService: sfqdbtz : timestamp:1759945034
10-08 20:37:14.087  1041 13960 I TLC_BAUTH: Call FP cmd 0xc (101)
10-08 20:37:14.087  1041 13960 I TLC_BAUTH: Check Input Data Param buf addr = 0x0x0 , length = 0
10-08 20:37:14.087   762   790 D gralloc : [mali_gralloc_allocate] allocation successful
10-08 20:37:14.087  1041  1712 I bauth_FPBAuthService: FPBAuthService, 9787
10-08 20:37:14.088  1041  1712 I bauth_FPQCBAuthSensorControl: FPQCBAuthSensorControl, 264
10-08 20:37:14.088  1041  1712 I qfp-vendorlib: QFPControl_DeviceEnableIPC 0
10-08 20:37:14.088  1041  1712 I bauth_FPBAuthService: FPBAuthService, 9968
10-08 20:37:14.090  1678  1678 D SecVolume.SecVolumeStore: dispatch [ACTION_DISMISS_REQUESTED] with [STATE_NO_DISPATCH]
10-08 20:37:14.090   846   846 D SurfaceFlinger: Display 4633128672291735937 HWC layers:
10-08 20:37:14.090   846   846 D SurfaceFlinger:      DEVICE | 0x7b941e4ed0 | 0102 | RGBA_8888    |    0.0    0.0 1080.0 2400.0 |    0    0 1080 2400 | ColorFade BLAST_d0#31375
10-08 20:37:14.090   846   846 D SurfaceFlinger: 
10-08 20:37:14.091  1173  1297 D ColorFade: ColorFade end dejank.
10-08 20:37:14.091  1173  1297 D ColorFade: ColorFade End [PREPARE]  : mode=3, <Time> displayInfo: 3, screenshot: 12, createSurface : 3, egl : 2, initGl : 3, nightModeTime : 1, dejank : 23, totalPrepare : 47
10-08 20:37:14.091  1678  1678 D SecVolume.SecVolumeStore:   > New State : [STATE_NO_DISPATCH]
10-08 20:37:14.091  1173  1297 D DisplayPowerController[0]: ColorFade: onAnimationStart
10-08 20:37:14.091  1173  1297 D DisplayPowerController[0]: saveBrightnessInfo: brt:0.2784314 adjBrt:0.2784314 min:0.0 max:1.0 hbm:0 tp:1.0 throttler:0
10-08 20:37:14.091  1173  1297 V DisplayPowerController[0]: Brightness [0.25058824] reason changing to: 'automatic [ low_pwr ]', previous reason: 'automatic [ low_pwr dim ]'.
10-08 20:37:14.092  1173  1297 I DisplayPowerController[0]: BrightnessEvent: disp=0, brt=0.25058824, rcmdBrt=0.2784314, preBrt=NaN, lux=0.0, preLux=NaN, hbmMax=1.0, hbmMode=off, thrmMax=1.0, flags=, reason=automatic [ low_pwr ]
10-08 20:37:14.092  1173  1173 D BrightnessSynchronizer: onDisplayChanged() : displayId=0
10-08 20:37:14.092  1173  1173 D BrightnessSynchronizer: updateScreenBrightness: type=2 mPreferredSettingValue=0.2784314(71) currentBrightnessInt=71 currentBrightnessIntFromFloat=71(0.2784314)
10-08 20:37:14.096  1041  1041 I bauth_Worker: Worker, 55
10-08 20:37:14.096  1041  1041 I bauth_FPBAuthService: thread id : 3, preenroll_flag : 0, nd cnt : 0, cso : 0, et : 0
10-08 20:37:14.096  1041  1041 I bauth_service: BAuthService, 392
10-08 20:37:14.097  1173  1582 W Binder  : Outgoing transactions from this process must be FLAG_ONEWAY
10-08 20:37:14.097  1173  1582 W Binder  : java.lang.Throwable
10-08 20:37:14.097  1173  1582 W Binder  : 	at android.os.BinderProxy.transact(BinderProxy.java:567)
10-08 20:37:14.097  1173  1582 W Binder  : 	at com.samsung.android.biometrics.ISemBiometricSysUiService$Stub$Proxy.showBiometricDialog(ISemBiometricSysUiService.java:288)
10-08 20:37:14.097  1173  1582 W Binder  : 	at com.android.server.biometrics.SemBiometricSysUiManager.lambda$show$4(SemBiometricSysUiManager.java:349)
10-08 20:37:14.097  1173  1582 W Binder  : 	at com.android.server.biometrics.SemBiometricSysUiManager.$r8$lambda$q637rjiE2Nm9TPzmZdjvdvHKOu8(Unknown Source:0)
10-08 20:37:14.097  1173  1582 W Binder  : 	at com.android.server.biometrics.SemBiometricSysUiManager$$ExternalSyntheticLambda5.run(Unknown Source:18)
10-08 20:37:14.097  1173  1582 W Binder  : 	at com.android.server.biometrics.SemBiometricSysUiManager.handleRequest(SemBiometricSysUiManager.java:206)
10-08 20:37:14.097  1173  1582 W Binder  : 	at com.android.server.biometrics.SemBiometricSysUiManager.show(SemBiometricSysUiManager.java:356)
10-08 20:37:14.097  1173  1582 W Binder  : 	at com.android.server.biometrics.sensors.fingerprint.SemUdfpsSysUiImpl.start(SemUdfpsSysUiImpl.java:141)
10-08 20:37:14.097  1173  1582 W Binder  : 	at com.android.server.biometrics.sensors.fingerprint.SemFpBaseAuthenticationClient.start(SemFpBaseAuthenticationClient.java:400)
10-08 20:37:14.097  1173  1582 W Binder  : 	at com.android.server.biometrics.sensors.fingerprint.hidl.FingerprintAuthenticationClient.start(FingerprintAuthenticationClient.java:95)
10-08 20:37:14.097  1173  1582 W Binder  : 	at com.android.server.biometrics.sensors.BiometricSchedulerOperation.doStart(BiometricSchedulerOperation.java:241)
10-08 20:37:14.097  1173  1582 W Binder  : 	at com.android.server.biometrics.sensors.BiometricSchedulerOperation.start(BiometricSchedulerOperation.java:188)
10-08 20:37:14.097  1173  1582 W Binder  : 	at com.android.server.biometrics.sensors.BiometricScheduler.startNextOperationIfIdle(BiometricScheduler.java:297)
10-08 20:37:14.097  1173  1582 W Binder  : 	at com.android.server.biometrics.sensors.BiometricScheduler$1.lambda$onClientFinished$0(BiometricScheduler.java:214)
10-08 20:37:14.097  1173  1582 W Binder  : 	at com.android.server.biometrics.sensors.BiometricScheduler$1.$r8$lambda$BdOn6goaErNYp3MgqKQSXdmkBqw(Unknown Source:0)
10-08 20:37:14.097  1173  1582 W Binder  : 	at com.android.server.biometrics.sensors.BiometricScheduler$1$$ExternalSyntheticLambda0.run(Unknown Source:6)
10-08 20:37:14.097  1173  1582 W Binder  : 	at android.os.Handler.handleCallback(Handler.java:942)
10-08 20:37:14.097  1173  1582 W Binder  : 	at android.os.Handler.dispatchMessage(Handler.java:99)
10-08 20:37:14.097  1173  1582 W Binder  : 	at android.os.Looper.loopOnce(Looper.java:226)
10-08 20:37:14.097  1173  1582 W Binder  : 	at android.os.Looper.loop(Looper.java:313)
10-08 20:37:14.097  1173  1582 W Binder  : 	at android.os.HandlerThread.run(HandlerThread.java:67)
10-08 20:37:14.097  1173  1582 W Binder  : 	at com.android.server.ServiceThread.run(ServiceThread.java:44)
10-08 20:37:14.098 21496 21496 I BSS_SysUiManager: handleMessage = 1, 73655318, 4
10-08 20:37:14.099  1173  1582 V BiometricSchedulerOperation: started: {[1018] com.android.server.biometrics.sensors.fingerprint.hidl.FingerprintAuthenticationClient, proto=3, owner=com.android.systemui, cookie=0, requestId=335, userId=0}, State: 2
10-08 20:37:14.100   762   790 D gralloc : [mali_gralloc_allocate] begin
10-08 20:37:14.100   762   790 D gralloc : buffer_descriptor: wh(1080 2400) usage_pc(0x40000000000b00 0x40000000000b00) hal_format(0x1) layer_count(1) sizes(0 0 0) strde(0) byte_stride(0) alloc_wh(0 0) internal_format(0x0) alloc_format(0x0) fd_count(1) plane_count(0)
10-08 20:37:14.103   762   790 D gralloc : [mali_gralloc_allocate] allocation successful
10-08 20:37:14.106  1173  3655 I UcmService: getKeyguardStorageForCurrentUser : 0
10-08 20:37:14.109 21496 21496 E ThemeUtils: View class com.airbnb.lottie.LottieAnimationView is an AppCompat widget that can only be used with a Theme.AppCompat theme (or descendant).
10-08 20:37:14.110  1173  3655 D SemInputCommandService: getFodInfo: devid:1
10-08 20:37:14.110   818   818 I sysinput:Touch: readInformation:223, fod_info: 18,18,41,18,40 OK
10-08 20:37:14.110  1173  3655 D SysinputHAL_V1_3: getProperty(TSP_1): FOD_INFO:18,18,41,18,40
10-08 20:37:14.111 21496 21496 I BSS_InDisplaySensorWindow: SIL: 0, 431, 1772
10-08 20:37:14.116 21496 21496 I BSS_InDisplaySensorWindow: Create VisualEffectLayer
10-08 20:37:14.116 21496 21496 E ThemeUtils: View class com.airbnb.lottie.LottieAnimationView is an AppCompat widget that can only be used with a Theme.AppCompat theme (or descendant).
10-08 20:37:14.117 13956 13956 D AndroidRuntime: >>>>>> START com.android.internal.os.RuntimeInit uid 2000 <<<<<<
10-08 20:37:14.117 21496 21496 I BSS_InDisplaySensorWindow: VisualEffectLayer.updateValue: -1
10-08 20:37:14.118 21496 21496 I BSS_InDisplaySensorWindow: setVisibility: [4]
10-08 20:37:14.119 21496 21496 I BSS_InDisplaySensorHelper: AodStatusListener.updateValue: false, 0, true, 0, 0
10-08 20:37:14.119 21496 21496 I BSS_InDisplaySensorHelper: SensorIconOptionListener.updateValue: 2
10-08 20:37:14.123   846  2457 I SurfaceFlinger: id=31376 createSurf flag=80004, WindowToken{ae0c152 type=2619 android.os.BinderProxy@8dc31dd}#31376
10-08 20:37:14.123 13956 13956 I AndroidRuntime: Using default boot image
10-08 20:37:14.123 13956 13956 I AndroidRuntime: Leaving lock profiling enabled
10-08 20:37:14.123 13956 13956 D SecNativeFeatureCppIf: encoded
10-08 20:37:14.123  1173  3655 D InputTransport: Input channel constructed: '4057c23', fd=850
10-08 20:37:14.124  1173  3655 D InputTransport: Input channel constructed: '4057c23', fd=1089
10-08 20:37:14.124  1173  3655 D InputTransport: Input channel constructed: '4057c23', fd=1101
10-08 20:37:14.124 13956 13956 D SecNativeFeatureCppIf: decoding and unzip finish
10-08 20:37:14.124 13956 13956 D SecNativeFeatureCppIf: use unCompDataBuff. encoded
10-08 20:37:14.124 13956 13956 D SecNativeFeatureCppIf: Free unCompDataBuff
10-08 20:37:14.124 13956 13956 D AndroidRuntime: addProductProperty: pBrand1 is not null
10-08 20:37:14.124 13956 13956 D AndroidRuntime: addProductProperty: not brand or 7
10-08 20:37:14.124   846  2457 I SurfaceFlinger: id=31377 createSurf flag=80004, 4057c23 FP Iconview#31377
10-08 20:37:14.124  1173  3655 D InputTransport: Input channel destroyed: '4057c23', fd=1101
10-08 20:37:14.126 21496 21496 I ViewRootImpl@ad24ecb[FP Iconview]: setView = android.widget.FrameLayout@6350ca7 TM=true
10-08 20:37:14.126 21496 21496 I BSS_InDisplaySensorWindow: handleOnAodStatusChanged
10-08 20:37:14.126 21496 21496 I BSS_InDisplaySensorWindow: hideSensorIcon
10-08 20:37:14.126  1173  3655 D CoreBackPreview: Window{4057c23 u0 FP Iconview}: Setting back callback OnBackInvokedCallbackInfo{mCallback=android.window.IOnBackInvokedCallback$Stub$Proxy@aef0ed9, mPriority=0}
10-08 20:37:14.127  1173  3627 D PowerManagerService: [api] acquire WakeLock DRAW_WAKE_LOCK                 'BSS_InDisplaySensorHelper:D' (uid=1000 pid=21496 displayId=-1 lock=325a09e)
10-08 20:37:14.127 21496 21496 I BSS_InDisplaySensorWindow: setVisibility: [4]
10-08 20:37:14.127  1173  3627 D FingerprintService.Ext: handleBioSysUiRequest: 4, 2, 0, null
10-08 20:37:14.127  1173  3627 D FingerprintService.Ext: handleBioSysUiRequest: 2, 0, 0, null
10-08 20:37:14.127  1173  3627 D FingerprintService.Ext: handleBioSysUiRequest: 3, 0, 0, null
10-08 20:37:14.127 13956 13956 I app_process: Using CollectorTypeCC GC.
10-08 20:37:14.127  1173  3627 D PowerManagerService: [api] release WakeLock DRAW_WAKE_LOCK                 'BSS_InDisplaySensorHelper:D' ACQ=-1ms (uid=1000 pid=21496 displayId=-1 lock=325a09e)
10-08 20:37:14.135 21496 21496 I SurfaceView@b0ec042: onWindowVisibilityChanged(4) false com.samsung.android.biometrics.app.setting.fingerprint.BlackMaskView{b0ec042 G.E...... ......I. 0,0-0,0 #7f090149 app:id/sem_fingerprint_blackmask_surfaceview} of ViewRootImpl@ad24ecb[FP Iconview]
10-08 20:37:14.135 21496 21496 I ViewRootImpl@ad24ecb[FP Iconview]: performTraversals params={(0,0)(1080x2400) sim={adjust=pan} layoutInDisplayCutoutMode=always ty=2619 fmt=TRANSLUCENT surfaceInsets=Rect(6, 6 - 6, 6)
10-08 20:37:14.135 21496 21496 I ViewRootImpl@ad24ecb[FP Iconview]:   fl=1000018
10-08 20:37:14.135 21496 21496 I ViewRootImpl@ad24ecb[FP Iconview]:   pfl=12102050
10-08 20:37:14.135 21496 21496 I ViewRootImpl@ad24ecb[FP Iconview]:   bhv=DEFAULT naviIconColor=0
10-08 20:37:14.135 21496 21496 I ViewRootImpl@ad24ecb[FP Iconview]:   sfl=60008}
10-08 20:37:14.136 21496 21496 I ViewRootImpl@ad24ecb[FP Iconview]: performTraversals mFirst=true windowShouldResize=true viewVisibilityChanged=false mForceNextWindowRelayout=false params={(0,0)(1080x2400) sim={adjust=pan} layoutInDisplayCutoutMode=always ty=2619 fmt=TRANSLUCENT surfaceInsets=Rect(6, 6 - 6, 6)
10-08 20:37:14.136 21496 21496 I ViewRootImpl@ad24ecb[FP Iconview]:   fl=1000018
10-08 20:37:14.136 21496 21496 I ViewRootImpl@ad24ecb[FP Iconview]:   pfl=12102050
10-08 20:37:14.136 21496 21496 I ViewRootImpl@ad24ecb[FP Iconview]:   bhv=DEFAULT naviIconColor=0
10-08 20:37:14.136 21496 21496 I ViewRootImpl@ad24ecb[FP Iconview]:   sfl=60008}
10-08 20:37:14.139  1173  3655 V WindowManager: Relayout Window{4057c23 u0 FP Iconview}: viewVisibility=4 req=1080x2400 d0
10-08 20:37:14.142  1173  3655 V WindowManager: Relayout hash=4057c23, pid=21496, syncId=-1: mAttrs={(0,0)(1080x2400) sim={adjust=pan} layoutInDisplayCutoutMode=always ty=2619 fmt=TRANSLUCENT surfaceInsets=Rect(6, 6 - 6, 6)
10-08 20:37:14.142  1173  3655 V WindowManager:   fl=1000018
10-08 20:37:14.142  1173  3655 V WindowManager:   pfl=12102050
10-08 20:37:14.142  1173  3655 V WindowManager:   bhv=DEFAULT naviIconColor=0
10-08 20:37:14.142  1173  3655 V WindowManager:   sfl=60008}
10-08 20:37:14.143 21496 21496 I ViewRootImpl@ad24ecb[FP Iconview]: Relayout returned: old=(0,0,1080,2400) new=(0,0,1080,2400) req=(1080,2400)4 dur=7 res=0x0 s={false 0x0} ch=false seqId=0
10-08 20:37:14.188  1041  1712 I bauth_FPBAuthService: FPBAuthService, 9995
10-08 20:37:14.188  1041  1712 I bauth_FPBAuthService: cbmd
10-08 20:37:14.188  1041  1712 I bauth_FPBAuthService: swipc
10-08 20:37:14.188  1041  1712 I bauth_FPQCBAuthSensorControl: FPQCBAuthSensorControl, 264
10-08 20:37:14.188  1041  1712 I qfp-vendorlib: QFPControl_DeviceEnableIPC 1
10-08 20:37:14.188  1041  1712 I bauth_FPBAuthService: wwipc
10-08 20:37:14.188  1041  1712 I qfp-vendorlib: QFPControl_DeviceWaitIPC Entry!!!
10-08 20:37:14.205 13956 13956 D nativeloader: InitDefaultPublicLibraries for_preload=1: libandroid.so:libaaudio.so:libamidi.so:libbinder_ndk.so:libc.so:libcamera2ndk.so:libdl.so:libEGL.so:libGLESv1_CM.so:libGLESv2.so:libGLESv3.so:libicu.so:libicui18n.so:libicuuc.so:libjnigraphics.so:liblog.so:libmediandk.so:libm.so:libnativehelper.so:libnativewindow.so:libOpenMAXAL.so:libOpenSLES.so:libRS.so:libstdc++.so:libsync.so:libvulkan.so:libwebviewchromium_plat_support.so:libz.so
10-08 20:37:14.219 13956 13956 D nativeloader: Load libicu_jni.so using APEX ns com_android_art for caller /apex/com.android.art/javalib/core-oj.jar: ok
10-08 20:37:14.219 13956 13956 D app_process: Time zone APEX ICU file found: /apex/com.android.tzdata/etc/icu/icu_tzdata.dat
10-08 20:37:14.220 13956 13956 D app_process: I18n APEX ICU file found: /apex/com.android.i18n/etc/icu/icudt70l.dat
10-08 20:37:14.220 13956 13956 D nativeloader: Load libjavacore.so using APEX ns com_android_art for caller /apex/com.android.art/javalib/core-oj.jar: ok
10-08 20:37:14.221 13956 13956 D nativeloader: Load libopenjdk.so using APEX ns com_android_art for caller /apex/com.android.art/javalib/core-oj.jar: ok
10-08 20:37:14.239 13956 13956 E SemDvfsManager_JNI: SemDvfsManager: registerfunction enter
10-08 20:37:14.240 13956 13956 E SemAffinityControl: SemAffinityControl: registerfunction enter
10-08 20:37:14.250 13956 13956 D nativeloader: Load libframework-connectivity-tiramisu-jni.so using APEX ns com_android_tethering for caller /apex/com.android.tethering/javalib/framework-connectivity-t.jar: ok
10-08 20:37:14.251 13956 13956 D AndroidRuntime: Calling main entry com.android.commands.content.Content
10-08 20:37:14.253 13956 13956 D AndroidRuntime: Shutting down VM
10-08 20:37:14.278  1173  1594 D SemNscXgbMsL1: Probability - Cloud gaming: [0.024539415]
10-08 20:37:14.278  1173  1594 D SemNscXgbMsL1: Probability - Real time: [0.1925578]
10-08 20:37:14.278  1173  1594 D SemNscXgbMsL1: Probability - Non real time: [0.75011766]
10-08 20:37:14.278  1173  1594 D SemNscXgbMsL1: 1 sample inference time: 0.433961 msecs
10-08 20:37:14.279  1173  1594 D SemNscXgbL2Rt: L2 RT 1 sample inference time: 0.672 msecs
10-08 20:37:14.280  1173  1594 D SemNscXgbL2Nrt: L2 NRT 1 sample inference time: 0.57 msecs
10-08 20:37:14.298  1041 13960 I tlc_communication: blowfish : tlc_communicate commandID(12) (0x00000000 TEEC_SUCCESS) retry0
10-08 20:37:14.298  1041 13960 I TLC_BAUTH: Check the Trustlet return code is completed
10-08 20:37:14.298  1041 13960 I TLC_BAUTH: Call FP cmd 0xc (76)
10-08 20:37:14.298  1041 13960 I TLC_BAUTH: Check Input Data Param buf addr = 0x0x0 , length = 0
10-08 20:37:14.301  1041 13960 I tlc_communication: blowfish : tlc_communicate commandID(12) (0x00000000 TEEC_SUCCESS) retry0
10-08 20:37:14.301  1041 13960 I TLC_BAUTH: Check the Trustlet return code is completed
10-08 20:37:14.301  1041 13960 I bauth_FPBAuthService: adlg : [s] 761 73
10-08 20:37:14.301  1041 13960 I bauth_FPBAuthService: adlg : [000] 28 08 35 00 a2 95 9d 32 34 2b 14 02 00 00 00 00
10-08 20:37:14.301  1041 13960 I bauth_FPBAuthService: adlg : [001] 00 00 00 fd 25 29 24 25 22 1f 2b 1c 30 0f 00 00
10-08 20:37:14.301  1041 13960 I bauth_FPBAuthService: adlg : [002] 00 00 00 00 00 6e 7c 00 25 04 60 60 0a 8c 04 0a
10-08 20:37:14.301  1041 13960 I bauth_FPBAuthService: adlg : [003] be 03 00 00 00 00 00 00 00 00 00 00 00 00 00 00
10-08 20:37:14.301  1041 13960 I bauth_FPBAuthService: adlg : [e] 761 73
10-08 20:37:14.314  1041 13960 I bauth_FPBAuthService: [761] done l:73 r:0
10-08 20:37:14.314  1041 13960 I bauth_FPBAuthService: acsf 2
10-08 20:37:14.314  1041 13960 I bauth_FPBAuthService: FPBAuthService, 5577
10-08 20:37:14.314  1041 13960 I bauth_FPQCBAuthSensorControl: FPQCBAuthSensorControl, 464
10-08 20:37:14.314  1041 13960 I bauth_FPBAuthService: FPBAuthService, 5600
10-08 20:37:14.314  1041 13960 I bauth_FPBAuthServiceStorage: FPBAuthServiceStorage, 581
10-08 20:37:14.314  1041 13960 I bauth_FPQCBAuthSensorControl: FPQCBAuthSensorControl, 299
10-08 20:37:14.314  1041 13960 I qfp-vendorlib: QFPControl_DeviceCpuSpeedup 2
10-08 20:37:14.314  1041 13960 I TLC_BAUTH: Call FP cmd 0xc (74)
10-08 20:37:14.314  1041 13960 I TLC_BAUTH: Check Input Data Param buf addr = 0x0x0 , length = 0
10-08 20:37:14.318  1041 13960 I tlc_communication: blowfish : tlc_communicate commandID(12) (0x00000000 TEEC_SUCCESS) retry0
10-08 20:37:14.318  1041 13960 I TLC_BAUTH: Check the Trustlet return code is completed
10-08 20:37:14.318  1041 13960 I bauth_FPBAuthService: iae 74 0 0
10-08 20:37:14.318  1041 13960 I bauth_FPBAuthService: FPBAuthService, 5687
10-08 20:37:14.318  1041 13960 I TLC_BAUTH: Call FP cmd 0xc (49)
10-08 20:37:14.318  1041 13960 I TLC_BAUTH: Skip cmd : 0xc, opcode : 49
10-08 20:37:14.318  1041 13960 I bauth_FPBAuthService: iil : 0
10-08 20:37:14.318  1041 13960 I TLC_BAUTH: Call FP cmd 0x5
10-08 20:37:14.329  1041 13960 I tlc_communication: blowfish : tlc_communicate commandID(5) (0x00000000 TEEC_SUCCESS) retry0
10-08 20:37:14.329  1041 13960 I TLC_BAUTH: Check the Trustlet return code is completed
10-08 20:37:14.329  1041 13960 I bauth_FPBAuthService: FPBAuthService, 5757
10-08 20:37:14.329  1041 13960 I bauth_FPBAuthService: toil : 1:, 2
10-08 20:37:14.329  1041 13960 I bauth_FPBAuthService: check_opcode status = 2, opcode = 0, func_ret_val = 0, function_status = 0, timeout = 0
10-08 20:37:14.329  1041 13960 I bauth_FPBAuthService: FPBAuthService, 2949
10-08 20:37:14.329  1041 13960 I bauth_FPBAuthService: fpop : 100020
10-08 20:37:14.329  1041 13960 I bauth_FPBAuthUserInfo: FPBAuthUserInfo, 177
10-08 20:37:14.329  1041 13960 I bauth_FPBAuthService: FPBAuthService, 5857
10-08 20:37:14.329  1041 13960 I TLC_BAUTH: Call FP cmd 0x6
10-08 20:37:14.330  1173  1582 I FingerprintService: handleAcquired: acquiredInfo=6, vendor=10001
10-08 20:37:14.330  1173  1582 D FingerprintService: onAcquired: 6, 10001
10-08 20:37:14.330 21496 21496 I BSS_SysUiManager: handleMessage = 7, 202, 10001
10-08 20:37:14.331  1173  1582 V Biometrics/AcquisitionClient: Acquired: 6 10001, shouldSend: true
10-08 20:37:14.331  1678  1910 I FingerprintManager: handleMessage = 101, 6, 10001
10-08 20:37:14.331  1678  1678 D KeyguardFingerprint: handleFingerprintAuth fpMsg index = 0 / type = 4
10-08 20:37:14.331  1678  1678 D KeyguardFingerprint: onAuthenticationAcquired( 6  )
10-08 20:37:14.331  1678  1678 D KeyguardFingerprint: handleFingerprintAcquired( 6  )
10-08 20:37:14.331  1678  1678 W KeyguardFingerprint: handleFingerprintAuth dispatchCount = 1 / elapsed time: 0ms
10-08 20:37:14.333  1173  3655 D PowerManagerService: [api] userActivity : event: 0 flags: 0 (uid: 10044 pid: 1678) eventTime = 112534781 displayId = 0
10-08 20:37:14.335  1041 13960 I tlc_communication: blowfish : tlc_communicate commandID(6) (0x00000000 TEEC_SUCCESS) retry0
10-08 20:37:14.335  1041 13960 I TLC_BAUTH: Check the Trustlet return code is completed
10-08 20:37:14.335  1041 13960 I bauth_FPBAuthService: check_opcode status = 2, opcode = 4, func_ret_val = 0, function_status = 1, timeout = -1
10-08 20:37:14.335  1041 13960 I bauth_FPBAuthService: FPBAuthService, 2987
10-08 20:37:14.335  1041 13960 I bauth_FPQCBAuthSensorControl: FPQCBAuthSensorControl, 215
10-08 20:37:14.335  1041 13960 I qfp-vendorlib: QFPControl_DeviceEnableInt 1
10-08 20:37:14.335  1041 13960 I bauth_FPQCBAuthSensorControl: FPQCBAuthSensorControl, 188
10-08 20:37:14.335  1041 13960 I qfp-vendorlib: QFPControl_DeviceSpiCtrl 0
10-08 20:37:14.335  1041 13960 I bauth_FPQCBAuthSensorControl: scc 0
10-08 20:37:14.335  1041 13960 I bauth_FPBAuthService: FPBAuthService, 3008
10-08 20:37:14.335  1041 13960 I bauth_FPQCBAuthSensorControl: FPQCBAuthSensorControl, 299
10-08 20:37:14.335  1041 13960 I qfp-vendorlib: QFPControl_DeviceCpuSpeedup 0
10-08 20:37:14.337  1041 13960 I bauth_FPBAuthService: acsf 0
10-08 20:37:14.337  1041 13960 I qfp-vendorlib: QFPControl_DeviceWaitInt Entry!!!
10-08 20:37:14.348  1173  1297 D DisplayPowerState: !@ColorFade entry displayId=0
10-08 20:37:14.348   787 13957 I Sec MiscPowerHAL: !@sysfs_write -: /sys/class/sec/tsp/input/enabled: 0
10-08 20:37:14.349  1173  1297 D DisplayPowerController[0]: ColorFade: onAnimationEnd
10-08 20:37:14.350   818   818 I sysinput:Touch: writeInformation:249, OK
10-08 20:37:14.350  1173  1583 D SysinputHAL_V1_3(V1_2): runTspCmdNoRead(1): fod_enable,1,0,0(0)
10-08 20:37:14.350  1173  1583 I FingerprintService: setTspMode: [3] done
10-08 20:37:14.352  1173  1297 D DisplayPowerController[0]: animateScreenStateChange: target=1, mLogicalDisplay.isEnabled()=true
10-08 20:37:14.352  1173  1297 I DisplayPowerController[0]: Blocking screen off
10-08 20:37:14.352  1173  1297 D DisplayPowerController[0]: mWindowManagerPolicy.screenTurningOff()
10-08 20:37:14.352  1173  1297 V KeyguardServiceDelegate: onScreenTurningOff()
10-08 20:37:14.352  1173  1297 I DisplayPowerController[0]: Unblocked screen off after 0 ms
10-08 20:37:14.353  1678  2569 D KeyguardService: onScreenTurningOff
10-08 20:37:14.353   779   779 I SehLight: lcd : 0+
10-08 20:37:14.353  1173  1271 D RestrictionPolicy: isScreenCaptureEnabled : ret=true userId=0
10-08 20:37:14.353  1678  1678 D SecLifecycle: screenState=3
10-08 20:37:14.353  1173  1271 D RestrictionPolicy: isScreenCaptureEnabled : ret=true userId=0
10-08 20:37:14.355   762   790 D gralloc : [mali_gralloc_allocate] begin
10-08 20:37:14.355   762   790 D gralloc : buffer_descriptor: wh(1080 2400) usage_pc(0xb66 0xb06) hal_format(0x1) layer_count(1) sizes(0 0 0) strde(0) byte_stride(0) alloc_wh(0 0) internal_format(0x0) alloc_format(0x0) fd_count(1) plane_count(0)
10-08 20:37:14.356  1173  1288 D BatteryExternalStatsWorker: update stats : screen-state (1)
10-08 20:37:14.356  1173  1297 D DisplayPowerController[0]: mWindowManagerPolicy.screenTurnedOff()
10-08 20:37:14.356  1173  1297 I WindowManager: Display0 turned off...
10-08 20:37:14.359   779   779 I SehLight: lcd : 0-
10-08 20:37:14.359   762   790 D gralloc : [mali_gralloc_allocate] allocation successful
10-08 20:37:14.361   846   846 I Layer   : id=31378 Destroyed Screenshot Parent#31378
10-08 20:37:14.371  1173  8189 D RemoteAppTaskWatcher:  ****** RemoteAppTaskWatcher: Message Received 5 Task ID = 0
10-08 20:37:14.371  1173  1297 D ActivityTaskManager: Top Process State changed to PROCESS_STATE_TOP_SLEEPING
10-08 20:37:14.371  1173  1271 D DisplayPowerController[0]: [api] WindowManagerPolicy.ScreenOffListener : called onScreenOff()
10-08 20:37:14.372  1173  1297 D ActivityTaskManager: scheduleTopResumedActivityChanged, onTop=false r=ActivityRecord{201949b u0 com.samsung.android.messaging/com.android.mms.ui.ConversationComposer} t5199} caller=com.android.server.wm.ActivityTaskSupervisor.updateTopResumedActivityIfNeeded:2510 com.android.server.wm.TaskFragment.setResumedActivity:493 com.android.server.wm.TaskFragment.onActivityStateChanged:790 com.android.server.wm.ActivityRecord.setState:6406 com.android.server.wm.TaskFragment.startPausing:1880 com.android.server.wm.TaskFragment.startPausing:1817 
10-08 20:37:14.373 17722 17722 I ORC/BaseWithActivity: getComposerFragment : b9{a3adb71} (f78b244a-b436-4b45-b5e3-55b18a3ad82f id=0x7f0a0442 tag=TAG_RIGHT_PANE_FRAGMENT)
10-08 20:37:14.374  1173  1297 V KeyguardServiceDelegate: onScreenTurnedOff()
10-08 20:37:14.374 17722 17722 I ORC/BaseWithActivity: getComposerFragment : b9{a3adb71} (f78b244a-b436-4b45-b5e3-55b18a3ad82f id=0x7f0a0442 tag=TAG_RIGHT_PANE_FRAGMENT)
10-08 20:37:14.374  1678  2569 D KeyguardViewMediator: onScreenTurnedOff
10-08 20:37:14.374 17722 17764 E AccessibilityManager: semUpdateAssitantMenu invoking from manager:
10-08 20:37:14.374 17722 17764 E AccessibilityManager: semUpdateAssitantMenu invoking from manager:
10-08 20:37:14.375 17722 17764 E AccessibilityManager: semUpdateAssitantMenu invoking from manager:
10-08 20:37:14.375 17722 17764 E AccessibilityManager: semUpdateAssitantMenu invoking from manager:
10-08 20:37:14.375 17722 17764 I ORC/BaseWithActivity: mIsResumed = true, isLeftPaneVisible = false, isRightPaneVisible = true, changedPane = 0
10-08 20:37:14.375  1173  1269 I WindowOrientationListener: WindowOrientationListener disabled
10-08 20:37:14.375  1173  1269 D SensorService: Calling activate off 49
10-08 20:37:14.375   770   770 D Sensors : M requested delay = 200000000, modified delay = 0
10-08 20:37:14.375   770   770 I Sensors : batch(32) - autorotation try to batching with 0
10-08 20:37:14.376  1173  1269 D SensorManager: unregisterListener :: com.android.server.wm.WindowOrientationListener$OrientationSensorJudge@de35cb3
10-08 20:37:14.378  1173  1271 I ActivityManager: Changes in 10112 2 to 12, 15 to 0
10-08 20:37:14.378  1173  1271 I AppOps  : updateUidProcState uid: 10110 procState: 5 capability:15
10-08 20:37:14.381  1173  3627 D SGM:GameManager: identifyGamePackage. com.samsung.android.messaging, mCurrentUserId: 0, callerUserId: 0, callingMethodInfo: com.samsung.android.game.IGameManagerService$Stub.onTransact(IGameManagerService.java:233)
10-08 20:37:14.382  1173  3627 D SGM:PkgDataHelper: getGamePkgData(). com.samsung.android.messaging
10-08 20:37:14.382  8090  9394 I WindowsLink: (TaskInfoManager) +++++++++++onRecentTaskStackUpdated
10-08 20:37:14.385 17722 17722 I ORC/WithActivity: WithActivity onPause
10-08 20:37:14.385 17722 17722 I ORC/BaseWithActivityInterfaceImpl: onPause()
10-08 20:37:14.385 17722 17722 I ORC/ConversationListFragment: onPause()
10-08 20:37:14.386 17722 17722 I ORC/MessageEditorFragment: LIFE:begin         [MessageEditor]onPause
10-08 20:37:14.386  1678  1678 D SecLifecycle: screenState=0
10-08 20:37:14.386  1173  1297 D AutomaticBrightnessController: sendAmbientLux(-1.0)
10-08 20:37:14.386  1173  1297 D PowerManagerUtil: fileWriteInt to /sys/class/lcd/panel/lux, -1
10-08 20:37:14.386  1173  1297 D AutomaticBrightnessController: setLightSensorEnabled: false
10-08 20:37:14.386  1678  1678 V Navbar.Store: ----handleEvent(0) OnUpdateRemoteViewContainer(leftContainer=android.widget.LinearLayout{9b3f82 I.E...... ......ID 0,0-118,126 #7f0b04f6 app:id/left_remoteview}, rightContainer=android.widget.LinearLayout{fffd693 I.E...... ......ID 962,0-1080,126 #7f0b07aa app:id/right_remoteview}, contextualButtonVisible=false, darkIntensity=0.0) [Module] SamsungNavigationBarView
10-08 20:37:14.386  1678  1678 V Navbar.Store: ------[Band]REMOTE_VIEW_PACK_SET_REMOTEVIEW_CONTAINER
10-08 20:37:14.387  1173  1297 D SensorService: Calling activate off 10
10-08 20:37:14.387  1678  1678 V Navbar.Store: --------apply(0) UpdateRemoteViewContainer
10-08 20:37:14.387  1678  1678 V Navbar.Store: --------apply(0) UpdateRemoteViewDarkIntensity
10-08 20:37:14.387  1678  1678 V Navbar.Store: handleEvent(0) OnUpdateSysUiStateFlag(noArguments=true) [Module] SamsungNavigationBarView
10-08 20:37:14.387  1678  1678 V Navbar.Store: --[Band]GESTURE_PACK_UPDATE_SYSTEMUI_STATE_FLAG
10-08 20:37:14.387  1678  1678 V Navbar.Store: --[Band] (afterAction) GESTURE_PACK_UPDATE_SYSTEMUI_STATE_FLAG
10-08 20:37:14.387  2080 23498 I TouchInteractionService: onActiveNavBarRegionChanges, region : SkRegion((0,2274,388,2400)(389,2274,690,2400)(691,2274,961,2400))
10-08 20:37:14.387   770   770 I Sensors : LightSensor old sensor_state 279040, new sensor_state : 316676528947200 en : 0
10-08 20:37:14.387  2080 23498 I TouchInteractionService: onActiveNavBarRegionChanges, region : SkRegion((0,2274,388,2400)(389,2274,690,2400)(691,2274,961,2400))
10-08 20:37:14.388 17722 17722 I ORC/MessageEditorFragment: LIFE:end           [MessageEditor]onPause
10-08 20:37:14.388 17722 17722 I ORC/ComposerFragment: LIFE:begin         [COMPOSER]onPause, 56
10-08 20:37:14.388 17722 17722 I ORC/ComposerPresenter: LIFE:begin         [COMPOSER]onPause
10-08 20:37:14.388 17722 17722 I ORC/ComposerModel: markAsRead
10-08 20:37:14.388 17722 17722 I ORC/DirectCallManager: pause()
10-08 20:37:14.388 17722 10141 I ORC/ComposerModel: markAsRead, doInBackground begin
10-08 20:37:14.388 17722 10141 I ORC/ComposerSimSlotModel: getSessionIdMap = {}
10-08 20:37:14.388 17722 10141 I ORC/ComposerModel: getReadNotificationValue, 0
10-08 20:37:14.388 17722 10141 I ORC/ComposerTwoPhoneModel: getTwoPhoneMode 0
10-08 20:37:14.389 17722 17722 I ORC/DirectCallManager: getPickupToCallOut() = false
10-08 20:37:14.389 17722 10141 I PROV/UpdateUriEtc: URI_NOTIFICATION_COUNT, result = 0
10-08 20:37:14.390 17722 10141 I PROV/MsgContentProvider: update, uri : content://com.samsung.android.messaging.service.provider.MessageContentProvider/notification_count, Elapsed time : 0.4785 ms
10-08 20:37:14.390 17722 10141 I ORC/MarkAsReadModel: isFromBin : false
10-08 20:37:14.390 17722 17722 I ORC/ComposerPresenter: LIFE:end           [COMPOSER]onPause
10-08 20:37:14.390 17722 10141 I PROV/MsgContentProviderQuery: query, uriMatch : 1101, Elapsed time : 0.1145 ms
10-08 20:37:14.391   770   770 I Sensors : disable:: light_sensor(5)
10-08 20:37:14.391  1173  1297 D SensorManager: unregisterListener :: com.android.server.display.AutomaticBrightnessController$5@fd5c5df
10-08 20:37:14.391  1173  1297 D DisplayPowerController[0]: Animating brightness: target=0(0.00), rate=0.000, rateAtHbm=0.000, reason=screen_off[0]
10-08 20:37:14.392  1173  1297 D AdaptiveBrightnessLongtermModelBuilder: notifyBrightnessChanged(brightness=2.000000, userInitiated=false)
10-08 20:37:14.392  1173  1297 D DisplayPowerController[0]: saveBrightnessInfo: brt:0.2784314 adjBrt:0.0 min:0.0 max:1.0 hbm:0 tp:1.0 throttler:0
10-08 20:37:14.392  1173  1297 V DisplayPowerController[0]: Brightness [0.0] reason changing to: 'screen_off', previous reason: 'automatic [ low_pwr ]'.
10-08 20:37:14.392  1173  1297 I DisplayPowerController[0]: BrightnessEvent: disp=0, brt=0.0, rcmdBrt=NaN, preBrt=NaN, lux=0.0, preLux=0.0, hbmMax=1.0, hbmMode=off, thrmMax=1.0, flags=, reason=screen_off
10-08 20:37:14.392 17722 17722 I ORC/MessageEditorFragment: onGlobalLayout() marginTop : 210
10-08 20:37:14.392 17722 17722 I ORC/SoftInputStateWatcher: [SIP]stop
10-08 20:37:14.392  1173  1297 D DisplayPowerController[0]: animateScreenStateChange: target=1, mLogicalDisplay.isEnabled()=true
10-08 20:37:14.392  1173  1634 D DisplayManagerService: !@display_state requestDisplayStateInternal: ON -> OFF displayId=0
10-08 20:37:14.392  1173  1634 D SemInputDeviceManagerService: currentDisplayState[1]:ON(2)
10-08 20:37:14.392  1173  1634 D SemInputDeviceManagerService: EARLY: Logical: OFF(1) Physical: OFF(1) [Using: OFF(1)] displayType: 1
10-08 20:37:14.392  1173  1634 D LocalDisplayAdapter: notifyStateChangeStart: com.samsung.android.hardware.secinputdev.SemInputDeviceManagerService$8@c008fe5 took 0 ms
10-08 20:37:14.392  1173  1634 D LocalDisplayAdapter: !@display_state: ON -> OFF (id:4633128672291735937)
10-08 20:37:14.392 17722 17722 I ORC/ComposerFragment: LIFE:end           [COMPOSER]onPause, 56
10-08 20:37:14.393   846   846 D SurfaceFlinger: Setting power mode 0 on display 4633128672291735937
10-08 20:37:14.393  1173  1271 I DisplayDeviceRepository: Display device changed state: "Built-in Screen", OFF
10-08 20:37:14.393  1173  1277 D AdaptiveBrightnessLongtermModelBuilder: handleBrightnessChanged: brightness: 2.0 userInitiated: false
10-08 20:37:14.393  1173  1277 D AdaptiveBrightnessLongtermModelBuilder: updateAdaptiveBrightnessStats: l:0.0 b:2.0 u: false
10-08 20:37:14.393   763   763 D display : setPowerMode:: FBIOBLANK mode(0), blank(4)
10-08 20:37:14.394 17722 17722 E AccessibilityManager: semUpdateAssitantMenu invoking from manager:
10-08 20:37:14.394 17722 17722 E AccessibilityManager: semUpdateAssitantMenu invoking from manager:
10-08 20:37:14.394 17722 17722 E AccessibilityManager: semUpdateAssitantMenu invoking from manager:
10-08 20:37:14.394  1173  1271 I InputManager-JNI: Viewport [0] to add: local:4633128672291735937, isActive: false
10-08 20:37:14.394 17722 17722 E AccessibilityManager: semUpdateAssitantMenu invoking from manager:
10-08 20:37:14.394  1173  1271 D InputManager-JNI: Viewport [0] type:1, displayId=0, uniqueId=local:4633128672291735937, orientation=0, logicalFrame=[0, 0][1080, 2400], physicalFrame=[0, 0][1440, 3200], deviceSize=[1440, 3200]
10-08 20:37:14.395 17722 17722 I ORC/WithActivity: WithActivity onPause done
10-08 20:37:14.395  1173  1288 D BatteryExternalStatsWorker: Update CPU state
10-08 20:37:14.395 17722 10141 I PROV/QueryUriConversations: [CONVERSATION]done query conversations, containsRecipientList : false, category : null, Elapsed time : 3.411847 ms
10-08 20:37:14.395 17722 10141 I PROV/MsgContentProviderQuery: query, uriMatch : 1001, Elapsed time : 3.485538 ms
10-08 20:37:14.396  1173  3555 V WindowManager: Changing focus from Window{64e4301 u0 com.samsung.android.messaging/com.android.mms.ui.ConversationComposer} to null displayId=0 Callers=com.android.server.wm.RootWindowContainer.updateFocusedWindowLocked:595 com.android.server.wm.WindowManagerService.updateFocusedWindowLocked:6810 com.android.server.wm.ActivityRecord.commitVisibility:6217 com.android.server.wm.ActivityRecord.commitVisibility:6228 
10-08 20:37:14.396  1173  3555 D MARsPolicyManager: onPackageResumedFG pkgName = com.samsung.android.messaging, userId = 0
10-08 20:37:14.396  1173  3555 D StatusBarManagerService: notifyRequestedSystemKey recent=false home=false
10-08 20:37:14.396  1173  3555 V WindowManager: Setting visibility of Window{64e4301 u0 com.samsung.android.messaging/com.android.mms.ui.ConversationComposer}: false, caller=com.android.server.wm.WindowContainer.sendAppVisibilityToClients:1246 com.android.server.wm.WindowToken.setClientVisible:431 com.android.server.wm.ActivityRecord.setClientVisible:7691 com.android.server.wm.ActivityRecord.onAnimationFinished:8590 com.android.server.wm.ActivityRecord.postApplyAnimation:6252 
10-08 20:37:14.397  1173  3555 D RestrictionPolicy: isScreenCaptureEnabled : ret=true userId=0
10-08 20:37:14.397 17722 10141 I ORC/MarkAsReadModel: markAsRead, isFromBin false unreadMessageCount=0 / 0 needUpdate=false
10-08 20:37:14.397 17722 10141 I ORC/MarkAsReadModel: 78 - markAsRead skip
10-08 20:37:14.397  1173  1288 D BatteryExternalStatsWorker: mStats lock released
10-08 20:37:14.397  1173  1288 D BatteryExternalStatsWorker: done updateExternalStatsLocked
10-08 20:37:14.398  1173  3555 D WindowManagerServiceExt: notifyOccludeChangeNotice: reset caller=com.android.server.wm.WindowManagerServiceExt.updateOccludeTargetIfNeeded:1402 com.android.server.wm.DisplayContent.ensureActivitiesVisible:7532 com.android.server.wm.RootWindowContainer.ensureActivitiesVisible:2248 com.android.server.wm.RootWindowContainer.ensureActivitiesVisible:2229 com.android.server.wm.TaskFragment.completePause:2076 
10-08 20:37:14.398  1173  8189 D RemoteAppTaskWatcher:  ****** RemoteAppTaskWatcher: Message Received 5 Task ID = 0
10-08 20:37:14.398 17722 10141 I PROV/UpdateUriEtc: URI_NOTIFICATION_COUNT, result = 0
10-08 20:37:14.398 17722 10141 I PROV/MsgContentProvider: update, uri : content://com.samsung.android.messaging.service.provider.MessageContentProvider/notification_count, Elapsed time : 0.779192 ms
10-08 20:37:14.398 17722 10141 I ORC/NotificationCancelUtil: cancelNotificationsWithSkipConditions
10-08 20:37:14.398  1173  1493 I InputReader: Reconfiguring input devices, changes=DISPLAY_INFO | 
10-08 20:37:14.398  1173  1493 D InputManager: notifyDisplayIdChangedByUser: 0
10-08 20:37:14.398  1173  3555 W SurfaceControl: Invalid layer stack -1
10-08 20:37:14.398  1173  1493 I InputReader: Device reconfigured: id=6, name='sec_touchpad', size 1440x3200, orientation 0, mode 4, display id 0
10-08 20:37:14.398  1173  3555 D DisplayDevice: setLayerStackLocked, layerStack=-1, uniqueId=local:4633128672291735937
10-08 20:37:14.399  1173  1493 I InputReader: support feature by TSP : 0x10d
10-08 20:37:14.399  1173  1493 I InputReader: Device reconfigured: id=2, name='sec_touchscreen', size 1440x3200, orientation 0, mode 1, display id 0
10-08 20:37:14.399 17722 10141 I ORC/NotificationCancelUtil: doClearGroupNotificationIfNeeded : active notification count 0
10-08 20:37:14.400 17722 10141 I ORC/ComposerModel: markAsRead, doInBackground end
10-08 20:37:14.402 17722 17722 I ViewRootImpl@251ebf0[ConversationComposer]: handleAppVisibility mAppVisible = true visible = false
10-08 20:37:14.402 17722 13971 I PROV/QueryUriConversations: [CONVERSATION]done query conversations, containsRecipientList : false, category : null, Elapsed time : 1.160769 ms
10-08 20:37:14.403 17722 13971 I PROV/MsgContentProviderQuery: query, uriMatch : 1001, Elapsed time : 1.250731 ms
10-08 20:37:14.403 17722 13971 I ORC/BadgeNotification: total unread count is 87, threads 2 7 12 14 16 18 19 20 25 31 32 33 34 35 43 46 47 48 49 53 57 59 62 63 64 65 66 67 68 69 71 73 74 77 79 80 81 
10-08 20:37:14.403 17722 13971 I ORC/BadgeNotification: setBadgeCount : 87, SF: true
10-08 20:37:14.405  1173  1173 D SGM:GameManager: onDisplayChanged. displyId: 0, state: 1
10-08 20:37:14.406  1173  1173 I SemMdnieManagerService: DisplayListener onDisplayChanged. mAlwaysOnDisplayEnabled : false , mDisplayOn : true , mDisplayState : 1
10-08 20:37:14.406  1173  1510 D SGM:FgCheckThread: onLooperPrepared(), msg: MSG_LCD_OFF
10-08 20:37:14.406  1173  1510 D SGM:FgCheckThread: sendFocusOutConditionally() - mPrevNotiPkg: KILL_YOURSELF, userId: 0
10-08 20:37:14.406  1173  1474 I CAE     : handleMessage(CaPowerManager.java:216) - AP_SLEEP
10-08 20:37:14.406  1173  1474 I CAE     : updateApPowerStatus(SensorHubParserProvider.java:445) - AP_SLEEP
10-08 20:37:14.406  1173  1474 I CAE     : getContextType(FreeFallDetection.java:25) - FFD getContextType
10-08 20:37:14.406  1173  2541 D LiftUpHandler: [LTW]  Settings Lift to wake: enable = 0
10-08 20:37:14.408  1173  1897 D SGM:GameManager: identifyGamePackage. com.samsung.android.messaging, mCurrentUserId: 0, callerUserId: 0, callingMethodInfo: com.samsung.android.game.IGameManagerService$Stub.onTransact(IGameManagerService.java:233)
10-08 20:37:14.408  1173  1897 D SGM:PkgDataHelper: getGamePkgData(). com.samsung.android.messaging
10-08 20:37:14.408  8090  9394 I WindowsLink: (TaskInfoManager) +++++++++++onRecentTaskStackUpdated
10-08 20:37:14.409  1173  1475 D SensorService: setSContextDataLocked ints length 2 , byte length 4
10-08 20:37:14.410  1173  1475 D SensorService: setSContextDataLocked d20db4
10-08 20:37:14.410  2080 23498 I TouchInteractionService: onActiveNavBarRegionChanges, region : SkRegion((0,2274,388,2400)(389,2274,690,2400)(691,2274,961,2400))
10-08 20:37:14.410   770   770 D Sensors : b4 0d d2 00  
10-08 20:37:14.410   770   770 E Sensors : inject_scontext_data: New ssp_data_injection_fd(42)
10-08 20:37:14.410   770   770 D Sensors : SContext Data Injection return 4
10-08 20:37:14.411  1173  1173 D EyeComfortSolutionService: mBlueLightFilterAdaptiveModeEnabled: truemBlueLightFilterScheduledTime: false
10-08 20:37:14.411  6153  6636 I bt_stack: [INFO:le_scanning_manager.cc(178)] Scan in shim layer stopped
10-08 20:37:14.412 21496 21496 I BSS_SysUiClient: handleDisplayChanged: 1
10-08 20:37:14.412  6153  7276 W bt_stack: le_address_manager :: scan() - Unregister
10-08 20:37:14.412  6153  7276 W bt_stack: Stop LeSetExtendedScan
10-08 20:37:14.412  1173  1173 I SemMdnieManagerService: setNightDimOffMode_2 : false, index : 11, str : (0 11)
10-08 20:37:14.412 21496 21496 I BSS_InDisplaySensorWindow: handleScreenEvent : false, false, false
10-08 20:37:14.413  6153  6636 I bt_stack: [INFO:le_scanning_manager.cc(312)] SetScanParameters with scanning phys in shim layer: phy_cnt=1
10-08 20:37:14.413  6153  6636 I bt_stack: [INFO:le_scanning_manager.cc(318)] SetScanParameters: scan_type=1, scan_interval=4992, scan_window=256
10-08 20:37:14.413  6153  6636 I bt_stack: [INFO:le_scanning_manager.cc(178)] Scan in shim layer started
10-08 20:37:14.413  6153  7276 W bt_stack: Start LeSetExtendedScan
10-08 20:37:14.413  6153  7276 W bt_stack: register_client :: client registered!!!
10-08 20:37:14.413 29370 29370 I NearbyDiscovery: (REDACTED) FastPairDisplayObserver: %s -> %s
10-08 20:37:14.415 29370 29727 I NearbyDiscovery: (REDACTED) OffloadFastPairScanner: eventType=%s, isInternalReq=%s, isOffloadScanning=%s, isOffloadScanningAllowed=%s
10-08 20:37:14.416 29370 29727 I NearbyDiscovery: (REDACTED) FastPairScanner: isScreenOn=%s, isLocationEnabled=%s, disableLocationRequirement=%s, isDiscoveryScanningEnabled=%s, during24GhzWifiWarmingUpPeriod=%s
10-08 20:37:14.417 29370 29727 I BluetoothAdapter: STATE_ON
10-08 20:37:14.417 29370 29727 I NearbyDiscovery: (REDACTED) FastPairScanner: eventType=%s, intReq=%s, scanning=%s, scanAllowed=%s, bleEnabled=%s, lockScanRate=%s, startScanningByLowPowerMode=%s
10-08 20:37:14.417 27396 27396 I BadgeCountReceiver: badge intent : Intent { act=com.sec.intent.action.BADGE_COUNT_UPDATE flg=0x11000010 cmp=com.sec.android.provider.badge/.BadgeCountReceiver (has extras) }
10-08 20:37:14.417 29370 29727 I NearbyDiscovery: (REDACTED) FastPairScanner: Stopping scan, %s
10-08 20:37:14.417 27396 27396 I BadgeCountReceiver: packageName: com.samsung.android.messaging, className: com.android.mms.ui.ConversationComposer, count: 87
10-08 20:37:14.417 29370 29727 I BluetoothAdapter: STATE_ON
10-08 20:37:14.417 29370 29727 D BluetoothLeScanner: Stop Scan with callback
10-08 20:37:14.419  6153  6171 D ActivityAttributionService: notifyActivityAttributionInfo UID=1002 packageName=com.android.bluetooth deviceAddress=no_active_device_address
10-08 20:37:14.419  1678  1678 D DisplayLifecycle: updateDisplay id = 0
10-08 20:37:14.419  6153  6636 I bt_stack: [INFO:le_scanning_manager.cc(198)] ScanFilterParamSetup in shim layer
10-08 20:37:14.419  1173  8189 D RemoteAppTaskWatcher:  ****** RemoteAppTaskWatcher: Message Received 4 Task ID = 5199
10-08 20:37:14.419  1173  8189 D RemoteAppTaskWatcher:  ****** RemoteAppTaskWatcher: Message Received 4 Task ID = 5031
10-08 20:37:14.419  1173  8189 D RemoteAppTaskWatcher:  ****** RemoteAppTaskWatcher: Message Received 4 Task ID = 4787
10-08 20:37:14.419  1173  8189 D RemoteAppTaskWatcher:  ****** RemoteAppTaskWatcher: Message Received 4 Task ID = 5058
10-08 20:37:14.420  1173  8189 D RemoteAppTaskWatcher:  ****** RemoteAppTaskWatcher: Message Received 4 Task ID = 5166
10-08 20:37:14.420  1173  8189 D RemoteAppTaskWatcher:  ****** RemoteAppTaskWatcher: Message Received 4 Task ID = 5168
10-08 20:37:14.420  1173  8189 D RemoteAppTaskWatcher:  ****** RemoteAppTaskWatcher: Message Received 4 Task ID = 5125
10-08 20:37:14.420  1173  8189 D RemoteAppTaskWatcher:  ****** RemoteAppTaskWatcher: Message Received 4 Task ID = 5203
10-08 20:37:14.420  1173  8189 D RemoteAppTaskWatcher:  ****** RemoteAppTaskWatcher: Message Received 4 Task ID = 5176
10-08 20:37:14.420  1173  8189 D RemoteAppTaskWatcher:  ****** RemoteAppTaskWatcher: Message Received 4 Task ID = 5055
10-08 20:37:14.420  1173  8189 D RemoteAppTaskWatcher:  ****** RemoteAppTaskWatcher: Message Received 4 Task ID = 5187
10-08 20:37:14.420  1173  8189 D RemoteAppTaskWatcher:  ****** RemoteAppTaskWatcher: Message Received 4 Task ID = 5105
10-08 20:37:14.420  1173  8189 D RemoteAppTaskWatcher:  ****** RemoteAppTaskWatcher: Message Received 4 Task ID = 5182
10-08 20:37:14.420  1173  8189 D RemoteAppTaskWatcher:  ****** RemoteAppTaskWatcher: Message Received 4 Task ID = 5060
10-08 20:37:14.420  1173  8189 D RemoteAppTaskWatcher:  ****** RemoteAppTaskWatcher: Message Received 4 Task ID = 5115
10-08 20:37:14.420  1173  8189 D RemoteAppTaskWatcher:  ****** RemoteAppTaskWatcher: Message Received 4 Task ID = 5014
10-08 20:37:14.420  6153  7276 W bt_stack: Received command complete with op_code LE_SET_RANDOM_ADDRESS
10-08 20:37:14.420  6153  7276 W bt_stack: le_scanning_manager :: OnResume()
10-08 20:37:14.420  6153  7276 W bt_stack: Start LeSetExtendedScan
10-08 20:37:14.420  6153  7276 W bt_stack: le_scanning_manager :: OnResume() - call AckResume
10-08 20:37:14.420  1173  8189 D RemoteAppTaskWatcher:  ****** RemoteAppTaskWatcher: Message Received 4 Task ID = 5019
10-08 20:37:14.420  6153  7276 W bt_stack: le_address_manager :: ack_resume()
10-08 20:37:14.420  1173  8189 D RemoteAppTaskWatcher:  ****** RemoteAppTaskWatcher: Message Received 4 Task ID = 5126
10-08 20:37:14.420  1173  8189 D RemoteAppTaskWatcher:  ****** RemoteAppTaskWatcher: Message Received 4 Task ID = 5113
10-08 20:37:14.420  6153  6636 I bt_stack: [INFO:le_scanning_manager.cc(198)] ScanFilterParamSetup in shim layer
10-08 20:37:14.420  1173  8189 D RemoteAppTaskWatcher:  ****** RemoteAppTaskWatcher: Message Received 4 Task ID = 5100
10-08 20:37:14.420  1678  1824 D MobileStatusTracker(1/1): onDataActivity: direction=0
10-08 20:37:14.420  1173  8189 D RemoteAppTaskWatcher:  ****** RemoteAppTaskWatcher: Message Received 4 Task ID = 5033
10-08 20:37:14.421  1173  8189 D RemoteAppTaskWatcher:  ****** RemoteAppTaskWatcher: Message Received 4 Task ID = 2
10-08 20:37:14.421  1173  8189 D RemoteAppTaskWatcher:  ****** RemoteAppTaskWatcher: Message Received 4 Task ID = 5
10-08 20:37:14.421  1173  8189 D RemoteAppTaskWatcher:  ****** RemoteAppTaskWatcher: Message Received 4 Task ID = 4
10-08 20:37:14.421  1678  1824 D MobileStatusTracker(1/1): onDataActivity: direction=0
10-08 20:37:14.421  1173  1475 D SensorService: setSContextDataLocked ints length 3 , byte length 5
10-08 20:37:14.421  1173  1475 D SensorService: setSContextDataLocked 25110ec1
10-08 20:37:14.422   770   770 D Sensors : c1 0e 11 25 0e  
10-08 20:37:14.422   770   770 E Sensors : inject_scontext_data: New ssp_data_injection_fd(42)
10-08 20:37:14.424  1173  1271 D SGM:FgCheckThread: notePauseComponent(), received pkgName: com.samsung.android.messaging, userId: 0
10-08 20:37:14.427   770   770 D Sensors : SContext Data Injection return 5
10-08 20:37:14.428  6153  7276 E bt_stack: Receive set extended scan enable with error code COMMAND_DISALLOWED
10-08 20:37:14.429  1173  1173 I CocktailBarManagerServiceContainer: handleMessage: entry what = 6
10-08 20:37:14.429  1173  1475 D SensorService: setSContextDataLocked ints length 2 , byte length 4
10-08 20:37:14.429  1173  1475 D SensorService: setSContextDataLocked 47c1
10-08 20:37:14.429  1173  1475 I SensorService: [EARPROXIMITY] EarProximitySensor screen 0
10-08 20:37:14.429  1173  1475 I SensorService: [PALMSENSE] EarProximitySensor screen 0
10-08 20:37:14.429   770   770 D Sensors : c1 47 00 00  
10-08 20:37:14.429   770   770 E Sensors : inject_scontext_data: New ssp_data_injection_fd(42)
10-08 20:37:14.429  3459  3459 I SSS:EntityCaptureManager: flushing messages! sourceComponentName:ComponentInfo{com.samsung.android.messaging/com.samsung.android.messaging.ui.view.main.WithActivity}
10-08 20:37:14.430 17722 17722 I ViewRootImpl@251ebf0[ConversationComposer]: performTraversals mFirst=false windowShouldResize=false viewVisibilityChanged=true mForceNextWindowRelayout=false params=null
10-08 20:37:14.431  1173  1173 D BrightnessSynchronizer: onDisplayChanged() : displayId=0
10-08 20:37:14.431  1173  1173 D BrightnessSynchronizer: updateScreenBrightness: type=2 mPreferredSettingValue=0.2784314(71) currentBrightnessInt=71 currentBrightnessIntFromFloat=71(0.2784314)
10-08 20:37:14.431  1173  2324 V WindowManager: Relayout Window{64e4301 u0 com.samsung.android.messaging/com.android.mms.ui.ConversationComposer}: viewVisibility=8 req=1080x2400 d0
10-08 20:37:14.432   770   770 D Sensors : SContext Data Injection return 4
10-08 20:37:14.433  2080  2080 I BadgeCountUpdaterImpl: onChange
10-08 20:37:14.433  2080  2080 I BadgeCountUpdaterImpl: onChange
10-08 20:37:14.433 27396 27396 I BadgeProvider: sendNotify entered. [uri] : content://com.sec.badge/apps
10-08 20:37:14.433  1173  1474 I CAE     : handleMessage(CaPowerManager.java:230) - SCREEN_OFF
10-08 20:37:14.433 27396 27396 I BadgeProvider: sendNotify, [notify] : null
