10-08 20:36:29.457  1678  1678 I FaceWidgetPositionAlgorithm: getClockContainerHeight() supplier = 270, bottom margin = 0, real height = 333
10-08 20:36:29.471  1678  1678 D PluginAODManager: onNotificationInfoUpdated() 11
10-08 20:36:29.471  1678  1678 D PluginAODManager: onNotificationInfoUpdated() 0|com.whatsapp|1|sl7eV24vTfjisggXxlPUyKlOrGaGdiIR1kAeosxMZKg=
10-08 20:36:29.471  1678  1678 D PluginAODManager: |10311
10-08 20:36:29.471  1678  1678 D PluginAODManager: onNotificationInfoUpdated() 0|com.offline.bible|4097|null|10373
10-08 20:36:29.471  1678  1678 D PluginAODManager: onNotificationInfoUpdated() 0|com.google.android.youtube|0|XeNaxAsMZg4::8e1f53fb-2af0-4f2b-9ce9-b093f755edb0|10244
10-08 20:36:29.471  1678  1678 D PluginAODManager: onNotificationInfoUpdated() 0|com.google.android.youtube|0|l7FRvwQq2N8::43989c01-738a-46b2-ae07-dcd42bef29df|10244
10-08 20:36:29.471  1678  1678 D PluginAODManager: onNotificationInfoUpdated() 0|com.whatsapp|64|messages5fe412fb3069d8e259f3d1762f9d751e|10311
10-08 20:36:29.471  1678  1678 D PluginAODManager: onNotificationInfoUpdated() 0|com.instagram.android|64278|newstab|1492805866_churn_reminders&640a8803ec6acH58fa68eaH640a8c9d4c97eH9|10315
10-08 20:36:29.471  1678  1678 D PluginAODManager: onNotificationInfoUpdated() 0|com.instagram.android|64278|newstab|1492805866_story_daily_digest&640a604bbf83aH58fa68eaH640a64e51fb0cH5e|10315
10-08 20:36:29.471  1678  1678 D PluginAODManager: onNotificationInfoUpdated() 0|com.google.android.youtube|0|unwatched-channel::63e1fdd4-5b2c-4804-9426-0c00f8e4eb74|10244
10-08 20:36:29.471  1678  1678 D PluginAODManager: onNotificationInfoUpdated() 0|com.offline.bible|0|campaign_collapse_key_3716002670453466113|10373
10-08 20:36:29.471  1678  1678 D PluginAODManager: onNotificationInfoUpdated() 0|ee.mtakso.client|164155715|appboy_notification|10317
10-08 20:36:29.471  1678  1678 D PluginAODManager: onNotificationInfoUpdated() 0|com.google.android.googlequicksearchbox|0|-465505200::a:snotification:[0x394,wx.f,NOTIFICATION]|10230
10-08 20:36:29.471  1678  1678 I AODNotificationManager: updateVisibleNotifications: 11
10-08 20:36:29.475  1678  1678 I FaceWidgetPositionAlgorithm: getClockContainerHeight() supplier = 270, bottom margin = 63, real height = 333
10-08 20:36:29.475  1678  1678 I FaceWidgetPositionAlgorithm: getMediaContainerHeight() height = 456 container Visibility = 8, isValid = true, mIsDozing = true, fraction = 1.0, source = 0, target = 0
10-08 20:36:29.475  1678  1678 I FaceWidgetPositionAlgorithm: getMediaContainerHeight() supplier = 0
10-08 20:36:29.475  1678  1678 I FaceWidgetPositionAlgorithm: getClockContainerHeight() supplier = 270, bottom margin = 0, real height = 333
10-08 20:36:29.475  1310  1310 W auss    : Already started: auss@1b7d79f
10-08 20:36:29.476  1678  1678 I FaceWidgetPositionAlgorithm: getClockContainerHeight() supplier = 270, bottom margin = 63, real height = 333
10-08 20:36:29.476  1678  1678 I FaceWidgetPositionAlgorithm: getMediaContainerHeight() height = 456 container Visibility = 8, isValid = true, mIsDozing = true, fraction = 1.0, source = 0, target = 0
10-08 20:36:29.476  1678  1678 I FaceWidgetPositionAlgorithm: getMediaContainerHeight() supplier = 0
10-08 20:36:29.476  1678  1678 I FaceWidgetPositionAlgorithm: getClockContainerHeight() supplier = 270, bottom margin = 0, real height = 333
10-08 20:36:29.500  1173  1837 D SyncManager: userId - 0 auto - true
10-08 20:36:29.510   762   790 D gralloc : [mali_gralloc_allocate] begin
10-08 20:36:29.511   762   790 D gralloc : buffer_descriptor: wh(63 63) usage_pc(0x100 0x100) hal_format(0x1) layer_count(1) sizes(0 0 0) strde(0) byte_stride(0) alloc_wh(0 0) internal_format(0x0) alloc_format(0x0) fd_count(1) plane_count(0)
10-08 20:36:29.511   762   790 D gralloc : [mali_gralloc_allocate] allocation successful
10-08 20:36:29.525   762   790 D gralloc : [mali_gralloc_allocate] begin
10-08 20:36:29.526   762   790 D gralloc : buffer_descriptor: wh(63 63) usage_pc(0x100 0x100) hal_format(0x1) layer_count(1) sizes(0 0 0) strde(0) byte_stride(0) alloc_wh(0 0) internal_format(0x0) alloc_format(0x0) fd_count(1) plane_count(0)
10-08 20:36:29.526   762   790 D gralloc : [mali_gralloc_allocate] allocation successful
10-08 20:36:29.545   762   790 D gralloc : [mali_gralloc_allocate] begin
10-08 20:36:29.545   762   790 D gralloc : buffer_descriptor: wh(63 63) usage_pc(0x100 0x100) hal_format(0x1) layer_count(1) sizes(0 0 0) strde(0) byte_stride(0) alloc_wh(0 0) internal_format(0x0) alloc_format(0x0) fd_count(1) plane_count(0)
10-08 20:36:29.546   762   790 D gralloc : [mali_gralloc_allocate] allocation successful
10-08 20:36:29.573  1173  1837 D SyncManager: userId - 0 auto - true
10-08 20:36:29.586  1678  1678 D FaceWidgetViewModel: updatePageState() >> START >> LockscreenPageState=EXPAND, mReturningPageState=EXPAND, mNotiCount=11, mIsScreenTurnedOn=false, mIsNeedToForceUpdate=false
10-08 20:36:29.586  1173  1436 D MotionEngine: [CALIBRATION] Calibration Secess(3)[-0.0226 0.0266 0.0007]
10-08 20:36:29.586  1678  1678 D FaceWidgetViewModel: updatePageState() << END << same state
10-08 20:36:29.604  1173  1436 D MotionEngine: [MotionEngine] -> DirectCall -> Proximitor Ready for acc direct call ready
10-08 20:36:29.604  1678  1678 D FaceWidgetContainerObserver: onChanged() FaceWidgetContainerLiveData{mIsContainerVisible=true, mClipLayoutVisibility=0, mRotation=0, mIsOwnerVisible=8, mOwnerInfoGravity=17, mAdditionalInfoGravity=17, mClockSideStartPadding=63, mClockSideEndPadding=63, mMusicSideStartPadding=30, mMusicSideEndPadding=30, mInfoSideStartPadding=63, mInfoSideEndPadding=63, mClipLayoutWidth = -1, mIsUpdateOwnerInfoText=true, mAdditionalInfoRemoteView=null, mHasCMAS=false, mIsAdditionalViewGoingToSleep=false, mConfig=CustomConfiguration{fontScale=1.0, screenLayout=268435810, orientation=1, screenWidthDp=411, screenHeightDp=838, smallestScreenWidthDp=411, densityDpi=420, uiMode=33, isRTL=false, mConfiguration={1.0 639mcc2mnc [en_GB] ldltr sw411dp w411dp h838dp 420dpi nrml long port night finger -keyb/v/h -nav/h winConfig={ mBounds=Rect(0, 0 - 1080, 2400) mAppBounds=Rect(0, 74 - 1080, 2274) mMaxBounds=Rect(0, 0 - 1080, 2400) mDisplayRotation=ROTATION_0 mWindowingMode=fullscreen mDisplayWindowingMode=fullscreen mActivityType=undefined mAlwaysOnTop=undefined mRotation=ROTATION_0 mPopOver=undefined mStageConfig=undefined mFreeformTaskPinningState=undefined mFreeformStashState=undefined mDexTaskDockingState=undefined} s.650 fontWeightAdjustment=0 ff=0 bf=0 bts=0 desktop/d dm/n ?dc ?dcui themeSeq=0 nightDim=0}}}
10-08 20:36:29.604  1678  1678 D FaceWidgetPagesController: onGravityChanged()
10-08 20:36:29.605  1678  1678 D FaceWidgetClockPage: setClockGravity() gravity = 49
10-08 20:36:29.606  1310 13633 W aqtw    : Job(ItemListsService:stopItemList#6.584) Attempting to unregister unknown list: itemlist-ViewType(96)-12
10-08 20:36:29.615  1678  1678 D PluginAODManager: onNotificationInfoUpdated() 11
10-08 20:36:29.615  1678  1678 D PluginAODManager: onNotificationInfoUpdated() 0|com.whatsapp|1|sl7eV24vTfjisggXxlPUyKlOrGaGdiIR1kAeosxMZKg=
10-08 20:36:29.615  1678  1678 D PluginAODManager: |10311
10-08 20:36:29.615  1678  1678 D PluginAODManager: onNotificationInfoUpdated() 0|com.offline.bible|4097|null|10373
10-08 20:36:29.615  1678  1678 D PluginAODManager: onNotificationInfoUpdated() 0|com.google.android.youtube|0|XeNaxAsMZg4::8e1f53fb-2af0-4f2b-9ce9-b093f755edb0|10244
10-08 20:36:29.615  1678  1678 D PluginAODManager: onNotificationInfoUpdated() 0|com.google.android.youtube|0|l7FRvwQq2N8::43989c01-738a-46b2-ae07-dcd42bef29df|10244
10-08 20:36:29.615  1678  1678 D PluginAODManager: onNotificationInfoUpdated() 0|com.whatsapp|64|messages5fe412fb3069d8e259f3d1762f9d751e|10311
10-08 20:36:29.615  1678  1678 D PluginAODManager: onNotificationInfoUpdated() 0|com.instagram.android|64278|newstab|1492805866_churn_reminders&640a8803ec6acH58fa68eaH640a8c9d4c97eH9|10315
10-08 20:36:29.615  1678  1678 D PluginAODManager: onNotificationInfoUpdated() 0|com.instagram.android|64278|newstab|1492805866_story_daily_digest&640a604bbf83aH58fa68eaH640a64e51fb0cH5e|10315
10-08 20:36:29.615  1678  1678 D PluginAODManager: onNotificationInfoUpdated() 0|com.google.android.youtube|0|unwatched-channel::63e1fdd4-5b2c-4804-9426-0c00f8e4eb74|10244
10-08 20:36:29.615  1678  1678 D PluginAODManager: onNotificationInfoUpdated() 0|com.offline.bible|0|campaign_collapse_key_3716002670453466113|10373
10-08 20:36:29.615  1678  1678 D PluginAODManager: onNotificationInfoUpdated() 0|ee.mtakso.client|164155715|appboy_notification|10317
10-08 20:36:29.615  1678  1678 D PluginAODManager: onNotificationInfoUpdated() 0|com.google.android.googlequicksearchbox|0|-465505200::a:snotification:[0x394,wx.f,NOTIFICATION]|10230
10-08 20:36:29.615  1678  1678 I AODNotificationManager: updateVisibleNotifications: 11
10-08 20:36:29.623  1678  1678 I FaceWidgetPositionAlgorithm: getClockContainerHeight() supplier = 270, bottom margin = 63, real height = 333
10-08 20:36:29.623  1678  1678 I FaceWidgetPositionAlgorithm: getMediaContainerHeight() height = 456 container Visibility = 8, isValid = true, mIsDozing = true, fraction = 1.0, source = 0, target = 0
10-08 20:36:29.623  1678  1678 I FaceWidgetPositionAlgorithm: getMediaContainerHeight() supplier = 0
10-08 20:36:29.623  1678  1678 I FaceWidgetPositionAlgorithm: getClockContainerHeight() supplier = 270, bottom margin = 0, real height = 333
10-08 20:36:29.625  1678  1678 I FaceWidgetPositionAlgorithm: getClockContainerHeight() supplier = 270, bottom margin = 63, real height = 333
10-08 20:36:29.625  1678  1678 I FaceWidgetPositionAlgorithm: getMediaContainerHeight() height = 456 container Visibility = 8, isValid = true, mIsDozing = true, fraction = 1.0, source = 0, target = 0
10-08 20:36:29.625  1678  1678 I FaceWidgetPositionAlgorithm: getMediaContainerHeight() supplier = 0
10-08 20:36:29.625  1678  1678 I FaceWidgetPositionAlgorithm: getClockContainerHeight() supplier = 270, bottom margin = 0, real height = 333
10-08 20:36:29.631   762   790 D gralloc : [mali_gralloc_allocate] begin
10-08 20:36:29.631   762   790 D gralloc : buffer_descriptor: wh(63 63) usage_pc(0x100 0x100) hal_format(0x1) layer_count(1) sizes(0 0 0) strde(0) byte_stride(0) alloc_wh(0 0) internal_format(0x0) alloc_format(0x0) fd_count(1) plane_count(0)
10-08 20:36:29.631   762   790 D gralloc : [mali_gralloc_allocate] allocation successful
10-08 20:36:29.643   971  1433 I CameraService: onUidStateChanged: uid=10245, procState is changed. (16 -> 10)
10-08 20:36:29.649  1310  1310 W khq     : [Gmail] MailSyncAdapterService: MailSyncAdapterService is destroyed! [CONTEXT android_log_tag="MailSyncAdapterService" ]
10-08 20:36:29.651   971  4213 I CameraService: onUidStateChanged: uid=10245, procState is changed. (10 -> 16)
10-08 20:36:29.669  1678  1698 I ndroid.systemui: Background young concurrent copying GC freed 21MB AllocSpace bytes, 23(460KB) LOS objects, 41% free, 30MB/51MB, paused 602us,290us total 197.022ms
10-08 20:36:29.670  1678  1678 D PluginAODManager: onNotificationInfoUpdated() 11
10-08 20:36:29.670  1678  1678 D PluginAODManager: onNotificationInfoUpdated() 0|com.whatsapp|1|sl7eV24vTfjisggXxlPUyKlOrGaGdiIR1kAeosxMZKg=
10-08 20:36:29.670  1678  1678 D PluginAODManager: |10311
10-08 20:36:29.670  1678  1678 D PluginAODManager: onNotificationInfoUpdated() 0|com.offline.bible|4097|null|10373
10-08 20:36:29.670  1678  1678 D PluginAODManager: onNotificationInfoUpdated() 0|com.google.android.youtube|0|XeNaxAsMZg4::8e1f53fb-2af0-4f2b-9ce9-b093f755edb0|10244
10-08 20:36:29.670  1678  1678 D PluginAODManager: onNotificationInfoUpdated() 0|com.google.android.youtube|0|l7FRvwQq2N8::43989c01-738a-46b2-ae07-dcd42bef29df|10244
10-08 20:36:29.670  1678  1678 D PluginAODManager: onNotificationInfoUpdated() 0|com.whatsapp|64|messages5fe412fb3069d8e259f3d1762f9d751e|10311
10-08 20:36:29.670  1678  1678 D PluginAODManager: onNotificationInfoUpdated() 0|com.instagram.android|64278|newstab|1492805866_churn_reminders&640a8803ec6acH58fa68eaH640a8c9d4c97eH9|10315
10-08 20:36:29.670  1678  1678 D PluginAODManager: onNotificationInfoUpdated() 0|com.instagram.android|64278|newstab|1492805866_story_daily_digest&640a604bbf83aH58fa68eaH640a64e51fb0cH5e|10315
10-08 20:36:29.670  1678  1678 D PluginAODManager: onNotificationInfoUpdated() 0|com.google.android.youtube|0|unwatched-channel::63e1fdd4-5b2c-4804-9426-0c00f8e4eb74|10244
10-08 20:36:29.670  1678  1678 D PluginAODManager: onNotificationInfoUpdated() 0|com.offline.bible|0|campaign_collapse_key_3716002670453466113|10373
10-08 20:36:29.670  1678  1678 D PluginAODManager: onNotificationInfoUpdated() 0|ee.mtakso.client|164155715|appboy_notification|10317
10-08 20:36:29.670  1678  1678 D PluginAODManager: onNotificationInfoUpdated() 0|com.google.android.googlequicksearchbox|0|-465505200::a:snotification:[0x394,wx.f,NOTIFICATION]|10230
10-08 20:36:29.670  1678  1678 I AODNotificationManager: updateVisibleNotifications: 11
10-08 20:36:29.674   762   790 D gralloc : [mali_gralloc_allocate] begin
10-08 20:36:29.674   762   790 D gralloc : buffer_descriptor: wh(63 63) usage_pc(0x100 0x100) hal_format(0x1) layer_count(1) sizes(0 0 0) strde(0) byte_stride(0) alloc_wh(0 0) internal_format(0x0) alloc_format(0x0) fd_count(1) plane_count(0)
10-08 20:36:29.674   762   790 D gralloc : [mali_gralloc_allocate] allocation successful
10-08 20:36:29.677  1678  1678 I FaceWidgetPositionAlgorithm: getClockContainerHeight() supplier = 270, bottom margin = 63, real height = 333
10-08 20:36:29.677  1678  1678 I FaceWidgetPositionAlgorithm: getMediaContainerHeight() height = 456 container Visibility = 8, isValid = true, mIsDozing = true, fraction = 1.0, source = 0, target = 0
10-08 20:36:29.677  1678  1678 I FaceWidgetPositionAlgorithm: getMediaContainerHeight() supplier = 0
10-08 20:36:29.677  1678  1678 I FaceWidgetPositionAlgorithm: getClockContainerHeight() supplier = 270, bottom margin = 0, real height = 333
10-08 20:36:29.679  1678  1678 I FaceWidgetPositionAlgorithm: getClockContainerHeight() supplier = 270, bottom margin = 63, real height = 333
10-08 20:36:29.679  1678  1678 I FaceWidgetPositionAlgorithm: getMediaContainerHeight() height = 456 container Visibility = 8, isValid = true, mIsDozing = true, fraction = 1.0, source = 0, target = 0
10-08 20:36:29.679  1678  1678 I FaceWidgetPositionAlgorithm: getMediaContainerHeight() supplier = 0
10-08 20:36:29.679  1678  1678 I FaceWidgetPositionAlgorithm: getClockContainerHeight() supplier = 270, bottom margin = 0, real height = 333
10-08 20:36:29.688  3767  6936 I AppsEdge.Badge: getBadgeIconType 0
10-08 20:36:29.701 27396  6997 I BadgeProvider: query, [selection] : null
10-08 20:36:29.706  1173  1594 I SemWifiServiceDetector: Traff. tracking started
10-08 20:36:29.709   546   546 D io_stats: !@   8,0 r 4440392 114152300 w 3928039 45147988 d 1344027 65122484 f 0 0 iot 2083852 0 th 0 0 0 pt 0 inp 0 2 112490.158
10-08 20:36:29.719  3767  6936 I AppsEdge.Badge: key=com.instagram.android:0 count=2
10-08 20:36:29.719  3767  6936 I AppsEdge.Badge: key=ee.mtakso.client:0 count=1
10-08 20:36:29.719  3767  6936 I AppsEdge.Badge: key=com.whatsapp:0 count=16
10-08 20:36:29.719  3767  6936 I AppsEdge.Badge: key=com.offline.bible:0 count=2
10-08 20:36:29.719  3767  6936 I AppsEdge.Badge: key=com.google.android.youtube:0 count=16
10-08 20:36:29.719  3767  6936 I AppsEdge.Badge: key=com.google.android.gm:0 count=2
10-08 20:36:29.728   762   790 D gralloc : [mali_gralloc_allocate] begin
10-08 20:36:29.728   762   790 D gralloc : buffer_descriptor: wh(63 63) usage_pc(0x100 0x100) hal_format(0x1) layer_count(1) sizes(0 0 0) strde(0) byte_stride(0) alloc_wh(0 0) internal_format(0x0) alloc_format(0x0) fd_count(1) plane_count(0)
10-08 20:36:29.728   762   790 D gralloc : [mali_gralloc_allocate] allocation successful
10-08 20:36:29.775  1678  1678 D FaceWidgetViewModel: setExpandState() isExpand : true, mReturningPageState : EXPAND -> EXPAND, mNotificationCount : 11 -> 12
10-08 20:36:29.777  1678  1678 D PluginInstanceManager: startListening
10-08 20:36:29.777  1678  1896 D PluginInstanceManager: queryAll com.android.systemui.action.PLUGIN_NOTIFICATION_MENU_ROW
10-08 20:36:29.778  1678  1896 D PluginInstanceManager: Found 0 plugins
10-08 20:36:29.785  1678  1678 D PluginInstanceManager: startListening
10-08 20:36:29.786  1678  1896 D PluginInstanceManager: queryAll com.android.systemui.action.PLUGIN_NOTIFICATION_MENU_ROW
10-08 20:36:29.786  1678  1896 D PluginInstanceManager: Found 0 plugins
10-08 20:36:29.798  1173  1173 D AudioPlayerStateMonitor: Found a new active media playback. AudioPlaybackConfiguration piid:16607 deviceId:0 type:android.media.MediaPlayer u/pid:10044/1678 state:started attr:AudioAttributes: usage=USAGE_NOTIFICATION content=CONTENT_TYPE_SONIFICATION flags=0x800 tags= bundle=null sessionId:0
10-08 20:36:29.805   762   790 D gralloc : [mali_gralloc_allocate] begin
10-08 20:36:29.806   762   790 D gralloc : buffer_descriptor: wh(63 63) usage_pc(0x100 0x100) hal_format(0x1) layer_count(1) sizes(0 0 0) strde(0) byte_stride(0) alloc_wh(0 0) internal_format(0x0) alloc_format(0x0) fd_count(1) plane_count(0)
10-08 20:36:29.806   762   790 D gralloc : [mali_gralloc_allocate] allocation successful
10-08 20:36:29.810   992  8804 V MediaPlayerService: [891] enableAudioDeviceCallback, 1
10-08 20:36:29.810   992  8804 V AudioSink: enableAudioDeviceCallback, 1
10-08 20:36:29.811  1678 13761 V MediaPlayer-JNI: start
10-08 20:36:29.811  1678 13761 V MediaPlayerNative: start
10-08 20:36:29.811   992  8804 V MediaPlayerService: [891] setLooping(0)
10-08 20:36:29.811   992  8804 V MediaPlayerService: [891] setVolume(1.000000, 1.000000)
10-08 20:36:29.811   992  8804 V AudioSink: setVolume(1.000000, 1.000000)
10-08 20:36:29.811   992  8804 V MediaPlayerService: [891] setAuxEffectSendLevel(0.000000)
10-08 20:36:29.811   992  8804 V AudioSink: setAuxEffectSendLevel(0.000000)
10-08 20:36:29.811   992  8804 V MediaPlayerService: [891] start
10-08 20:36:29.811   992  8804 V MediaPlayerService: getClientDuration
10-08 20:36:29.811   992  8804 V MediaPlayerService: getDuration
10-08 20:36:29.811   992  8804 V MediaPlayerService: [891] getDuration = 2294
10-08 20:36:29.811   992  8804 V NuPlayerDriver: start(0xf45c2410), state is 4, eos is 0
10-08 20:36:29.811   992 13763 V NuPlayer: kWhatStart
10-08 20:36:29.811   992 13763 V NuPlayer: onStart: mCrypto: 0x0 (0)
10-08 20:36:29.811   992 13763 I GenericSource: start
10-08 20:36:29.812   992 13763 V NuPlayer: checkOffloadExceptions is true, call canOffloadStream
10-08 20:36:29.812   839  1061 V APM_AudioPolicyManager: getOffloadSupport: SR=44100, CM=0x3, Format=0x7000000, StreamType=5, BitRate=128000, duration=2294195 us, has_video=0
10-08 20:36:29.812   839  1061 V APM_AudioPolicyManager: isOffloadPossible: stream_type != MUSIC, returning false
10-08 20:36:29.813   992 13763 I MediaClock: setPlaybackRate rate : 1.000000
10-08 20:36:29.815   992 13764 I GenericSource: readBuffer(Audio) mode = 0, EOS
10-08 20:36:29.815  1678 13761 V MediaPlayerNative: invoke 76
10-08 20:36:29.818   992  8804 V NuPlayer: getTrackInfo
10-08 20:36:29.819   992 13766 I NuPlayerRenderer: onConfigPlayback
10-08 20:36:29.819   992 13766 I MediaClock: setPlaybackRate rate : 1.000000
10-08 20:36:29.819   992 13766 I MediaClock: setSpeedAjust mSASpeed (0), mMinClockModificationTimeUs (80000)
10-08 20:36:29.819   992 13763 I NuPlayerRenderer: setDuration (2294195)
10-08 20:36:29.819   992 13763 I AudioFrameCollector: use AudioFrameCollector
10-08 20:36:29.819   992 13763 V NuPlayer: startPlaybackTimer() time      112490269089502 (onstart)
10-08 20:36:29.819   992 13763 W NuPlayer: no name
10-08 20:36:29.820   992 13763 V NuPlayer: scanning sources haveAudio=0, haveVideo=0
10-08 20:36:29.820   992 13763 V NuPlayer: checkOffloadExceptions is true, call canOffloadStream
10-08 20:36:29.820   839  1061 V APM_AudioPolicyManager: getOffloadSupport: SR=44100, CM=0x3, Format=0x7000000, StreamType=5, BitRate=128000, duration=2294195 us, has_video=0
10-08 20:36:29.820   839  1061 V APM_AudioPolicyManager: isOffloadPossible: stream_type != MUSIC, returning false
10-08 20:36:29.820   992 13763 V NuPlayer: make Decoder (audio)
10-08 20:36:29.821   992 13763 V NuPlayer: instantiateDecoder audio Decoder
10-08 20:36:29.821   992 13766 I NuPlayerRenderer: kWhatSetRefRate - refRate(1.000000)
10-08 20:36:29.822   992 13768 I CCodec  : state->set(ALLOCATING)
10-08 20:36:29.822   992 13768 I CCodec  : allocate(c2.android.vorbis.decoder)
10-08 20:36:29.826   992 13768 I CCodec  : setting up 'default' as default (vendor) store
10-08 20:36:29.837  1678  1678 D PluginInstanceManager: startListening
10-08 20:36:29.837  1678  1896 D PluginInstanceManager: queryAll com.android.systemui.action.PLUGIN_NOTIFICATION_MENU_ROW
10-08 20:36:29.838  1026 18863 D BufferPoolAccessor2.0: bufferpool2 0x77518e5038 : 0(0 size) total buffers - 0(0 size) used buffers - 0/0 (recycle/alloc) - 0/0 (fetch/transfer)
10-08 20:36:29.838  1026 18863 D BufferPoolAccessor2.0: bufferpool2 0x77518f7838 : 0(0 size) total buffers - 0(0 size) used buffers - 11/15 (recycle/alloc) - 4/14 (fetch/transfer)
10-08 20:36:29.839  1026 18863 D BufferPoolAccessor2.0: bufferpool2 0x77518f14c8 : 0(0 size) total buffers - 0(0 size) used buffers - 0/0 (recycle/alloc) - 0/0 (fetch/transfer)
10-08 20:36:29.842  1678  1896 D PluginInstanceManager: Found 0 plugins
10-08 20:36:29.858   992 13768 I CCodec  : Created component [c2.android.vorbis.decoder]
10-08 20:36:29.858   992 13768 I CCodec  : [c2.android.vorbis.decoder] state->set(ALLOCATED)
10-08 20:36:29.859   992 13768 D CCodecConfig: read media type: audio/vorbis
10-08 20:36:29.864   992 13768 D ReflectedParamUpdater: extent() != 1 for single value type: algo.buffers.max-count.values
10-08 20:36:29.865   992 13768 D ReflectedParamUpdater: extent() != 1 for single value type: output.subscribed-indices.values
10-08 20:36:29.865   992 13768 D ReflectedParamUpdater: extent() != 1 for single value type: input.buffers.allocator-ids.values
10-08 20:36:29.866   992 13768 D ReflectedParamUpdater: extent() != 1 for single value type: output.buffers.allocator-ids.values
10-08 20:36:29.866   992 13768 D ReflectedParamUpdater: extent() != 1 for single value type: algo.buffers.allocator-ids.values
10-08 20:36:29.866   992 13768 D ReflectedParamUpdater: extent() != 1 for single value type: output.buffers.pool-ids.values
10-08 20:36:29.867   992 13768 D ReflectedParamUpdater: extent() != 1 for single value type: algo.buffers.pool-ids.values
10-08 20:36:29.868   992 13768 I CCodecConfig: query failed after returning 7 values (BAD_INDEX)
10-08 20:36:29.868   992 13768 D CCodecConfig: c2 config diff is Dict {
10-08 20:36:29.868   992 13768 D CCodecConfig:   c2::u32 coded.bitrate.value = 64000
10-08 20:36:29.868   992 13768 D CCodecConfig:   c2::u32 input.buffers.max-size.value = 32768
10-08 20:36:29.868   992 13768 D CCodecConfig:   c2::u32 input.delay.value = 0
10-08 20:36:29.868   992 13768 D CCodecConfig:   string input.media-type.value = "audio/vorbis"
10-08 20:36:29.868   992 13768 D CCodecConfig:   string output.media-type.value = "audio/raw"
10-08 20:36:29.868   992 13768 D CCodecConfig:   c2::u32 raw.channel-count.value = 1
10-08 20:36:29.868   992 13768 D CCodecConfig:   c2::u32 raw.sample-rate.value = 48000
10-08 20:36:29.868   992 13768 D CCodecConfig: }
10-08 20:36:29.873   992 13768 D MediaCodec: flushMediametrics
10-08 20:36:29.873   992 13768 D CCodec  : [c2.android.vorbis.decoder] buffers are bound to CCodec for this session
10-08 20:36:29.873   992 13768 I CCodec  : appPid(1678) width(0) height(0)
10-08 20:36:29.873   992 13768 D CCodecConfig: no c2 equivalents for durationUs
10-08 20:36:29.873   992 13768 D CCodecConfig: no c2 equivalents for csd-1
10-08 20:36:29.873   992 13768 D CCodecConfig: no c2 equivalents for app-pid
10-08 20:36:29.873   992 13768 D CCodecConfig: no c2 equivalents for flags
10-08 20:36:29.874   992 13768 D CCodecConfig: c2 config diff is   c2::u32 coded.bitrate.value = 128000
10-08 20:36:29.874   992 13768 D CCodecConfig:   c2::u32 raw.channel-count.value = 2
10-08 20:36:29.874   992 13768 D CCodecConfig:   c2::u32 raw.sample-rate.value = 44100
10-08 20:36:29.875   992 13768 W Codec2Client: query -- param skipped: index = 1107298332.
10-08 20:36:29.875   992 13768 D CCodec  : encoding statistics level = 0
10-08 20:36:29.875   992 13768 D CCodec  : setup formats input: AMessage(what = 0x00000000) = {
10-08 20:36:29.875   992 13768 D CCodec  :   int32_t bitrate = 128000
10-08 20:36:29.875   992 13768 D CCodec  :   int32_t channel-count = 2
10-08 20:36:29.875   992 13768 D CCodec  :   int32_t max-input-size = 32768
10-08 20:36:29.875   992 13768 D CCodec  :   string mime = "audio/vorbis"
10-08 20:36:29.875   992 13768 D CCodec  :   int32_t sample-rate = 44100
10-08 20:36:29.875   992 13768 D CCodec  :   int64_t durationUs = 2294195
10-08 20:36:29.875   992 13768 D CCodec  : }
10-08 20:36:29.875   992 13768 D CCodec  : setup formats output: AMessage(what = 0x00000000) = {
10-08 20:36:29.875   992 13768 D CCodec  :   int32_t channel-count = 2
10-08 20:36:29.875   992 13768 D CCodec  :   string mime = "audio/raw"
10-08 20:36:29.875   992 13768 D CCodec  :   int32_t sample-rate = 44100
10-08 20:36:29.875   992 13768 D CCodec  :   int32_t channel-mask = 3
10-08 20:36:29.875   992 13768 D CCodec  :   int32_t android._config-pcm-encoding = 2
10-08 20:36:29.875   992 13768 D CCodec  : }
10-08 20:36:29.875   992 13768 I CCodecConfig: query failed after returning 7 values (BAD_INDEX)
10-08 20:36:29.877   992 13768 I MediaCodec: MediaCodec will operate in async mode
10-08 20:36:29.877   992 13767 D MediaCodec: keep callback message for reclaim
10-08 20:36:29.877   992 13768 I CCodec  : [c2.android.vorbis.decoder] state->set(STARTING)
10-08 20:36:29.886   992 13768 W Codec2Client: query -- param skipped: index = 1342179345.
10-08 20:36:29.886   992 13768 W Codec2Client: query -- param skipped: index = 2415921170.
10-08 20:36:29.888   992 13768 D BufferPoolAccessor2.0: bufferpool2 0xecac4288 : 4(131072 size) total buffers - 4(131072 size) used buffers - 12/20 (recycle/alloc) - 8/34 (fetch/transfer)
10-08 20:36:29.889   992 13768 D CCodecBufferChannel: [c2.android.vorbis.decoder#544] Created input block pool with allocatorID 16 => poolID 467 - OK (0)
10-08 20:36:29.889  1026 15949 D BufferPoolAccessor2.0: bufferpool2 0x77518f24f8 : 0(0 size) total buffers - 0(0 size) used buffers - 17/21 (recycle/alloc) - 4/20 (fetch/transfer)
10-08 20:36:29.889  1026 15949 D BufferPoolAccessor2.0: Destruction - bufferpool2 0x77518f24f8 cached: 0/0M, 0/0% in use; allocs: 21, 81% recycled; transfers: 20, 80% unfetched
10-08 20:36:29.891   992 13768 I CCodecBufferChannel: [c2.android.vorbis.decoder#544] Created output block pool with allocatorID 16 => poolID 1233 - OK
10-08 20:36:29.891   992 13768 D CCodecBufferChannel: [c2.android.vorbis.decoder#544] Configured output block pool ids 1233 => OK
10-08 20:36:29.891  1026 22958 E Codec2-ComponentInterface: We have a failed config
10-08 20:36:29.892   992 13768 I CCodec  : [c2.android.vorbis.decoder] state->set(RUNNING)
10-08 20:36:29.892   783   783 I SEC_componentStore: >>SEC Codec2's2 SetIonUsage : 1
10-08 20:36:29.892   783   783 I SEC_componentStore: >>SEC Codec2's SetIonUsage
10-08 20:36:29.893   992 13768 I CCodecBufferChannel: [c2.android.vorbis.decoder#544] 4 initial input buffers available
10-08 20:36:29.895  1026 13769 D SimpleC2Component: Using output block pool with poolID 1233 => got 1233 - 0
10-08 20:36:29.904  1678  1678 I FaceWidgetPositionAlgorithm: getClockContainerHeight() supplier = 270, bottom margin = 63, real height = 333
10-08 20:36:29.904  1678  1678 I FaceWidgetPositionAlgorithm: getMediaContainerHeight() height = 456 container Visibility = 8, isValid = true, mIsDozing = true, fraction = 1.0, source = 0, target = 0
10-08 20:36:29.905  1678  1678 I FaceWidgetPositionAlgorithm: getMediaContainerHeight() supplier = 0
10-08 20:36:29.905  1678  1678 I FaceWidgetPositionAlgorithm: getClockContainerHeight() supplier = 270, bottom margin = 0, real height = 333
10-08 20:36:29.906  1678  1678 I FaceWidgetPositionAlgorithm: getClockContainerHeight() supplier = 270, bottom margin = 63, real height = 333
10-08 20:36:29.906  1678  1678 I FaceWidgetPositionAlgorithm: getMediaContainerHeight() height = 456 container Visibility = 8, isValid = true, mIsDozing = true, fraction = 1.0, source = 0, target = 0
10-08 20:36:29.906  1678  1678 I FaceWidgetPositionAlgorithm: getMediaContainerHeight() supplier = 0
10-08 20:36:29.906  1678  1678 I FaceWidgetPositionAlgorithm: getClockContainerHeight() supplier = 270, bottom margin = 0, real height = 333
10-08 20:36:29.908   783   783 I SEC_componentStore: >>SEC Codec2's2 SetIonUsage : 1
10-08 20:36:29.908   783   783 I SEC_componentStore: >>SEC Codec2's SetIonUsage
10-08 20:36:29.915   992 13766 I NuPlayerRenderer: openAudioSink: open AudioSink in NON-offload mode audioFormat : 1, flags : 0
10-08 20:36:29.915   992 13766 V AudioSink: +++ close
10-08 20:36:29.915   992 13766 V AudioSink: --- close
10-08 20:36:29.916   839  1061 V APM_AudioPolicyManager: selectOutput new bestOutput 13 criteria 0 100 0 0 0 0 0 2 
10-08 20:36:29.916   839  1061 V APM_AudioPolicyManager: selectOutput new bestOutput 21 criteria 0 100 0 0 0 1 0 0 
10-08 20:36:29.916   839  1061 V APM_AudioPolicyManager: getOutput() stream 3 selected devices {AUDIO_DEVICE_OUT_SPEAKER, @:}, output 21
10-08 20:36:29.917   839 27090 V APM_AudioPolicyManager: selectOutput new bestOutput 13 criteria 0 100 0 0 0 0 0 2 
10-08 20:36:29.917   839 27090 V APM_AudioPolicyManager: selectOutput new bestOutput 21 criteria 0 100 0 0 0 1 0 0 
10-08 20:36:29.917   839 27090 V APM_AudioPolicyManager: getOutput() stream 3 selected devices {AUDIO_DEVICE_OUT_SPEAKER, @:}, output 21
10-08 20:36:29.918   839  1061 V APM_AudioPolicyManager: selectOutput new bestOutput 13 criteria 0 100 0 0 0 0 0 2 
10-08 20:36:29.918   839  1061 V APM_AudioPolicyManager: selectOutput new bestOutput 21 criteria 0 100 0 0 0 1 0 0 
10-08 20:36:29.918   839  1061 V APM_AudioPolicyManager: getOutput() stream 3 selected devices {AUDIO_DEVICE_OUT_SPEAKER, @:}, output 21
10-08 20:36:29.918   992 13766 I NuPlayerRenderer: checkAudioSinkPcmMsSetting 500
10-08 20:36:29.918   992 13766 V AudioSink: open(44100, 2, 0x3, 0x1, 0, 18041 0x0)
10-08 20:36:29.918   839 27090 V APM_AudioPolicyManager: selectOutput new bestOutput 13 criteria 0 100 0 0 0 0 0 2 
10-08 20:36:29.918   839 27090 V APM_AudioPolicyManager: getOutput() stream 5 selected devices {AUDIO_DEVICE_OUT_SPEAKER, @:}, output 13
10-08 20:36:29.919   839 28979 V APM_AudioPolicyManager: selectOutput new bestOutput 13 criteria 0 100 0 0 0 0 0 2 
10-08 20:36:29.919   839 28979 V APM_AudioPolicyManager: getOutput() stream 5 selected devices {AUDIO_DEVICE_OUT_SPEAKER, @:}, output 13
10-08 20:36:29.919   992 13766 V AudioSink: no track available to recycle
10-08 20:36:29.919   992 13766 V AudioSink: creating new AudioTrack
10-08 20:36:29.922   839  1061 V APM_AudioPolicyManager: getOutputForAttrInt() attributes={ Content type: AUDIO_CONTENT_TYPE_SONIFICATION Usage: AUDIO_USAGE_NOTIFICATION Source: AUDIO_SOURCE_INVALID Flags: 0x800 Tags:  } stream=AUDIO_STREAM_NOTIFICATION session 18041 selectedDeviceId 0
10-08 20:36:29.922   839  1061 V APM_AudioPolicyManager: getOutputForAttrInt() device {AUDIO_DEVICE_OUT_SPEAKER, @:}, sampling rate 44100, format 0x1, channel mask 0x3, flags 0x300002 stream AUDIO_STREAM_NOTIFICATION
10-08 20:36:29.922   839  1061 V APM_AudioPolicyManager: selectOutput new bestOutput 13 criteria 0 100 0 0 0 1 4 2 
10-08 20:36:29.922   839  1061 V APM_AudioPolicyManager: getOutputForAttrInt returns output 13 selectedDeviceId 3
10-08 20:36:29.922   839  1061 V APM_AudioPolicyManager: getOutputForAttr() returns output 13 requestedPortId 0 selectedDeviceId 3 for port ID 2083
10-08 20:36:29.922   839  1061 I AudioFlinger: nonSecFlag 0, secFlag 300000, outputFlags 2
10-08 20:36:29.923   839  1061 D AudioFlinger: Client defaulted notificationFrames to 7350 for frameCount 22050
10-08 20:36:29.924   839  1061 D AF::TrackHandle: OpPlayAudio: track:2000 usage:5 not muted
10-08 20:36:29.924  1678  1678 D PluginAODManager: onNotificationInfoUpdated() 12
10-08 20:36:29.925  1678  1678 D PluginAODManager: onNotificationInfoUpdated() 0|com.whatsapp|1|sl7eV24vTfjisggXxlPUyKlOrGaGdiIR1kAeosxMZKg=
10-08 20:36:29.925  1678  1678 D PluginAODManager: |10311
10-08 20:36:29.925  1678  1678 D PluginAODManager: onNotificationInfoUpdated() 0|com.google.android.gm|0|gig:2086570980:^sq_ig_i_personal|10245
10-08 20:36:29.925  1678  1678 D PluginAODManager: onNotificationInfoUpdated() 0|com.offline.bible|4097|null|10373
10-08 20:36:29.925  1678  1678 D PluginAODManager: onNotificationInfoUpdated() 0|com.google.android.youtube|0|XeNaxAsMZg4::8e1f53fb-2af0-4f2b-9ce9-b093f755edb0|10244
10-08 20:36:29.925  1678  1678 D PluginAODManager: onNotificationInfoUpdated() 0|com.google.android.youtube|0|l7FRvwQq2N8::43989c01-738a-46b2-ae07-dcd42bef29df|10244
10-08 20:36:29.925  1678  1678 D PluginAODManager: onNotificationInfoUpdated() 0|com.whatsapp|64|messages5fe412fb3069d8e259f3d1762f9d751e|10311
10-08 20:36:29.925  1678  1678 D PluginAODManager: onNotificationInfoUpdated() 0|com.instagram.android|64278|newstab|1492805866_churn_reminders&640a8803ec6acH58fa68eaH640a8c9d4c97eH9|10315
10-08 20:36:29.925  1678  1678 D PluginAODManager: onNotificationInfoUpdated() 0|com.instagram.android|64278|newstab|1492805866_story_daily_digest&640a604bbf83aH58fa68eaH640a64e51fb0cH5e|10315
10-08 20:36:29.925  1678  1678 D PluginAODManager: onNotificationInfoUpdated() 0|com.google.android.youtube|0|unwatched-channel::63e1fdd4-5b2c-4804-9426-0c00f8e4eb74|10244
10-08 20:36:29.925  1678  1678 D PluginAODManager: onNotificationInfoUpdated() 0|com.offline.bible|0|campaign_collapse_key_3716002670453466113|10373
10-08 20:36:29.925  1678  1678 D PluginAODManager: onNotificationInfoUpdated() 0|ee.mtakso.client|164155715|appboy_notification|10317
10-08 20:36:29.925  1678  1678 D PluginAODManager: onNotificationInfoUpdated() 0|com.google.android.googlequicksearchbox|0|-465505200::a:snotification:[0x394,wx.f,NOTIFICATION]|10230
10-08 20:36:29.925  1678  1678 I AODNotificationManager: updateVisibleNotifications: 12
10-08 20:36:29.926  1678  1678 I FaceWidgetPositionAlgorithm: getClockContainerHeight() supplier = 270, bottom margin = 63, real height = 333
10-08 20:36:29.926  1678  1678 I FaceWidgetPositionAlgorithm: getMediaContainerHeight() height = 456 container Visibility = 8, isValid = true, mIsDozing = true, fraction = 1.0, source = 0, target = 0
10-08 20:36:29.926  1678  1678 I FaceWidgetPositionAlgorithm: getMediaContainerHeight() supplier = 0
10-08 20:36:29.926   839  1061 I AF::Track: setMixerOutConfig expectKey 202
10-08 20:36:29.926   839  1061 I AF::Track: setMixerOutConfig select, mixer out f 5, s 48000, thread out f 1, s 48000
10-08 20:36:29.926  1678  1678 I FaceWidgetPositionAlgorithm: getClockContainerHeight() supplier = 270, bottom margin = 0, real height = 333
10-08 20:36:29.928   992 13766 V AudioSink: deleteRecycledTrack_l
10-08 20:36:29.928   992 13766 V AudioSink: setVolume
10-08 20:36:29.928   992 13766 D AudioTrack: setVolume(1.000000, 1.000000) pid : 1678
10-08 20:36:29.929   992 13766 V AudioSink: updateTrack() DONE status 0
10-08 20:36:29.929   992 13766 V AudioSink: setPlaybackRate(1.000000 1.000000 2 0)
10-08 20:36:29.929   992 13766 V AudioSink: start
10-08 20:36:29.929   992 13766 D AudioTrack: setVolume(1.000000, 1.000000) pid : 1678
10-08 20:36:29.929   992 13766 I SAG_VOR_a32: VoiceActivityDetectionInit() Version Samsung VAD v3.0 a32 2020.06.22)
10-08 20:36:29.932  1678  1678 I FaceWidgetPositionAlgorithm: getClockContainerHeight() supplier = 270, bottom margin = 63, real height = 333
10-08 20:36:29.932  1678  1678 I FaceWidgetPositionAlgorithm: getMediaContainerHeight() height = 456 container Visibility = 8, isValid = true, mIsDozing = true, fraction = 1.0, source = 0, target = 0
10-08 20:36:29.932  1678  1678 I FaceWidgetPositionAlgorithm: getMediaContainerHeight() supplier = 0
10-08 20:36:29.932  1678  1678 I FaceWidgetPositionAlgorithm: getClockContainerHeight() supplier = 270, bottom margin = 0, real height = 333
10-08 20:36:29.932   839  1376 D AudioFlinger: ro.audio.silent is ignored since no output device is set
10-08 20:36:29.933  1678  1678 D MediaRouter: onRestoreRoute() : route=RouteInfo{ name=PAPS-PC, description=Bluetooth audio, status=null, category=RouteCategory{ name=System types=ROUTE_TYPE_LIVE_AUDIO ROUTE_TYPE_LIVE_VIDEO  groupable=false }, supportedTypes=ROUTE_TYPE_LIVE_AUDIO , presentationDisplay=null }
10-08 20:36:29.933  1678  1678 V MediaRouter: Selecting route: RouteInfo{ name=PAPS-PC, description=Bluetooth audio, status=null, category=RouteCategory{ name=System types=ROUTE_TYPE_LIVE_AUDIO ROUTE_TYPE_LIVE_VIDEO  groupable=false }, supportedTypes=ROUTE_TYPE_LIVE_AUDIO , presentationDisplay=null }
10-08 20:36:29.933  1678  1678 D FaceWidgetViewModel: updatePageState() >> START >> LockscreenPageState=EXPAND, mReturningPageState=EXPAND, mNotiCount=12, mIsScreenTurnedOn=false, mIsNeedToForceUpdate=false
10-08 20:36:29.933  1678  1678 D FaceWidgetViewModel: updatePageState() << END << same state
10-08 20:36:29.934  1678  1678 D FaceWidgetContainerObserver: onChanged() FaceWidgetContainerLiveData{mIsContainerVisible=true, mClipLayoutVisibility=0, mRotation=0, mIsOwnerVisible=8, mOwnerInfoGravity=17, mAdditionalInfoGravity=17, mClockSideStartPadding=63, mClockSideEndPadding=63, mMusicSideStartPadding=30, mMusicSideEndPadding=30, mInfoSideStartPadding=63, mInfoSideEndPadding=63, mClipLayoutWidth = -1, mIsUpdateOwnerInfoText=true, mAdditionalInfoRemoteView=null, mHasCMAS=false, mIsAdditionalViewGoingToSleep=false, mConfig=CustomConfiguration{fontScale=1.0, screenLayout=268435810, orientation=1, screenWidthDp=411, screenHeightDp=838, smallestScreenWidthDp=411, densityDpi=420, uiMode=33, isRTL=false, mConfiguration={1.0 639mcc2mnc [en_GB] ldltr sw411dp w411dp h838dp 420dpi nrml long port night finger -keyb/v/h -nav/h winConfig={ mBounds=Rect(0, 0 - 1080, 2400) mAppBounds=Rect(0, 74 - 1080, 2274) mMaxBounds=Rect(0, 0 - 1080, 2400) mDisplayRotation=ROTATION_0 mWindowingMode=fullscreen mDisplayWindowingMode=fullscreen mActivityType=undefined mAlwaysOnTop=undefined mRotation=ROTATION_0 mPopOver=undefined mStageConfig=undefined mFreeformTaskPinningState=undefined mFreeformStashState=undefined mDexTaskDockingState=undefined} s.650 fontWeightAdjustment=0 ff=0 bf=0 bts=0 desktop/d dm/n ?dc ?dcui themeSeq=0 nightDim=0}}}
10-08 20:36:29.934  1678  1678 D FaceWidgetPagesController: onGravityChanged()
10-08 20:36:29.935   839   839 I AF::Track: setMixerOutConfig expectKey 202
10-08 20:36:29.935   839   839 I AF::Track: setMixerOutConfig select, mixer out f 5, s 48000, thread out f 1, s 48000
10-08 20:36:29.935  1678  1678 D FaceWidgetClockPage: setClockGravity() gravity = 49
10-08 20:36:29.935   839   839 E EffectsConfig: Invalid <stream|device> type sec_voice_communication: <stream type="sec_voice_communication">
10-08 20:36:29.935   839   839 E EffectsConfig:     <apply effect="aec"/>
10-08 20:36:29.935   839   839 E EffectsConfig: </stream>
10-08 20:36:29.936   839   839 V APM_AudioPolicyManager: startOutput portId 2083
10-08 20:36:29.936   839   839 V APM_AudioPolicyManager: startOutput() output 13, stream 5, session 18041
10-08 20:36:29.936   839   839 V APM_AudioPolicyManager: setBeaconMute(1) mBeaconMuteRefCount=1 mBeaconPlayingRefCount=0
10-08 20:36:29.936   839   839 V APM_AudioPolicyManager: getNewOutputDevices selected devices {AUDIO_DEVICE_OUT_SPEAKER, @:}
10-08 20:36:29.936   839   839 V APM_AudioPolicyManager: setOutputDevices device {AUDIO_DEVICE_OUT_SPEAKER, @:} delayMs 0
10-08 20:36:29.936   839   839 V APM_AudioPolicyManager: setOutputDevices() prevDevice {AUDIO_DEVICE_OUT_SPEAKER, @:}
10-08 20:36:29.936   839   839 V APM_AudioPolicyManager: setOutputDevices: suppressing checkDeviceMuteStrategies
10-08 20:36:29.936   839   839 V APM_AudioPolicyManager: setOutputDevices setting same device {AUDIO_DEVICE_OUT_SPEAKER, @:} or null device, force=0, patch handle=1251
10-08 20:36:29.936   839   839 V APM_AudioPolicyManager: computeVolume: stream 5, index 11, volume 0.251189, deviceTypes 0x2
10-08 20:36:29.938   839   839 I AudioFlinger: updateStageIndex new -1301
10-08 20:36:29.938   839  1358 I SoundBoosterEffectPlus: SB_setVolume(0x787539a6d0)
10-08 20:36:29.938   839  1358 I SoundBoosterEffectPlus: command EFFECT_CMD_SET_VOLUME left = 1.000000, right =1.000000
10-08 20:36:29.939   992 13766 I MediaClock: setThreshold mThresholdTimeUsForAnchor(500000), mMinClockModificationTimeUs(80000), mMaxCorrectionTimeUs(30000)
10-08 20:36:29.939   992 13766 I NuPlayerRenderer: onAudioSinkChanged() getPosition : 0
10-08 20:36:29.939   992 13766 I MediaClock: setPlaybackRate rate : 0.000000
10-08 20:36:29.939   992 13766 I NuPlayerRenderer: onDrainAudioQueue() send kWhatPollingAudioStarted audio_out : 0
10-08 20:36:29.939   992 13766 I NuPlayerRenderer: setAudioFirstAnchorTime mAudioFirstAnchorTimeMediaUs : -1, new mediaTimeUs : 0
10-08 20:36:29.939   992 13766 I MediaClock: getMediaTime_l - mAnchorTimeRealUs is '-1'
10-08 20:36:29.939   992 13766 I MediaClock: getMediaTime_l - mAnchorTimeRealUs is '-1'
10-08 20:36:29.940   992 13766 I MediaClock: getMediaTime_l - mAnchorTimeRealUs is '-1'
10-08 20:36:29.940   992 13766 I MediaClock: getMediaTime_l - mAnchorTimeRealUs is '-1'
10-08 20:36:29.940   992 13763 V NuPlayer: media rendering started
10-08 20:36:29.940   992 13763 V MediaPlayerService: [891] notify (6, 0, 0)
10-08 20:36:29.940  1678  2281 V MediaPlayerNative: message received msg=6, ext1=0, ext2=0
10-08 20:36:29.941  1678  2281 V MediaPlayerNative: Received media started message
10-08 20:36:29.941   992  8889 I MediaClock: getMediaTime_l - mAnchorTimeRealUs is '-1'
10-08 20:36:29.941   992  8889 V NuPlayerDriver: getCurrentPosition(0xf45c2410) 0 (msec), at state 5
10-08 20:36:29.942   755  1363 D audio_hw_primary: primary_out-out_update_source_metadata: called, but not implemented yet
10-08 20:36:29.942   755  1363 D audio_hw_primary: primary_out-out_update_source_metadata: This stream has 1 tracks
10-08 20:36:29.942   755  1363 D audio_hw_primary: 1 Track has Usage(5), Content Type(4), Gain(0.000000)
10-08 20:36:29.944  1678  1678 I FaceWidgetPositionAlgorithm: getClockContainerHeight() supplier = 270, bottom margin = 63, real height = 333
10-08 20:36:29.944  1678  1678 I FaceWidgetPositionAlgorithm: getMediaContainerHeight() height = 456 container Visibility = 8, isValid = true, mIsDozing = true, fraction = 1.0, source = 0, target = 0
10-08 20:36:29.944  1678  1678 I FaceWidgetPositionAlgorithm: getMediaContainerHeight() supplier = 0
10-08 20:36:29.944  1678  1678 I FaceWidgetPositionAlgorithm: getClockContainerHeight() supplier = 270, bottom margin = 0, real height = 333
10-08 20:36:29.945  1678  1678 I FaceWidgetPositionAlgorithm: getClockContainerHeight() supplier = 270, bottom margin = 63, real height = 333
10-08 20:36:29.945  1678  1678 I FaceWidgetPositionAlgorithm: getMediaContainerHeight() height = 456 container Visibility = 8, isValid = true, mIsDozing = true, fraction = 1.0, source = 0, target = 0
10-08 20:36:29.945  1678  1678 I FaceWidgetPositionAlgorithm: getMediaContainerHeight() supplier = 0
10-08 20:36:29.945  1678  1678 I FaceWidgetPositionAlgorithm: getClockContainerHeight() supplier = 270, bottom margin = 0, real height = 333
10-08 20:36:29.945   755 18946 I audio_hw_primary: primary_out-out_write: transited to Ready
10-08 20:36:29.945   755 18946 D audio_hw_primary_odm: primary_out-check_and_set_backend_mixer: no need to update backend 2 -> 2, out->backend_mode:2 
10-08 20:36:29.945   755 18946 I audio_hw_primary: primary_out-out_write: try to route for playback
10-08 20:36:29.946   755 18946 I audio_hw_proxy_9830: proxy-proxy_set_route: Fade-out start
10-08 20:36:29.946   755 18946 D audio_route: Apply path: media-dual-speaker
10-08 20:36:29.946   755 18946 I audio_route: > audio_route_update_path : "media-dual-speaker" reverse(0)
10-08 20:36:29.947   992 30395 V MediaPlayerService: [891] notify (10000, 13, 3)
10-08 20:36:29.947  1678  2281 V MediaPlayerNative: message received msg=10000, ext1=13, ext2=3
10-08 20:36:29.952   992 30395 V MediaPlayerService: [891] getRoutedDeviceId
10-08 20:36:29.952   992 30395 V AudioSink: getRoutedDeviceId
10-08 20:36:29.952   992 13766 I MediaClock: getMediaTime_l - mAnchorTimeRealUs is '-1'
10-08 20:36:29.953   839   839 V APM_AudioPolicyManager: listAudioPorts() role 0 type 0 num_ports 0 ports 0x77f53adff0
10-08 20:36:29.953   839   839 V APM_AudioPolicyManager: listAudioPorts() got 0 ports needed 12
10-08 20:36:29.953   839   839 V APM_AudioPolicyManager: listAudioPorts() role 0 type 0 num_ports 12 ports 0x7a15487070
10-08 20:36:29.953   839   839 V APM_AudioPolicyManager: listAudioPorts() got 12 ports needed 12
10-08 20:36:29.953   992 13766 I MediaClock: getMediaTime_l - mAnchorTimeRealUs is '-1'
10-08 20:36:29.953   992 13766 I MediaClock: getMediaTime_l - mAnchorTimeRealUs is '-1'
10-08 20:36:29.961   992 13766 I MediaClock: getMediaTime_l - mAnchorTimeRealUs is '-1'
10-08 20:36:29.961   992 13766 I MediaClock: getMediaTime_l - mAnchorTimeRealUs is '-1'
10-08 20:36:29.961   992 13766 I MediaClock: getMediaTime_l - mAnchorTimeRealUs is '-1'
10-08 20:36:29.964   992 13766 I MediaClock: getMediaTime_l - mAnchorTimeRealUs is '-1'
10-08 20:36:29.965   992 13766 I MediaClock: getMediaTime_l - mAnchorTimeRealUs is '-1'
10-08 20:36:29.966   992 13766 I MediaClock: getMediaTime_l - mAnchorTimeRealUs is '-1'
10-08 20:36:29.968   992 13766 I MediaClock: getMediaTime_l - mAnchorTimeRealUs is '-1'
10-08 20:36:29.968   992 13766 I MediaClock: getMediaTime_l - mAnchorTimeRealUs is '-1'
10-08 20:36:29.971   992 13766 I MediaClock: getMediaTime_l - mAnchorTimeRealUs is '-1'
10-08 20:36:29.971   992 13766 I MediaClock: getMediaTime_l - mAnchorTimeRealUs is '-1'
10-08 20:36:29.971   992 13766 I MediaClock: getMediaTime_l - mAnchorTimeRealUs is '-1'
10-08 20:36:29.973   755 18946 I audio_hw_proxy_9830: proxy-set_route: routed to media-dual-speaker
10-08 20:36:29.973   755 18946 D audio_route: Apply path: gain-media-dual-speaker
10-08 20:36:29.973   755 18946 I audio_route: > audio_route_update_path : "gain-media-dual-speaker" reverse(0)
10-08 20:36:29.974   755 18946 I audio_hw_proxy_9830: proxy-set_route: set gain as gain-media-dual-speaker
10-08 20:36:29.976   992 13766 I MediaClock: getMediaTime_l - mAnchorTimeRealUs is '-1'
10-08 20:36:29.976   992 13766 I MediaClock: getMediaTime_l - mAnchorTimeRealUs is '-1'
10-08 20:36:29.976   992 13766 I MediaClock: getMediaTime_l - mAnchorTimeRealUs is '-1'
10-08 20:36:29.980   992 13766 I MediaClock: getMediaTime_l - mAnchorTimeRealUs is '-1'
10-08 20:36:29.980   992 13766 I MediaClock: getMediaTime_l - mAnchorTimeRealUs is '-1'
10-08 20:36:29.980   992 13766 I MediaClock: getMediaTime_l - mAnchorTimeRealUs is '-1'
10-08 20:36:29.980   992 13766 I MediaClock: getMediaTime_l - mAnchorTimeRealUs is '-1'
10-08 20:36:29.991   992 13766 I MediaClock: getMediaTime_l - mAnchorTimeRealUs is '-1'
10-08 20:36:29.993   992 13766 I MediaClock: getMediaTime_l - mAnchorTimeRealUs is '-1'
10-08 20:36:29.994   992 13766 I MediaClock: getMediaTime_l - mAnchorTimeRealUs is '-1'
10-08 20:36:30.023   755 18946 I audio_hw_proxy_9830: proxy-proxy_set_route: Fade-out End
10-08 20:36:30.023   755 18946 I audio_hw_primary: primary_out-adev_set_route-1: routes to device(speaker) for usage(media)
10-08 20:36:30.023   755 18946 I audio_hw_proxy_usb: usb-out-proxy_usb_out_reset_config: reset rate[48000] format[0] channels[2]
10-08 20:36:30.023   755 18946 I audio_hw_proxy_usb: proxy_usb_out_pick_best_pcmconfig: current config rate[48000] format[0] channels[2]
10-08 20:36:30.024   755 18946 I audio_hw_proxy_9830: primary_out-proxy_open_playback_stream: The opened PCM Device is /dev/snd/pcmC0D100p with Sampling_Rate(48000) PCM_Format(0)  PCM_start-threshold(1920) PCM_stop-threshold(3840)
10-08 20:36:30.024   755 18946 I audio_hw_primary: primary_out-out_write: transited to Idle
10-08 20:36:30.054   755 18946 I audio_hw_primary: primary_out-out_write: transited to Playing
10-08 20:36:30.055   839  1358 I AudioMixer: create resampler src 44100, 2, dst 48000, 2, f 0x5, q 8
10-08 20:36:30.056   992 13766 D AudioTrack: getTimestamp_l(2083): device stall time corrected using current time 112490505471694
10-08 20:36:30.056   755  1363 D audio_hw_primary: primary_out-out_update_source_metadata: called, but not implemented yet
10-08 20:36:30.056   755  1363 D audio_hw_primary: primary_out-out_update_source_metadata: This stream has 1 tracks
10-08 20:36:30.056   755  1363 D audio_hw_primary: 1 Track has Usage(5), Content Type(4), Gain(0.251189)
10-08 20:36:30.057   839  1358 I SoundAlive_SRC384 arch64: SoundAlive_SRC384() ID = 1126 GID = 1127
10-08 20:36:30.057   839  1358 I SoundAlive_SRC384 arch64: SoundAlive_SRC384: Instance 1126 Init(outFs 7, InFs 7, chnum 0, outBW 0, inBW 0)
10-08 20:36:30.057   839  1358 I Samsung_SoundAlive_SRC arch64: SRC384 version Samsung SoundAlive SRC ver320 arch64  2021.08.04 (Cppref for ARM64, ver.300.c 32bit 07_10_2016 based)
10-08 20:36:30.057   839  1358 D SoundAliveResampler: [SoundAliveResampler] Init+++
10-08 20:36:30.057   839  1358 I SoundAlive_SRC384 arch64: SoundAlive_SRC384: Instance 1126 Init(outFs 8, InFs 7, chnum 2, outBW 3, inBW 3)
10-08 20:36:30.057   839  1358 I Samsung_SoundAlive_SRC arch64: SRC384 version Samsung SoundAlive SRC ver320 arch64  2021.08.04 (Cppref for ARM64, ver.300.c 32bit 07_10_2016 based)
