10-08 20:36:37.793  1678  1678 D BackgroundBlurDrawable: setScaleY, scaleY : 1.0
10-08 20:36:37.795  1678  1678 D SecQSFragmentAnimator_QSCinema: [panelExpansionDragDownPxAmount:1720.406] qsExpanded:false, qsFullyExpanded:false, qsExpansionPosition:0, qsExpandImmediate:false, qsCollapsingWhilePanelClosing:false &&&  panelExpansionFraction:0.81, panelExpansionDragDownPxAmount:1658.73 ***   panelExpanded:true, panelExpanding:true %%%   barState:0, overScrolling:false, userId:-1, isRunningPanelOnHeightAnimation:false
10-08 20:36:37.808   846   846 D Layer   : [SEC_SF_EFFECTS] setBlurRegions ## {radius=299u, cornerRadii=[0.000000, 0.000000, 0.000000, 0.000000], alpha=1.000000, rect=[0, 0, 1080, 2400]
10-08 20:36:37.809  1678  1678 V SecQpBlurController: applySemWindowBlur (300 )
10-08 20:36:37.810  1678  1678 D BackgroundBlurDrawable: setScaleX, scaleX : 1.0
10-08 20:36:37.810  1678  1678 D BackgroundBlurDrawable: setScaleY, scaleY : 1.0
10-08 20:36:37.810  1678  1678 D SecQpBlurDefaultUtils: windowBlur(299 >> 300), wallpaper:0
10-08 20:36:37.811  1678  1678 D SecQSFragmentAnimator_QSCinema: [panelExpansionDragDownPxAmount:1771.317] qsExpanded:false, qsFullyExpanded:false, qsExpansionPosition:0, qsExpandImmediate:false, qsCollapsingWhilePanelClosing:false &&&  panelExpansionFraction:0.83, panelExpansionDragDownPxAmount:1720.41 ***   panelExpanded:true, panelExpanding:true %%%   barState:0, overScrolling:false, userId:-1, isRunningPanelOnHeightAnimation:false
10-08 20:36:37.825   846   846 D Layer   : [SEC_SF_EFFECTS] setBlurRegions ## {radius=299u, cornerRadii=[0.000000, 0.000000, 0.000000, 0.000000], alpha=1.000000, rect=[0, 0, 1080, 2400]
10-08 20:36:37.825  1678  1678 V SecQpBlurController: applySemWindowBlur (300 )
10-08 20:36:37.826  1678  1678 D BackgroundBlurDrawable: setScaleX, scaleX : 1.0
10-08 20:36:37.827  1678  1678 D BackgroundBlurDrawable: setScaleY, scaleY : 1.0
10-08 20:36:37.829  1678  1678 D SecQSFragmentAnimator_QSCinema: [panelExpansionFraction:0.854] qsExpanded:false, qsFullyExpanded:false, qsExpansionPosition:0, qsExpandImmediate:false, qsCollapsingWhilePanelClosing:false &&&  panelExpansionFraction:0.83, panelExpansionDragDownPxAmount:1771.32 ***   panelExpanded:true, panelExpanding:true %%%   barState:0, overScrolling:false, userId:-1, isRunningPanelOnHeightAnimation:false
10-08 20:36:37.829  1678  1678 D SecQSFragmentAnimator_QSCinema: [panelExpansionDragDownPxAmount:1824.387] qsExpanded:false, qsFullyExpanded:false, qsExpansionPosition:0, qsExpandImmediate:false, qsCollapsingWhilePanelClosing:false &&&  panelExpansionFraction:0.85, panelExpansionDragDownPxAmount:1771.32 ***   panelExpanded:true, panelExpanding:true %%%   barState:0, overScrolling:false, userId:-1, isRunningPanelOnHeightAnimation:false
10-08 20:36:37.839  1026  1207 D BufferPoolAccessor2.0: bufferpool2 0x77518fe4e8 : 0(0 size) total buffers - 0(0 size) used buffers - 102/106 (recycle/alloc) - 4/105 (fetch/transfer)
10-08 20:36:37.839  1026  1207 D BufferPoolAccessor2.0: evictor expired: 2, evicted: 1
10-08 20:36:37.842   846   846 D Layer   : [SEC_SF_EFFECTS] setBlurRegions ## {radius=300u, cornerRadii=[0.000000, 0.000000, 0.000000, 0.000000], alpha=1.000000, rect=[0, 0, 1080, 2400]
10-08 20:36:37.842  1678  1678 V SecQpBlurController: applySemWindowBlur (300 )
10-08 20:36:37.843  1678  1678 D BackgroundBlurDrawable: setScaleX, scaleX : 1.0
10-08 20:36:37.843  1678  1678 D BackgroundBlurDrawable: setScaleY, scaleY : 1.0
10-08 20:36:37.844  1678  1678 D SecQSFragmentAnimator_QSCinema: [panelExpansionDragDownPxAmount:1871.88] qsExpanded:false, qsFullyExpanded:false, qsExpansionPosition:0, qsExpandImmediate:false, qsCollapsingWhilePanelClosing:false &&&  panelExpansionFraction:0.88, panelExpansionDragDownPxAmount:1824.39 ***   panelExpanded:true, panelExpanding:true %%%   barState:0, overScrolling:false, userId:-1, isRunningPanelOnHeightAnimation:false
10-08 20:36:37.859   846   846 D Layer   : [SEC_SF_EFFECTS] setBlurRegions ## {radius=300u, cornerRadii=[0.000000, 0.000000, 0.000000, 0.000000], alpha=1.000000, rect=[0, 0, 1080, 2400]
10-08 20:36:37.859  1678  1678 V SecQpBlurController: applySemWindowBlur (300 )
10-08 20:36:37.860  1678  1678 D BackgroundBlurDrawable: setScaleX, scaleX : 1.0
10-08 20:36:37.860  1678  1678 D BackgroundBlurDrawable: setScaleY, scaleY : 1.0
10-08 20:36:37.862  1678  1678 D SecQSFragmentAnimator_QSCinema: [panelExpansionDragDownPxAmount:1915.304] qsExpanded:false, qsFullyExpanded:false, qsExpansionPosition:0, qsExpandImmediate:false, qsCollapsingWhilePanelClosing:false &&&  panelExpansionFraction:0.9, panelExpansionDragDownPxAmount:1871.88 ***   panelExpanded:true, panelExpanding:true %%%   barState:0, overScrolling:false, userId:-1, isRunningPanelOnHeightAnimation:false
10-08 20:36:37.869  1678  1824 D MobileStatusTracker(1/1): onSignalStrengthsChanged level=4, vendorLevel=4
10-08 20:36:37.869  1678  1824 D MobileSignalController(1/1): notifyListener: enabled=true, connected=true, dataConnected=false, networkType=LTE (4G), emergencyOnly=false, roaming=false, isDefault=false, dataActivity=, level=4, ca=false, mmWave=false, disabledDataIcon=false, simCard=ETC
10-08 20:36:37.873  1678  1824 D NetworkController: SignalStrength from intent slotId=1
10-08 20:36:37.875   846   846 D Layer   : [SEC_SF_EFFECTS] setBlurRegions ## {radius=300u, cornerRadii=[0.000000, 0.000000, 0.000000, 0.000000], alpha=1.000000, rect=[0, 0, 1080, 2400]
10-08 20:36:37.877  1678  1678 V SecQpBlurController: applySemWindowBlur (300 )
10-08 20:36:37.878  1678  1678 D BackgroundBlurDrawable: setScaleX, scaleX : 1.0
10-08 20:36:37.878  1678  1678 D BackgroundBlurDrawable: setScaleY, scaleY : 1.0
10-08 20:36:37.879  1678  1678 D SecQSFragmentAnimator_QSCinema: [panelExpansionDragDownPxAmount:1957.866] qsExpanded:false, qsFullyExpanded:false, qsExpansionPosition:0, qsExpandImmediate:false, qsCollapsingWhilePanelClosing:false &&&  panelExpansionFraction:0.92, panelExpansionDragDownPxAmount:1915.3 ***   panelExpanded:true, panelExpanding:true %%%   barState:0, overScrolling:false, userId:-1, isRunningPanelOnHeightAnimation:false
10-08 20:36:37.890   992 18914 D BufferPoolAccessor2.0: bufferpool2 0xecac0a48 : 0(0 size) total buffers - 0(0 size) used buffers - 104/112 (recycle/alloc) - 8/216 (fetch/transfer)
10-08 20:36:37.890   992 18914 D BufferPoolAccessor2.0: evictor expired: 1, evicted: 1
10-08 20:36:37.892   846   846 D Layer   : [SEC_SF_EFFECTS] setBlurRegions ## {radius=300u, cornerRadii=[0.000000, 0.000000, 0.000000, 0.000000], alpha=1.000000, rect=[0, 0, 1080, 2400]
10-08 20:36:37.892  1678  1678 V SecQpBlurController: applySemWindowBlur (300 )
10-08 20:36:37.893  1678  1678 D BackgroundBlurDrawable: setScaleX, scaleX : 1.0
10-08 20:36:37.893  1678  1678 D BackgroundBlurDrawable: setScaleY, scaleY : 1.0
10-08 20:36:37.895  1678  1678 D SecQSFragmentAnimator_QSCinema: [panelExpansionDragDownPxAmount:1994.507] qsExpanded:false, qsFullyExpanded:false, qsExpansionPosition:0, qsExpandImmediate:false, qsCollapsingWhilePanelClosing:false &&&  panelExpansionFraction:0.93, panelExpansionDragDownPxAmount:1957.87 ***   panelExpanded:true, panelExpanding:true %%%   barState:0, overScrolling:false, userId:-1, isRunningPanelOnHeightAnimation:false
10-08 20:36:37.908   846   846 D Layer   : [SEC_SF_EFFECTS] setBlurRegions ## {radius=300u, cornerRadii=[0.000000, 0.000000, 0.000000, 0.000000], alpha=1.000000, rect=[0, 0, 1080, 2400]
10-08 20:36:37.909  1678  1678 V SecQpBlurController: applySemWindowBlur (300 )
10-08 20:36:37.909  1678  1678 D BackgroundBlurDrawable: setScaleX, scaleX : 1.0
10-08 20:36:37.909  1678  1678 D BackgroundBlurDrawable: setScaleY, scaleY : 1.0
10-08 20:36:37.911  1678  1678 D SecQSFragmentAnimator_QSCinema: [panelExpansionDragDownPxAmount:2028.47] qsExpanded:false, qsFullyExpanded:false, qsExpansionPosition:0, qsExpandImmediate:false, qsCollapsingWhilePanelClosing:false &&&  panelExpansionFraction:0.95, panelExpansionDragDownPxAmount:1994.51 ***   panelExpanded:true, panelExpanding:true %%%   barState:0, overScrolling:false, userId:-1, isRunningPanelOnHeightAnimation:false
10-08 20:36:37.925   846   846 D Layer   : [SEC_SF_EFFECTS] setBlurRegions ## {radius=300u, cornerRadii=[0.000000, 0.000000, 0.000000, 0.000000], alpha=1.000000, rect=[0, 0, 1080, 2400]
10-08 20:36:37.925   846   846 D Layer   : GPIS:: requestGPIS
10-08 20:36:37.925  1678  1678 V SecQpBlurController: applySemWindowBlur (300 )
10-08 20:36:37.926  1678  1678 D BackgroundBlurDrawable: setScaleX, scaleX : 1.0
10-08 20:36:37.926  1678  1678 D BackgroundBlurDrawable: setScaleY, scaleY : 1.0
10-08 20:36:37.927  1678  1678 D SecQSFragmentAnimator_QSCinema: [panelExpansionFraction:0.963] qsExpanded:false, qsFullyExpanded:false, qsExpansionPosition:0, qsExpandImmediate:false, qsCollapsingWhilePanelClosing:false &&&  panelExpansionFraction:0.95, panelExpansionDragDownPxAmount:2028.47 ***   panelExpanded:true, panelExpanding:true %%%   barState:0, overScrolling:false, userId:-1, isRunningPanelOnHeightAnimation:false
10-08 20:36:37.927  1678  1678 D SecQSFragmentAnimator_QSCinema: [panelExpansionDragDownPxAmount:2057.601] qsExpanded:false, qsFullyExpanded:false, qsExpansionPosition:0, qsExpandImmediate:false, qsCollapsingWhilePanelClosing:false &&&  panelExpansionFraction:0.96, panelExpansionDragDownPxAmount:2028.47 ***   panelExpanded:true, panelExpanding:true %%%   barState:0, overScrolling:false, userId:-1, isRunningPanelOnHeightAnimation:false
10-08 20:36:37.941   846   846 D Layer   : [SEC_SF_EFFECTS] setBlurRegions ## {radius=300u, cornerRadii=[0.000000, 0.000000, 0.000000, 0.000000], alpha=1.000000, rect=[0, 0, 1080, 2400]
10-08 20:36:37.942  1678  1678 V SecQpBlurController: applySemWindowBlur (300 )
10-08 20:36:37.943  1678  1678 D BackgroundBlurDrawable: setScaleX, scaleX : 1.0
10-08 20:36:37.943  1678  1678 D BackgroundBlurDrawable: setScaleY, scaleY : 1.0
10-08 20:36:37.944  1678  1678 D SecQSFragmentAnimator_QSCinema: [panelExpansionDragDownPxAmount:2080.628] qsExpanded:false, qsFullyExpanded:false, qsExpansionPosition:0, qsExpandImmediate:false, qsCollapsingWhilePanelClosing:false &&&  panelExpansionFraction:0.97, panelExpansionDragDownPxAmount:2057.6 ***   panelExpanded:true, panelExpanding:true %%%   barState:0, overScrolling:false, userId:-1, isRunningPanelOnHeightAnimation:false
10-08 20:36:37.958   846   846 D Layer   : [SEC_SF_EFFECTS] setBlurRegions ## {radius=300u, cornerRadii=[0.000000, 0.000000, 0.000000, 0.000000], alpha=1.000000, rect=[0, 0, 1080, 2400]
10-08 20:36:37.959  1678  1678 V SecQpBlurController: applySemWindowBlur (300 )
10-08 20:36:37.960  1678  1678 D BackgroundBlurDrawable: setScaleX, scaleX : 1.0
10-08 20:36:37.960  1678  1678 D BackgroundBlurDrawable: setScaleY, scaleY : 1.0
10-08 20:36:37.961  1678  1678 D SecQSFragmentAnimator_QSCinema: [panelExpansionDragDownPxAmount:2101.733] qsExpanded:false, qsFullyExpanded:false, qsExpansionPosition:0, qsExpandImmediate:false, qsCollapsingWhilePanelClosing:false &&&  panelExpansionFraction:0.98, panelExpansionDragDownPxAmount:2080.63 ***   panelExpanded:true, panelExpanding:true %%%   barState:0, overScrolling:false, userId:-1, isRunningPanelOnHeightAnimation:false
10-08 20:36:37.975   846   846 D Layer   : [SEC_SF_EFFECTS] setBlurRegions ## {radius=300u, cornerRadii=[0.000000, 0.000000, 0.000000, 0.000000], alpha=1.000000, rect=[0, 0, 1080, 2400]
10-08 20:36:37.975  1678  1678 V SecQpBlurController: applySemWindowBlur (300 )
10-08 20:36:37.978  1678  1678 D BackgroundBlurDrawable: setScaleX, scaleX : 1.0
10-08 20:36:37.978  1678  1678 D BackgroundBlurDrawable: setScaleY, scaleY : 1.0
10-08 20:36:37.979  1678  1678 D SecQSFragmentAnimator_QSCinema: [panelExpansionDragDownPxAmount:2118.339] qsExpanded:false, qsFullyExpanded:false, qsExpansionPosition:0, qsExpandImmediate:false, qsCollapsingWhilePanelClosing:false &&&  panelExpansionFraction:0.99, panelExpansionDragDownPxAmount:2101.73 ***   panelExpanded:true, panelExpanding:true %%%   barState:0, overScrolling:false, userId:-1, isRunningPanelOnHeightAnimation:false
10-08 20:36:37.991   846   846 D Layer   : [SEC_SF_EFFECTS] setBlurRegions ## {radius=300u, cornerRadii=[0.000000, 0.000000, 0.000000, 0.000000], alpha=1.000000, rect=[0, 0, 1080, 2400]
10-08 20:36:37.992  1678  1678 V SecQpBlurController: applySemWindowBlur (300 )
10-08 20:36:37.993  1678  1678 D BackgroundBlurDrawable: setScaleX, scaleX : 1.0
10-08 20:36:37.993  1678  1678 D BackgroundBlurDrawable: setScaleY, scaleY : 1.0
10-08 20:36:37.994  1678  1678 D SecQSFragmentAnimator_QSCinema: [panelExpansionDragDownPxAmount:2128.179] qsExpanded:false, qsFullyExpanded:false, qsExpansionPosition:0, qsExpandImmediate:false, qsCollapsingWhilePanelClosing:false &&&  panelExpansionFraction:1, panelExpansionDragDownPxAmount:2118.34 ***   panelExpanded:true, panelExpanding:true %%%   barState:0, overScrolling:false, userId:-1, isRunningPanelOnHeightAnimation:false
10-08 20:36:38.008   846   846 D Layer   : [SEC_SF_EFFECTS] setBlurRegions ## {radius=300u, cornerRadii=[0.000000, 0.000000, 0.000000, 0.000000], alpha=1.000000, rect=[0, 0, 1080, 2400]
10-08 20:36:38.009  1678  1678 V SecQpBlurController: applySemWindowBlur (300 )
10-08 20:36:38.009  1678  1678 D BackgroundBlurDrawable: setScaleX, scaleX : 1.0
10-08 20:36:38.009  1678  1678 D BackgroundBlurDrawable: setScaleY, scaleY : 1.0
10-08 20:36:38.010  1678  1678 D SecQSFragmentAnimator_QSCinema: [panelExpansionDragDownPxAmount:2134.665] qsExpanded:false, qsFullyExpanded:false, qsExpansionPosition:0, qsExpandImmediate:false, qsCollapsingWhilePanelClosing:false &&&  panelExpansionFraction:1, panelExpansionDragDownPxAmount:2128.18 ***   panelExpanded:true, panelExpanding:true %%%   barState:0, overScrolling:false, userId:-1, isRunningPanelOnHeightAnimation:false
10-08 20:36:38.025   846   846 D Layer   : [SEC_SF_EFFECTS] setBlurRegions ## {radius=300u, cornerRadii=[0.000000, 0.000000, 0.000000, 0.000000], alpha=1.000000, rect=[0, 0, 1080, 2400]
10-08 20:36:38.025  1678  1678 V SecQpBlurController: applySemWindowBlur (300 )
10-08 20:36:38.026  1678  1678 D BackgroundBlurDrawable: setScaleX, scaleX : 1.0
10-08 20:36:38.026  1678  1678 D BackgroundBlurDrawable: setScaleY, scaleY : 1.0
10-08 20:36:38.027  1678  1678 D KeyguardVisible: go panelState: OPENING -> OPEN tracking=false, expanded=true, fraction=0.99890727
10-08 20:36:38.027  1678  1678 D SecQpScrimControlHelper:  secVisible?true (scrimState:UNLOCKED) (1stFrc:1, 2ndFrc:0, drgDown:0, PanelEx:true)   (dlyGed:0, dlySec:0)   [N(0.4|ff000000)-B(0|ff000000)]   (expanded:true, tracking:false, qsBottomVisible:true)   thm(a:1, rtEnabled:false) park(panel_on?false)   kgd(fw:false, gw:false, ocl:false)   (assetsSeq:0, themeSeq:0, uiMode:33)   GED[F(0|0)-N(0|0)-B(0,|ff000000)-Duration:360], caller:onPanelExpansionChanged()
10-08 20:36:38.028  2080 23498 I TouchInteractionService: onSystemUiStateChanged, stateFlags : 4 |notif_visible|
10-08 20:36:38.029  2080  2080 I RecentsAnimationDeviceState: setSystemUiFlags, stateFlags : 4
10-08 20:36:38.029  2080  2080 I TouchInteractionService: onSystemUiFlagsChanged, lastSysUIFlags : 0
10-08 20:36:38.029  2080  2080 I TaskAnimationManager: endLiveTile
10-08 20:36:38.029  1678  1678 D SecQSFragmentAnimator_QSCinema: [panelExpansionFraction:1] qsExpanded:false, qsFullyExpanded:false, qsExpansionPosition:0, qsExpandImmediate:false, qsCollapsingWhilePanelClosing:false &&&  panelExpansionFraction:1, panelExpansionDragDownPxAmount:2134.66 ***   panelExpanded:true, panelExpanding:true %%%   barState:0, overScrolling:false, userId:-1, isRunningPanelOnHeightAnimation:false
10-08 20:36:38.030  1678  1678 D SecQSFragmentAnimator_QSCinema: [panelExpansionDragDownPxAmount:2137] qsExpanded:false, qsFullyExpanded:false, qsExpansionPosition:0, qsExpandImmediate:false, qsCollapsingWhilePanelClosing:false &&&  panelExpansionFraction:1, panelExpansionDragDownPxAmount:2134.66 ***   panelExpanded:true, panelExpanding:true %%%   barState:0, overScrolling:false, userId:-1, isRunningPanelOnHeightAnimation:false
10-08 20:36:38.030  1678  1678 D SecPanelExpansionStateModel: !!! NOTIFY !!! PanelOpenState is Changed to <STATE_OPEN> from <STATE_ANIMATING> 1stFrc:1 2ndFrc:0 panelExpanded:true lcdOn:true Bar:SHADE wasUnlockedWhilePanelOpening:false
10-08 20:36:38.031  1678  1678 D SecQpScrimControlHelper:  secVisible?true (scrimState:UNLOCKED) (1stFrc:1, 2ndFrc:0, drgDown:0, PanelEx:true)   (dlyGed:0, dlySec:0)   [N(0.4|ff000000)-B(0|ff000000)]   (expanded:true, tracking:false, qsBottomVisible:true)   thm(a:1, rtEnabled:false) park(panel_on?false)   kgd(fw:false, gw:false, ocl:false)   (assetsSeq:0, themeSeq:0, uiMode:33)   GED[F(0|0)-N(0|0)-B(0,|ff000000)-Duration:360], caller:onSecPanelExpansionStateChanged(STATE_OPEN)
10-08 20:36:38.032  1678  1678 D PanelView: set mHeightAnimator : null
10-08 20:36:38.032  1678  1678 D PanelView: call stack : java.lang.Throwable
10-08 20:36:38.032  1678  1678 D PanelView: 	at com.android.systemui.statusbar.phone.PanelViewController.setAnimator(PanelViewController.java:1220)
10-08 20:36:38.032  1678  1678 D PanelView: 	at com.android.systemui.statusbar.phone.PanelViewController.onFlingEnd(PanelViewController.java:831)
10-08 20:36:38.032  1678  1678 D PanelView: 	at com.android.systemui.statusbar.phone.NotificationPanelViewController.onFlingEnd(NotificationPanelViewController.java:2793)
10-08 20:36:38.032  1678  1678 D PanelView: 	at com.android.systemui.statusbar.phone.PanelViewController.springBack(PanelViewController.java:799)
10-08 20:36:38.032  1678  1678 D PanelView: 	at com.android.systemui.statusbar.phone.PanelViewController.-$$Nest$mspringBack(Unknown Source:0)
10-08 20:36:38.032  1678  1678 D PanelView: 	at com.android.systemui.statusbar.phone.PanelViewController$3.onAnimationEnd(PanelViewController.java:776)
10-08 20:36:38.032  1678  1678 D PanelView: 	at android.animation.Animator$AnimatorListener.onAnimationEnd(Animator.java:600)
10-08 20:36:38.032  1678  1678 D PanelView: 	at android.animation.ValueAnimator.endAnimation(ValueAnimator.java:1333)
10-08 20:36:38.032  1678  1678 D PanelView: 	at android.animation.ValueAnimator.doAnimationFrame(ValueAnimator.java:1575)
10-08 20:36:38.032  1678  1678 D PanelView: 	at android.animation.AnimationHandler.doAnimationFrame(AnimationHandler.java:307)
10-08 20:36:38.032  1678  1678 D PanelView: 	at android.animation.AnimationHandler.-$$Nest$mdoAnimationFrame(Unknown Source:0)
10-08 20:36:38.032  1678  1678 D PanelView: 	at android.animation.AnimationHandler$1.doFrame(AnimationHandler.java:86)
10-08 20:36:38.032  1678  1678 D PanelView: 	at android.view.Choreographer$CallbackRecord.run(Choreographer.java:1299)
10-08 20:36:38.032  1678  1678 D PanelView: 	at android.view.Choreographer$CallbackRecord.run(Choreographer.java:1309)
10-08 20:36:38.032  1678  1678 D PanelView: 	at android.view.Choreographer.doCallbacks(Choreographer.java:923)
10-08 20:36:38.032  1678  1678 D PanelView: 	at android.view.Choreographer.doFrame(Choreographer.java:847)
10-08 20:36:38.032  1678  1678 D PanelView: 	at android.view.Choreographer$FrameDisplayEventReceiver.run(Choreographer.java:1283)
10-08 20:36:38.032  1678  1678 D PanelView: 	at android.os.Handler.handleCallback(Handler.java:942)
10-08 20:36:38.032  1678  1678 D PanelView: 	at android.os.Handler.dispatchMessage(Handler.java:99)
10-08 20:36:38.032  1678  1678 D PanelView: 	at android.os.Looper.loopOnce(Looper.java:226)
10-08 20:36:38.032  1678  1678 D PanelView: 	at android.os.Looper.loop(Looper.java:313)
10-08 20:36:38.032  1678  1678 D PanelView: 	at android.app.ActivityThread.main(ActivityThread.java:8762)
10-08 20:36:38.032  1678  1678 D PanelView: 	at java.lang.reflect.Method.invoke(Native Method)
10-08 20:36:38.032  1678  1678 D PanelView: 	at com.android.internal.os.RuntimeInit$MethodAndArgsCaller.run(RuntimeInit.java:604)
10-08 20:36:38.032  1678  1678 D PanelView: 	at com.android.internal.os.ZygoteInit.main(ZygoteInit.java:1067)
10-08 20:36:38.032  1173  1837 D StatusBarManagerService:   setPanelExpandStateToType : state = true, barType = 0
10-08 20:36:38.032  1678  1678 D SecQSFragmentAnimator_QSCinema: [panelExpanding:false] qsExpanded:false, qsFullyExpanded:false, qsExpansionPosition:0, qsExpandImmediate:false, qsCollapsingWhilePanelClosing:false &&&  panelExpansionFraction:1, panelExpansionDragDownPxAmount:2137 ***   panelExpanded:true, panelExpanding:true %%%   barState:0, overScrolling:false, userId:-1, isRunningPanelOnHeightAnimation:false
10-08 20:36:38.032  1173  1173 I MdnieScenarioControlService: action  :  com.samsung.systemui.statusbar.EXPANDED
10-08 20:36:38.033  1678  1678 V SecQSFragmentAnimatorBase: onPanelOpened
10-08 20:36:38.033  1678  1678 V QsExpandAnimator: onPanelOpened 
10-08 20:36:38.033  3767  3767 I TrayVisibilityController: TrayVisibilityReceiver action :com.samsung.systemui.statusbar.EXPANDED
10-08 20:36:38.037  1678  1678 V QsExpandAnimator: updateAnimators
10-08 20:36:38.037  1678  1678 V QsExpandAnimator: clearAnimationState 
10-08 20:36:38.037  1678  1678 V QsExpandAnimator: updateViews
10-08 20:36:38.038  1678  1678 V QsExpandAnimator: updateTileAnimator
10-08 20:36:38.038  1678  1678 V QsExpandAnimator: updateHeaderAnimator
10-08 20:36:38.038  1678  1678 V QsExpandAnimator: updateBarAnimator
10-08 20:36:38.038  1678  1678 V QsExpandAnimator: setQsExpansionPosition 0.0
10-08 20:36:38.038  1678  1678 V QsExpandAnimator: onAnimationAtStart
10-08 20:36:38.041   846   846 D Layer   : [SEC_SF_EFFECTS] setBlurRegions ## {radius=300u, cornerRadii=[0.000000, 0.000000, 0.000000, 0.000000], alpha=1.000000, rect=[0, 0, 1080, 2400]
10-08 20:36:38.043  1678  1678 V SecQpBlurController: applySemWindowBlur (300 )
10-08 20:36:38.044  1678  1678 D BackgroundBlurDrawable: setScaleX, scaleX : 1.0
10-08 20:36:38.044  1678  1678 D BackgroundBlurDrawable: setScaleY, scaleY : 1.0
10-08 20:36:38.058   846   846 D Layer   : [SEC_SF_EFFECTS] setBlurRegions ## {radius=300u, cornerRadii=[0.000000, 0.000000, 0.000000, 0.000000], alpha=1.000000, rect=[0, 0, 1080, 2400]
10-08 20:36:38.075   846   846 D Layer   : [SEC_SF_EFFECTS] setBlurRegions ## {radius=300u, cornerRadii=[0.000000, 0.000000, 0.000000, 0.000000], alpha=1.000000, rect=[0, 0, 1080, 2400]
10-08 20:36:38.081  1678  1678 W FrameTracker: Missing HWUI jank callback for vsyncId: 46469914, CUJ=J<SHADE_EXPAND_COLLAPSE::Expand>
10-08 20:36:38.081  1678  1678 W FrameTracker: Missing HWUI jank callback for vsyncId: 46469988, CUJ=J<SHADE_EXPAND_COLLAPSE::Expand>
10-08 20:36:38.081  1678  1678 W FrameTracker: Missing HWUI jank callback for vsyncId: 46470147, CUJ=J<SHADE_EXPAND_COLLAPSE::Expand>
10-08 20:36:38.081  1678  1678 W FrameTracker: Missing HWUI jank callback for vsyncId: 46470184, CUJ=J<SHADE_EXPAND_COLLAPSE::Expand>
10-08 20:36:38.081  1678  1678 W FrameTracker: Missing HWUI jank callback for vsyncId: 46470244, CUJ=J<SHADE_EXPAND_COLLAPSE::Expand>
10-08 20:36:38.081  1678  1678 W FrameTracker: Missing HWUI jank callback for vsyncId: 46470274, CUJ=J<SHADE_EXPAND_COLLAPSE::Expand>
10-08 20:36:38.081  1678  1678 W FrameTracker: Missing HWUI jank callback for vsyncId: 46470289, CUJ=J<SHADE_EXPAND_COLLAPSE::Expand>
10-08 20:36:38.081  1678  1678 W FrameTracker: Missing HWUI jank callback for vsyncId: 46470349, CUJ=J<SHADE_EXPAND_COLLAPSE::Expand>
10-08 20:36:38.081  1678  1678 W FrameTracker: Missing HWUI jank callback for vsyncId: 46470364, CUJ=J<SHADE_EXPAND_COLLAPSE::Expand>
10-08 20:36:38.081  1678  1678 W FrameTracker: Missing HWUI jank callback for vsyncId: 46470529, CUJ=J<SHADE_EXPAND_COLLAPSE::Expand>
10-08 20:36:38.082  1678  1678 W FrameTracker: Missing HWUI jank callback for vsyncId: 46470544, CUJ=J<SHADE_EXPAND_COLLAPSE::Expand>
10-08 20:36:38.082  1678  1678 W FrameTracker: Missing HWUI jank callback for vsyncId: 46470574, CUJ=J<SHADE_EXPAND_COLLAPSE::Expand>
10-08 20:36:38.091   846   846 D Layer   : [SEC_SF_EFFECTS] setBlurRegions ## {radius=300u, cornerRadii=[0.000000, 0.000000, 0.000000, 0.000000], alpha=1.000000, rect=[0, 0, 1080, 2400]
10-08 20:36:38.167  6153  6636 I bt_stack: [INFO:le_scanning_manager.cc(178)] Scan in shim layer stopped
10-08 20:36:38.167  6153  6636 I bt_stack: [INFO:le_scanning_manager.cc(312)] SetScanParameters with scanning phys in shim layer: phy_cnt=1
10-08 20:36:38.167  6153  6636 I bt_stack: [INFO:le_scanning_manager.cc(318)] SetScanParameters: scan_type=1, scan_interval=2977, scan_window=324
10-08 20:36:38.167  6153  7276 W bt_stack: le_address_manager :: scan() - Unregister
10-08 20:36:38.167  6153  6636 I bt_stack: [INFO:le_scanning_manager.cc(178)] Scan in shim layer started
10-08 20:36:38.167  6153  7276 W bt_stack: Stop LeSetExtendedScan
10-08 20:36:38.169  6153  7276 W bt_stack: Start LeSetExtendedScan
10-08 20:36:38.169  6153  7276 W bt_stack: register_client :: client registered!!!
10-08 20:36:38.177  6153  7276 W bt_stack: Received command complete with op_code LE_SET_RANDOM_ADDRESS
10-08 20:36:38.177  6153  7276 W bt_stack: le_scanning_manager :: OnResume()
10-08 20:36:38.177  6153  7276 W bt_stack: Start LeSetExtendedScan
10-08 20:36:38.177  6153  7276 W bt_stack: le_scanning_manager :: OnResume() - call AckResume
10-08 20:36:38.177  6153  7276 W bt_stack: le_address_manager :: ack_resume()
10-08 20:36:38.182  6153  7276 E bt_stack: Receive set extended scan enable with error code COMMAND_DISALLOWED
10-08 20:36:38.220  1173  1594 D SemNscXgbMsL1: Probability - Cloud gaming: [0.061579037]
10-08 20:36:38.220  1173  1594 D SemNscXgbMsL1: Probability - Real time: [0.15809187]
10-08 20:36:38.220  1173  1594 D SemNscXgbMsL1: Probability - Non real time: [0.8490494]
10-08 20:36:38.220  1173  1594 D SemNscXgbMsL1: 1 sample inference time: 0.361846 msecs
10-08 20:36:38.221  1173  1594 D SemNscXgbL2Rt: L2 RT 1 sample inference time: 0.711577 msecs
10-08 20:36:38.222  1173  1594 D SemNscXgbL2Nrt: L2 NRT 1 sample inference time: 0.597192 msecs
10-08 20:36:38.263  1173  1610 D SemWifiSwitchForIndividualAppsService: isSkipNetworkCondition - result:6
10-08 20:36:38.607 31412 31674 D thread_local: enter success: 1
10-08 20:36:38.607 31412 31674 D thread_local: exit success: 0
10-08 20:36:38.690  1173  3038 D SemWifiUsabilityStatsMonitor: onWifiUsabilityStats - seqNum 15258, isSameBssidAndFreq true
10-08 20:36:38.691  1173  1596 I SemWifiLinkQualityMonitor: Link Qos Query: 0.023 ms / 343.938 Mbps (390 / 0.003 / 1.000)
10-08 20:36:38.710  1173  1594 I SemWifiServiceDetector: Traff. tracking stopped
10-08 20:36:39.023   764   764 I android.hardware.health@2.1-service-samsung: updateLrpSysfs: write: 333
10-08 20:36:39.142  2080  2080 I Launcher.NotificationListener: onNotificationRankingUpdate : notification full refresh
10-08 20:36:39.142  2080  2080 I Launcher.NotificationListener: onNotificationFullRefresh
10-08 20:36:39.142  3767  3767 I Edge.badge: onNotificationRankingUpdate
10-08 20:36:39.142  3767  3767 I Edge.badge: onNotificationFullRefresh mIsRegister=true,forceNotify=true
10-08 20:36:39.143  1678  1824 D MobileStatusTracker(1/1): onSignalStrengthsChanged level=4, vendorLevel=4
10-08 20:36:39.144  1678  1678 D InterruptionStateProvider: Group alert behavior is suppressed but we want to alert bubble
10-08 20:36:39.144  1678  1678 D InterruptionStateProvider: Group alert behavior is suppressed but we want to alert bubble
10-08 20:36:39.144  1678  1678 D InterruptionStateProvider: Group alert behavior is suppressed but we want to alert bubble
10-08 20:36:39.144  1678  1678 D InterruptionStateProvider: Group alert behavior is suppressed but we want to alert bubble
10-08 20:36:39.144  1678  1678 D InterruptionStateProvider: Group alert behavior is suppressed but we want to alert bubble
10-08 20:36:39.145  1678  1824 D MobileSignalController(1/1): notifyListener: enabled=true, connected=true, dataConnected=false, networkType=LTE (4G), emergencyOnly=false, roaming=false, isDefault=false, dataActivity=, level=4, ca=false, mmWave=false, disabledDataIcon=false, simCard=ETC
10-08 20:36:39.146  1678  1824 D NetworkController: SignalStrength from intent slotId=1
10-08 20:36:39.151  1678  1678 D InterruptionStateProvider: Group alert behavior is suppressed but we want to alert bubble
10-08 20:36:39.152  2080  2080 I Launcher.NotificationListener: onNotificationRankingUpdate : notification full refresh
10-08 20:36:39.152  2080  2080 I Launcher.NotificationListener: onNotificationFullRefresh
10-08 20:36:39.152  1678  1678 D InterruptionStateProvider: Group alert behavior is suppressed but we want to alert bubble
10-08 20:36:39.152  1678  1678 D InterruptionStateProvider: Group alert behavior is suppressed but we want to alert bubble
10-08 20:36:39.152  1678  1678 D InterruptionStateProvider: Group alert behavior is suppressed but we want to alert bubble
10-08 20:36:39.152  1678  1678 D InterruptionStateProvider: Group alert behavior is suppressed but we want to alert bubble
10-08 20:36:39.157  3767  3767 I Edge.badge: onNotificationRankingUpdate
10-08 20:36:39.157  3767  3767 I Edge.badge: onNotificationFullRefresh mIsRegister=true,forceNotify=true
10-08 20:36:39.164  2080  2353 I Launcher.NotificationListener: notificationIsValidForUI : com.google.android.gm missingTitleAndText : false isGroupHeader : false
10-08 20:36:39.164  2080  2353 I Launcher.NotificationListener: notificationIsValidForUI : com.whatsapp missingTitleAndText : false isGroupHeader : true
10-08 20:36:39.164  2080  2353 I Launcher.NotificationListener: notificationIsValidForUI : com.whatsapp missingTitleAndText : false isGroupHeader : false
10-08 20:36:39.164  2080  2353 I Launcher.NotificationListener: notificationIsValidForUI : com.offline.bible missingTitleAndText : false isGroupHeader : false
10-08 20:36:39.164  2080  2353 I Launcher.NotificationListener: notificationIsValidForUI : com.google.android.youtube missingTitleAndText : false isGroupHeader : false
10-08 20:36:39.164  2080  2353 I Launcher.NotificationListener: notificationIsValidForUI : com.google.android.youtube missingTitleAndText : false isGroupHeader : false
10-08 20:36:39.164  2080  2353 I Launcher.NotificationListener: notificationIsValidForUI : com.whatsapp missingTitleAndText : false isGroupHeader : false
10-08 20:36:39.165  2080  2353 I Launcher.NotificationListener: notificationIsValidForUI : com.instagram.android missingTitleAndText : true isGroupHeader : true
10-08 20:36:39.165  2080  2353 I Launcher.NotificationListener: notificationIsValidForUI : com.instagram.android missingTitleAndText : false isGroupHeader : false
10-08 20:36:39.165  2080  2353 I Launcher.NotificationListener: notificationIsValidForUI : com.instagram.android missingTitleAndText : true isGroupHeader : true
10-08 20:36:39.165  2080  2353 I Launcher.NotificationListener: notificationIsValidForUI : com.instagram.android missingTitleAndText : false isGroupHeader : false
10-08 20:36:39.165  2080  2353 I Launcher.NotificationListener: notificationIsValidForUI : com.google.android.youtube missingTitleAndText : false isGroupHeader : false
10-08 20:36:39.165  2080  2353 I Launcher.NotificationListener: notificationIsValidForUI : com.google.android.gm missingTitleAndText : false isGroupHeader : true
10-08 20:36:39.165  2080  2353 I Launcher.NotificationListener: notificationIsValidForUI : com.google.android.gm missingTitleAndText : false isGroupHeader : false
10-08 20:36:39.165  2080  2353 I Launcher.NotificationListener: notificationIsValidForUI : com.offline.bible missingTitleAndText : false isGroupHeader : false
10-08 20:36:39.165  2080  2353 I Launcher.NotificationListener: notificationIsValidForUI : ee.mtakso.client missingTitleAndText : false isGroupHeader : false
10-08 20:36:39.165  2080  2353 I Launcher.NotificationListener: Full refresh isConnected : true active size : 12
10-08 20:36:39.169  3767  3767 I Edge.badge: onNotificationRankingUpdate
10-08 20:36:39.169  3767  3767 I Edge.badge: onNotificationFullRefresh mIsRegister=true,forceNotify=true
10-08 20:36:39.169  1678  1678 D InterruptionStateProvider: Group alert behavior is suppressed but we want to alert bubble
10-08 20:36:39.169  2080  2080 I Launcher.NotificationListener: onNotificationRankingUpdate : notification full refresh
10-08 20:36:39.170  2080  2080 I Launcher.NotificationListener: onNotificationFullRefresh
10-08 20:36:39.170  1678  1678 D InterruptionStateProvider: Group alert behavior is suppressed but we want to alert bubble
10-08 20:36:39.170  1678  1678 D InterruptionStateProvider: Group alert behavior is suppressed but we want to alert bubble
10-08 20:36:39.170  1678  1678 D InterruptionStateProvider: Group alert behavior is suppressed but we want to alert bubble
10-08 20:36:39.170  1678  1678 D InterruptionStateProvider: Group alert behavior is suppressed but we want to alert bubble
10-08 20:36:39.171  1173  1612 I SemWifiEleStateTracker: Ele Parameters BD : 0 11 10 10 11 10 MD : -80 -80 -80 -80 -80 -76 WD : -57 -50 -49 -48 -48 -48 GC : false false false false false false SC : false false false false false false SH : false false false false false false TB : false false false false false false
10-08 20:36:39.174  2080  2353 I Launcher.NotificationListener: notificationIsValidForUI : com.whatsapp missingTitleAndText : false isGroupHeader : true
10-08 20:36:39.174  2080  2353 I Launcher.NotificationListener: notificationIsValidForUI : com.whatsapp missingTitleAndText : false isGroupHeader : false
10-08 20:36:39.174  2080  2353 I Launcher.NotificationListener: notificationIsValidForUI : com.offline.bible missingTitleAndText : false isGroupHeader : false
10-08 20:36:39.174  2080  2353 I Launcher.NotificationListener: notificationIsValidForUI : com.google.android.youtube missingTitleAndText : false isGroupHeader : false
10-08 20:36:39.174  2080  2353 I Launcher.NotificationListener: notificationIsValidForUI : com.google.android.youtube missingTitleAndText : false isGroupHeader : false
10-08 20:36:39.174  2080  2353 I Launcher.NotificationListener: notificationIsValidForUI : com.whatsapp missingTitleAndText : false isGroupHeader : false
10-08 20:36:39.174  2080  2353 I Launcher.NotificationListener: notificationIsValidForUI : com.instagram.android missingTitleAndText : true isGroupHeader : true
10-08 20:36:39.174  2080  2353 I Launcher.NotificationListener: notificationIsValidForUI : com.instagram.android missingTitleAndText : false isGroupHeader : false
10-08 20:36:39.174  2080  2353 I Launcher.NotificationListener: notificationIsValidForUI : com.instagram.android missingTitleAndText : true isGroupHeader : true
10-08 20:36:39.174  2080  2353 I Launcher.NotificationListener: notificationIsValidForUI : com.instagram.android missingTitleAndText : false isGroupHeader : false
10-08 20:36:39.174  2080  2353 I Launcher.NotificationListener: notificationIsValidForUI : com.google.android.youtube missingTitleAndText : false isGroupHeader : false
10-08 20:36:39.174  2080  2353 I Launcher.NotificationListener: notificationIsValidForUI : com.google.android.gm missingTitleAndText : false isGroupHeader : true
10-08 20:36:39.174  2080  2353 I Launcher.NotificationListener: notificationIsValidForUI : com.google.android.gm missingTitleAndText : false isGroupHeader : false
10-08 20:36:39.174  2080  2353 I Launcher.NotificationListener: notificationIsValidForUI : com.google.android.gm missingTitleAndText : false isGroupHeader : false
10-08 20:36:39.174  2080  2353 I Launcher.NotificationListener: notificationIsValidForUI : com.offline.bible missingTitleAndText : false isGroupHeader : false
10-08 20:36:39.174  2080  2353 I Launcher.NotificationListener: notificationIsValidForUI : ee.mtakso.client missingTitleAndText : false isGroupHeader : false
10-08 20:36:39.174  2080  2353 I Launcher.NotificationListener: Full refresh isConnected : true active size : 12
10-08 20:36:39.183  2080  2353 I Launcher.NotificationListener: notificationIsValidForUI : com.whatsapp missingTitleAndText : false isGroupHeader : true
10-08 20:36:39.183  2080  2353 I Launcher.NotificationListener: notificationIsValidForUI : com.whatsapp missingTitleAndText : false isGroupHeader : false
10-08 20:36:39.183  2080  2353 I Launcher.NotificationListener: notificationIsValidForUI : com.offline.bible missingTitleAndText : false isGroupHeader : false
10-08 20:36:39.183  2080  2353 I Launcher.NotificationListener: notificationIsValidForUI : com.google.android.youtube missingTitleAndText : false isGroupHeader : false
10-08 20:36:39.183  2080  2353 I Launcher.NotificationListener: notificationIsValidForUI : com.google.android.youtube missingTitleAndText : false isGroupHeader : false
10-08 20:36:39.183  2080  2353 I Launcher.NotificationListener: notificationIsValidForUI : com.whatsapp missingTitleAndText : false isGroupHeader : false
10-08 20:36:39.183  2080  2353 I Launcher.NotificationListener: notificationIsValidForUI : com.instagram.android missingTitleAndText : true isGroupHeader : true
10-08 20:36:39.183  2080  2353 I Launcher.NotificationListener: notificationIsValidForUI : com.instagram.android missingTitleAndText : false isGroupHeader : false
10-08 20:36:39.183  2080  2353 I Launcher.NotificationListener: notificationIsValidForUI : com.instagram.android missingTitleAndText : true isGroupHeader : true
10-08 20:36:39.183  2080  2353 I Launcher.NotificationListener: notificationIsValidForUI : com.instagram.android missingTitleAndText : false isGroupHeader : false
10-08 20:36:39.183  2080  2353 I Launcher.NotificationListener: notificationIsValidForUI : com.google.android.youtube missingTitleAndText : false isGroupHeader : false
10-08 20:36:39.183  2080  2353 I Launcher.NotificationListener: notificationIsValidForUI : com.google.android.gm missingTitleAndText : false isGroupHeader : true
10-08 20:36:39.183  2080  2353 I Launcher.NotificationListener: notificationIsValidForUI : com.google.android.gm missingTitleAndText : false isGroupHeader : false
10-08 20:36:39.183  2080  2353 I Launcher.NotificationListener: notificationIsValidForUI : com.google.android.gm missingTitleAndText : false isGroupHeader : false
10-08 20:36:39.183  2080  2353 I Launcher.NotificationListener: notificationIsValidForUI : com.offline.bible missingTitleAndText : false isGroupHeader : false
10-08 20:36:39.183  2080  2353 I Launcher.NotificationListener: notificationIsValidForUI : ee.mtakso.client missingTitleAndText : false isGroupHeader : false
10-08 20:36:39.183  2080  2353 I Launcher.NotificationListener: Full refresh isConnected : true active size : 12
10-08 20:36:39.253   776 13883 I HYPER-HAL: [ResourceManager.cpp]removeResource(): [CPUMinFreq] RemoveResource Request ID : 718226
10-08 20:36:39.253   776 13883 I HYPER-HAL: [RequestManager.cpp]releaseLocked(): Released ID : 718226
10-08 20:36:39.276  1173  1610 D SemWifiSwitchForIndividualAppsService: isSkipNetworkCondition - result:6
10-08 20:36:39.411   776 13854 I HYPER-HAL: [RequestManager.cpp]releaseLocked(): Released ID : 1705781
10-08 20:36:39.636  1173  1277 I ActivityManager: Changes in 10062 5 to 15, 8 to 0
10-08 20:36:39.675  3767  6936 I AppsEdge.Badge: getBadgeIconType 0
10-08 20:36:39.685 27396  7616 I BadgeProvider: query, [selection] : null
10-08 20:36:39.689  3767  6936 I AppsEdge.Badge: key=com.instagram.android:0 count=2
10-08 20:36:39.689  3767  6936 I AppsEdge.Badge: key=ee.mtakso.client:0 count=1
10-08 20:36:39.689  3767  6936 I AppsEdge.Badge: key=com.whatsapp:0 count=16
10-08 20:36:39.689  3767  6936 I AppsEdge.Badge: key=com.offline.bible:0 count=2
10-08 20:36:39.689  3767  6936 I AppsEdge.Badge: key=com.google.android.youtube:0 count=16
10-08 20:36:39.689  3767  6936 I AppsEdge.Badge: key=com.google.android.gm:0 count=2
10-08 20:36:39.713   546   546 D io_stats: !@   8,0 r 4440809 114154516 w 3928666 45152988 d 1344326 65126268 f 0 0 iot 2084072 0 th 0 0 0 pt 0 inp 0 0 112500.162
10-08 20:36:40.263  1173  1277 I ActivityManager: Changes in 10047 5 to 8, 8 to 0
10-08 20:36:40.291  1173  1610 D SemWifiSwitchForIndividualAppsService: isSkipNetworkCondition - result:6
10-08 20:36:40.484  1173  1297 D PowerManagerService: UserActivityStateListenerState: 0
10-08 20:36:41.169   829   994 I EDEN    : [Exynos][EDEN][v1.6.23][SERVICE] processAliveMointorMain:253: Try to check pid=(784)...
10-08 20:36:41.303  1173  1610 D SemWifiSwitchForIndividualAppsService: isSkipNetworkCondition - result:6
10-08 20:36:41.614 31412 31674 D thread_local: enter success: 1
10-08 20:36:41.615 31412 31674 D thread_local: exit success: 0
10-08 20:36:41.702  1678  1824 D MobileStatusTracker(1/1): onSignalStrengthsChanged level=4, vendorLevel=4
10-08 20:36:41.703  1678  1824 D MobileSignalController(1/1): notifyListener: enabled=true, connected=true, dataConnected=false, networkType=LTE (4G), emergencyOnly=false, roaming=false, isDefault=false, dataActivity=, level=4, ca=false, mmWave=false, disabledDataIcon=false, simCard=ETC
10-08 20:36:41.705  1678  1824 D NetworkController: SignalStrength from intent slotId=1
10-08 20:36:41.713   546   546 D io_stats: !@   8,0 r 4440889 114154900 w 3928743 45154400 d 1344326 65126268 f 0 0 iot 2084108 0 th 0 0 0 pt 0 inp 0 0 112502.162
10-08 20:36:41.776  1173  3038 D SemWifiUsabilityStatsMonitor: onWifiUsabilityStats - seqNum 15259, isSameBssidAndFreq true
10-08 20:36:41.777  1173  1596 I SemWifiLinkQualityMonitor: Link Qos Query: 0.023 ms / 344.553 Mbps (390 / 0.003 / 1.000)
10-08 20:36:42.076  1173  1558 W ProcessStats: Tracking association SourceState{65798cd system/1000 BTopFgs #455486} whose proc state 2 is better than process ProcessState{b667eb6 com.google.android.gms.persistent/10228 pkg=com.google.android.gms} proc state 3 (982 skipped)
10-08 20:36:42.206  1173  1614 D WifiConnectivityMonitor.NetworkStatsAnalyzer: Backhaul result - RSSI:-50, CE:8, PE:8, TI:28, PTI:22, TW:0, PTW:0, Tx:61, Rx:28, TxS:12, RxS:1, RESULT:true, IC:6, ICT:5, WC:1, WCT:5, R:0, RC:0, IE:0, EC:0
10-08 20:36:42.297   770   770 I Sensors : batch(19) - light_cct_sensor try to batching with 200000000
10-08 20:36:42.298   770   770 I Sensors : LightCCT_Sensor old sensor_state 279040, new sensor_state : 316680823915008 en : 1
10-08 20:36:42.303   770   770 I Sensors : enable:: light_cct_sensor(19)
10-08 20:36:42.304  1173  1918 D SensorManager: registerListener :: 33, TMD4910 RGB Sensor, 200000, 0, com.samsung.android.displaysolution.EyeComfortSolutionService$2@d03b959
10-08 20:36:42.315  1173  1610 D SemWifiSwitchForIndividualAppsService: isSkipNetworkCondition - result:6
10-08 20:36:42.360 23931 23931 I wpa_supplicant: Heartbeat 7688
10-08 20:36:42.361 29370 29681 I NearbyPresence: (REDACTED) %s verified [==] new request %s equals to the old request
10-08 20:36:42.412  1173  2543 D FreecessController: com.zhiliaoapp.musically(state: Freezeable -> Frozen, Reason: Binder(1)-free_buffer_full)
10-08 20:36:42.413  1173  2543 D FreecessController: FZ : com.zhiliaoapp.musically(31412)
10-08 20:36:42.415  1173  2543 D FreecessController: FZ : com.zhiliaoapp.musically(0), reason: Bg
10-08 20:36:42.420  1173  2543 I PowerManagerService: [PWL] SetWakeLockEnableDisable uid = 10313 , disable= true
10-08 20:36:42.420  1173  2543 I PowerManagerService: [PWL] can not change uid =  10313
10-08 20:36:42.421  1173  2543 W LocationManagerService: onFreezeStateChanged, uid[10313]=true
10-08 20:36:42.444   770  1430 I Sensors : lux = 0, CCT = 1370, r = 0, g = 0, b = 0, c = 0, atime = 12, again = 2048, lux_raw = 0, brightness = 63, time = 217965836889918
10-08 20:36:42.446  1173  1918 D SensorService: Calling activate off 33
10-08 20:36:42.446   770   770 I Sensors : LightCCT_Sensor old sensor_state 279040, new sensor_state : 316676528947712 en : 0
10-08 20:36:42.450   770   770 I Sensors : disable:: light_cct_sensor(19)
10-08 20:36:42.451  1173  1918 D SensorManager: unregisterListener :: com.samsung.android.displaysolution.EyeComfortSolutionService$2@d03b959
10-08 20:36:42.609  1173  1493 D InputReader: Btn_touch(9): value=1 when=112503.057653
10-08 20:36:42.609  1173  1493 I InputReader: Touch event's action is 0x0 (id=2, t=0) [pCnt=1, s=0.9511 ] when=112503.057653
10-08 20:36:42.610  1173  1492 I InputDispatcher: Delivering touch to (1678): action: 0x4, f=0x0, d=0, '5454305', t=1 
10-08 20:36:42.610  1173  1492 I InputDispatcher: Delivering touch to (1678): action: 0x0, f=0x0, d=0, '9232ea3', t=1 *(0.75)
10-08 20:36:42.610  1173  1492 D PowerManagerService: [api] userActivityFromNative :  (event: 2 flags: 0 displayId: 0) eventTime = 112503057
10-08 20:36:42.611  1678  1678 I ViewRootImpl@77e2bcf[NotificationShade]: ViewPostIme pointer 0
10-08 20:36:42.611  1173  1492 D PowerManagerService: UserActivityStateListenerState: 1
10-08 20:36:42.613  1678  1678 D SecPanelLogger: PanelView.dispatchTouchEvent() MotionEvent { action=ACTION_DOWN, actionButton=0, id[0]=0, x[0]=692.4022, y[0]=1993.3593, toolType[0]=TOOL_TYPE_FINGER, buttonState=0, classification=NONE, metaState=0, flags=0x0, edgeFlags=0x0, pointerCount=1, historySize=0, eventTime=112503057, downTime=112503057, deviceId=2, source=0x1002, displayId=0, eventId=35755415 } |  StatusBarState:SHADE
10-08 20:36:42.613  1678  1678 D SecPanelLogger: NPVC InterceptTouch(ACTION_DOWN) (mQsExpansionEnabledPolicy:true && mQsExpansionEnabledAmbient:true && !isRemoteInputActive:true && !isDexStandAloneMode():true) |  StatusBarState:SHADE
10-08 20:36:42.614  1173  1269 I GestureDetector: obtain mCurrentDownEvent. id: 35755415 caller: com.android.server.wm.SystemGesturesPointerEventListener.onPointerEvent:203 com.android.server.wm.PointerEventDispatcher.onInputEvent:53 android.view.InputEventReceiver.dispatchInputEvent:285 
10-08 20:36:42.614  1173  2669 D OpenNetworkQos[4.00]: getOpenNetworkQosScores: 23 19 25 
10-08 20:36:42.615  1173  2669 D OpenNetworkQos[4.00]: getOpenNetworkQosNoInternetStatus: false
10-08 20:36:42.615  1173  2669 I WifiProfileShare.Caster: current network type: 0, score: [23, 19, 25]
10-08 20:36:42.615  1173  2669 V WifiProfileShare.Caster: captive portal configuration was set
10-08 20:36:42.615  1173  1269 I GestureDetector: obtain mCurrentDownEvent. id: 35755415 caller: com.android.server.wm.SystemPerformancePointerEventListener.onPointerEvent:89 com.android.server.wm.PointerEventDispatcher.onInputEvent:53 android.view.InputEventReceiver.dispatchInputEvent:285 
10-08 20:36:42.615  1173  2669 V WifiProfileShare.Cache: update network score ec:a2:a0:**:**:39
10-08 20:36:42.616  1678  1678 D KeyguardTouchAnimator: intercepted: action=0 mQsExpanded=false, mQsFullyExpanded=false
10-08 20:36:42.616  1678  1678 D SecPanelLogger:  PVC InterceptTouch(ACTION_DOWN)  |  StatusBarState:SHADE
10-08 20:36:42.617  1678  1678 D SecPanelLogger: NotificationsQuickSettingsContainer InterceptTouch(ACTION_DOWN)  |  StatusBarState:SHADE
10-08 20:36:42.617  1678  1678 D SecPanelLogger: StackScrollerController InterceptTouch(ACTION_DOWN)  |  StatusBarState:SHADE
10-08 20:36:42.617  1678  1678 I GestureDetector: obtain mCurrentMotionEventRaw. action: 0 id: 35755415
10-08 20:36:42.617  1678  1678 I GestureDetector: obtain mCurrentDownEvent. id: 35755415 caller: android.view.ScaleGestureDetector.onTouchEvent:275 com.android.systemui.ExpandHelper.onInterceptTouchEvent:302 com.android.systemui.statusbar.notification.stack.NotificationStackScrollLayoutController$TouchHandler.onInterceptTouchEvent:2011 
10-08 20:36:42.679  1173  1269 I GestureDetector: obtain mCurrentMotionEventRaw. action: 2 id: 64836105
10-08 20:36:42.679  1173  1269 I GestureDetector: obtain mCurrentMotionEventRaw. action: 2 id: 64836105
10-08 20:36:42.703  1678  1678 D SecPanelLogger: PanelView.dispatchTouchEvent() MotionEvent { action=ACTION_MOVE, actionButton=0, id[0]=0, x[0]=699.44336, y[0]=1977.1263, toolType[0]=TOOL_TYPE_FINGER, buttonState=0, classification=NONE, metaState=0, flags=0x0, edgeFlags=0x0, pointerCount=1, historySize=3, eventTime=112503144, downTime=112503057, deviceId=2, source=0x1002, displayId=0, eventId=64836105 } |  StatusBarState:SHADE
10-08 20:36:42.703  1678  1678 D SecPanelLogger: NPVC InterceptTouch(ACTION_MOVE) (mQsExpansionEnabledPolicy:true && mQsExpansionEnabledAmbient:true && !isRemoteInputActive:true && !isDexStandAloneMode():true) |  StatusBarState:SHADE
10-08 20:36:42.703  1678  1678 D SecPanelLogger:  PVC InterceptTouch(ACTION_MOVE)  |  StatusBarState:SHADE
10-08 20:36:42.703  1678  1678 D SecPanelLogger: NotificationsQuickSettingsContainer InterceptTouch(ACTION_MOVE)  |  StatusBarState:SHADE
10-08 20:36:42.703  1678  1678 D SecPanelLogger: StackScrollerController InterceptTouch(ACTION_MOVE)  |  StatusBarState:SHADE
10-08 20:36:42.703  1678  1678 I GestureDetector: obtain mCurrentMotionEventRaw. action: 2 id: 64836105
10-08 20:36:42.735  1678  1678 D SecPanelLogger: StackScrollerController onTouch(ACTION_MOVE)  |  StatusBarState:SHADE
10-08 20:36:42.751   846   846 I SurfaceFlinger: SFWD update time=112503200975416
10-08 20:36:42.752   846   846 D SurfaceFlinger: GPIS:: requestGPIS
10-08 20:36:42.761   846  2482 D NativeSemDvfsManager: acquire:: timeout = 2000 mIsAcquired = 1  mTagName : SurfaceFlinger 
10-08 20:36:42.762   846  2482 E NativeCustomFrequencyManager: [NativeCFMS] BpCustomFrequencyManager::acquire()
10-08 20:36:42.762   776   835 I HYPER-HAL: [RequestManager.cpp]acquire(): Acquired ID : 1705781  [846 / 1000]    HINT : SF_GPU_MINLOCK    list : [TIMEOUT / 2000] 
10-08 20:36:42.768  1678  1678 W Choreographer: Frame time is 0.122489 ms in the future!  Check that graphics HAL is generating vsync timestamps using the correct timebase.
10-08 20:36:42.771  1173  1493 D InputReader: Btn_touch(9): value=0 when=112503.220135
10-08 20:36:42.771  1173  1493 I InputReader: Touch event's action is 0x1 (id=2, t=0) [pCnt=1, s=] when=112503.220135
10-08 20:36:42.772  1173  1492 I InputDispatcher: Delivering touch to (1678): action: 0x1, f=0x0, d=0, '9232ea3', t=1 *(0.75)
10-08 20:36:42.774  1678  1678 I ViewRootImpl@77e2bcf[NotificationShade]: ViewPostIme pointer 1
