10-08 20:35:32.735  1173  1475 D SensorService: setSContextDataLocked ints length 2 , byte length 4
10-08 20:35:32.735  1173  1475 D SensorService: setSContextDataLocked 47c1
10-08 20:35:32.735  1173  1475 I SensorService: [EARPROXIMITY] EarProximitySensor screen 0
10-08 20:35:32.735  1173  1475 I SensorService: [PALMSENSE] EarProximitySensor screen 0
10-08 20:35:32.735 29370 29681 I NearbySharing: Stopping advertising because Nearby Sharing is disabled.
10-08 20:35:32.735 29370 29681 I NearbySharing: Stopping FastInitiation scanning because the screen is locked.
10-08 20:35:32.735 29370 29681 I NearbySharing: Fast Initiation Scanning has stopped
10-08 20:35:32.735   770   770 D Sensors : c1 47 00 00  
10-08 20:35:32.735   770   770 E Sensors : inject_scontext_data: New ssp_data_injection_fd(42)
10-08 20:35:32.735  1173  1272 V WindowManager: performShowLocked: mDrawState=HAS_DRAWN in Window{47ac2bf u0 com.samsung.android.app.cocktailbarservice/com.samsung.android.app.cocktailbarservice.CocktailBarService}
10-08 20:35:32.736 29370 29681 I NearbySharing: Dismissing HUN as there's no device nearby.
10-08 20:35:32.736  1173  1272 D SurfaceControl: applyGlobalTransaction called, mName=finishDrawing_syncId(9)_com.samsung.android.app.cocktailbarservice/com.samsung.android.app.cocktailbarservice.CocktailBarService
10-08 20:35:32.736  1678  1678 D DisplayLifecycle: updateDisplay id = 0
10-08 20:35:32.737  1678  1678 I ViewRootImpl@6d60797[NavigationBar0]: Setup new sync id=52
10-08 20:35:32.737  1678  1678 I ViewRootImpl@6d60797[NavigationBar0]: Setting syncFrameCallback
10-08 20:35:32.737  1678  1678 I ViewRootImpl@6d60797[NavigationBar0]: registerCallbacksForSync syncBuffer=false
10-08 20:35:32.737 31409 31454 I ExtractEntityExecutor: extracted size - bee : 1, otp : 0
10-08 20:35:32.737 31409 31454 I ExtractEntityExecutor: extractBasicEntity - end
10-08 20:35:32.738  3459 12950 I SSS:EntityCaptureManager:  CCS_EVENT_ final messages size: 0 events size: 0
10-08 20:35:32.738  3459 12950 I SSS:EntityCaptureManager: Events absent!
10-08 20:35:32.738 29370 29727 I NearbyDiscovery: (REDACTED) FastPairScanner: isScreenOn=%s, isLocationEnabled=%s, disableLocationRequirement=%s, isDiscoveryScanningEnabled=%s, during24GhzWifiWarmingUpPeriod=%s
10-08 20:35:32.739 29370 29727 I BluetoothAdapter: STATE_ON
10-08 20:35:32.739 29370 29727 I NearbyDiscovery: (REDACTED) FastPairScanner: eventType=%s, intReq=%s, scanning=%s, scanAllowed=%s, bleEnabled=%s, lockScanRate=%s, startScanningByLowPowerMode=%s
10-08 20:35:32.739 29370 29727 I NearbyDiscovery: (REDACTED) FastPairScanner: Stopping scan, %s
10-08 20:35:32.739 29370 29727 I BluetoothAdapter: STATE_ON
10-08 20:35:32.739 29370 29727 D BluetoothLeScanner: Stop Scan with callback
10-08 20:35:32.739  1678  1824 D MobileStatusTracker(1/1): onDataActivity: direction=0
10-08 20:35:32.739  1678  1824 D MobileStatusTracker(1/1): onDataActivity: direction=0
10-08 20:35:32.739  6153  7276 E bt_stack: Receive set extended scan enable with error code COMMAND_DISALLOWED
10-08 20:35:32.740  6153 11681 D ActivityAttributionService: notifyActivityAttributionInfo UID=1002 packageName=com.android.bluetooth deviceAddress=no_active_device_address
10-08 20:35:32.741  6153 20231 D BtGatt.ContextMap: remove() - id: 2
10-08 20:35:32.741  6153 20231 E BtGatt.ContextMap: remove() - removed: 2
10-08 20:35:32.741  6153 20231 I bt_stack: [INFO:le_scanning_manager.cc(172)] Unregister in shim layer, scanner_id:2
10-08 20:35:32.741  6153  6636 I bt_stack: [INFO:le_scanning_manager.cc(198)] ScanFilterParamSetup in shim layer
10-08 20:35:32.741   770   770 D Sensors : SContext Data Injection return 4
10-08 20:35:32.742  1678  1816 I ViewRootImpl@6d60797[NavigationBar0]: Received frameDrawingCallback syncResult=0 frameNum=37008.
10-08 20:35:32.742  1678  1816 I ViewRootImpl@6d60797[NavigationBar0]: Setting up sync and frameCommitCallback
10-08 20:35:32.742  1678  1742 I ViewRootImpl@6d60797[NavigationBar0]: Received frameCommittedCallback lastAttemptedDrawFrameNum=37008 didProduceBuffer=false
10-08 20:35:32.742  1678  1742 I BLASTBufferQueue: syncNextTransaction, mName= ViewRootImpl@6d60797[NavigationBar0] acquireSingleBuffer= true mNativeObject= 0x73846fb890 callback= null caller= android.graphics.BLASTBufferQueue.syncNextTransaction:147 android.view.ViewRootImpl$12.lambda$onFrameDraw$0$android-view-ViewRootImpl$12:13399 android.view.ViewRootImpl$12$$ExternalSyntheticLambda1.onFrameCommit:9 android.view.ThreadedRenderer$1.lambda$onFrameDraw$0:813 android.view.ThreadedRenderer$1$$ExternalSyntheticLambda0.onFrameCommit:2 <bottom of call stack> 
10-08 20:35:32.742  1678  1742 I BLASTBufferQueue: [ViewRootImpl@6d60797[NavigationBar0]#2](f:0,a:2) syncNextTransaction callback: 0, acquireSingleBuffer: 1, mTransactionReadyCallback: 0
10-08 20:35:32.742  1678  1742 I BLASTBufferQueue: gatherPendingTransactions, mName= ViewRootImpl@6d60797[NavigationBar0] mNativeObject= 0x73846fb890 frameNumber= 37008 caller= android.view.ViewRootImpl$12.lambda$onFrameDraw$0$android-view-ViewRootImpl$12:13406 android.view.ViewRootImpl$12$$ExternalSyntheticLambda1.onFrameCommit:9 android.view.ThreadedRenderer$1.lambda$onFrameDraw$0:813 android.view.ThreadedRenderer$1$$ExternalSyntheticLambda0.onFrameCommit:2 <bottom of call stack> <bottom of call stack> 
10-08 20:35:32.742  1678  1678 I ViewRootImpl@6d60797[NavigationBar0]: onSyncComplete
10-08 20:35:32.743  1678  1678 I ViewRootImpl@6d60797[NavigationBar0]: setupSync seqId=6 mSyncId=52 fn=37008 caller=android.view.ViewRootImpl$$ExternalSyntheticLambda11.accept:6 android.window.SurfaceSyncer.lambda$setupSync$1$android-window-SurfaceSyncer:128 android.window.SurfaceSyncer$$ExternalSyntheticLambda1.accept:8 android.window.SurfaceSyncer$SyncSet.checkIfSyncIsComplete:382 android.window.SurfaceSyncer$SyncSet.markSyncReady:359 android.window.SurfaceSyncer.markSyncReady:151 android.view.ViewRootImpl.performTraversals:4503 
10-08 20:35:32.743  1678  1678 I ViewRootImpl@f3dc5c7[StatusBar]: Setup new sync id=268
10-08 20:35:32.743  1678  1678 I ViewRootImpl@f3dc5c7[StatusBar]: Setting syncFrameCallback
10-08 20:35:32.743  1678  1678 I ViewRootImpl@f3dc5c7[StatusBar]: registerCallbacksForSync syncBuffer=false
10-08 20:35:32.743  1173  1474 I CAE     : handleMessage(CaPowerManager.java:230) - SCREEN_OFF
10-08 20:35:32.743  6153  6636 I bt_stack: [INFO:le_scanning_manager.cc(198)] ScanFilterParamSetup in shim layer
10-08 20:35:32.745 17722 17722 I ViewRootImpl@251ebf0[ConversationComposer]: performTraversals mFirst=false windowShouldResize=false viewVisibilityChanged=true mForceNextWindowRelayout=false params=null
10-08 20:35:32.745  1173  3642 V WindowManager: Relayout Window{64e4301 u0 com.samsung.android.messaging/com.android.mms.ui.ConversationComposer}: viewVisibility=8 req=1080x2400 d0
10-08 20:35:32.746  6153  6636 I bt_stack: [INFO:le_scanning_manager.cc(178)] Scan in shim layer stopped
10-08 20:35:32.746  6153  6636 I bt_stack: [INFO:le_scanning_manager.cc(312)] SetScanParameters with scanning phys in shim layer: phy_cnt=1
10-08 20:35:32.746  6153  7276 W bt_stack: le_address_manager :: scan() - Unregister
10-08 20:35:32.746  6153  7276 W bt_stack: Stop LeSetExtendedScan
10-08 20:35:32.746  6153  6636 I bt_stack: [INFO:le_scanning_manager.cc(318)] SetScanParameters: scan_type=1, scan_interval=4992, scan_window=256
10-08 20:35:32.746  6153  6636 I bt_stack: [INFO:le_scanning_manager.cc(178)] Scan in shim layer started
10-08 20:35:32.747  1173  3642 V WindowManager: Relayout hash=64e4301, pid=17722, syncId=-1: mAttrs={(0,0)(fillxfill) sim={state=always_hidden adjust=nothing forwardNavigation} layoutInDisplayCutoutMode=shortEdges ty=BASE_APPLICATION wanim=0x10302f4
10-08 20:35:32.747  1173  3642 V WindowManager:   fl=81810100
10-08 20:35:32.747  1173  3642 V WindowManager:   pfl=12020040
10-08 20:35:32.747  1173  3642 V WindowManager:   bhv=DEFAULT
10-08 20:35:32.747  1173  3642 V WindowManager:   fitSides= naviIconColor=0}
10-08 20:35:32.747  6153  7276 W bt_stack: Start LeSetExtendedScan
10-08 20:35:32.747  6153  7276 W bt_stack: register_client :: client registered!!!
10-08 20:35:32.748  6153  6697 E BtGatt.GattService: [GSIM LOG]: gsimLogHandler, msg: MESSAGE_SCAN_STOP, appName: com.google.uid.shared, scannerId: 2, reportDelayMillis=0
10-08 20:35:32.749  1678  1817 I ViewRootImpl@f3dc5c7[StatusBar]: Received frameDrawingCallback syncResult=0 frameNum=30743.
10-08 20:35:32.749  1678  1817 I ViewRootImpl@f3dc5c7[StatusBar]: Setting up sync and frameCommitCallback
10-08 20:35:32.750 17722 17722 I ViewRootImpl@251ebf0[ConversationComposer]: Relayout returned: old=(0,0,1080,2400) new=(0,0,1080,2400) req=(1080,2400)8 dur=4 res=0x2 s={false 0x0} ch=true seqId=0
10-08 20:35:32.751  1678  1742 I ViewRootImpl@f3dc5c7[StatusBar]: Received frameCommittedCallback lastAttemptedDrawFrameNum=30743 didProduceBuffer=true
10-08 20:35:32.752  1678  1678 I ViewRootImpl@f3dc5c7[StatusBar]: onSyncComplete
10-08 20:35:32.752  1678  1678 I ViewRootImpl@f3dc5c7[StatusBar]: setupSync seqId=5 mSyncId=268 fn=30743 caller=android.view.ViewRootImpl$$ExternalSyntheticLambda11.accept:6 android.window.SurfaceSyncer.lambda$setupSync$1$android-window-SurfaceSyncer:128 android.window.SurfaceSyncer$$ExternalSyntheticLambda1.accept:8 android.window.SurfaceSyncer$SyncSet.checkIfSyncIsComplete:382 android.window.SurfaceSyncer$SyncSet.markSyncReady:359 android.window.SurfaceSyncer.markSyncReady:151 android.view.ViewRootImpl.performTraversals:4503 
10-08 20:35:32.752  6153  7276 W bt_stack: Received command complete with op_code LE_SET_RANDOM_ADDRESS
10-08 20:35:32.752  1678  1678 I ViewRootImpl@f3dc5c7[StatusBar]: reportDrawFinished seqId=5 mSyncId=-1 fn=30743 mSurfaceChangedTransaction=0x7344702b50
10-08 20:35:32.752  6153  7276 W bt_stack: le_scanning_manager :: OnResume()
10-08 20:35:32.752  6153  7276 W bt_stack: Start LeSetExtendedScan
10-08 20:35:32.752  6153  7276 W bt_stack: le_scanning_manager :: OnResume() - call AckResume
10-08 20:35:32.752  6153  7276 W bt_stack: le_address_manager :: ack_resume()
10-08 20:35:32.752  1678  1678 I ViewRootImpl@6d60797[NavigationBar0]: reportDrawFinished seqId=6 mSyncId=-1 fn=37008 mSurfaceChangedTransaction=0x73446f7ab0
10-08 20:35:32.752  1173  1810 D WindowManager: finishDrawingWindow: Window{4ecb50b u0 StatusBar} mDrawState=DRAW_PENDING seqId=5
10-08 20:35:32.753  1173  1272 V WindowManager: performShowLocked: mDrawState=HAS_DRAWN in Window{4ecb50b u0 StatusBar}
10-08 20:35:32.753  1173  1272 D SurfaceControl: applyGlobalTransaction called, mName=finishDrawing_syncId(5)_StatusBar
10-08 20:35:32.754  1173  1810 D WindowManager: finishDrawingWindow: Window{5454305 u0 NavigationBar0} mDrawState=DRAW_PENDING seqId=6
10-08 20:35:32.754  1173  1272 D SurfaceControl: applyGlobalTransaction called, mName=finishDrawing_syncId(6)_NavigationBar0
10-08 20:35:32.755  6153  7276 E bt_stack: Receive set extended scan enable with error code COMMAND_DISALLOWED
10-08 20:35:32.755  1173  1272 V WindowManager: performShowLocked: mDrawState=HAS_DRAWN in Window{5454305 u0 NavigationBar0}
10-08 20:35:32.755 17722 17722 I ViewRootImpl@251ebf0[ConversationComposer]: stopped(true) old = false
10-08 20:35:32.755 17722 17722 I ViewRootImpl@251ebf0[ConversationComposer]: WindowStopped on com.samsung.android.messaging/com.android.mms.ui.ConversationComposer set to true
10-08 20:35:32.756 17722 17722 I ORC/BaseWithActivityInterfaceImpl: onStop
10-08 20:35:32.757  1173  1810 W PresentationStatsEventLogger: Shouldn't be logging AutofillPresentationEventReported again for same event
10-08 20:35:32.757 17722 17722 I ORC/ConversationCursorLoader: onStopLoading -1 h{f18e89c id=0}
10-08 20:35:32.757 17722 17722 I ORC/BubbleListLoader: onStopLoading
10-08 20:35:32.757 17722 17722 I ORC/BubbleListLoader: onCancelLoad
10-08 20:35:32.758 17722 17722 I ORC/ConversationListFragment: onStop()
10-08 20:35:32.759 17722 17722 I ORC/MessageEditorFragment: LIFE:begin     [MessageEditor]onStop
10-08 20:35:32.759 17722 17722 I ORC/VoiceRecorderImpl: releaseVoiceRecorderIfNeed
10-08 20:35:32.759 17722 17722 I ORC/VoiceRecorderController: releaseAudio
10-08 20:35:32.759 17722 17722 I ORC/VoiceRecorderTouchListener: finishRecording mIsRecording=false
10-08 20:35:32.760 17722 17722 I ORC/AppWindowManager: setOnStatusListener null
10-08 20:35:32.760 17722 17722 I ORC/EditorView: [StickerSip] hideStickerSip() restart = false
10-08 20:35:32.761 17722 17722 I ORC/EditorView: [StickerSip] hideStickerSip() - PrivateImeOptions is not set
10-08 20:35:32.761 17722 17722 I ORC/Setting: getSmsInputModeFromPref = Automatic
10-08 20:35:32.761 17722 17722 I ORC/Setting: getSmsInputMode : inputType = 2
10-08 20:35:32.761 17722 17722 I ORC/MessageEditorFragment: LIFE:end       [MessageEditor]onStop
10-08 20:35:32.761 17722 17722 I ORC/ComposerFragment: LIFE:begin     [COMPOSER]onStop, 56
10-08 20:35:32.761 17722 17722 I ORC/ComposerPresenter: LIFE:begin     [COMPOSER]onStop, startingOtherActivity = false
10-08 20:35:32.761 17722 17722 I ORC/ComposerModelUtil: isUnknownBot = false
10-08 20:35:32.762 17722 17722 I ORC/ComposerPresenterCore: [DRAFT] saveDraft - mIsDraftSaved : true, blockDeleteConversation : false
10-08 20:35:32.762 17722 17722 I ORC/ComposerTwoPhoneModel: getTwoPhoneMode 0
10-08 20:35:32.762 17722 17722 I CS/UpdateConversationWithLastMessage: [begin]    updateConversationWithLastMessage start
10-08 20:35:32.762 17722 17722 I CS/UpdateConversationWithLastMessage: update() param = [ conversationIds : [78], usingMode : 0, blockDeleteConversation : false, blockUpdateBinStatus : false ], blockDeleteConversation = false
10-08 20:35:32.765 17722 17722 I PROV/QueryUriConversations: [CONVERSATION]done query conversations, containsRecipientList : false, category : null, Elapsed time : 1.898615 ms
10-08 20:35:32.765 17722 17722 I PROV/MsgContentProviderQuery: query, uriMatch : 1001, Elapsed time : 2.03073 ms
10-08 20:35:32.774  1658  2451 D TP/MmsSmsProvider: query, match:37, calling pid = 17722, accessRestricted = false
10-08 20:35:32.774  1658  2451 D TP/MmsSmsProvider: URI_THREADS selection = (_id IN (82))
10-08 20:35:32.775  1658  2451 W SQLiteLog: (28) walIndexRecover: rc 0, nPage 0, mxFrame 0, /data/user/0/com.android.providers.telephony/databases/mmssms.db-wal
10-08 20:35:32.783  1658  2451 D TP/MmsSmsProvider: query, match 37:Elapsed time : 8.845 ms
10-08 20:35:32.788  1658  2451 D TP/MmsSmsProvider: query, match:2105, calling pid = 17722, accessRestricted = false
10-08 20:35:32.788  1658  2451 V TP/MmsSmsProvider: getImConversations
10-08 20:35:32.789  1658  2451 D TP/MmsSmsProvider: query, match 2105:Elapsed time : 0.701 ms
10-08 20:35:32.793 17722 17722 I PROV/MsgContentProviderQuery: query, uriMatch : 2034, Elapsed time : 0.277192 ms
10-08 20:35:32.799  2080  2631 I RecentModel: onTaskStackChangedBackground
10-08 20:35:32.800 21496 21496 I BSS_SysUiManager: handleMessage = 9, 1, 0
10-08 20:35:32.803 17722 17722 I PROV/QueryUriConversations: [CONVERSATION]done query conversations, containsRecipientList : false, category : null, Elapsed time : 0.889192 ms
10-08 20:35:32.803 17722 17722 I PROV/MsgContentProviderQuery: query, uriMatch : 1001, Elapsed time : 0.986615 ms
10-08 20:35:32.804 17722 17722 I PROV/MsgContentProviderQuery: query, uriMatch : 1101, Elapsed time : 0.098077 ms
10-08 20:35:32.810 17722 17722 I PROV/QueryUriConversations: [CONVERSATION]done query conversations, containsRecipientList : false, category : null, Elapsed time : 0.986615 ms
10-08 20:35:32.810 17722 17722 I PROV/MsgContentProviderQuery: query, uriMatch : 1001, Elapsed time : 1.147346 ms
10-08 20:35:32.812 17722 17722 I PROV/UpdateUriCommon: update, Table : conversations, Uri : content://com.samsung.android.messaging.service.provider.MessageContentProvider/conversations, needNotifyChange : true
10-08 20:35:32.813 17722 17722 I PROV/MsgContentProvider: update, uri : content://com.samsung.android.messaging.service.provider.MessageContentProvider/conversations, Elapsed time : 0.39 ms
10-08 20:35:32.813 17722 17722 I CS/UpdateConversationWithLastMessage: [begin]    updateConversationWithMessageValues start
10-08 20:35:32.813 17722 17722 I PROV/MsgContentProviderQuery: query, uriMatch : 1101, Elapsed time : 0.057385 ms
10-08 20:35:32.814 17722 17722 I PROV/MsgContentProviderQuery: query, uriMatch : 1101, Elapsed time : 0.048615 ms
10-08 20:35:32.815 17722 17722 I PROV/MsgContentProviderQuery: query, uriMatch : 1201, Elapsed time : 0.066269 ms
10-08 20:35:32.816 17722 17722 E CS/FtSmsData: empty link
10-08 20:35:32.816 17722 17722 I PROV/MsgContentProvider: call, Uri = content://com.samsung.android.messaging.service.provider.MessageContentProvider/conversations
10-08 20:35:32.819 17722 17722 I PROV/MessageContentProviderNotifyUtil: [main] NOTIFY_ALL needToUpdate is true, uri : content://com.samsung.android.messaging.service.provider.MessageContentProvider/conversations <- com.samsung.android.messaging.service.provider.e.a(32) <- com.samsung.android.messaging.service.provider.MessageContentProvider.f(9) <- com.samsung.android.messaging.service.provider.MessageContentProvider.call(12) <- android.content.ContentProvider.call(2582) <- android.content.ContentProvider$Transport.call(530) <- android.content.ContentResolver.call(2457) <- android.content.ContentResolver.call(2437) <- com.samsung.android.messaging.common.wrapper.SqliteWrapper.call(1) <- ed.h2.A(5)
10-08 20:35:32.821 17722 17722 I PROV/MsgContentProvider: call : content://com.samsung.android.messaging.service.provider.MessageContentProvider/conversations, Elapsed time : 4.382269 ms
10-08 20:35:32.821 17722 17722 I CS/UpdateConversationWithLastMessage: updateConversationValues updateValues size = 1
10-08 20:35:32.821 17722 17722 I CS/UpdateConversationWithLastMessage: [end]      updateConversationWithMessageValues end consume time = 8.031461
10-08 20:35:32.821 17722 17722 I CS/UpdateConversationWithLastMessage: [end]      updateConversationWithLastMessage finish consume time = 0.030385
10-08 20:35:32.821 17722 17722 I ORC/ComposerPresenter: LIFE:end       [COMPOSER]onStop
10-08 20:35:32.821 17722 17722 I ORC/ComposerFragmentBase: addOrRemoveFocusChangeListener, remove
10-08 20:35:32.821 17722 17722 I ORC/ComposerFragment: LIFE:end       [COMPOSER]onStop, 56
10-08 20:35:32.821 17722 17722 I ORC/Bixby2StateHandlerImpl: updateStateChange null
10-08 20:35:32.821 17722 17785 I ORC/SaUtils: insertStatusLog, status=0301, value=0
10-08 20:35:32.822 17722 17722 I ORC/Setting: getEnableSupportSplitMode() smallest screen width : 411
10-08 20:35:32.823 17722 17722 I ORC/ComposerFragment: LIFE:begin     [COMPOSER]onSaveInstanceState, 56
10-08 20:35:32.824 17722 17722 I ORC/ComposerFragment: LIFE:end       [COMPOSER]onSaveInstanceState, 56
10-08 20:35:32.824 17722 17722 I ORC/MessageEditorFragment: LIFE:begin     [MessageEditor]onSaveInstanceState
10-08 20:35:32.824 17722 17722 I ORC/MessageEditorFragment: LIFE:end       [MessageEditor]onSaveInstanceState
10-08 20:35:32.826 17722 17722 I MSHandlerLifeCycle: removeMultiSplitHandler: no exist. decor=DecorView@438b8d3[ConversationComposer]
10-08 20:35:32.827 17722 17722 I ViewRootImpl: updatePointerIcon pointerType = 1000, calling pid = 17722
10-08 20:35:32.828  1173  1810 D MouseCursorController: updatePointerIcon, 20001 -> 1000
10-08 20:35:32.828  1173  1810 D MouseCursorController: PRESENTATION_SPOT: 1000 -> 20001
10-08 20:35:32.830 17722 17722 I ORC/ShortcutHelper: onChange : content://com.samsung.android.messaging.service.provider.MessageContentProvider/conversations
10-08 20:35:32.831 17722 17722 I ORC/ConversationCursorLoader: onContentChanged -1 : false h{f18e89c id=0}
10-08 20:35:32.845  1173  1810 E WindowManager: win=Window{64e4301 u0 com.samsung.android.messaging/com.android.mms.ui.ConversationComposer} destroySurfaces: appStopped=true cleanupOnResume=false win.mWindowRemovalAllowed=false win.mRemoveOnExit=false win.mViewVisibility=8 caller=com.android.server.wm.ActivityRecord.destroySurfaces:6539 com.android.server.wm.ActivityRecord.destroySurfaces:6520 com.android.server.wm.ActivityRecord.notifyAppStopped:6584 com.android.server.wm.ActivityRecord.activityStopped:7172 com.android.server.wm.ActivityClientController.activityStopped:269 android.app.IActivityClientController$Stub.onTransact:613 com.android.server.wm.ActivityClientController.onTransact:147 
10-08 20:35:32.845  1173  1810 I WindowManager: Destroying surface Surface(name=com.samsung.android.messaging/com.android.mms.ui.ConversationComposer$_17722)/@0xc6bb5c2 called by com.android.server.wm.WindowStateAnimator.destroySurface:942 com.android.server.wm.WindowStateAnimator.destroySurfaceLocked:536 com.android.server.wm.WindowState.destroySurfaceUnchecked:4309 com.android.server.wm.WindowState.destroySurface:4283 com.android.server.wm.ActivityRecord.destroySurfaces:6539 com.android.server.wm.ActivityRecord.destroySurfaces:6520 com.android.server.wm.ActivityRecord.notifyAppStopped:6584 com.android.server.wm.ActivityRecord.activityStopped:7172 
10-08 20:35:32.855   763   763 D display : setPowerMode:: S3CFB_POWER_MODE mode(0), blank(4)
10-08 20:35:32.856   846   846 D TimeStats: Cleared global stats
10-08 20:35:32.856   846   846 D TimeStats: Cleared layer stats
10-08 20:35:32.856   846   846 D SurfaceFlinger: Finished setting power mode 0 on display 4633128672291735937
10-08 20:35:32.859   846   846 I Layer   : Layer [com.samsung.android.messaging/com.android.mms.ui.ConversationComposer$_17722#31329] hidden!! flag(1)
10-08 20:35:32.859   846   846 I SurfaceFlinger: [64e4301 com.samsung.android.messaging/com.android.mms.ui.ConversationComposer#29023] FrameRatePriority: -1
10-08 20:35:32.859   846   846 I Layer   : Layer [InputMethod$_4675#31337] hidden!! flag(1)
10-08 20:35:32.859   846   846 D SurfaceFlinger: [input] inputWindowCommands.focusRequests size is 1
10-08 20:35:32.859   846   846 I Layer   : id=31329 removeFromCurrentState com.samsung.android.messaging/com.android.mms.ui.ConversationComposer$_17722#31329 (204)
10-08 20:35:32.859   846   846 D DisplayDevice: setLayerStack : layerstack=-1, Display 4633128672291735937 (internal, primary, "samsung lcd  ")
10-08 20:35:32.860  1173  1634 D SurfaceControl: Excessive delay in setPowerMode()
10-08 20:35:32.860  1173  1634 D LocalDisplayAdapter: !@display_state: OFF took 162 ms
10-08 20:35:32.860  1173  1634 D SemInputDeviceManagerService: currentDisplayState[1]:OFF(1)
10-08 20:35:32.860  1173  1634 D SemInputDeviceManagerService: LATE: Logical: OFF(1) Physical: OFF(1) [Using: OFF(1)] displayType: 1
10-08 20:35:32.861   846   957 D SurfaceFlinger: [input] setFocusedWindow: <null>
10-08 20:35:32.861  1173  3642 D InputDispatcher: Focus left window (0): 64e4301 com.samsung.android.messaging/com.android.mms.ui.ConversationComposer
10-08 20:35:32.861  1173  1634 D LocalDisplayAdapter: notifyStateChangeFinish: com.samsung.android.hardware.secinputdev.SemInputDeviceManagerService$8@c008fe5 took 1 ms
10-08 20:35:32.861  1173  1634 D DisplayPowerController[0]: setActualDisplayState: ON -> OFF
10-08 20:35:32.862  1173  1297 D DisplayPowerController[0]: animateScreenStateChange: target=1, mLogicalDisplay.isEnabled()=true
10-08 20:35:32.862  1173  1297 D DisplayPowerController[0]: animateScreenStateChange: target=1, mLogicalDisplay.isEnabled()=true
10-08 20:35:32.862  1173  1297 D PowerManagerService: displayReady: true groupId=0
10-08 20:35:32.862  1173  1297 D PowerManagerService: handleSandman : startDreaming: true  (canDreamLocked: false  canDozeLocked: true)  groupId=0
10-08 20:35:32.862  1173  1297 D PowerManagerService: handleSandman : startDream(true)
10-08 20:35:32.862  1173  1297 I DreamManagerService: Entering dreamland.
10-08 20:35:32.862  1173  1297 I PowerManagerService: Dozing...
10-08 20:35:32.863 17722 17722 I ViewRootImpl@251ebf0[ConversationComposer]: MSG_WINDOW_FOCUS_CHANGED 0 0
10-08 20:35:32.865 17722 17722 E AccessibilityManager: semUpdateAssitantMenu invoking from manager:
10-08 20:35:32.865 17722 17722 E AccessibilityManager: semUpdateAssitantMenu invoking from manager:
10-08 20:35:32.866 17722 17722 E AccessibilityManager: semUpdateAssitantMenu invoking from manager:
10-08 20:35:32.866 17722 17722 E AccessibilityManager: semUpdateAssitantMenu invoking from manager:
10-08 20:35:32.866 17722 17722 I ORC/BaseWithActivity: getComposerFragment : b9{a3adb71} (f78b244a-b436-4b45-b5e3-55b18a3ad82f id=0x7f0a0442 tag=TAG_RIGHT_PANE_FRAGMENT)
10-08 20:35:32.875  1173  1810 D ActivityTaskManager: mStartingWindow and mStartingData is null for token=ActivityRecord{201949b u0 com.samsung.android.messaging/com.android.mms.ui.ConversationComposer} t5199}
10-08 20:35:32.876  1173  1810 D PowerManagerService: [PWL] sb release: PowerManagerService.Display
10-08 20:35:32.876   846   880 I SurfaceFlinger: id=31329 Removed com.samsung.android.messaging/com.android.mms.ui.ConversationComposer$_17722#31329 (204)
10-08 20:35:32.877  1173  1278 D BaseRestrictionMgr: Package: com.zhiliaoapp.musically, userid: 0, hostingType: broadcast is Restricted by policy: 4 caller is: android
10-08 20:35:32.877  1173  1278 W BroadcastQueue: intent:Intent { act=android.intent.action.CLOSE_SYSTEM_DIALOGS flg=0x10 (has extras) } is skipped in RestrictedPackage to ProcessRecord{47a2ccc 31412:com.zhiliaoapp.musically/u0a313}
10-08 20:35:32.877  1173  1278 D BaseRestrictionMgr: Package: com.zhiliaoapp.musically, userid: 0, hostingType: broadcast is Restricted by policy: 4 caller is: android
10-08 20:35:32.877  1173  1278 W BroadcastQueue: intent:Intent { act=android.intent.action.CLOSE_SYSTEM_DIALOGS flg=0x10 (has extras) } is skipped in RestrictedPackage to ProcessRecord{47a2ccc 31412:com.zhiliaoapp.musically/u0a313}
10-08 20:35:32.877  1173  1278 D BaseRestrictionMgr: Package: com.zhiliaoapp.musically, userid: 0, hostingType: broadcast is Restricted by policy: 4 caller is: android
10-08 20:35:32.877  1173  1278 W BroadcastQueue: intent:Intent { act=android.intent.action.CLOSE_SYSTEM_DIALOGS flg=0x10 (has extras) } is skipped in RestrictedPackage to ProcessRecord{47a2ccc 31412:com.zhiliaoapp.musically/u0a313}
10-08 20:35:32.877  1173  1278 D BaseRestrictionMgr: Package: com.zhiliaoapp.musically, userid: 0, hostingType: broadcast is Restricted by policy: 4 caller is: android
10-08 20:35:32.877  1173  1278 W BroadcastQueue: intent:Intent { act=android.intent.action.CLOSE_SYSTEM_DIALOGS flg=0x10 (has extras) } is skipped in RestrictedPackage to ProcessRecord{47a2ccc 31412:com.zhiliaoapp.musically/u0a313}
10-08 20:35:32.877  1173  1278 D BaseRestrictionMgr: Package: com.offline.bible, userid: 0, hostingType: broadcast is Restricted by policy: 4 caller is: android
10-08 20:35:32.877  1173  1278 W BroadcastQueue: intent:Intent { act=android.intent.action.CLOSE_SYSTEM_DIALOGS flg=0x10 (has extras) } is skipped in RestrictedPackage to ProcessRecord{372534 1060:com.offline.bible/u0a373}
10-08 20:35:32.878  1678  1678 D PopupUI.PopupUI: PopupUIReceiver.onReceive() action : android.intent.action.CLOSE_SYSTEM_DIALOGS
10-08 20:35:32.878 21496 21496 I BSS_InDisplaySensorWindow: ACTION: CLOSE_SYSTEM_DIALOG : reason = dream
10-08 20:35:32.879  1173  1268 I DreamController: Starting dream: name=ComponentInfo{com.android.systemui/com.android.systemui.doze.DozeService}, isPreviewMode=false, canDoze=true, userId=0
10-08 20:35:32.879  1678  1678 D LocationControllerImpl: onReceive() = android.intent.action.CLOSE_SYSTEM_DIALOGS
10-08 20:35:32.879  1678  1678 V ShadeControllerImpl: NotificationShadeWindow: com.android.systemui.statusbar.phone.NotificationShadeWindowView{7f0990b I.E...... ......ID 0,0-1080,2400} canPanelBeCollapsed(): false
10-08 20:35:32.879  1678  1678 D SecQSLayoutDetail: action:android.intent.action.CLOSE_SYSTEM_DIALOGS
10-08 20:35:32.879  1678  1678 D QSMoreButton: action:android.intent.action.CLOSE_SYSTEM_DIALOGS
10-08 20:35:32.879  1678  1678 D QSButtonsContainer: action:android.intent.action.CLOSE_SYSTEM_DIALOGS
10-08 20:35:32.879  1678  1678 D SecVolume.SecVolumeStore: dispatch [ACTION_DISMISS_REQUESTED] with [STATE_NO_DISPATCH]
10-08 20:35:32.879  1678  1678 D SecVolume.SecVolumeStore:   > New State : [STATE_NO_DISPATCH]
10-08 20:35:32.883  1678  1678 I DozeService: onCreate: com.android.systemui.doze.DozeService@d656131
10-08 20:35:32.884  1678  1678 D PluginInstanceManager: startListening
10-08 20:35:32.884  1678  1896 D PluginInstanceManager: queryAll com.android.systemui.action.PLUGIN_AOD
10-08 20:35:32.884  1678  1896 D PluginInstanceManager: Found 1 plugins
10-08 20:35:32.884  1678  1896 D PluginInstanceManager: createPlugin
10-08 20:35:32.886   846   846 I Layer   : id=31329 Destroyed com.samsung.android.messaging/com.android.mms.ui.ConversationComposer$_17722#31329
10-08 20:35:32.888  1678  1678 D PluginInstanceManager: onPluginConnected
10-08 20:35:32.889  1678  1678 I PluginAODImpl: onCreate()
10-08 20:35:32.889  1678  1678 I i       : build component
10-08 20:35:32.889  1173  1297 D PowerManagerService: [api] DreamReceiver: onReceive: android.intent.action.DREAMING_STARTED
10-08 20:35:32.889  1678  2305 D KeyguardViewMediator: onDreamingStarted
10-08 20:35:32.890  3767  3767 I CocktailBarUiHandler: ACTION_DREAMING_STARTED
10-08 20:35:32.890  1678  1678 I AODUtils: isFirstTimeSinceBoot: prev=1759727041500, boot=1759727036600
10-08 20:35:32.890  3767  3767 I AbstractCocktailPanelView: notifyPanelVisibilityChanged: visibility not changed 2 id: 1
10-08 20:35:32.890  3767  3767 I AbstractCocktailPanelView: setPanelVisible: f2 will be hidden: 1
10-08 20:35:32.890  3767  3767 I CocktailBarPanelVisibilityManager: updateActivePanelView:  vis=false onTransit=false -hide: 1 current Active: 1
10-08 20:35:32.891  3767  3767 I Utils   : isCurrentUser current = 0, ownerId = 0
10-08 20:35:32.891  3767  3767 I TrayVisibilityController: getComputedTrayVisible : keyguardState = 3
10-08 20:35:32.891  3767  3767 I TrayVisibilityController: updateTrayVisible: State=3 visible=2 mCurrentVisible=1 specificMode=0
10-08 20:35:32.890  1678  1678 I AODChargingModel: AODClockController: 
10-08 20:35:32.893  1678  1678 I AODFaceWidgetModel: AODPinnedContentController: 
10-08 20:35:32.894  1678  1678 I AlwaysOnDisplayEx: !@AlwaysOnDisplayEx: constructor hashCode=115231795
10-08 20:35:32.894  1678  1678 I AbsSettings: clearCacheInner
10-08 20:35:32.894  1678  1678 I AbsSettings: clearCacheInner
10-08 20:35:32.894  1678  1678 I AbsSettings: clearCacheInner
10-08 20:35:32.894  1678  1678 I DBManager: createSQLiteOpenHelperAdapter : mDBAdapter is NOT NULL.
10-08 20:35:32.894  1173  3642 V SystemKeyManager: requestSystemKeyEvent() is called keyCode=3 componentName=ComponentInfo{com.samsung.android.app.cocktailbarservice/com.samsung.android.app.cocktailbarservice.CocktailBarService} request=false
10-08 20:35:32.895  1173  3642 V SystemKeyManager: requestSystemKeyEvent() is called keyCode=187 componentName=ComponentInfo{com.samsung.android.app.cocktailbarservice/com.samsung.android.app.cocktailbarservice.CocktailBarService} request=false
10-08 20:35:32.895  3767  3767 I MSHandlerLifeCycle: check: return. pkg=com.samsung.android.app.cocktailbarservice isActivity=false callers=com.android.internal.policy.DecorView.setVisibility:4412 l4.r.G:2 l4.r.E:4 l4.o.U0:46 l4.o$g.e:4 
10-08 20:35:32.895  3767  3767 I MSHandlerLifeCycle: removeMultiSplitHandler: no exist. decor=DecorView@ead54e1[CocktailBarService]
10-08 20:35:32.896  3767  3767 I TrayStateController: setUiState 2 : 0 --> 2
10-08 20:35:32.897  1678  1678 E AbsSettings: refreshInner: refreshedSettingsDBItem key CLOCK_VERSION val = 300000
10-08 20:35:32.897  1678  1678 I AbsSettings: getStringInner: from cache a / CLOCK_VERSION = 300000
10-08 20:35:32.897  1678  1678 E AbsSettings: refreshInner: refreshedSettingsDBItem key PALETTE_VERSION val = 90000
10-08 20:35:32.897  1678  1678 I AbsSettings: getStringInner: from cache a / PALETTE_VERSION = 90000
10-08 20:35:32.897  1678  1678 I AbsSettings: getStringInner: from cache a / CLOCK_VERSION = 300000
10-08 20:35:32.897  1678  1678 I ClockInfoManager: isClockFaceType: type = 2 clockFaceType = 0
10-08 20:35:32.897  1678  1678 I AbsSettings: getStringInner: from cache a / PALETTE_VERSION = 90000
10-08 20:35:32.898  1678  1678 I ResourceUtils: initDisplayValues LogicalHeight 2400 LogicalWidth = 1080 DisplayDeviceType = -1, sIsLandscape = false
10-08 20:35:32.903  1678  1678 I AOD_LIVE_CLOCK@LiveClockController: init
10-08 20:35:32.904  1678  1678 D DozeService: onPluginConnected: PluginAOD plugin=com.samsung.android.app.aodservice.plugin.PluginAODImpl@324171c
10-08 20:35:32.904  1678  1678 V KeyguardUpdateMonitor: *** register callback for com.android.systemui.doze.PluginAODManager$1@e302510
10-08 20:35:32.904  1678  1678 V KeyguardUpdateMonitor: *** unregister callback for null
10-08 20:35:32.904  1678  1678 D PluginAODManager: registerUpdateMonitor mWakefulness=3
10-08 20:35:32.904  1678  1678 I AlwaysOnDisplayEx: onDozeAmountChanged linearAmount = 0.0 / amount = 0.0 / mNeedAODClockTransition = false
10-08 20:35:32.904  1678  1678 I AODUiController: setIsDozing dozing:false
10-08 20:35:32.904  1678  1678 W AODAlarmTimer_AOD_CHARGING_INFO_TICK: stop : not yet started 
10-08 20:35:32.904  1678  1678 D FaceWidgetViewModel: setDozing false
10-08 20:35:32.904  1678  1678 D FaceWidgetMusicPageShownManager: Keyguard is not visible
10-08 20:35:32.904  1678  1678 D FaceWidgetMusicPageShownManager: updateMusicPageShownState() show = false, reattach = false, reason = doze
10-08 20:35:32.904  1678  1678 D FaceWidgetMusicPageShownManager: skip to show media panel
10-08 20:35:32.904  1678  1678 D PluginAODManager: requestActiveNotifications() size = 19
10-08 20:35:32.904  1678  1678 D PluginAODManager: addNotiCollectionListener: 
10-08 20:35:32.905  1678  1678 D DozeService: onDreamingStarted: 
10-08 20:35:32.909  1678  1678 I DozeMachine: transition: old=UNINITIALIZED req=INITIALIZED new=INITIALIZED
10-08 20:35:32.909  1678  1678 D KeyguardVisible: isKeyguardForDozing=true
10-08 20:35:32.909  1678  1678 D SbStateController: setState: SHADE -> KEYGUARD
10-08 20:35:32.909  1678  1678 D SbStateController: setState: requested state KEYGUARD!= upcomingState: SHADE. This usually means the status bar state transition was interrupted before the upcoming state could be applied.
10-08 20:35:32.910  1678  1678 I AODUiController: setIsDozing dozing:true
10-08 20:35:32.911  1678  1678 D FaceWidgetViewModel: setDozing true
10-08 20:35:32.911  1678  1678 D FaceWidgetMusicPageShownManager: Keyguard is not visible
10-08 20:35:32.911  1678  1678 D FaceWidgetMusicPageShownManager: updateMusicPageShownState() show = false, reattach = false, reason = doze
10-08 20:35:32.911  1678  1678 D FaceWidgetMusicPageShownManager: skip to show media panel
10-08 20:35:32.911  1678  1678 I DigitalHorizontalClockView_LOCK_SCREEN: setDozing: true
10-08 20:35:32.911  1678  1678 D KeyguardSecAffordanceView: reset right:false
10-08 20:35:32.912  1678  1678 D KeyguardSecAffordanceView: reset right:true
10-08 20:35:32.912  1678  1678 V QsExpandAnimator: setQsExpansionPosition 0.0
10-08 20:35:32.912  3767  3767 I ViewRootImpl@398488e[CocktailBarService]: performTraversals mFirst=false windowShouldResize=false viewVisibilityChanged=true mForceNextWindowRelayout=false params=null
10-08 20:35:32.912  1678  1678 V SecQsTransitionAnimator: restorePanelView
10-08 20:35:32.912  1678  1678 D MultiSIMPreferredSlotBar: setExpanded : false mShowing : false
10-08 20:35:32.912  1678  1678 D MultiSIMController: unRegisterSimCardManagerCallback : mSimCardManagerService is null 
10-08 20:35:32.913  1678  1678 V SecQsTransitionAnimator: restorePanelView
10-08 20:35:32.913  1678  1678 D MultiSIMPreferredSlotBar: setExpanded : false mShowing : false
10-08 20:35:32.913  1678  1678 D MultiSIMController: unRegisterSimCardManagerCallback : mSimCardManagerService is null 
10-08 20:35:32.913  1678  1678 D MultiSIMPreferredSlotBar: setExpanded : false mShowing : false
10-08 20:35:32.913  1678  1678 D MultiSIMController: unRegisterSimCardManagerCallback : mSimCardManagerService is null 
10-08 20:35:32.913  1678  1678 D KeyguardTouchAnimator: reset unlockExecuted=false
10-08 20:35:32.913  1678  1678 D KeyguardEditModeAnimatorController: reset true
10-08 20:35:32.913  1678  1678 D KeyguardTouchAnimator: resetChildViewVI(): false
10-08 20:35:32.913  1678  1678 D KeyguardTouchDymLockInjector: resetDynamicLock mIsDynamicLockEnabled: false
10-08 20:35:32.913  1173  1810 V WindowManager: Relayout Window{47ac2bf u0 com.samsung.android.app.cocktailbarservice/com.samsung.android.app.cocktailbarservice.CocktailBarService}: viewVisibility=8 req=67x342 d0
10-08 20:35:32.913  1678  1678 D CentralSurfaces: updateQsExpansionEnabled - QS Expand enabled: false
10-08 20:35:32.913  1173  1810 E WindowManager: win=Window{47ac2bf u0 com.samsung.android.app.cocktailbarservice/com.samsung.android.app.cocktailbarservice.CocktailBarService} destroySurfaces: appStopped=true cleanupOnResume=false win.mWindowRemovalAllowed=false win.mRemoveOnExit=false win.mViewVisibility=8 caller=com.android.server.wm.WindowManagerService.tryStartExitingAnimation:3016 com.android.server.wm.WindowManagerService.relayoutWindow:2727 com.android.server.wm.Session.relayout:274 android.view.IWindowSession$Stub.onTransact:779 com.android.server.wm.Session.onTransact:188 android.os.Binder.execTransactInternal:1316 android.os.Binder.execTransact:1280 
10-08 20:35:32.913  1678  1678 D SecPanelLogger: updateQsExpansionEnabled() return:false = isDeviceProvisioned:true && (mUserSetup:true || mUserSwitcherController_null?false || !isSimpleUserSwitcher:true) && !isShadeDisabled:true && DISABLE2_QUICK_SETTINGS:true && !mDozing:false && !ONLY_CORE_APPS:true |  StatusBarState:KEYGUARD
10-08 20:35:32.913  1678  1678 D SecPanelLogger:  - com.android.systemui.statusbar.phone.CentralSurfacesImpl.updateQsExpansionEnabled:2023
10-08 20:35:32.913  1678  1678 D SecPanelLogger:  - com.android.systemui.statusbar.phone.CentralSurfacesImpl$23.onDozingChanged:5459
10-08 20:35:32.913  1678  1678 D SecPanelLogger:  - com.android.systemui.statusbar.StatusBarStateControllerImpl.setIsDozing:324
10-08 20:35:32.913  1173  1810 I WindowManager: Destroying surface Surface(name=com.samsung.android.app.cocktailbarservice/com.samsung.android.app.cocktailbarservice.CocktailBarService$_3767)/@0xa5fd43c called by com.android.server.wm.WindowStateAnimator.destroySurface:942 com.android.server.wm.WindowStateAnimator.destroySurfaceLocked:536 com.android.server.wm.WindowState.destroySurfaceUnchecked:4309 com.android.server.wm.WindowState.destroySurface:4283 com.android.server.wm.WindowManagerService.tryStartExitingAnimation:3016 com.android.server.wm.WindowManagerService.relayoutWindow:2727 com.android.server.wm.Session.relayout:274 android.view.IWindowSession$Stub.onTransact:779 
10-08 20:35:32.913  1678  1678 I KeyguardViewMediator: setLockScreenShown false true
10-08 20:35:32.913  1678  1678 W NotificationEntryMgr: While running New Pipeline: updateNotifications(reason=onDozingChanged)
10-08 20:35:32.915  1678  1678 I AlwaysOnDisplayEx: onDozeAmountChanged linearAmount = 1.0 / amount = 1.0 / mNeedAODClockTransition = false
10-08 20:35:32.915  1678  1678 I AODUiController: onDozeAmountTransitionEnded mMachine = IDLE
10-08 20:35:32.915  1678  1678 D CentralSurfaces: updateQsExpansionEnabled - QS Expand enabled: false
10-08 20:35:32.915  1173  3627 D ActivityTaskManager: Top Process State changed to PROCESS_STATE_TOP_SLEEPING#2
10-08 20:35:32.915  1173  1810 V WindowManager: Relayout hash=47ac2bf, pid=3767, syncId=-1: mAttrs={(0,349)(67x342) gr=TOP RIGHT CENTER sim={adjust=nothing} layoutInDisplayCutoutMode=shortEdges ty=2226 fmt=TRANSPARENT
10-08 20:35:32.915  1173  1810 V WindowManager:   fl=81800508
10-08 20:35:32.915  1173  1810 V WindowManager:   pfl=2000050
10-08 20:35:32.915  1173  1810 V WindowManager:   bhv=SHOW_TRANSIENT_BARS_BY_SWIPE
10-08 20:35:32.915  1173  1810 V WindowManager:   fitTypes=NAVIGATION_BARS CAPTION_BAR
10-08 20:35:32.915  1173  1810 V WindowManager:  dimAmount=0.0 dimDuration=0 naviIconColor=0
10-08 20:35:32.915  1173  1810 V WindowManager:   sfl=620000}
10-08 20:35:32.916  1678  1678 D SecQpScrimControlHelper:  secVisible?false (scrimState:AOD) (1stFrc:0, 2ndFrc:0, drgDown:0, PanelEx:false)   (dlyGed:0, dlySec:0)   [N(0|ff000000)-B(0|ff000000)]   (expanded:false, tracking:false, qsBottomVisible:true)   thm(a:1, rtEnabled:false) park(panel_on?false)   kgd(fw:false, gw:false, ocl:false)   (assetsSeq:0, themeSeq:0, uiMode:33)   GED[F(0|0)-N(0|0)-B(0,|ff000000)-Duration:360], caller:transitionTo(state:AOD)
10-08 20:35:32.916  1678  1678 D ScrimController: State changed to AOD, blankScreen=false, animation=-1
10-08 20:35:32.917  3767  3767 I ViewRootImpl@398488e[CocktailBarService]: Relayout returned: old=(1013,349,1080,691) new=(1013,349,1080,691) req=(67,342)8 dur=4 res=0x2 s={false 0x0} ch=true seqId=9
10-08 20:35:32.918  1678  1678 I ViewRootImpl@77e2bcf[NotificationShade]: reportNextDraw android.view.ViewRootImpl.setReportNextDraw:11855 com.android.systemui.statusbar.phone.ScrimController.dispatchScrimsVisible:1318 com.android.systemui.statusbar.phone.ScrimController.updateScrimColor:1405 com.android.systemui.statusbar.phone.ScrimController.updateScrim:1618 com.android.systemui.statusbar.phone.ScrimController.setScrimAlpha:1346 
10-08 20:35:32.918  1678  1678 D KeyguardVisible: isExpanded: false -> true
10-08 20:35:32.918  1678  1678 D KeyguardVisible: Window state diff only {
10-08 20:35:32.918  1678  1678 D KeyguardVisible:   mScrimsVisibility: 0 -> 2
10-08 20:35:32.918  1678  1678 D KeyguardVisible: }
10-08 20:35:32.918  1173  1271 D UsbHostRestrictor: onKeyguardStateChanged: Screen Lock Off
10-08 20:35:32.918  1173  1271 D UsbHostRestrictor: Write ScrLck Block FILE
10-08 20:35:32.918  1173  1507 D InputMethodManagerService: updateSystemUiLocked(), Current client is not Keyguard, changing visibility to Vis : 0
10-08 20:35:32.918  1173  1507 D InputMethodManagerService: isImeSwitcherDisabledPackage : false
10-08 20:35:32.918  1173  1271 V UsbDeviceManager: onKeyguardStateChanged: isShowing:false secure:true user:0
10-08 20:35:32.919  1173  1513 D StorageManagerService: handleMessage -> H_KEYGUARD_CHANGED isShowing=false
10-08 20:35:32.919  3767  3767 I TrayStateController: putInputRect mDynamicInputRegion=102666135@LastEvent=t=1759944932919Rect(25, 0 - 67, 342),Rect=Rect(0, 0 - 0, 0)
10-08 20:35:32.919  3767  3767 I DecorView: notifyKeepScreenOnChanged: keepScreenOn=false
10-08 20:35:32.919  1173  3627 I AppOps  : updateUidProcState uid: 10044 procState: 1 capability:15
10-08 20:35:32.919  1173  3642 W CocktailBarStatePolicyController: updateWindowType: current window type is requested window type(1)
10-08 20:35:32.919   846   846 I Layer   : id=31330 removeFromCurrentState com.samsung.android.app.cocktailbarservice/com.samsung.android.app.cocktailbarservice.CocktailBarService$_3767#31330 (203)
10-08 20:35:32.919  1678  1678 D ScrimController: updateScrimColor main=0xff191c1e front=0xff000000|1.000000|0 noti=0xff191c1e|0.000000|8 behind=0xff000000|0.000000|0 vis=2
10-08 20:35:32.920   846   846 I SurfaceFlinger: id=31330 Removed com.samsung.android.app.cocktailbarservice/com.samsung.android.app.cocktailbarservice.CocktailBarService$_3767#31330 (203)
10-08 20:35:32.920  1173  1284 W libprocessgroup: Failed to open /dev/blkio//cgroup.procs: No such file or directory
10-08 20:35:32.920   971  4213 I CameraService: onUidStateChanged: uid=10044, procState is changed. (0 -> 1)
10-08 20:35:32.920   846   846 I Layer   : id=31330 Destroyed com.samsung.android.app.cocktailbarservice/com.samsung.android.app.cocktailbarservice.CocktailBarService$_3767#31330
10-08 20:35:32.920  1678  1678 D KeyguardIndication: setVisible() false in dozing
10-08 20:35:32.920  2080  2631 I TouchInteractionService: onSystemUiStateChanged, stateFlags : 2228224 |allow_gesture|device_dozing|
10-08 20:35:32.921  1678  1678 D KeyguardSecIndicationPolicy:  remove Item pos = DEFAULT, type =     LEGACY_TRANSIENT
10-08 20:35:32.921  1678  1678 D KeyguardSecIndicationPolicy:  add T Event pos = DEFAULT, type =              BATTERY, id =  6168, text = Fully charged, duration = 3000
10-08 20:35:32.921  1678  1678 D KeyguardSecIndicationPolicy:   update top pos = DEFAULT, item = [id=6166|ty=BATTERY_RESTING|pr=20|txt=Fully charged|ti=duration=PERSISTENT|an=false] -> [id=6168|ty=BATTERY|pr=40|txt=Fully charged|ti=duration=3000|an=false]
10-08 20:35:32.921  1678  1678 D KeyguardSecIndicationController: onIndicationChanged() return - keyguard is not visible, pos = DEFAULT, item = [id=6168|ty=BATTERY|pr=40|txt=Fully charged|ti=duration=3000|an=false]
10-08 20:35:32.921  1678  1678 D KeyguardSecIndicationPolicy: update Event pos = DEFAULT, type =      BATTERY_RESTING, id =  6169, text = Fully charged
10-08 20:35:32.921  1678  1678 D KeyguardSecIndicationPolicy:  remove Item pos = DEFAULT, type =           OWNER_INFO
10-08 20:35:32.921  1678  1678 D KeyguardSecIndicationController: addBatteryAndOwnerInfoIndication() battery status = BatteryStatus{status=5,level=100,plugged=2,health=2,maxChargingWattage=-1,remaining=94000ultraFastCharger=0}
10-08 20:35:32.921  1678  1678 D InsetsSourceConsumer: setRequestedVisible: visible=false, type=23, host=NotificationShade, from=android.view.InsetsSourceConsumer.hide:257 android.view.InsetsController.collectSourceControls:1310 android.view.InsetsController.controlAnimationUnchecked:1164 android.view.InsetsController.applyAnimation:1576 android.view.InsetsController.applyAnimation:1557 android.view.InsetsController.hide:1093 android.view.InsetsController.hide:1068 com.android.systemui.statusbar.phone.SecStatusBarKeyguardViewManager.updateNavigationBarVisibility:750 com.android.systemui.statusbar.phone.StatusBarKeyguardViewManager.updateStates:1120 com.android.systemui.statusbar.phone.StatusBarKeyguardViewManager.setDozing:688 
10-08 20:35:32.922  1678  1678 D InsetsSourceConsumer: setRequestedVisible: visible=false, type=22, host=NotificationShade, from=android.view.InsetsSourceConsumer.hide:257 android.view.InsetsController.collectSourceControls:1310 android.view.InsetsController.controlAnimationUnchecked:1164 android.view.InsetsController.applyAnimation:1576 android.view.InsetsController.applyAnimation:1557 android.view.InsetsController.hide:1093 android.view.InsetsController.hide:1068 com.android.systemui.statusbar.phone.SecStatusBarKeyguardViewManager.updateNavigationBarVisibility:750 com.android.systemui.statusbar.phone.StatusBarKeyguardViewManager.updateStates:1120 com.android.systemui.statusbar.phone.StatusBarKeyguardViewManager.setDozing:688 
10-08 20:35:32.921  2080  2080 I RecentsAnimationDeviceState: setSystemUiFlags, stateFlags : 2228224
10-08 20:35:32.922  2080  2080 I TouchInteractionService: onSystemUiFlagsChanged, lastSysUIFlags : 131072
10-08 20:35:32.922  1678  1678 D InsetsSourceConsumer: setRequestedVisible: visible=false, type=21, host=NotificationShade, from=android.view.InsetsSourceConsumer.hide:257 android.view.InsetsController.collectSourceControls:1310 android.view.InsetsController.controlAnimationUnchecked:1164 android.view.InsetsController.applyAnimation:1576 android.view.InsetsController.applyAnimation:1557 android.view.InsetsController.hide:1093 android.view.InsetsController.hide:1068 com.android.systemui.statusbar.phone.SecStatusBarKeyguardViewManager.updateNavigationBarVisibility:750 com.android.systemui.statusbar.phone.StatusBarKeyguardViewManager.updateStates:1120 com.android.systemui.statusbar.phone.StatusBarKeyguardViewManager.setDozing:688 
10-08 20:35:32.922  1678  1678 D InsetsSourceConsumer: setRequestedVisible: visible=false, type=1, host=NotificationShade, from=android.view.InsetsSourceConsumer.hide:257 android.view.InsetsController.collectSourceControls:1310 android.view.InsetsController.controlAnimationUnchecked:1164 android.view.InsetsController.applyAnimation:1576 android.view.InsetsController.applyAnimation:1557 android.view.InsetsController.hide:1093 android.view.InsetsController.hide:1068 com.android.systemui.statusbar.phone.SecStatusBarKeyguardViewManager.updateNavigationBarVisibility:750 com.android.systemui.statusbar.phone.StatusBarKeyguardViewManager.updateStates:1120 com.android.systemui.statusbar.phone.StatusBarKeyguardViewManager.setDozing:688 
10-08 20:35:32.922  1678  1678 D KeyguardVisible: cancelPendingPanelCollapse true
10-08 20:35:32.922  1678  1678 D CentralSurfaces: updateQsExpansionEnabled - QS Expand enabled: false
10-08 20:35:32.923  1678  1678 D CentralSurfaces: setBarState( dispatchStatusBarState to false )
10-08 20:35:32.923  1173  3627 I WindowManager: Reparenting to leash, surface=Surface(name=5454305 NavigationBar0)/@0x1a06863, leashParent=Surface(name=WindowToken{63d0d50 type=2019 android.os.BinderProxy@c717202})/@0xaccc60
10-08 20:35:32.923  1678  1678 W NotificationEntryMgr: While running New Pipeline: updateNotifications(reason=NotificationLockscreenUserManager.updatePublicMode)
10-08 20:35:32.923  1678  1678 V SecQpBlurController: applyGedWindowBlur (0 )
10-08 20:35:32.923  1678  1678 V SecQpBlurDefaultUtils: applyWallpaperBlur  blur = 0
10-08 20:35:32.923   846   879 I SurfaceFlinger: id=31355 createSurf flag=24000, Surface(name=5454305 NavigationBar0)/@0x1a06863 - animation-leash of insets_animation#31355
10-08 20:35:32.923  1678  1678 D KeyguardIndication: setVisible() false in dozing
10-08 20:35:32.924  1678  1678 D KeyguardSecIndicationPolicy:  remove Item pos = DEFAULT, type =     LEGACY_TRANSIENT
10-08 20:35:32.924  1173  3627 D WindowManager: makeSurface duration=1 leash=Surface(name=Surface(name=5454305 NavigationBar0)/@0x1a06863 - animation-leash of insets_animation)/@0xded464b
10-08 20:35:32.924  1678  1678 D KeyguardSecIndicationPolicy:  add T Event pos = DEFAULT, type =              BATTERY, id =  6170, text = Fully charged, duration = 3000
