10-08 20:36:33.506  1173  1272 I WindowManager:   taskInfo=TaskInfo{userId=0 taskId=5199 displayId=0 isRunning=true baseIntent=Intent { act=android.intent.action.MAIN cat=[android.intent.category.LAUNCHER] flg=0x10200000 cmp=com.samsung.android.messaging/com.android.mms.ui.ConversationComposer } baseActivity=ComponentInfo{com.samsung.android.messaging/com.android.mms.ui.ConversationComposer} topActivity=ComponentInfo{com.samsung.android.messaging/com.samsung.android.messaging.ui.view.main.WithActivity} origActivity=ComponentInfo{com.samsung.android.messaging/com.android.mms.ui.ConversationComposer} realActivity=ComponentInfo{com.samsung.android.messaging/com.samsung.android.messaging.ui.view.main.WithActivity} numActivities=1 lastActiveTime=217956874 supportsSplitScreenMultiWindow=true supportsMultiWindow=true resizeMode=2 isResizeable=true minWidth=-1 minHeight=-1 defaultMinSize=220 token=WCT{RemoteToken{e1686d2 Task{d5b038 #5199 type=standard A=10112:com.samsung.android.messaging U=0 visible=true visibleRequested=true mode=fullscreen translucent=false sz=1}}} topActivityType=1 pictureInPictureParams=null shouldDockBigOverlays=false launchIntoPipHostTaskId=0 displayCutoutSafeInsets=null topActivityInfo=ActivityInfo{51793a3 com.android.mms.ui.ConversationComposer} launchCookies=[] positionInParent=Point(0, 0) parentTaskId=-1 isFocused=true isVisible=true isSleeping=false topActivityInSizeCompat=false topActivityEligibleForLetterboxEducation= false locusId=null displayAreaFeatureId=1 cameraCompatControlState=hidden originallySupportedSplitScreen=true hasWallpaper=false isTopTransparentActivity=false topActivityInFixedAspectRatio=false topActivityInDisplayCompat=false topActivityInBoundsCompat=false topActivityBounds=null}
10-08 20:36:33.506  1173  1272 I WindowManager:   allowEnterPip=true
10-08 20:36:33.506  1173  1272 I WindowManager:   windowType=-1  hasAnimatingParent=false  backgroundColor=0
10-08 20:36:33.506  1678  1678 D KeyguardViewMediator: handleMessage 1004
10-08 20:36:33.506  1678  1678 D KeyguardSurface: setKeyguardSurfaceVisible visible=false
10-08 20:36:33.506  1678  1678 D BioUnlock: setMode 0x14 -> 0x16
10-08 20:36:33.506  1678  1678 D BioUnlock: waiting for frame drawn / lap time: 38ms
10-08 20:36:33.507  1678  1678 D KeyguardViewMediator: showForegroundImmediatelyIfNeeded returns true
10-08 20:36:33.507  1678  1678 D BioUnlock: start true
10-08 20:36:33.510  1173  1271 D SGM:FgCheckThread: noteResumeComponent(), received pkgName: com.samsung.android.messaging, userId: 0
10-08 20:36:33.510 17722 17722 I ORC/ImsMgrFactory: simSlot : 1
10-08 20:36:33.510  1173  1510 D SGM:FgCheckThread: onLooperPrepared(), msg: MSG_APP_RESUME, pkgName: com.samsung.android.messaging, userid: 0
10-08 20:36:33.510  1173  1510 D SGM:FgCheckThread: handleResume().
10-08 20:36:33.510  1173  1510 D SGM:FgCheckThread:   handleResume(). same package with Prev KILL_YOURSELF. ignore
10-08 20:36:33.510  1173  1271 I ActivityManager: Changes in 10112 12 to 2, 0 to 15
10-08 20:36:33.510  1173  1271 I AppOps  : updateUidProcState uid: 10112 procState: 2 capability:15
10-08 20:36:33.510  1173  1271 I AppOps  : commitUidPendingStateLocked() :: UID - 10112, 700 > 200, 0 > 15
10-08 20:36:33.510  1173  1271 I ActivityManager: updateOomAdj start time is before than pendingPid added, don't delete it
10-08 20:36:33.511  1173  1271 I ActivityManager: updateOomAdj start time is before than pendingPid added, don't delete it
10-08 20:36:33.511  1173  1284 W libprocessgroup: Failed to open /dev/blkio//cgroup.procs: No such file or directory
10-08 20:36:33.511 17722 17722 I ORC/LocalNumberManager: loadLocalNumberIfNeeded: mLocalNumber is loaded, , simSlot = 1, subId = 1
10-08 20:36:33.511 17722 17722 I ORC/RecipientControllerUtil: isRcsGroupChatHost false
10-08 20:36:33.511 17722 17722 I ORC/ComposerModel: isNotStartedOpenGroupChat, false
10-08 20:36:33.511 17722 17722 I ORC/ComposerGroupModel: isOpenGroupModeOnOverMaxRecipient mIsSetOpenGroupChatOnOverMaxRecipients = false
10-08 20:36:33.512 10588 10749 I duzn    : (REDACTED) appOpsListener %s %s
10-08 20:36:33.512 10588 10749 I duzn    : (REDACTED) Ignoring irrelevant audio permission changes for package %s
10-08 20:36:33.512 17722 17722 I ORC/ComposerTwoPhoneModel: isMultiSimComposingBMode false
10-08 20:36:33.512 17722 17722 I ORC/ComposerModel: isNotStartedOpenGroupChat, false
10-08 20:36:33.512 17722 17722 I ORC/ComposerCapabilityModel: [isRcsCapableFromSim] getRcsCapable() : simSlot = 1, RcsCapable = false
10-08 20:36:33.512 17722 17722 I ORC/ComposerCapabilityModel: isGroupMms getRecipientCount = 1
10-08 20:36:33.512 17722 17722 I ORC/ComposerCapabilityModel: isGroupMms getRecipientCandidateCount = 0
10-08 20:36:33.512 17722 17722 I ORC/ComposerCapabilityModel: [isRcsCapable] isRcsCapable = false
10-08 20:36:33.512 17722 17722 I ORC/WorkingMessageModel: getDynamicSendAsChatValue() : 0
10-08 20:36:33.512 17722 17722 I ORC/WorkingMessageModel: isDefaultXmsMessagingType () : false
10-08 20:36:33.512 17722 17722 I ORC/WorkingMessageModel: isManualXmsMode result = false
10-08 20:36:33.512 17722 17722 I ORC/ComposerPresenter: isAddOnlyRecipientState, false, R=false, X=false, C=0, T=false, H=false, N=false
10-08 20:36:33.512 17722 17722 I ORC/ComposerToolbarRecommendHelper: setRecommendButtonsCount, 1
10-08 20:36:33.512  1173  2550 E AppOps  : evalMode() Foreground Record OP returned IGNORE, uid - 10244, capability - 8
10-08 20:36:33.513 17722 17722 I ORC/ComposerModelUtil: isUnknownBot = false
10-08 20:36:33.514 17722 13805 I ORC/ComposerTwoPhoneModel: getTwoPhoneMode 0
10-08 20:36:33.514 17722 17762 I ORC/ComposerCapabilityModel: requestCapabilities refreshStrategy = msg_conditional_requery
10-08 20:36:33.514 17722 17762 I CS/CapabilityFactory: requestCapabilityAll() : strategy = msg_conditional_requery, requestSimSlot = 1
10-08 20:36:33.514 17722 17722 I ORC/ComposerTwoPhoneModel: getTwoPhoneMode 0
10-08 20:36:33.514 17722 17722 I PROV/MsgContentProviderQuery: query, uriMatch : 1101, Elapsed time : 0.045846 ms
10-08 20:36:33.514  1173  1271 I ActivityManager: updateOomAdj start time is before than pendingPid added, don't delete it
10-08 20:36:33.515   846   846 I Layer   : Layer [SnapshotStartingWindow for taskId=5199$_1678#31362] hidden!! flag(0)
10-08 20:36:33.515  1678  1678 D SecPanelBlockExpandingHelper: SecPanelLog PANEL_TOUCH_BLOCK_EXPAND_WHEN_KEYGUARD_GOING_AWAY isKeyguardGoingAway is true
10-08 20:36:33.515  1678  1678 D SecPanelBlockExpandingHelper: SecPanelLog PANEL_TOUCH_BLOCK_EXPAND_WHEN_KEYGUARD_GOING_AWAY isKeyguardGoingAway is true
10-08 20:36:33.515  1678  1678 D SecPanelLogger: QpRune.PANEL_BLOCK_EXPANDING panelsEnabled == false, Knox:false, SafeMode:false, Unlock:true |  StatusBarState:KEYGUARD
10-08 20:36:33.515  1678  1678 D KeyguardEditModeAnimatorController: actionMove false
10-08 20:36:33.515  1678  1678 D KeyguardEditModeAnimatorController: cancel edit mode touchSlop=24, distance=34.165638
10-08 20:36:33.516 17722 17722 I ORC/ComposerModelUtil: isNewConversation, false
10-08 20:36:33.516 17722 17722 I ORC/ComposerSimSlotModel: canShowSimCardSwitcher false
10-08 20:36:33.516 17722 17722 I ORC/ComposerPresenter: LIFE:end       [COMPOSER]onStart
10-08 20:36:33.516 31412  4091 D thread_local: enter success: 1
10-08 20:36:33.516 31412  4091 D thread_local: exit success: 0
10-08 20:36:33.516 17722 17722 I ORC/ComposerFragmentBase: addOrRemoveFocusChangeListener, add
10-08 20:36:33.516 17722 17722 I ORC/ComposerPresenterImpl: sendDonation, E= false C = 78 T = _9_-po-tp-sa B = 100
10-08 20:36:33.517  1678  1678 D SamsungLightBarControlHelper: onStatusBarAppearanceChanged() -  sbModeChanged:false, statusBarMode:MODE_TRANSPARENT, barState:KEYGUARD, isKeyguardShowing:true, navbarColorManagedByIme:false, stackAppearancesChanged:true, (AppearanceRegion{ bounds=[0,0][1080,2400]}, ), packageName:com.android.systemui
10-08 20:36:33.518  1678  1678 D SamsungLightBarControlHelper: updateStatus(WHITE icon) NumStacks:1, StatusBarMode:MODE_TRANSPARENT, lightBarBounds:[], StatusBarState:KEYGUARD, packageName:com.android.systemui, isWhiteKeyguardStatusBarBySettings:false
10-08 20:36:33.518  1678  1678 D BioUnlock: idle state
10-08 20:36:33.519  1678  1816 I ViewRootImpl@77e2bcf[NotificationShade]: mWNT: t=0x7344992830 mBlastBufferQueue=0x73847d7a70 fn= 81 caller= android.view.SyncRtSurfaceTransactionApplier.applyTransaction:96 android.view.SyncRtSurfaceTransactionApplier.lambda$scheduleApply$0$android-view-SyncRtSurfaceTransactionApplier:69 android.view.SyncRtSurfaceTransactionApplier$$ExternalSyntheticLambda0.onFrameDraw:4 
10-08 20:36:33.519  1678  1816 D BioUnlock: onFrameCommit
10-08 20:36:33.519  1678  1816 D BioUnlock: setMode 0x16 -> 0x17
10-08 20:36:33.519  1678  1816 D BioUnlock: foreground is shown / vis=12ms, goingAway=34ms, keyguard=17ms, end=51ms
10-08 20:36:33.519  1678  1816 D BioUnlock: onForegroundShown hasDrawnCb=false
10-08 20:36:33.519  1678  1678 D BioUnlock: start false
10-08 20:36:33.520  1678  1678 D KeyguardViewMediator: handleMessage 12
10-08 20:36:33.520  1678  1678 D KeyguardViewMediator: handleStartKeyguardExitAnimation startTime=0 fadeoutDuration=0
10-08 20:36:33.520  1678  1678 D KeyguardViewMediator: RemoteAnimationDisabled
10-08 20:36:33.520  1678  1678 D KeyguardVisible: start needsExpand=false
10-08 20:36:33.520  1678  1678 D BubblesManager: onKeyguardShowingChanged: isUnlockedShade=true
10-08 20:36:33.520  1678  1727 D Bubbles : onStatusBarStateChanged:mIsStatusBarShade=true
10-08 20:36:33.520  1173  1837 D WindowManager: app-onAnimationFinished(): mOuter=RemoteAnimationController@83d89f0
10-08 20:36:33.520  1173  1837 D WindowManager: onAnimationFinished(RemoteAnimationController@83d89f0): mPendingAnimations=1, caller=
10-08 20:36:33.520  1173  1837 D WindowManager: app-release(): mOuter=RemoteAnimationController@83d89f0
10-08 20:36:33.520  1173  1837 D WindowManager: onAnimationFinished(): Notify animation finished:
10-08 20:36:33.520  1173  1837 I WindowManager: Reparenting to original parent: Surface(name=DefaultTaskDisplayArea)/@0x15fe44c, destroy=true, surface=Surface(name=Task=5199)/@0x5251170
10-08 20:36:33.521  1678  1678 D CentralSurfaces: Received new disable state: enaiHbcRsokt.qingr (unchanged)
10-08 20:36:33.521  1173  1837 D WindowManager: 	container=Task{d5b038 #5199 type=standard A=10112:com.samsung.android.messaging U=0 visible=true visibleRequested=true mode=fullscreen translucent=false sz=1}
10-08 20:36:33.521   846   846 D SurfaceFlinger: Display 4633128672291735937 HWC layers:
10-08 20:36:33.521   846   846 D SurfaceFlinger:      DEVICE | 0x7b94197b90 | 0000 | RGBA_8888    |    0.0    0.0 1080.0 2400.0 |    0    0 1080 2400 | SnapshotStartingWindow for taskId=5199$_1678#31362
10-08 20:36:33.521   846   846 D SurfaceFlinger:      DEVICE | 0x7b941ec3d0 | 0100 | RGBA_8888    |    0.0    0.0 1080.0   74.0 |    0    0 1080   74 | StatusBar$_1678#85
10-08 20:36:33.521   846   846 D SurfaceFlinger:      DEVICE | 0x7b941f7230 | 0100 | RGBA_8888    |    0.0    0.0 1080.0 2400.0 |    0    0 1080 2400 | NotificationShade$_1678#31356
10-08 20:36:33.521   846   846 D SurfaceFlinger:      DEVICE | 0x7b941d8330 | 0100 | RGBA_8888    |    0.0    0.0   67.0  342.0 | 1013  349 1080  691 | com.samsung.android.app.cocktailbars[...]rvice.CocktailBarService$_3767#31360
10-08 20:36:33.521   846   846 D SurfaceFlinger:      DEVICE | 0x7b941fef10 | 0140 | RGBA_8888    |    6.0    6.0 1086.0 2406.0 |    0    0 1080 2400 | FP Iconview$_21496#31359
10-08 20:36:33.521   846   846 D SurfaceFlinger: 
10-08 20:36:33.522 17722 17722 I ORC/ComposerFragment: LIFE:end       [COMPOSER]onStart, 56
10-08 20:36:33.522 17722 17722 I ORC/BubbleListLoader: onStartLoading
10-08 20:36:33.522 17722 17722 I ORC/Setting: getEnableSupportSplitMode() smallest screen width : 411
10-08 20:36:33.522  1173  1837 I WindowManager: Finishing remote animation
10-08 20:36:33.522 17722 17722 W Settings: Setting remove_animations has moved from android.provider.Settings.System to android.provider.Settings.Global, returning read-only value.
10-08 20:36:33.522 17722 17722 I ORC/MessageListPresenter: [COMPOSER][BubbleListLoader]7-1. onLoadFinished msg count=300, conversation id=78, LoaderType=1
10-08 20:36:33.522 17722 17722 I ORC/BubbleListAdapterHelperImpl: setHighlightMessageId, -1
10-08 20:36:33.522 17722 17722 I ORC/ComposerFragmentBubbleView: [COMPOSER][BubbleListLoader]8-1. showMessageList
10-08 20:36:33.522 17722 17722 I ORC/CursorRecyclerAdapter: changeCursor - isMoreLoad : false
10-08 20:36:33.522 17722 17722 I ORC/CursorRecyclerAdapter: swapCursor return by same Cursor
10-08 20:36:33.523 17722 17722 I ORC/ComposerTwoPhoneModel: getTwoPhoneMode 0
10-08 20:36:33.523 17722 17722 I ORC/ComposerPresenterImpl: sendDonation, E= false C = 78 T = _9_-po-tp-sa B = 100
10-08 20:36:33.523 17722 17763 I ORC/ComposerUiUtils: isUnknownRecipient, false
10-08 20:36:33.523 17722 17722 I ORC/MessageEditorFragment: LIFE:begin     [MessageEditor]onStart
10-08 20:36:33.523  1173  1837 D FingerprintService.Ext: handleBioSysUiRequest: 3, 0, 0, null
10-08 20:36:33.523 21496 21496 I BSS_SysUiManager: handleMessage = 2, 127319210, 0
10-08 20:36:33.524  1678  1678 D KeyguardVisible: onKeyguardFadingAwayChanged true
10-08 20:36:33.524  1678  1678 D SecPanelExpansionStateNotifier: registerTicket() name:CentralSurfacePanelExpansionStateTicket
10-08 20:36:33.524  1678  1678 I KeyguardWallpaperController: setKeyguardShowing() showing:false, mIsPendingTypeChange:false, mOccluded:false
10-08 20:36:33.524  1678  1678 D SbStateController: setState: KEYGUARD -> SHADE
10-08 20:36:33.524  1678  1678 D SbStateController: setState: requested state SHADE!= upcomingState: KEYGUARD. This usually means the status bar state transition was interrupted before the upcoming state could be applied.
10-08 20:36:33.525  1678  1678 D CentralSurfaces: updateQsExpansionEnabled - QS Expand enabled: true
10-08 20:36:33.525  1678  1678 D SecStatusBarKeyguardViewManager: onKeyguardFadedAway
10-08 20:36:33.525  1678  1678 D KeyguardVisible: onKeyguardGoingAwayChanged false
10-08 20:36:33.525  1678  1678 D KeyguardVisible: onKeyguardFadingAwayChanged false
10-08 20:36:33.525  1678  1678 D BiometricUnlockCtrl: finishKeyguardFadingAway
10-08 20:36:33.526  1678  1824 D KeyguardUpdateMonitor: sendBiometricUnlockState type=FINGERPRINT biometricId=1
10-08 20:36:33.526  1173  3551 I AppOps  : updateUidProcState uid: 10110 procState: 3 capability:15
10-08 20:36:33.527 17722 13805 I PROV/MsgContentProviderQuery: query, uriMatch : 1101, Elapsed time : 0.044962 ms
10-08 20:36:33.527  1173  1284 W libprocessgroup: Failed to open /dev/blkio//cgroup.procs: No such file or directory
10-08 20:36:33.528  1963 10282 I UriUtil : fragment is null. get simSlot from priority policy.
10-08 20:36:33.528  1963 10282 I UriGeneratorProvider: query()  mCountryCode KE MCC 639 CountryCode KE
10-08 20:36:33.529 17722 17722 I ORC/AppWindowManager: setOnStatusListener ip.i$b@7cfd5c9
10-08 20:36:33.529 17722 17722 I ORC/MessageEditorFragment: LIFE:end       [MessageEditor]onStart
10-08 20:36:33.530 17722 17722 I ORC/RcsUIHelper: updateRcsStatusInBackground()
10-08 20:36:33.530 17722 17722 I ORC/DoubleClickBlocker: set blocking=false by release
10-08 20:36:33.530 17722 17722 I ORC/Bixby2StateHandlerImpl: updateStateChange oq.e1@7e387b7
10-08 20:36:33.530 17722 17722 I ORC/WithActivity: WithActivity onStart done
10-08 20:36:33.530 17722 17762 I ORC/RcsCommonUtil: generate: FW returned URI
10-08 20:36:33.530 17722 17770 I ORC/RcsCommonUtil: getRcsUserSetting = -1, simSlot = 1
10-08 20:36:33.530 17722 17770 I ORC/RcsCommonUtil: isEnabledRcsUserSetting false : -1
10-08 20:36:33.530 17722 17770 I ORC/ImsMgrFactory: simSlot : 1
10-08 20:36:33.530 17722 17763 I ORC/WithActivityViewManager: isEnabledUnpackMode=false, isYog=false, isPap=false
10-08 20:36:33.530 17722 17763 I ORC/WithActivityViewUtils: dumpValueSetInfo { ISO: KE, PNF: false}
10-08 20:36:33.530  1963 10282 I CapabilityQuery<1>: getCapabilities: refreshType ONLY_IF_NOT_FRESH_IN_MSG_CTX, lazyQuery: false
10-08 20:36:33.530  1963 10282 E CapabilityUtil<1>: checkModuleReady: mConfig.isAvailable == false
10-08 20:36:33.530 17722 17763 I ORC/StorageUtil: getAvailableInternalStorageSize : 36542844928
10-08 20:36:33.530  1678  1678 W NotificationEntryMgr: While running New Pipeline: updateNotifications(reason=NotificationLockscreenUserManager.updatePublicMode)
10-08 20:36:33.530  1678  1678 V SecQpBlurController: applyGedWindowBlur (0 )
10-08 20:36:33.531  1678  6113 D SamsungAnalytics605033: SendLog Result = 0
10-08 20:36:33.531   846   846 I Layer   : id=31363 removeFromCurrentState Surface(name=Task=5199)/@0x5251170 - animation-leash of app_transition#31363 (205)
10-08 20:36:33.531   846   846 I Layer   : id=29015 removeFromCurrentState Task=5199#29015 (205)
10-08 20:36:33.531   846   846 I Layer   : id=29016 removeFromCurrentState ActivityRecord{201949b u0 com.samsung.android.messaging/com.android.mms.ui.ConversationComposer} t5199}#29016 (205)
10-08 20:36:33.531   846   846 I Layer   : id=29022 removeFromCurrentState 88490aa ActivityRecordInputSink com.samsung.android.messaging/.ui.view.main.WithActivity#29022 (205)
10-08 20:36:33.531   846   846 I Layer   : id=29023 removeFromCurrentState 64e4301 com.samsung.android.messaging/com.android.mms.ui.ConversationComposer#29023 (205)
10-08 20:36:33.531   846   846 I Layer   : id=16 removeFromCurrentState ImeContainer#16 (205)
10-08 20:36:33.531   846   846 I Layer   : id=133 removeFromCurrentState WindowToken{553fd46 type=2011 android.os.Binder@bafd521}#133 (205)
10-08 20:36:33.531  1678  1678 V SecQpBlurDefaultUtils: applyWallpaperBlur  blur = 0
10-08 20:36:33.531   846   846 I Layer   : id=31208 removeFromCurrentState Surface(name=a7ad32f InputMethod)/@0x504fac5 - animation-leash of insets_animation#31208 (205)
10-08 20:36:33.531   846   846 I Layer   : id=134 removeFromCurrentState a7ad32f InputMethod#134 (205)
10-08 20:36:33.531   846   846 I Layer   : id=31361 removeFromCurrentState 3a94e16 SnapshotStartingWindow for taskId=5199#31361 (205)
10-08 20:36:33.531   846   846 I Layer   : id=31362 removeFromCurrentState SnapshotStartingWindow for taskId=5199$_1678#31362 (205)
10-08 20:36:33.531   846   846 I Layer   : id=29015 addToCurrentState Task=5199#29015 (205)
10-08 20:36:33.531   846   846 I Layer   : id=29016 addToCurrentState ActivityRecord{201949b u0 com.samsung.android.messaging/com.android.mms.ui.ConversationComposer} t5199}#29016 (205)
10-08 20:36:33.531   846   846 I Layer   : id=29022 addToCurrentState 88490aa ActivityRecordInputSink com.samsung.android.messaging/.ui.view.main.WithActivity#29022 (205)
10-08 20:36:33.531   846   846 I Layer   : id=29023 addToCurrentState 64e4301 com.samsung.android.messaging/com.android.mms.ui.ConversationComposer#29023 (205)
10-08 20:36:33.531   846   846 I Layer   : id=16 addToCurrentState ImeContainer#16 (205)
10-08 20:36:33.531   846   846 I Layer   : id=133 addToCurrentState WindowToken{553fd46 type=2011 android.os.Binder@bafd521}#133 (205)
10-08 20:36:33.531   846   846 I Layer   : id=31208 addToCurrentState Surface(name=a7ad32f InputMethod)/@0x504fac5 - animation-leash of insets_animation#31208 (205)
10-08 20:36:33.531   846   846 I Layer   : id=134 addToCurrentState a7ad32f InputMethod#134 (205)
10-08 20:36:33.531   846   846 I Layer   : id=31361 addToCurrentState 3a94e16 SnapshotStartingWindow for taskId=5199#31361 (205)
10-08 20:36:33.531   846   846 I Layer   : id=31362 addToCurrentState SnapshotStartingWindow for taskId=5199$_1678#31362 (205)
10-08 20:36:33.532  1678  1678 D KeyguardSecIndicationPolicy:  remove Item pos = DEFAULT, type =     LEGACY_TRANSIENT
10-08 20:36:33.532  1678  1678 D LockscreenNotificationManager: BarState updated : 0
10-08 20:36:33.532  1678  1678 D PanelView: mBarState changed KEYGUARD >>> SHADE
10-08 20:36:33.532  1678  1678 D PanelView: callTrace : java.lang.Throwable
10-08 20:36:33.532  1678  1678 D PanelView: 	at com.android.systemui.statusbar.phone.NotificationPanelViewController$StatusBarStateListener.onStateChanged(NotificationPanelViewController.java:7104)
10-08 20:36:33.532  1678  1678 D PanelView: 	at com.android.systemui.statusbar.StatusBarStateControllerImpl.setState(StatusBarStateControllerImpl.java:229)
10-08 20:36:33.532  1678  1678 D PanelView: 	at com.android.systemui.statusbar.phone.CentralSurfacesImpl.hideKeyguardImpl(CentralSurfacesImpl.java:3719)
10-08 20:36:33.532  1678  1678 D PanelView: 	at com.android.systemui.statusbar.phone.CentralSurfacesImpl.updateIsKeyguard(CentralSurfacesImpl.java:3551)
10-08 20:36:33.532  1678  1678 D PanelView: 	at com.android.systemui.statusbar.phone.CentralSurfacesImpl.updateIsKeyguard(CentralSurfacesImpl.java:3501)
10-08 20:36:33.532  1678  1678 D PanelView: 	at com.android.systemui.statusbar.phone.CentralSurfacesImpl.hideKeyguard(CentralSurfacesImpl.java:3496)
10-08 20:36:33.532  1678  1678 D PanelView: 	at com.android.systemui.statusbar.phone.StatusBarKeyguardViewManager.hide(StatusBarKeyguardViewManager.java:930)
10-08 20:36:33.532  1678  1678 D PanelView: 	at com.android.systemui.statusbar.phone.SecStatusBarKeyguardViewManager.hide(SecStatusBarKeyguardViewManager.java:559)
10-08 20:36:33.532  1678  1678 D PanelView: 	at com.android.systemui.keyguard.KeyguardViewMediator.handleStartKeyguardExitAnimation(KeyguardViewMediator.java:2907)
10-08 20:36:33.532  1678  1678 D PanelView: 	at com.android.systemui.keyguard.KeyguardViewMediator.-$$Nest$mhandleStartKeyguardExitAnimation(Unknown Source:0)
10-08 20:36:33.532  1678  1678 D PanelView: 	at com.android.systemui.keyguard.KeyguardViewMediator$10.lambda$handleMessage$0(KeyguardViewMediator.java:2416)
10-08 20:36:33.532  1678  1678 D PanelView: 	at com.android.systemui.keyguard.KeyguardViewMediator$10.$r8$lambda$tRRycRRcvZ6XRX_BZChBqyIZn6c(Unknown Source:0)
10-08 20:36:33.532  1678  1678 D PanelView: 	at com.android.systemui.keyguard.KeyguardViewMediator$10$$ExternalSyntheticLambda1.run(Unknown Source:4)
10-08 20:36:33.532  1678  1678 D PanelView: 	at com.android.systemui.statusbar.phone.NotificationShadeWindowControllerImpl.batchApplyWindowLayoutParams(NotificationShadeWindowControllerImpl.java:768)
10-08 20:36:33.532  1678  1678 D PanelView: 	at com.android.systemui.keyguard.KeyguardViewMediator$10.handleMessage(KeyguardViewMediator.java:2414)
10-08 20:36:33.532  1678  1678 D PanelView: 	at com.android.systemui.keyguard.KeyguardViewMediatorHelperImpl.lambda$handleSecMessage$0(KeyguardViewMediatorHelperImpl.java:733)
10-08 20:36:33.532  1678  1678 D PanelView: 	at com.android.systemui.keyguard.KeyguardViewMediatorHelperImpl.$r8$lambda$sbvVf9k3BPY5MtSGbj-aL8ZmGgE(Unknown Source:0)
10-08 20:36:33.532  1678  1678 D PanelView: 	at com.android.systemui.keyguard.KeyguardViewMediatorHelperImpl$$ExternalSyntheticLambda5.run(Unknown Source:4)
10-08 20:36:33.532  1678  1678 D PanelView: 	at com.android.systemui.keyguard.KeyguardFastBioUnlockController$DelayedActionParams$1.run(KeyguardFastBioUnlockController.java:663)
10-08 20:36:33.532  1678  1678 D PanelView: 	at android.os.Handler.handleCallback(Handler.java:942)
10-08 20:36:33.532  1678  1678 D PanelView: 	at android.os.Handler.dispatchMessage(Handler.java:99)
10-08 20:36:33.532  1678  1678 D PanelView: 	at android.os.Looper.loopOnce(Looper.java:226)
10-08 20:36:33.532  1678  1678 D PanelView: 	at android.os.Looper.loop(Looper.java:313)
10-08 20:36:33.532  1678  1678 D PanelView: 	at android.app.ActivityThread.main(ActivityThread.java:8762)
10-08 20:36:33.532  1678  1678 D PanelView: 	at java.lang.reflect.Method.invoke(Native Method)
10-08 20:36:33.532  1678  1678 D PanelView: 	at com.android.internal.os.RuntimeInit$MethodAndArgsCaller.run(RuntimeInit.java:604)
10-08 20:36:33.532  1678  1678 D PanelView: 	at com.android.internal.os.ZygoteInit.main(ZygoteInit.java:1067)
10-08 20:36:33.533  1678  1678 D MediaControlPanel: mActionButtonNumCollapsed = 3, mActionButtonNumExpand = 3
10-08 20:36:33.533  1678  1678 D MediaControlPanel: mActionButtonNumCollapsed = 0, mActionButtonNumExpand = 0
10-08 20:36:33.533  1678  1678 D MediaControlPanel: mActionButtonNumCollapsed = 0, mActionButtonNumExpand = 0
10-08 20:36:33.533  1678  1678 V QsExpandAnimator: setQsExpansionPosition 0.0
10-08 20:36:33.534  1963 10282 I ImsServiceSwitchEur[1]:  isRcsEnabled: true mDefaultSms true mUpsmEnabled false mEmergencyEnabled false
10-08 20:36:33.534  1963 10282 I ImsServiceStub<1>: isServiceAvailable: im, rat: -1, profileFind:true, Enabled:true
10-08 20:36:33.534  1678  1678 D SecQpScrimControlHelper:  secVisible?false (scrimState:UNLOCKED) (1stFrc:1, 2ndFrc:0, drgDown:0, PanelEx:false)   (dlyGed:0, dlySec:0)   [N(0.4|ff000000)-B(0|ff000000)]   (expanded:true, tracking:false, qsBottomVisible:true)   thm(a:1, rtEnabled:false) park(panel_on?false)   kgd(fw:false, gw:false, ocl:false)   (assetsSeq:0, themeSeq:0, uiMode:33)   GED[F(0|0)-N(0|0)-B(0,|ff000000)-Duration:360], caller:setQsPosition()
10-08 20:36:33.534  1678  1678 D PanelView: current noti scale : 1.0158174
10-08 20:36:33.534 17722 17770 I CS/ImsManagerApi: isRcsServiceAvailable, isAvailable=true, simSlot=1, Elapsed time : 4.28973 ms
10-08 20:36:33.534  1678  1678 D SecQSFragmentAnimator_QSCinema: [panelExpansionDragDownPxAmount:1374] qsExpanded:false, qsFullyExpanded:false, qsExpansionPosition:0, qsExpandImmediate:false, qsCollapsingWhilePanelClosing:false &&&  panelExpansionFraction:1, panelExpansionDragDownPxAmount:1348 ***   panelExpanded:true, panelExpanding:false %%%   barState:1, overScrolling:false, userId:-1, isRunningPanelOnHeightAnimation:false
10-08 20:36:33.535  1678  1678 D MultiSIMPreferredSlotBar: setExpanded : false mShowing : false
10-08 20:36:33.535  1678  1678 D MultiSIMController: unRegisterSimCardManagerCallback : mSimCardManagerService is null 
10-08 20:36:33.535  1678  1678 D MultiSIMPreferredSlotBar: setExpanded : false mShowing : false
10-08 20:36:33.535  1678  1678 D MultiSIMController: unRegisterSimCardManagerCallback : mSimCardManagerService is null 
10-08 20:36:33.535  1678  1678 D PanelView: onBarStateChanged() to 0
10-08 20:36:33.535  1678  1678 D PluginLockDelegateApp: onBarStateChanged 
10-08 20:36:33.535  1678  1678 I DymLock|DynamicLockManager: setBarState() state[0] mIsScreenOn[true]
10-08 20:36:33.536  1963 10282 I ConfigProvider: query uri:xxxxx
10-08 20:36:33.536  1678  1678 D MediaControlPanel: mActionButtonNumCollapsed = 3, mActionButtonNumExpand = 3
10-08 20:36:33.536  1678  1678 D MediaControlPanel: mActionButtonNumCollapsed = 0, mActionButtonNumExpand = 0
10-08 20:36:33.536  1678  1678 D MediaControlPanel: mActionButtonNumCollapsed = 0, mActionButtonNumExpand = 0
10-08 20:36:33.536  1678  1678 D MultiSIMPreferredSlotBar: setExpanded : false mShowing : false
10-08 20:36:33.536  1678  1678 D MultiSIMController: unRegisterSimCardManagerCallback : mSimCardManagerService is null 
10-08 20:36:33.536  1678  1678 D SecQSFragmentAnimator_QSCinema: [barState:0] qsExpanded:false, qsFullyExpanded:false, qsExpansionPosition:0, qsExpandImmediate:false, qsCollapsingWhilePanelClosing:false &&&  panelExpansionFraction:1, panelExpansionDragDownPxAmount:1374 ***   panelExpanded:true, panelExpanding:false %%%   barState:1, overScrolling:false, userId:-1, isRunningPanelOnHeightAnimation:false
10-08 20:36:33.536  1678  1678 V QsExpandAnimator: onStateChanged
10-08 20:36:33.537 17722 17722 I MSHandlerLifeCycle: removeMultiSplitHandler: no exist. decor=DecorView@438b8d3[ConversationComposer]
10-08 20:36:33.537 17722 17722 I ViewRootImpl@251ebf0[ConversationComposer]: stopped(false) old = false
10-08 20:36:33.537 17722 17722 I ORC/WithActivity: WithActivity onResume version:14.5.44.5
10-08 20:36:33.537 17722 17722 I ORC/BaseWithActivityInterfaceImpl: onResume()
10-08 20:36:33.537 17722 17722 I VerificationLog: OnResume
10-08 20:36:33.537 17722 17722 I ORC/Setting: getEnableSupportSplitMode() smallest screen width : 411
10-08 20:36:33.537 17722 17722 I ORC/Setting: getEnableSupportSplitMode() smallest screen width : 411
10-08 20:36:33.537  1173  1558 W PresentationStatsEventLogger: Shouldn't be logging AutofillPresentationEventReported again for same event
10-08 20:36:33.537 17722 17722 I ORC/SplitManager: getAdjustedSplitMode, supportSplitMode: false, currentSplitMode: 0x20
10-08 20:36:33.537 17722 17722 I ORC/Setting: getEnableSupportSplitMode() smallest screen width : 411
10-08 20:36:33.537 17722 17722 W Settings: Setting remove_animations has moved from android.provider.Settings.System to android.provider.Settings.Global, returning read-only value.
10-08 20:36:33.537 17722 17722 I ORC/Setting: getEnableSupportSplitMode() smallest screen width : 411
10-08 20:36:33.537 17722 17722 W ORC/BotEnvManager: isTabEnabled: BrandTabDisplay not set
10-08 20:36:33.538 17722 17722 I ORC/WithActivity: initBrandEnv: true, changed: false
10-08 20:36:33.538 17722 17722 I ORC/BaseWithActivity: getComposerFragment : b9{a3adb71} (f78b244a-b436-4b45-b5e3-55b18a3ad82f id=0x7f0a0442 tag=TAG_RIGHT_PANE_FRAGMENT)
10-08 20:36:33.538  1963 10282 I ConfigProvider: queryMultipleStorage path content://com.samsung.rcs.autoconfigurationprovider/*#simslot1 map {0=com.sec.internal.ims.config.adapters.StorageAdapter@5cf224a}
10-08 20:36:33.538 17722 17722 I ORC/Setting: getEnableSupportSplitMode() smallest screen width : 411
10-08 20:36:33.538  1963 10282 I ConfigProvider: queryStorage path content://com.samsung.rcs.autoconfigurationprovider/*#simslot1
10-08 20:36:33.539 17722 17722 I ORC/Setting: getEnableSupportSplitMode() smallest screen width : 411
10-08 20:36:33.539 17722 17770 E ORC/RegistrationManager: version colum not exist
10-08 20:36:33.539 17722 17770 I ORC/RegistrationManager: isConfigCompleted, version=
10-08 20:36:33.540 17722 17770 I ORC/RcsUIHelper: checkRcsStatus : getRcsSupportedSimSlot=1, isRcsEnabled=false, isRcsAvailable=true, isConfigCompleted=false, isKtTwoPhoneProcess=false, isEmergencyMode=false, isRcsCmcc=false
10-08 20:36:33.540 17722 17770 I ORC/RcsUIHelper: checkRcsStatus : simSlot(1) : false -> false
10-08 20:36:33.540  1678  1678 D SecPanelExpansionStateModel:  @ POST updatePanelOpenState(KEYGUARD > SHADE) <STATE_CLOSED> 1stFrc:1 2ndFrc:0 panelExpanded:true lcdOn:true Bar:SHADE wasUnlockedWhilePanelOpening:false
10-08 20:36:33.540 17722 17763 I ORC/WithActivityViewUtils: clearNotificationsIfNeeded : LockScreen = true, CoverAttached = false, CoverOpened = true, isLeftPaneShowing = false
10-08 20:36:33.540 17722 17762 I CS/RcsCapabilityManager<1>: requestCapability() : requestCapability : ONLY_IF_NOT_FRESH_IN_MSG_CTX, storeRemoteCapable = true
10-08 20:36:33.540  1678  1678 W NotificationEntryMgr: While running New Pipeline: updateNotifications(reason=CentralSurfaces state changed)
10-08 20:36:33.540 17722 17762 I CS/RemoteCapabilityManager<1>: getCapabilityData() : CapabilityData is empty
10-08 20:36:33.541  1678  1678 D CentralSurfaces: Received new disable state: enaiHbcRsokt.qingr (unchanged)
10-08 20:36:33.542  1678  1678 D SecQSFragmentAnimator_QSCinema: [qsExpansionPosition:-0.472] qsExpanded:false, qsFullyExpanded:false, qsExpansionPosition:0, qsExpandImmediate:false, qsCollapsingWhilePanelClosing:false &&&  panelExpansionFraction:1, panelExpansionDragDownPxAmount:1374 ***   panelExpanded:true, panelExpanding:false %%%   barState:0, overScrolling:false, userId:-1, isRunningPanelOnHeightAnimation:false
10-08 20:36:33.542  1678  1678 V QsExpandAnimator: setQsExpansionPosition -0.4715872
10-08 20:36:33.542  1678  1678 D PanelView: current noti scale : 1.0158174
10-08 20:36:33.543  1678  1678 D SecQSFragmentAnimator_QSCinema: [panelExpanded:false] qsExpanded:false, qsFullyExpanded:false, qsExpansionPosition:-0.47, qsExpandImmediate:false, qsCollapsingWhilePanelClosing:false &&&  panelExpansionFraction:1, panelExpansionDragDownPxAmount:1374 ***   panelExpanded:true, panelExpanding:false %%%   barState:0, overScrolling:false, userId:-1, isRunningPanelOnHeightAnimation:false
10-08 20:36:33.543  1678  1678 D KeyguardVisible: go panelState: OPEN -> CLOSED tracking=false, expanded=true, fraction=1.0
10-08 20:36:33.543 17722 17722 I ORC/NewComposerAction: dismiss
10-08 20:36:33.543  1678  1678 D SecQpScrimControlHelper:  secVisible?false (scrimState:UNLOCKED) (1stFrc:0, 2ndFrc:0, drgDown:0, PanelEx:false)   (dlyGed:0, dlySec:0)   [N(0|ff000000)-B(0|ff000000)]   (expanded:false, tracking:false, qsBottomVisible:true)   thm(a:1, rtEnabled:false) park(panel_on?false)   kgd(fw:false, gw:false, ocl:false)   (assetsSeq:0, themeSeq:0, uiMode:33)   GED[F(0|0)-N(0|0)-B(0,|ff000000)-Duration:360], caller:onPanelExpansionChanged()
10-08 20:36:33.543  1678  1678 D SecQpScrimView sec_qp_scrim_notifications: setViewAlpha(0.40 >> 0.00)
10-08 20:36:33.544 17722 17764 E AccessibilityManager: semUpdateAssitantMenu invoking from manager:
10-08 20:36:33.544  1678  1678 D KeyguardVisible: go panelState: CLOSED -> CLOSED tracking=false, expanded=false, fraction=0.0
10-08 20:36:33.544 17722 17764 E AccessibilityManager: semUpdateAssitantMenu invoking from manager:
10-08 20:36:33.544 17722 17764 E AccessibilityManager: semUpdateAssitantMenu invoking from manager:
10-08 20:36:33.544  1678  1678 D SecQSFragmentAnimator_QSCinema: [panelExpansionFraction:0] qsExpanded:false, qsFullyExpanded:false, qsExpansionPosition:-0.47, qsExpandImmediate:false, qsCollapsingWhilePanelClosing:false &&&  panelExpansionFraction:1, panelExpansionDragDownPxAmount:1374 ***   panelExpanded:false, panelExpanding:false %%%   barState:0, overScrolling:false, userId:-1, isRunningPanelOnHeightAnimation:false
10-08 20:36:33.544  2080  2631 I TouchInteractionService: onSystemUiStateChanged, stateFlags : 450 |overview_disabled|home_disabled|navbar_hidden|keygrd_visible|
10-08 20:36:33.544 17722 17764 E AccessibilityManager: semUpdateAssitantMenu invoking from manager:
10-08 20:36:33.544 17722 17764 I ORC/BaseWithActivity: mIsResumed = true, isLeftPaneVisible = false, isRightPaneVisible = true, changedPane = 0
10-08 20:36:33.544  1678  1678 D SecQSFragmentAnimator_QSCinema: [panelExpansionDragDownPxAmount:0] qsExpanded:false, qsFullyExpanded:false, qsExpansionPosition:-0.47, qsExpandImmediate:false, qsCollapsingWhilePanelClosing:false &&&  panelExpansionFraction:0, panelExpansionDragDownPxAmount:1374 ***   panelExpanded:false, panelExpanding:false %%%   barState:0, overScrolling:false, userId:-1, isRunningPanelOnHeightAnimation:false
10-08 20:36:33.544  2080  2080 I RecentsAnimationDeviceState: setSystemUiFlags, stateFlags : 450
10-08 20:36:33.544  2080  2080 I TouchInteractionService: onSystemUiFlagsChanged, lastSysUIFlags : 454
10-08 20:36:33.544  1678  1678 D PanelView: shouldPanelBeVisible false / headUpVisible=false, why=0
10-08 20:36:33.544  1678  2027 D KnoxStateMonitorImpl: unlockSdp :: Maybe keyguard hidden as user 0
10-08 20:36:33.544  3682  3682 W ContextImpl: Calling a method in the system process without a qualified user: android.app.ContextImpl.startService:1926 android.content.ContextWrapper.startService:834 android.content.ContextWrapper.startService:834 com.sec.android.diagmonagent.sa.receiver.CFLogReceiver.a:4 com.sec.android.diagmonagent.sa.receiver.CFLogReceiver.onReceive:4 
10-08 20:36:33.545  1678  1678 D CentralSurfaces: updateQsExpansionEnabled - QS Expand enabled: true
10-08 20:36:33.546  1678  1678 D BiometricUnlockCtrl: finishKeyguardFadingAway
10-08 20:36:33.546  1678  2027 D KnoxStateMonitorImpl: unlockSdp :: Maybe keyguard hidden as user 0
10-08 20:36:33.546  1678  1678 D InsetsSourceConsumer: setRequestedVisible: visible=true, type=23, host=NotificationShade, from=android.view.InsetsSourceConsumer.show:250 android.view.InsetsController.collectSourceControls:1303 android.view.InsetsController.controlAnimationUnchecked:1164 android.view.InsetsController.applyAnimation:1576 android.view.InsetsController.applyAnimation:1557 android.view.InsetsController.show:1063 android.view.InsetsController.show:1004 com.android.systemui.statusbar.phone.StatusBarKeyguardViewManager$8.run:1093 com.android.systemui.statusbar.phone.SecStatusBarKeyguardViewManager.updateNavigationBarVisibility:732 com.android.systemui.statusbar.phone.StatusBarKeyguardViewManager.updateStates:1120 
10-08 20:36:33.546  1678  6113 D SamsungAnalytics605033: SendLog Result = 0
10-08 20:36:33.546  1678  1678 D InsetsSourceConsumer: setRequestedVisible: visible=true, type=22, host=NotificationShade, from=android.view.InsetsSourceConsumer.show:250 android.view.InsetsController.collectSourceControls:1303 android.view.InsetsController.controlAnimationUnchecked:1164 android.view.InsetsController.applyAnimation:1576 android.view.InsetsController.applyAnimation:1557 android.view.InsetsController.show:1063 android.view.InsetsController.show:1004 com.android.systemui.statusbar.phone.StatusBarKeyguardViewManager$8.run:1093 com.android.systemui.statusbar.phone.SecStatusBarKeyguardViewManager.updateNavigationBarVisibility:732 com.android.systemui.statusbar.phone.StatusBarKeyguardViewManager.updateStates:1120 
10-08 20:36:33.546  1678  1678 D InsetsSourceConsumer: setRequestedVisible: visible=true, type=21, host=NotificationShade, from=android.view.InsetsSourceConsumer.show:250 android.view.InsetsController.collectSourceControls:1303 android.view.InsetsController.controlAnimationUnchecked:1164 android.view.InsetsController.applyAnimation:1576 android.view.InsetsController.applyAnimation:1557 android.view.InsetsController.show:1063 android.view.InsetsController.show:1004 com.android.systemui.statusbar.phone.StatusBarKeyguardViewManager$8.run:1093 com.android.systemui.statusbar.phone.SecStatusBarKeyguardViewManager.updateNavigationBarVisibility:732 com.android.systemui.statusbar.phone.StatusBarKeyguardViewManager.updateStates:1120 
10-08 20:36:33.547  1678  1824 D Tile.WifiTile: handleUpdateState isTransient=false transientEnabling =false cb.isTransient=false state.state = 2 mStateBeforeClick.value =false enabled =true
10-08 20:36:33.547  1678  1678 D InsetsController: controlAnimationUnchecked: Added types=2 animType=0 host=NotificationShade from=android.view.InsetsController.applyAnimation:1576 android.view.InsetsController.applyAnimation:1557 android.view.InsetsController.show:1063 
10-08 20:36:33.547  1678  1678 D InsetsSourceConsumer: setRequestedVisible: visible=true, type=1, host=NotificationShade, from=android.view.InsetsSourceConsumer.show:250 android.view.InsetsController.showDirectly:1609 android.view.InsetsController.controlAnimationUnchecked:1232 android.view.InsetsController.applyAnimation:1576 android.view.InsetsController.applyAnimation:1557 android.view.InsetsController.show:1063 android.view.InsetsController.show:1004 com.android.systemui.statusbar.phone.StatusBarKeyguardViewManager$8.run:1093 com.android.systemui.statusbar.phone.SecStatusBarKeyguardViewManager.updateNavigationBarVisibility:732 com.android.systemui.statusbar.phone.StatusBarKeyguardViewManager.updateStates:1120 
10-08 20:36:33.547  1678  1678 D KeyguardUpdateMonitor: onKeyguardVisibilityChanged(v=true->false, s=true->false, o=false->false)
10-08 20:36:33.547  1678  1678 D KeyguardWallpaperEventHandler: onKeyguardVisibilityChanged(), showing: false
10-08 20:36:33.547  1678  1678 D KeyguardWallpaperEventHandler: sendMessage(), what = 723 , obj = false , arg1 = -1 , arg2 = -1
10-08 20:36:33.548  1173  1837 D InsetsSourceProvider: updateVisibility: serverVisible=true, clientVisible=true, source=InsetsSource: {mType=ITYPE_NAVIGATION_BAR, mFrame=[0,2274][1080,2400], mVisible=true, mInsetsRoundedCornerFrame=false}, controlTarget=Window{9232ea3 u0 NotificationShade}, from=com.android.server.wm.InsetsSourceProvider.setClientVisible:536 com.android.server.wm.InsetsSourceProvider.updateClientVisibility:518 com.android.server.wm.InsetsStateController.onInsetsModified:250 com.android.server.wm.InsetsPolicy.onInsetsModified:556 com.android.server.wm.Session.updateRequestedVisibilities:780 android.view.IWindowSession$Stub.onTransact:1184 com.android.server.wm.Session.onTransact:188 android.os.Binder.execTransactInternal:1321 android.os.Binder.execTransact:1280 <bottom of call stack> 
10-08 20:36:33.550  1173  1837 D WindowManager: updateSystemBarAttributes: displayId=0, win=Window{9232ea3 u0 NotificationShade}, navColorWin=null, focusedCanBeNavColorWin=true, behavior=2, appearance=0, statusBarAppearanceRegions=[AppearanceRegion{ bounds=[0,0][1080,2400]}], requestedVisibilities=ITYPE_NAVIGATION_BAR: visible, ITYPE_EXTRA_NAVIGATION_BAR: visible, ITYPE_LOCAL_NAVIGATION_BAR_1: visible, ITYPE_LOCAL_NAVIGATION_BAR_2: visible, from=com.android.server.wm.InsetsStateController.onInsetsModified:256 com.android.server.wm.InsetsPolicy.onInsetsModified:556 com.android.server.wm.Session.updateRequestedVisibilities:780 
10-08 20:36:33.550  1678  1678 D KeyguardSecBottomAreaView: mCanIndicationAreaUpdate set to false
10-08 20:36:33.550  1678  1966 I KeyguardWallpaperController: setKeyguardShowing() showing:false, mIsPendingTypeChange:false, mOccluded:false
10-08 20:36:33.551  1678  1678 I FaceWidgetWindowManager: onKeyguardVisibilityChanged() showing = false
10-08 20:36:33.551  1678  1678 I FaceWidgetWindowManager: removeAllViews
10-08 20:36:33.551  1678  1678 D FaceWidgetDashBoard: close() - 1(returned) : showing is false
10-08 20:36:33.551  1678  1678 D FaceWidgetDashBoard: reset child count 0
10-08 20:36:33.551  1678  1678 D FaceWidgetViewModel: updateInfoParameters(visibility) isAODState = false, clockSidePadding = (63, 63), musicSidePadding = (30, 30)
10-08 20:36:33.551  1678  1678 D FaceWidgetViewModel:  updateOwnerInfoVisible isKeyguardVisible false mIsDozing false
10-08 20:36:33.551  1678  1678 D FaceWidgetViewModel: shouldContainerVisible() reason = (visibility) false - keyguard is not visible (false, false)
10-08 20:36:33.551 17722 17722 I ORC/TelephonyUtils: getSimOperatorForSlot(1) : 63902
10-08 20:36:33.551 17722 17722 I ORC/Feature: mcc = 639
10-08 20:36:33.551  1678  1678 D FaceWidgetMusicPageShownManager: Keyguard is not visible
10-08 20:36:33.551  1678  1678 D FaceWidgetMusicPageShownManager: updateMusicPageShownState() show = false, reattach = false, reason = keyguard visibility
10-08 20:36:33.551  1678  1678 D PanelView: setMusicShown() shown = false
10-08 20:36:33.551  1963 10282 I ConfigProvider: query uri:xxxxx
10-08 20:36:33.551  1678  1678 D LockscreenNotificationIconsOnlyController: updateRefArea 64 -> 32
10-08 20:36:33.551  1678  1678 D FaceWidgetMusicPageShownObserver: onChanged() FaceWidgetMusicShownLiveData{mIsVisible=false, mIsReattach=false, mIsHideImmediately=false}
10-08 20:36:33.551  1678  1678 D FaceWidgetMusicPageShownObserver: onChanged() hiding animation
10-08 20:36:33.551  2066 13783 I SecHAL  : device_sleep: NFC can be going to sleep
10-08 20:36:33.551  1678  1678 D FaceWidgetMusicPage: mMusicPageShowingObserver onChanged() : FaceWidgetMusicShownLiveData{mIsVisible=false, mIsReattach=false, mIsHideImmediately=false}
10-08 20:36:33.551  1678  1678 D FaceWidgetClockPage: mMusicPageShowingObserver onChanged() : FaceWidgetMusicShownLiveData{mIsVisible=false, mIsReattach=false, mIsHideImmediately=false}
10-08 20:36:33.551  1678  1678 D FaceWidgetClockPage: getScaleMode() 0, isLandscape = false
10-08 20:36:33.551  1678  1678 D FaceWidgetClockPage: updateScaleMode() 0, type = 2, scalable = true
10-08 20:36:33.552  1678  1678 D FaceWidgetPagesController: refreshViews() pending reason = REFRESH_CLOCK_RECT
10-08 20:36:33.552  1678  1824 W Settings: Setting all_sound_off has moved from android.provider.Settings.System to android.provider.Settings.Global, returning read-only value.
10-08 20:36:33.552  1678  1678 D FaceWidgetPagesController: onKeyguardVisibilityChanged() showing = false
10-08 20:36:33.552  1678  1678 D FaceWidgetPagesController: refreshViews() reason = VISIBILITY_CHANGED, force = true
10-08 20:36:33.552  1678  1678 D FaceWidgetClockPage: updateClockSuspendState() reason = visibility, suspend=true, kv=false, wa=true, di=true, wu=false, aodDash=false
10-08 20:36:33.552  1678  1678 I DigitalHorizontalClockView_LOCK_SCREEN: suspend : mSuspend = false, enable = true
10-08 20:36:33.552  1678  1678 I DigitalHorizontalClockView_LOCK_SCREEN: onSuspendStateChanged: to true
10-08 20:36:33.554  1678  1824 D Tile.BluetoothTile:  handleUpdateState enabled = true connected = false connecting = false changedState =false bluetoothState = 12 enabledChanging = false state = BooleanState[spec=Bluetooth,icon=ResourceIcon[resId=0x7f0809bd],iconSupplier=null,label=Bluetooth,secondaryLabel=null,contentDescription=Bluetooth,On,stateDescription=null,dualLabelContentDescription=Connected to Bluetooth.,expandedAccessibilityClassName=null,disabledByPolicy=false,dualTarget=true,isTransient=false,state=2,slash="null",sideViewCustomDrawable=null,tileClassName=null,value=true,forceExpandIcon=false]
10-08 20:36:33.554  1963 10282 I ConfigProvider: queryMultipleStorage path content://com.samsung.rcs.autoconfigurationprovider/*#simslot1 map {0=com.sec.internal.ims.config.adapters.StorageAdapter@5cf224a}
10-08 20:36:33.554  1963 10282 I ConfigProvider: queryStorage path content://com.samsung.rcs.autoconfigurationprovider/*#simslot1
10-08 20:36:33.554  1173  1272 V WindowManager: performShowLocked: mDrawState=HAS_DRAWN in Window{5454305 u0 NavigationBar0}
10-08 20:36:33.555 17722 17722 E ORC/RegistrationManager: version colum not exist
10-08 20:36:33.555 17722 17722 I ORC/RegistrationManager: isConfigCompleted, version=
10-08 20:36:33.555  1963  3284 I ConfigProvider: query uri:xxxxx
10-08 20:36:33.556  1678  1678 I DigitalHorizontalClockView_LOCK_SCREEN: onTimeChanged : [DateTimeInfo : date = Wed, 8 October, hourMin = 20:36, hourMinSec = , hour = 20, minute = 36, amPm  = , colon = :, second = , timezone = null, isLeftOfAmPm = false, ttsDate = Wednesday, 8 October]
10-08 20:36:33.556  1678  1678 I DigitalHorizontalClockView_LOCK_SCREEN: updatePaletteItemTransition : paletteItem = SOLID color : FFE5E5E5, animation = false
10-08 20:36:33.556  1678  1678 I DigitalHorizontalClockView_LOCK_SCREEN: scaleDateView: viewWidth=283.0, maxWidth=954, scale=1.0
10-08 20:36:33.556  1678  1678 I DigitalHorizontalClockView_LOCK_SCREEN: scaleTimeView: measureWidth=450.0, maxWidth=954
10-08 20:36:33.556  1678  1678 D FaceWidgetMusicViewModel: updateMusicPageColorForVisibility
10-08 20:36:33.556  1678  1678 D FaceWidgetMusicViewModel: updateMusicPageColorForVisibility, useLightModeColor = false
10-08 20:36:33.556  1678  1678 D KeyguardUpdateMonitor: sendKeyguardStateUpdated(false, false, false, false)
10-08 20:36:33.557  1678  1678 D KeyguardViewMediator: keyguardGone
10-08 20:36:33.557  1678  1678 D KeyguardVisible: keyguardGoingAway false
10-08 20:36:33.557  1678  1678 V SettingsHelper: *** unregister listener for com.android.systemui.keyguard.KeyguardViewMediatorHelperImpl$$ExternalSyntheticLambda1@2c283c8
10-08 20:36:33.557  2080 23498 I TouchInteractionService: onSystemUiStateChanged, stateFlags : 386 |overview_disabled|home_disabled|navbar_hidden|
10-08 20:36:33.557 17722 17803 I ViewRootImpl@251ebf0[ConversationComposer]: Resizing android.view.ViewRootImpl@37cdad9: frame = [0,0][1080,2400] reportDraw = false forceLayout = false syncSeqId = 0
10-08 20:36:33.557  1678  1704 I ViewRootImpl@f3dc5c7[StatusBar]: Resizing android.view.ViewRootImpl@346f763: frame = [0,0][1080,74] reportDraw = false forceLayout = false syncSeqId = 5
10-08 20:36:33.557  2080  2080 I RecentsAnimationDeviceState: setSystemUiFlags, stateFlags : 386
10-08 20:36:33.557  2080  2080 I TouchInteractionService: onSystemUiFlagsChanged, lastSysUIFlags : 450
10-08 20:36:33.558  1678  2569 I ViewRootImpl@6d60797[NavigationBar0]: Resizing android.view.ViewRootImpl@3c3ddf0: frame = [0,2274][1080,2400] reportDraw = false forceLayout = false syncSeqId = 6
10-08 20:36:33.558  1678  1824 D Tile.RotationLockTile:  handleUpdateState: false orientation = true
10-08 20:36:33.558  1678  2305 I ViewRootImpl@77e2bcf[NotificationShade]: Resizing android.view.ViewRootImpl@65bb5eb: frame = [0,0][1080,2400] reportDraw = false forceLayout = false syncSeqId = 1
10-08 20:36:33.558  1678  1824 D NetworkController: IsPowerOffServiceState is false: 0
10-08 20:36:33.558  1678  1824 D Tile.AirplaneModeTile:  handleUpdateState: airplane mode is disabled : enter mSetting.getValue() == 0 mIsWiFiOnlyDevice false isNoSimState false !isPowerOffServiceState true
10-08 20:36:33.558  1678  1824 D Tile.AirplaneModeTile:  handleUpdateState:  value = false, state = 1
10-08 20:36:33.558  3767 22536 I ViewRootImpl@398488e[CocktailBarService]: Resizing android.view.ViewRootImpl@8a9d0cb: frame = [1013,349][1080,691] reportDraw = false forceLayout = false syncSeqId = 9
10-08 20:36:33.559 21496 21623 I ViewRootImpl@16e6063[FP Iconview]: Resizing android.view.ViewRootImpl@f56668c: frame = [0,0][1080,2400] reportDraw = false forceLayout = false syncSeqId = 0
10-08 20:36:33.559 21496 21496 I ViewRootImpl@16e6063[FP Iconview]: handleResized, msg = 4 frames=ClientWindowFrames{frame=[0,0][1080,2400] display=[0,0][1080,2400] parentFrame=[0,0][0,0] parentClippedByDisplayCutout=false} forceNextWindowRelayout=false displayId=0 resizeMode=-1 frameChanged=false displayFrameChanged=false configChanged=false displayChanged=false
10-08 20:36:33.559  3682  3682 W ContextImpl: Calling a method in the system process without a qualified user: android.app.ContextImpl.startService:1926 android.content.ContextWrapper.startService:834 android.content.ContextWrapper.startService:834 com.sec.android.diagmonagent.sa.receiver.CFLogReceiver.a:4 com.sec.android.diagmonagent.sa.receiver.CFLogReceiver.onReceive:4 
10-08 20:36:33.559  1678  1678 D KeyguardViewMediator: onKeyguardExitFinished
