10-08 20:36:42.774  1678  1678 D SecPanelLogger: PanelView.dispatchTouchEvent() MotionEvent { action=ACTION_UP, actionButton=0, id[0]=0, x[0]=854.03314, y[0]=1775.3905, toolType[0]=TOOL_TYPE_FINGER, buttonState=0, classification=NONE, metaState=0, flags=0x0, edgeFlags=0x0, pointerCount=1, historySize=0, eventTime=112503220, downTime=112503057, deviceId=2, source=0x1002, displayId=0, eventId=718925068 } |  StatusBarState:SHADE
10-08 20:36:42.774  1678  1678 D SecPanelLogger: StackScrollerController onTouch(ACTION_UP)  |  StatusBarState:SHADE
10-08 20:36:42.775  1173  1173 D SGM:GameManager: identifyGamePackage. com.samsung.android.messaging, mCurrentUserId: 0, callerUserId: 0, callingMethodInfo: com.android.server.ssrm.fgapps.GameAppUtils.isGame(GameAppUtils.java:84)
10-08 20:36:42.775  1173  1173 D SGM:PkgDataHelper: getGamePkgData(). com.samsung.android.messaging
10-08 20:36:42.775  1173  1173 I SemDvfsHyPerManager: acquire hyper - GESTURE_DETECTED/1173@25, type = -999
10-08 20:36:42.775   776   835 I HYPER-HAL: [RequestManager.cpp]acquire(): Acquired ID : 718226  [1173 / 25]    HINT : GESTURE_DETECTED    list : [TIMEOUT / 1695] 
10-08 20:36:42.775   776   835 I HYPER-HAL: [ResourceManager.cpp]updateResource(): [CPUMinFreq] UpdateResource Request ID : 718226    Value : 1167714
10-08 20:36:42.776  1173  1173 D SGM:GameManager: identifyGamePackage. com.samsung.android.messaging, mCurrentUserId: 0, callerUserId: 0, callingMethodInfo: com.android.server.ssrm.fgapps.GameAppUtils.isGame(GameAppUtils.java:84)
10-08 20:36:42.776  1173  1173 D SGM:PkgDataHelper: getGamePkgData(). com.samsung.android.messaging
10-08 20:36:42.776  1173  1173 I SemDvfsHyPerManager: acquire hyper - GESTURE_DETECTED/1173@25, type = -999
10-08 20:36:42.776  1173  1173 I SemDvfsHyPerManager: acquire hyper - SMOOTH_SCROLL/1173@24, type = -999
10-08 20:36:42.776   776   835 I HYPER-HAL: [RequestManager.cpp]acquire(): Acquired ID : 718226  [1173 / 25]    HINT : GESTURE_DETECTED    list : [TIMEOUT / 1695] 
10-08 20:36:42.776   776   835 I HYPER-HAL: [ResourceManager.cpp]updateResource(): [CPUMinFreq] UpdateResource Request ID : 718226    Value : 1167714
10-08 20:36:42.777   776   835 I HYPER-HAL: [RequestManager.cpp]acquire(): Acquired ID : 717027  [1173 / 24]    HINT : SMOOTH_SCROLL    list : 
10-08 20:36:42.777   776   835 I HYPER-HAL: [ResourceManager.cpp]updateResource(): [CPUMinFreq] UpdateResource Request ID : 717027    Value : 1258359
10-08 20:36:42.777   776   835 I HYPER-HAL: [ResourceManager.cpp]removeResource(): [CPUMinFreq] RemoveResource Request ID : 717027
10-08 20:36:42.777   776   835 I HYPER-HAL: [RequestManager.cpp]releaseLocked(): Released ID : 717027
10-08 20:36:42.784  1678  1678 D MultiSIMPreferredSlotBar: setExpanded : false mShowing : false
10-08 20:36:42.785  1678  1678 D MultiSIMController: unRegisterSimCardManagerCallback : mSimCardManagerService is null 
10-08 20:36:42.785  1678  1678 D MultiSIMPreferredSlotBar: setExpanded : false mShowing : false
10-08 20:36:42.785  1678  1678 D MultiSIMController: unRegisterSimCardManagerCallback : mSimCardManagerService is null 
10-08 20:36:42.785  1678  1678 D MultiSIMPreferredSlotBar: setExpanded : false mShowing : false
10-08 20:36:42.785  1678  1678 D MultiSIMController: unRegisterSimCardManagerCallback : mSimCardManagerService is null 
10-08 20:36:42.788  1173  1173 I SemDvfsHyPerManager: acquire hyper - SMOOTH_SCROLL/1173@24, type = -999
10-08 20:36:42.789   776   835 I HYPER-HAL: [RequestManager.cpp]acquire(): Acquired ID : 717027  [1173 / 24]    HINT : SMOOTH_SCROLL    list : 
10-08 20:36:42.789   776   835 I HYPER-HAL: [ResourceManager.cpp]updateResource(): [CPUMinFreq] UpdateResource Request ID : 717027    Value : 1258359
10-08 20:36:42.800   846   944 I VSyncReactor: Current= 60, TransitioningTo= 0, Distance= 60
10-08 20:36:42.801  1678  1678 D MultiSIMPreferredSlotBar: setExpanded : false mShowing : false
10-08 20:36:42.801  1678  1678 D MultiSIMController: unRegisterSimCardManagerCallback : mSimCardManagerService is null 
10-08 20:36:42.801  1678  1678 D MultiSIMPreferredSlotBar: setExpanded : false mShowing : false
10-08 20:36:42.801  1678  1678 D MultiSIMController: unRegisterSimCardManagerCallback : mSimCardManagerService is null 
10-08 20:36:42.801  1678  1678 D MultiSIMPreferredSlotBar: setExpanded : false mShowing : false
10-08 20:36:42.801  1678  1678 D MultiSIMController: unRegisterSimCardManagerCallback : mSimCardManagerService is null 
10-08 20:36:42.818  1678  1678 D MultiSIMPreferredSlotBar: setExpanded : false mShowing : false
10-08 20:36:42.818  1678  1678 D MultiSIMController: unRegisterSimCardManagerCallback : mSimCardManagerService is null 
10-08 20:36:42.818  1678  1678 D MultiSIMPreferredSlotBar: setExpanded : false mShowing : false
10-08 20:36:42.818  1678  1678 D MultiSIMController: unRegisterSimCardManagerCallback : mSimCardManagerService is null 
10-08 20:36:42.818  1678  1678 D MultiSIMPreferredSlotBar: setExpanded : false mShowing : false
10-08 20:36:42.818  1678  1678 D MultiSIMController: unRegisterSimCardManagerCallback : mSimCardManagerService is null 
10-08 20:36:42.834  1678  1678 D MultiSIMPreferredSlotBar: setExpanded : false mShowing : false
10-08 20:36:42.834  1678  1678 D MultiSIMController: unRegisterSimCardManagerCallback : mSimCardManagerService is null 
10-08 20:36:42.834  1678  1678 D MultiSIMPreferredSlotBar: setExpanded : false mShowing : false
10-08 20:36:42.834  1678  1678 D MultiSIMController: unRegisterSimCardManagerCallback : mSimCardManagerService is null 
10-08 20:36:42.834  1678  1678 D MultiSIMPreferredSlotBar: setExpanded : false mShowing : false
10-08 20:36:42.834  1678  1678 D MultiSIMController: unRegisterSimCardManagerCallback : mSimCardManagerService is null 
10-08 20:36:42.851  1678  1678 D MultiSIMPreferredSlotBar: setExpanded : false mShowing : false
10-08 20:36:42.851  1678  1678 D MultiSIMController: unRegisterSimCardManagerCallback : mSimCardManagerService is null 
10-08 20:36:42.851  1678  1678 D MultiSIMPreferredSlotBar: setExpanded : false mShowing : false
10-08 20:36:42.851  1678  1678 D MultiSIMController: unRegisterSimCardManagerCallback : mSimCardManagerService is null 
10-08 20:36:42.851  1678  1678 D MultiSIMPreferredSlotBar: setExpanded : false mShowing : false
10-08 20:36:42.851  1678  1678 D MultiSIMController: unRegisterSimCardManagerCallback : mSimCardManagerService is null 
10-08 20:36:42.871  1678  1678 D MultiSIMPreferredSlotBar: setExpanded : false mShowing : false
10-08 20:36:42.871  1678  1678 D MultiSIMController: unRegisterSimCardManagerCallback : mSimCardManagerService is null 
10-08 20:36:42.871  1678  1678 D MultiSIMPreferredSlotBar: setExpanded : false mShowing : false
10-08 20:36:42.871  1678  1678 D MultiSIMController: unRegisterSimCardManagerCallback : mSimCardManagerService is null 
10-08 20:36:42.872  1678  1678 D MultiSIMPreferredSlotBar: setExpanded : false mShowing : false
10-08 20:36:42.872  1678  1678 D MultiSIMController: unRegisterSimCardManagerCallback : mSimCardManagerService is null 
10-08 20:36:42.884  1678  1678 D MultiSIMPreferredSlotBar: setExpanded : false mShowing : false
10-08 20:36:42.884  1678  1678 D MultiSIMController: unRegisterSimCardManagerCallback : mSimCardManagerService is null 
10-08 20:36:42.884  1678  1678 D MultiSIMPreferredSlotBar: setExpanded : false mShowing : false
10-08 20:36:42.884  1678  1678 D MultiSIMController: unRegisterSimCardManagerCallback : mSimCardManagerService is null 
10-08 20:36:42.884  1678  1678 D MultiSIMPreferredSlotBar: setExpanded : false mShowing : false
10-08 20:36:42.884  1678  1678 D MultiSIMController: unRegisterSimCardManagerCallback : mSimCardManagerService is null 
10-08 20:36:42.901  1678  1678 D MultiSIMPreferredSlotBar: setExpanded : false mShowing : false
10-08 20:36:42.901  1678  1678 D MultiSIMController: unRegisterSimCardManagerCallback : mSimCardManagerService is null 
10-08 20:36:42.901  1678  1678 D MultiSIMPreferredSlotBar: setExpanded : false mShowing : false
10-08 20:36:42.901  1678  1678 D MultiSIMController: unRegisterSimCardManagerCallback : mSimCardManagerService is null 
10-08 20:36:42.901  1678  1678 D MultiSIMPreferredSlotBar: setExpanded : false mShowing : false
10-08 20:36:42.901  1678  1678 D MultiSIMController: unRegisterSimCardManagerCallback : mSimCardManagerService is null 
10-08 20:36:42.918  1678  1678 D MultiSIMPreferredSlotBar: setExpanded : false mShowing : false
10-08 20:36:42.918  1678  1678 D MultiSIMController: unRegisterSimCardManagerCallback : mSimCardManagerService is null 
10-08 20:36:42.918  1678  1678 D MultiSIMPreferredSlotBar: setExpanded : false mShowing : false
10-08 20:36:42.918  1678  1678 D MultiSIMController: unRegisterSimCardManagerCallback : mSimCardManagerService is null 
10-08 20:36:42.918  1678  1678 D MultiSIMPreferredSlotBar: setExpanded : false mShowing : false
10-08 20:36:42.918  1678  1678 D MultiSIMController: unRegisterSimCardManagerCallback : mSimCardManagerService is null 
10-08 20:36:42.934  1678  1678 D MultiSIMPreferredSlotBar: setExpanded : false mShowing : false
10-08 20:36:42.934  1678  1678 D MultiSIMController: unRegisterSimCardManagerCallback : mSimCardManagerService is null 
10-08 20:36:42.934  1678  1678 D MultiSIMPreferredSlotBar: setExpanded : false mShowing : false
10-08 20:36:42.934  1678  1678 D MultiSIMController: unRegisterSimCardManagerCallback : mSimCardManagerService is null 
10-08 20:36:42.934  1678  1678 D MultiSIMPreferredSlotBar: setExpanded : false mShowing : false
10-08 20:36:42.934  1678  1678 D MultiSIMController: unRegisterSimCardManagerCallback : mSimCardManagerService is null 
10-08 20:36:42.951  1678  1678 D MultiSIMPreferredSlotBar: setExpanded : false mShowing : false
10-08 20:36:42.951  1678  1678 D MultiSIMController: unRegisterSimCardManagerCallback : mSimCardManagerService is null 
10-08 20:36:42.951  1678  1678 D MultiSIMPreferredSlotBar: setExpanded : false mShowing : false
10-08 20:36:42.951  1678  1678 D MultiSIMController: unRegisterSimCardManagerCallback : mSimCardManagerService is null 
10-08 20:36:42.951  1678  1678 D MultiSIMPreferredSlotBar: setExpanded : false mShowing : false
10-08 20:36:42.951  1678  1678 D MultiSIMController: unRegisterSimCardManagerCallback : mSimCardManagerService is null 
10-08 20:36:42.968  1678  1678 D MultiSIMPreferredSlotBar: setExpanded : false mShowing : false
10-08 20:36:42.968  1678  1678 D MultiSIMController: unRegisterSimCardManagerCallback : mSimCardManagerService is null 
10-08 20:36:42.968  1678  1678 D MultiSIMPreferredSlotBar: setExpanded : false mShowing : false
10-08 20:36:42.968  1678  1678 D MultiSIMController: unRegisterSimCardManagerCallback : mSimCardManagerService is null 
10-08 20:36:42.969  1678  1678 D MultiSIMPreferredSlotBar: setExpanded : false mShowing : false
10-08 20:36:42.969  1678  1678 D MultiSIMController: unRegisterSimCardManagerCallback : mSimCardManagerService is null 
10-08 20:36:42.979  1678  1824 D MobileStatusTracker(1/1): onSignalStrengthsChanged level=4, vendorLevel=4
10-08 20:36:42.980  1678  1824 D MobileSignalController(1/1): notifyListener: enabled=true, connected=true, dataConnected=false, networkType=LTE (4G), emergencyOnly=false, roaming=false, isDefault=false, dataActivity=, level=4, ca=false, mmWave=false, disabledDataIcon=false, simCard=ETC
10-08 20:36:42.980  1678  1824 D NetworkController: SignalStrength from intent slotId=1
10-08 20:36:42.987  1678  1678 D MultiSIMPreferredSlotBar: setExpanded : false mShowing : false
10-08 20:36:42.987  1678  1678 D MultiSIMController: unRegisterSimCardManagerCallback : mSimCardManagerService is null 
10-08 20:36:42.988  1678  1678 D MultiSIMPreferredSlotBar: setExpanded : false mShowing : false
10-08 20:36:42.988  1678  1678 D MultiSIMController: unRegisterSimCardManagerCallback : mSimCardManagerService is null 
10-08 20:36:42.988  1678  1678 D MultiSIMPreferredSlotBar: setExpanded : false mShowing : false
10-08 20:36:42.988  1678  1678 D MultiSIMController: unRegisterSimCardManagerCallback : mSimCardManagerService is null 
10-08 20:36:43.002  1678  1678 D MultiSIMPreferredSlotBar: setExpanded : false mShowing : false
10-08 20:36:43.002  1678  1678 D MultiSIMController: unRegisterSimCardManagerCallback : mSimCardManagerService is null 
10-08 20:36:43.002  1678  1678 D MultiSIMPreferredSlotBar: setExpanded : false mShowing : false
10-08 20:36:43.002  1678  1678 D MultiSIMController: unRegisterSimCardManagerCallback : mSimCardManagerService is null 
10-08 20:36:43.002  1678  1678 D MultiSIMPreferredSlotBar: setExpanded : false mShowing : false
10-08 20:36:43.002  1678  1678 D MultiSIMController: unRegisterSimCardManagerCallback : mSimCardManagerService is null 
10-08 20:36:43.017  1678  1678 D MultiSIMPreferredSlotBar: setExpanded : false mShowing : false
10-08 20:36:43.017  1678  1678 D MultiSIMController: unRegisterSimCardManagerCallback : mSimCardManagerService is null 
10-08 20:36:43.018  1678  1678 D MultiSIMPreferredSlotBar: setExpanded : false mShowing : false
10-08 20:36:43.018  1678  1678 D MultiSIMController: unRegisterSimCardManagerCallback : mSimCardManagerService is null 
10-08 20:36:43.018  1678  1678 D MultiSIMPreferredSlotBar: setExpanded : false mShowing : false
10-08 20:36:43.018  1678  1678 D MultiSIMController: unRegisterSimCardManagerCallback : mSimCardManagerService is null 
10-08 20:36:43.034  1678  1678 D MultiSIMPreferredSlotBar: setExpanded : false mShowing : false
10-08 20:36:43.034  1678  1678 D MultiSIMController: unRegisterSimCardManagerCallback : mSimCardManagerService is null 
10-08 20:36:43.034  1678  1678 D MultiSIMPreferredSlotBar: setExpanded : false mShowing : false
10-08 20:36:43.034  1678  1678 D MultiSIMController: unRegisterSimCardManagerCallback : mSimCardManagerService is null 
10-08 20:36:43.034  1678  1678 D MultiSIMPreferredSlotBar: setExpanded : false mShowing : false
10-08 20:36:43.034  1678  1678 D MultiSIMController: unRegisterSimCardManagerCallback : mSimCardManagerService is null 
10-08 20:36:43.050  1678  1678 D MultiSIMPreferredSlotBar: setExpanded : false mShowing : false
10-08 20:36:43.054  1678  1678 D MultiSIMController: unRegisterSimCardManagerCallback : mSimCardManagerService is null 
10-08 20:36:43.054  1678  1678 D MultiSIMPreferredSlotBar: setExpanded : false mShowing : false
10-08 20:36:43.054  1678  1678 D MultiSIMController: unRegisterSimCardManagerCallback : mSimCardManagerService is null 
10-08 20:36:43.054  1678  1678 D MultiSIMPreferredSlotBar: setExpanded : false mShowing : false
10-08 20:36:43.055  1678  1678 D MultiSIMController: unRegisterSimCardManagerCallback : mSimCardManagerService is null 
10-08 20:36:43.068  1678  1678 D MultiSIMPreferredSlotBar: setExpanded : false mShowing : false
10-08 20:36:43.068  1678  1678 D MultiSIMController: unRegisterSimCardManagerCallback : mSimCardManagerService is null 
10-08 20:36:43.068  1678  1678 D MultiSIMPreferredSlotBar: setExpanded : false mShowing : false
10-08 20:36:43.068  1678  1678 D MultiSIMController: unRegisterSimCardManagerCallback : mSimCardManagerService is null 
10-08 20:36:43.068  1678  1678 D MultiSIMPreferredSlotBar: setExpanded : false mShowing : false
10-08 20:36:43.068  1678  1678 D MultiSIMController: unRegisterSimCardManagerCallback : mSimCardManagerService is null 
10-08 20:36:43.084  1678  1678 D MultiSIMPreferredSlotBar: setExpanded : false mShowing : false
10-08 20:36:43.084  1678  1678 D MultiSIMController: unRegisterSimCardManagerCallback : mSimCardManagerService is null 
10-08 20:36:43.084  1678  1678 D MultiSIMPreferredSlotBar: setExpanded : false mShowing : false
10-08 20:36:43.084  1678  1678 D MultiSIMController: unRegisterSimCardManagerCallback : mSimCardManagerService is null 
10-08 20:36:43.084  1678  1678 D MultiSIMPreferredSlotBar: setExpanded : false mShowing : false
10-08 20:36:43.084  1678  1678 D MultiSIMController: unRegisterSimCardManagerCallback : mSimCardManagerService is null 
10-08 20:36:43.102  1678  1678 D MultiSIMPreferredSlotBar: setExpanded : false mShowing : false
10-08 20:36:43.102  1678  1678 D MultiSIMController: unRegisterSimCardManagerCallback : mSimCardManagerService is null 
10-08 20:36:43.102  1678  1678 D MultiSIMPreferredSlotBar: setExpanded : false mShowing : false
10-08 20:36:43.102  1678  1678 D MultiSIMController: unRegisterSimCardManagerCallback : mSimCardManagerService is null 
10-08 20:36:43.102  1678  1678 D MultiSIMPreferredSlotBar: setExpanded : false mShowing : false
10-08 20:36:43.102  1678  1678 D MultiSIMController: unRegisterSimCardManagerCallback : mSimCardManagerService is null 
10-08 20:36:43.117  1678  1678 D MultiSIMPreferredSlotBar: setExpanded : false mShowing : false
10-08 20:36:43.117  1678  1678 D MultiSIMController: unRegisterSimCardManagerCallback : mSimCardManagerService is null 
10-08 20:36:43.117  1678  1678 D MultiSIMPreferredSlotBar: setExpanded : false mShowing : false
10-08 20:36:43.117  1678  1678 D MultiSIMController: unRegisterSimCardManagerCallback : mSimCardManagerService is null 
10-08 20:36:43.117  1678  1678 D MultiSIMPreferredSlotBar: setExpanded : false mShowing : false
10-08 20:36:43.118  1678  1678 D MultiSIMController: unRegisterSimCardManagerCallback : mSimCardManagerService is null 
10-08 20:36:43.138  1678  1678 D MultiSIMPreferredSlotBar: setExpanded : false mShowing : false
10-08 20:36:43.138  1678  1678 D MultiSIMController: unRegisterSimCardManagerCallback : mSimCardManagerService is null 
10-08 20:36:43.138  1678  1678 D MultiSIMPreferredSlotBar: setExpanded : false mShowing : false
10-08 20:36:43.138  1678  1678 D MultiSIMController: unRegisterSimCardManagerCallback : mSimCardManagerService is null 
10-08 20:36:43.138  1678  1678 D MultiSIMPreferredSlotBar: setExpanded : false mShowing : false
10-08 20:36:43.138  1678  1678 D MultiSIMController: unRegisterSimCardManagerCallback : mSimCardManagerService is null 
10-08 20:36:43.153  1678  1678 D MultiSIMPreferredSlotBar: setExpanded : false mShowing : false
10-08 20:36:43.153  1678  1678 D MultiSIMController: unRegisterSimCardManagerCallback : mSimCardManagerService is null 
10-08 20:36:43.153  1678  1678 D MultiSIMPreferredSlotBar: setExpanded : false mShowing : false
10-08 20:36:43.153  1678  1678 D MultiSIMController: unRegisterSimCardManagerCallback : mSimCardManagerService is null 
10-08 20:36:43.153  1678  1678 D MultiSIMPreferredSlotBar: setExpanded : false mShowing : false
10-08 20:36:43.153  1678  1678 D MultiSIMController: unRegisterSimCardManagerCallback : mSimCardManagerService is null 
10-08 20:36:43.167  1678  1678 D MultiSIMPreferredSlotBar: setExpanded : false mShowing : false
10-08 20:36:43.169  1678  1678 D MultiSIMController: unRegisterSimCardManagerCallback : mSimCardManagerService is null 
10-08 20:36:43.169  1678  1678 D MultiSIMPreferredSlotBar: setExpanded : false mShowing : false
10-08 20:36:43.169  1678  1678 D MultiSIMController: unRegisterSimCardManagerCallback : mSimCardManagerService is null 
10-08 20:36:43.169  1678  1678 D MultiSIMPreferredSlotBar: setExpanded : false mShowing : false
10-08 20:36:43.169  1678  1678 D MultiSIMController: unRegisterSimCardManagerCallback : mSimCardManagerService is null 
10-08 20:36:43.186  1678  1678 D MultiSIMPreferredSlotBar: setExpanded : false mShowing : false
10-08 20:36:43.186  1678  1678 D MultiSIMController: unRegisterSimCardManagerCallback : mSimCardManagerService is null 
10-08 20:36:43.186  1678  1678 D MultiSIMPreferredSlotBar: setExpanded : false mShowing : false
10-08 20:36:43.186  1678  1678 D MultiSIMController: unRegisterSimCardManagerCallback : mSimCardManagerService is null 
10-08 20:36:43.186  1678  1678 D MultiSIMPreferredSlotBar: setExpanded : false mShowing : false
10-08 20:36:43.186  1678  1678 D MultiSIMController: unRegisterSimCardManagerCallback : mSimCardManagerService is null 
10-08 20:36:43.201  1678  1678 D MultiSIMPreferredSlotBar: setExpanded : false mShowing : false
10-08 20:36:43.201  1678  1678 D MultiSIMController: unRegisterSimCardManagerCallback : mSimCardManagerService is null 
10-08 20:36:43.201  1678  1678 D MultiSIMPreferredSlotBar: setExpanded : false mShowing : false
10-08 20:36:43.201  1678  1678 D MultiSIMController: unRegisterSimCardManagerCallback : mSimCardManagerService is null 
10-08 20:36:43.201  1678  1678 D MultiSIMPreferredSlotBar: setExpanded : false mShowing : false
10-08 20:36:43.201  1678  1678 D MultiSIMController: unRegisterSimCardManagerCallback : mSimCardManagerService is null 
10-08 20:36:43.218  1678  1678 D MultiSIMPreferredSlotBar: setExpanded : false mShowing : false
10-08 20:36:43.218  1678  1678 D MultiSIMController: unRegisterSimCardManagerCallback : mSimCardManagerService is null 
10-08 20:36:43.218  1678  1678 D MultiSIMPreferredSlotBar: setExpanded : false mShowing : false
10-08 20:36:43.218  1678  1678 D MultiSIMController: unRegisterSimCardManagerCallback : mSimCardManagerService is null 
10-08 20:36:43.218  1678  1678 D MultiSIMPreferredSlotBar: setExpanded : false mShowing : false
10-08 20:36:43.218  1678  1678 D MultiSIMController: unRegisterSimCardManagerCallback : mSimCardManagerService is null 
10-08 20:36:43.237  1678  1678 D MultiSIMPreferredSlotBar: setExpanded : false mShowing : false
10-08 20:36:43.237  1678  1678 D MultiSIMController: unRegisterSimCardManagerCallback : mSimCardManagerService is null 
10-08 20:36:43.237  1678  1678 D MultiSIMPreferredSlotBar: setExpanded : false mShowing : false
10-08 20:36:43.237  1678  1678 D MultiSIMController: unRegisterSimCardManagerCallback : mSimCardManagerService is null 
10-08 20:36:43.237  1678  1678 D MultiSIMPreferredSlotBar: setExpanded : false mShowing : false
10-08 20:36:43.237  1678  1678 D MultiSIMController: unRegisterSimCardManagerCallback : mSimCardManagerService is null 
10-08 20:36:43.251  1678  1678 D MultiSIMPreferredSlotBar: setExpanded : false mShowing : false
10-08 20:36:43.251  1678  1678 D MultiSIMController: unRegisterSimCardManagerCallback : mSimCardManagerService is null 
10-08 20:36:43.251  1678  1678 D MultiSIMPreferredSlotBar: setExpanded : false mShowing : false
10-08 20:36:43.251  1678  1678 D MultiSIMController: unRegisterSimCardManagerCallback : mSimCardManagerService is null 
10-08 20:36:43.251  1678  1678 D MultiSIMPreferredSlotBar: setExpanded : false mShowing : false
10-08 20:36:43.251  1678  1678 D MultiSIMController: unRegisterSimCardManagerCallback : mSimCardManagerService is null 
10-08 20:36:43.258  1173  1558 W NotificationHistory: Attempted to add notif for locked/gone/disabled user 0
10-08 20:36:43.266   846   846 D SurfaceFlinger: GPIS:: requestGPIS
10-08 20:36:43.266  1678  1678 D MultiSIMPreferredSlotBar: setExpanded : false mShowing : false
10-08 20:36:43.266  1678  1678 D MultiSIMController: unRegisterSimCardManagerCallback : mSimCardManagerService is null 
10-08 20:36:43.267  1678  1678 D MultiSIMPreferredSlotBar: setExpanded : false mShowing : false
10-08 20:36:43.267  1678  1678 D MultiSIMController: unRegisterSimCardManagerCallback : mSimCardManagerService is null 
10-08 20:36:43.267  1678  1678 D MultiSIMPreferredSlotBar: setExpanded : false mShowing : false
10-08 20:36:43.271  1678  1678 D MultiSIMController: unRegisterSimCardManagerCallback : mSimCardManagerService is null 
10-08 20:36:43.714   546   546 D io_stats: !@   8,0 r 4440897 114154980 w 3928744 45154404 d 1344326 65126268 f 0 0 iot 2084112 0 th 0 0 0 pt 0 inp 0 0 112504.163
10-08 20:36:43.936  1173  1493 D InputReader: Btn_touch(9): value=1 when=112504.384986
10-08 20:36:43.936  1173  1493 I InputReader: Touch event's action is 0x0 (id=2, t=0) [pCnt=1, s=0.9512 ] when=112504.384986
10-08 20:36:43.937  1173  1492 I InputDispatcher: Delivering touch to (1678): action: 0x4, f=0x0, d=0, '5454305', t=1 
10-08 20:36:43.937  1173  1492 I InputDispatcher: Delivering touch to (1678): action: 0x0, f=0x0, d=0, '9232ea3', t=1 *(0.75)
10-08 20:36:43.937  1173  1492 D PowerManagerService: [api] userActivityFromNative :  (event: 2 flags: 0 displayId: 0) eventTime = 112504384
10-08 20:36:43.937  1678  1678 I ViewRootImpl@77e2bcf[NotificationShade]: ViewPostIme pointer 0
10-08 20:36:43.938  1678  1678 D SecPanelLogger: PanelView.dispatchTouchEvent() MotionEvent { action=ACTION_DOWN, actionButton=0, id[0]=0, x[0]=659.7069, y[0]=1972.8514, toolType[0]=TOOL_TYPE_FINGER, buttonState=0, classification=NONE, metaState=0, flags=0x0, edgeFlags=0x0, pointerCount=1, historySize=0, eventTime=112504384, downTime=112504384, deviceId=2, source=0x1002, displayId=0, eventId=504697023 } |  StatusBarState:SHADE
10-08 20:36:43.938  1678  1678 D SecPanelLogger: NPVC InterceptTouch(ACTION_DOWN) (mQsExpansionEnabledPolicy:true && mQsExpansionEnabledAmbient:false && !isRemoteInputActive:true && !isDexStandAloneMode():true) |  StatusBarState:SHADE
10-08 20:36:43.938  1173  1269 I GestureDetector: obtain mCurrentDownEvent. id: 504697023 caller: com.android.server.wm.SystemGesturesPointerEventListener.onPointerEvent:203 com.android.server.wm.PointerEventDispatcher.onInputEvent:53 android.view.InputEventReceiver.dispatchInputEvent:285 
10-08 20:36:43.938  1678  1678 D KeyguardTouchAnimator: intercepted: action=0 mQsExpanded=false, mQsFullyExpanded=false
10-08 20:36:43.938  1678  1678 D SecPanelLogger:  PVC InterceptTouch(ACTION_DOWN)  |  StatusBarState:SHADE
10-08 20:36:43.938  1678  1678 D SecPanelLogger: NotificationsQuickSettingsContainer InterceptTouch(ACTION_DOWN)  |  StatusBarState:SHADE
10-08 20:36:43.938  1678  1678 D SecPanelLogger: StackScrollerController InterceptTouch(ACTION_DOWN)  |  StatusBarState:SHADE
10-08 20:36:43.939  1678  1678 I GestureDetector: obtain mCurrentDownEvent. id: 504697023 caller: android.view.ScaleGestureDetector.onTouchEvent:275 com.android.systemui.ExpandHelper.onInterceptTouchEvent:302 com.android.systemui.statusbar.notification.stack.NotificationStackScrollLayoutController$TouchHandler.onInterceptTouchEvent:2011 
10-08 20:36:43.939  1173  1269 I GestureDetector: obtain mCurrentDownEvent. id: 504697023 caller: com.android.server.wm.SystemPerformancePointerEventListener.onPointerEvent:89 com.android.server.wm.PointerEventDispatcher.onInputEvent:53 android.view.InputEventReceiver.dispatchInputEvent:285 
10-08 20:36:43.939  1678  1678 D SecPanelLogger: StackScrollerController onTouch(ACTION_DOWN)  |  StatusBarState:SHADE
10-08 20:36:43.939  1678  1678 I GestureDetector: obtain mCurrentMotionEventRaw. action: 0 id: 504697023
10-08 20:36:43.939  1678  1678 I GestureDetector: obtain mCurrentDownEvent. id: 504697023 caller: android.view.ScaleGestureDetector.onTouchEvent:275 com.android.systemui.ExpandHelper.onTouchEvent:442 com.android.systemui.statusbar.notification.stack.NotificationStackScrollLayoutController$TouchHandler.onTouchEvent:2077 
10-08 20:36:43.970   563 13732 I keystore2: keystore2::watchdog: Watchdog thread idle -> terminating. Have a great day.
10-08 20:36:43.972  1173  1269 I GestureDetector: obtain mCurrentMotionEventRaw. action: 2 id: 88956057
10-08 20:36:43.972  1173  1269 I GestureDetector: obtain mCurrentMotionEventRaw. action: 2 id: 88956057
10-08 20:36:43.982  1678  1678 D SecPanelLogger: PanelView.dispatchTouchEvent() MotionEvent { action=ACTION_MOVE, actionButton=0, id[0]=0, x[0]=660.3931, y[0]=1970.2323, toolType[0]=TOOL_TYPE_FINGER, buttonState=0, classification=NONE, metaState=0, flags=0x0, edgeFlags=0x0, pointerCount=1, historySize=1, eventTime=112504424, downTime=112504384, deviceId=2, source=0x1002, displayId=0, eventId=88956057 } |  StatusBarState:SHADE
10-08 20:36:43.982  1678  1678 D SecPanelLogger: NPVC InterceptTouch(ACTION_MOVE) (mQsExpansionEnabledPolicy:true && mQsExpansionEnabledAmbient:false && !isRemoteInputActive:true && !isDexStandAloneMode():true) |  StatusBarState:SHADE
10-08 20:36:43.982  1678  1678 D SecPanelLogger:  PVC InterceptTouch(ACTION_MOVE)  |  StatusBarState:SHADE
10-08 20:36:43.982  1678  1678 D SecPanelLogger: NotificationsQuickSettingsContainer InterceptTouch(ACTION_MOVE)  |  StatusBarState:SHADE
10-08 20:36:43.982  1678  1678 D SecPanelLogger: StackScrollerController onTouch(ACTION_MOVE)  |  StatusBarState:SHADE
10-08 20:36:43.982  1678  1678 I GestureDetector: obtain mCurrentMotionEventRaw. action: 2 id: 88956057
10-08 20:36:44.016  1678  1678 D SecQSFragmentAnimator_QSCinema: [panelExpanding:true] qsExpanded:false, qsFullyExpanded:false, qsExpansionPosition:0, qsExpandImmediate:false, qsCollapsingWhilePanelClosing:false &&&  panelExpansionFraction:1, panelExpansionDragDownPxAmount:2137 ***   panelExpanded:true, panelExpanding:false %%%   barState:0, overScrolling:false, userId:-1, isRunningPanelOnHeightAnimation:false
10-08 20:36:44.017  1678  1678 D KeyguardVisible: go panelState: OPEN -> OPEN tracking=true, expanded=true, fraction=1.0
10-08 20:36:44.017  1678  1678 D KeyguardVisible: cancelPendingPanelCollapse false
10-08 20:36:44.018  1678  1678 D SecPanelLogger: NotificationsQuickSettingsContainer InterceptTouch(ACTION_CANCEL)  |  StatusBarState:SHADE
10-08 20:36:44.018  1678  1678 D SecPanelLogger: StackScrollerController onTouch(ACTION_CANCEL)  |  StatusBarState:SHADE
10-08 20:36:44.018  1678  1678 V SecQpBlurController: applySemWindowBlur (300 )
10-08 20:36:44.019  1678  1678 D BackgroundBlurDrawable: setScaleX, scaleX : 1.0
10-08 20:36:44.019  1678  1678 D BackgroundBlurDrawable: setScaleY, scaleY : 1.0
10-08 20:36:44.032   846   846 D Layer   : [SEC_SF_EFFECTS] setBlurRegions ## {radius=300u, cornerRadii=[0.000000, 0.000000, 0.000000, 0.000000], alpha=1.000000, rect=[0, 0, 1080, 2400]
10-08 20:36:44.032   846   846 D Layer   : GPIS:: requestGPIS
10-08 20:36:44.032  1678  1678 D SecPanelLogger: NPVC onTouch(ACTION_MOVE)  |  StatusBarState:SHADE
10-08 20:36:44.032  1678  1678 D SecPanelLogger:  PVC onTouch(ACTION_MOVE)  |  StatusBarState:SHADE
10-08 20:36:44.037  1678  1678 D SecQpScrimControlHelper:  secVisible?true (scrimState:UNLOCKED) (1stFrc:0.99, 2ndFrc:0, drgDown:0, PanelEx:true)   (dlyGed:0, dlySec:0)   [N(0.4|ff000000)-B(0|ff000000)]   (expanded:true, tracking:true, qsBottomVisible:true)   thm(a:1, rtEnabled:false) park(panel_on?false)   kgd(fw:false, gw:false, ocl:false)   (assetsSeq:0, themeSeq:0, uiMode:33)   GED[F(0|0)-N(0|0)-B(0,|ff000000)-Duration:360], caller:onPanelExpansionChanged()
10-08 20:36:44.037  1678  1678 D SecQSFragmentAnimator_QSCinema: [panelExpansionFraction:0.985] qsExpanded:false, qsFullyExpanded:false, qsExpansionPosition:0, qsExpandImmediate:false, qsCollapsingWhilePanelClosing:false &&&  panelExpansionFraction:1, panelExpansionDragDownPxAmount:2137 ***   panelExpanded:true, panelExpanding:true %%%   barState:0, overScrolling:false, userId:-1, isRunningPanelOnHeightAnimation:false
10-08 20:36:44.037  1678  1678 D SecQSFragmentAnimator_QSCinema: [panelExpansionDragDownPxAmount:2105.955] qsExpanded:false, qsFullyExpanded:false, qsExpansionPosition:0, qsExpandImmediate:false, qsCollapsingWhilePanelClosing:false &&&  panelExpansionFraction:0.99, panelExpansionDragDownPxAmount:2137 ***   panelExpanded:true, panelExpanding:true %%%   barState:0, overScrolling:false, userId:-1, isRunningPanelOnHeightAnimation:false
10-08 20:36:44.038  1678  1678 D SecPanelExpansionStateModel: !!! NOTIFY !!! PanelOpenState is Changed to <STATE_ANIMATING> from <STATE_OPEN> 1stFrc:0.99 2ndFrc:0 panelExpanded:true lcdOn:true Bar:SHADE wasUnlockedWhilePanelOpening:false
10-08 20:36:44.038  1678  1678 D SecQpScrimControlHelper:  secVisible?true (scrimState:UNLOCKED) (1stFrc:0.99, 2ndFrc:0, drgDown:0, PanelEx:true)   (dlyGed:0, dlySec:0)   [N(0.4|ff000000)-B(0|ff000000)]   (expanded:true, tracking:true, qsBottomVisible:true)   thm(a:1, rtEnabled:false) park(panel_on?false)   kgd(fw:false, gw:false, ocl:false)   (assetsSeq:0, themeSeq:0, uiMode:33)   GED[F(0|0)-N(0|0)-B(0,|ff000000)-Duration:360], caller:onSecPanelExpansionStateChanged(STATE_ANIMATING)
10-08 20:36:44.038  1678  1678 V SecQpBlurController: applySemWindowBlur (300 )
10-08 20:36:44.039  1678  1678 D BackgroundBlurDrawable: setScaleX, scaleX : 1.0
10-08 20:36:44.039  1173  1173 D InputMethodManagerService: DESKTOP MODE! : 2
10-08 20:36:44.039  1173  1173 D InputMethodManagerService: NOT IN KNOX DESKTOP MODE!
10-08 20:36:44.039  1678  1678 D BackgroundBlurDrawable: setScaleY, scaleY : 1.0
10-08 20:36:44.039  3767  3767 I TrayVisibilityController: TrayVisibilityReceiver action :com.samsung.systemui.statusbar.ANIMATING
10-08 20:36:44.048   846   846 D Layer   : [SEC_SF_EFFECTS] setBlurRegions ## {radius=300u, cornerRadii=[0.000000, 0.000000, 0.000000, 0.000000], alpha=1.000000, rect=[0, 0, 1080, 2400]
10-08 20:36:44.051  1678  1678 D SecQSFragmentAnimator_QSCinema: [panelExpansionDragDownPxAmount:2049.466] qsExpanded:false, qsFullyExpanded:false, qsExpansionPosition:0, qsExpandImmediate:false, qsCollapsingWhilePanelClosing:false &&&  panelExpansionFraction:0.96, panelExpansionDragDownPxAmount:2105.95 ***   panelExpanded:true, panelExpanding:true %%%   barState:0, overScrolling:false, userId:-1, isRunningPanelOnHeightAnimation:false
10-08 20:36:44.052  1678  1678 V SecQpBlurController: applySemWindowBlur (300 )
10-08 20:36:44.052  1678  1678 D BackgroundBlurDrawable: setScaleX, scaleX : 1.0
10-08 20:36:44.052  1678  1678 D BackgroundBlurDrawable: setScaleY, scaleY : 1.0
10-08 20:36:44.063  1173  1493 D InputReader: Btn_touch(9): value=0 when=112504.512115
10-08 20:36:44.063  1173  1493 I InputReader: Touch event's action is 0x1 (id=2, t=0) [pCnt=1, s=] when=112504.512115
10-08 20:36:44.063  1173  1492 I InputDispatcher: Delivering touch to (1678): action: 0x1, f=0x0, d=0, '9232ea3', t=1 *(0.75)
10-08 20:36:44.064  1678  1678 D SecQSFragmentAnimator_QSCinema: [panelExpansionDragDownPxAmount:1988.916] qsExpanded:false, qsFullyExpanded:false, qsExpansionPosition:0, qsExpandImmediate:false, qsCollapsingWhilePanelClosing:false &&&  panelExpansionFraction:0.93, panelExpansionDragDownPxAmount:2049.47 ***   panelExpanded:true, panelExpanding:true %%%   barState:0, overScrolling:false, userId:-1, isRunningPanelOnHeightAnimation:false
10-08 20:36:44.064  1678  1678 I ViewRootImpl@77e2bcf[NotificationShade]: ViewPostIme pointer 1
10-08 20:36:44.064  1678  1678 D SecPanelLogger: PanelView.dispatchTouchEvent() MotionEvent { action=ACTION_UP, actionButton=0, id[0]=0, x[0]=759.9022, y[0]=1780.078, toolType[0]=TOOL_TYPE_FINGER, buttonState=0, classification=NONE, metaState=0, flags=0x0, edgeFlags=0x0, pointerCount=1, historySize=0, eventTime=112504512, downTime=112504384, deviceId=2, source=0x1002, displayId=0, eventId=789912177 } |  StatusBarState:SHADE
10-08 20:36:44.064  1678  1678 D SecPanelLogger: NPVC onTouch(ACTION_UP)  |  StatusBarState:SHADE
10-08 20:36:44.064  1678  1678 D SecPanelLogger:  PVC onTouch(ACTION_UP)  |  StatusBarState:SHADE
10-08 20:36:44.065  1678  1678 D PanelView: SecPanelLogger PVC.flingToHeight(vel:-4240.131, expand:false, target:0.0, collapseSpeedUpFactor:1.0, expandBecauseOfFalsing:false), mExpandedHeight:1988.9155, mOverExpansion:0.0, mIsFlinging:false
10-08 20:36:44.065   846   846 D Layer   : [SEC_SF_EFFECTS] setBlurRegions ## {radius=300u, cornerRadii=[0.000000, 0.000000, 0.000000, 0.000000], alpha=1.000000, rect=[0, 0, 1080, 2400]
10-08 20:36:44.065  1173  1173 D SGM:GameManager: identifyGamePackage. com.samsung.android.messaging, mCurrentUserId: 0, callerUserId: 0, callingMethodInfo: com.android.server.ssrm.fgapps.GameAppUtils.isGame(GameAppUtils.java:84)
10-08 20:36:44.065  1678  1678 D PanelView: set mHeightAnimator : ValueAnimator@f0363fe
10-08 20:36:44.065  1678  1678 D PanelView:     :  1988.9155  0.0  
10-08 20:36:44.065  1678  1678 D PanelView: call stack : java.lang.Throwable
10-08 20:36:44.065  1678  1678 D PanelView: 	at com.android.systemui.statusbar.phone.PanelViewController.setAnimator(PanelViewController.java:1220)
10-08 20:36:44.065  1678  1678 D PanelView: 	at com.android.systemui.statusbar.phone.PanelViewController.flingToHeight(PanelViewController.java:793)
10-08 20:36:44.065  1678  1678 D PanelView: 	at com.android.systemui.statusbar.phone.NotificationPanelViewController.flingToHeight(NotificationPanelViewController.java:2788)
10-08 20:36:44.065  1678  1678 D PanelView: 	at com.android.systemui.statusbar.phone.PanelViewController.fling(PanelViewController.java:675)
10-08 20:36:44.065  1678  1678 D PanelView: 	at com.android.systemui.statusbar.phone.PanelViewController.fling(PanelViewController.java:666)
10-08 20:36:44.065  1678  1678 D PanelView: 	at com.android.systemui.statusbar.phone.PanelViewController.endMotionEvent(PanelViewController.java:522)
10-08 20:36:44.065  1678  1678 D PanelView: 	at com.android.systemui.statusbar.phone.PanelViewController.endMotionEvent(PanelViewController.java:457)
10-08 20:36:44.065  1678  1678 D PanelView: 	at com.android.systemui.statusbar.phone.PanelViewController.-$$Nest$mendMotionEvent(Unknown Source:0)
10-08 20:36:44.065  1678  1678 D PanelView: 	at com.android.systemui.statusbar.phone.PanelViewController$TouchHandler.onTouch(PanelViewController.java:1771)
10-08 20:36:44.065  1678  1678 D PanelView: 	at com.android.systemui.statusbar.phone.NotificationPanelViewController$20.onTouch(NotificationPanelViewController.java:6109)
10-08 20:36:44.065  1678  1678 D PanelView: 	at android.view.View.dispatchTouchEvent(View.java:15540)
10-08 20:36:44.065  1678  1678 D PanelView: 	at android.view.ViewGroup.dispatchTransformedTouchEvent(ViewGroup.java:3310)
10-08 20:36:44.065  1678  1678 D PanelView: 	at android.view.ViewGroup.dispatchTouchEvent(ViewGroup.java:2974)
10-08 20:36:44.065  1678  1678 D PanelView: 	at com.android.systemui.statusbar.phone.PanelView.dispatchTouchEvent(PanelView.java:88)
10-08 20:36:44.065  1678  1678 D PanelView: 	at android.view.ViewGroup.dispatchTransformedTouchEvent(ViewGroup.java:3316)
10-08 20:36:44.065  1678  1678 D PanelView: 	at android.view.ViewGroup.dispatchTouchEvent(ViewGroup.java:2990)
10-08 20:36:44.065  1678  1678 D PanelView: 	at com.android.systemui.statusbar.phone.NotificationShadeWindowView.dispatchTouchEvent(NotificationShadeWindowView.java:225)
10-08 20:36:44.065  1678  1678 D PanelView: 	at android.view.View.dispatchPointerEvent(View.java:15803)
10-08 20:36:44.065  1678  1678 D PanelView: 	at android.view.ViewRootImpl$ViewPostImeInputStage.processPointerEvent(ViewRootImpl.java:8153)
10-08 20:36:44.065  1678  1678 D PanelView: 	at android.view.ViewRootImpl$ViewPostImeInputStage.onProcess(ViewRootImpl.java:7877)
10-08 20:36:44.065  1678  1678 D PanelView: 	at android.view.ViewRootImpl$InputStage.deliver(ViewRootImpl.java:7213)
10-08 20:36:44.065  1678  1678 D PanelView: 	at android.view.ViewRootImpl$InputStage.onDeliverToNext(ViewRootImpl.java:7270)
10-08 20:36:44.065  1678  1678 D PanelView: 	at android.view.ViewRootImpl$InputStage.forward(ViewRootImpl.java:7236)
10-08 20:36:44.065  1678  1678 D PanelView: 	at android.view.ViewRootImpl$AsyncInputStage.forward(ViewRootImpl.java:7434)
10-08 20:36:44.065  1678  1678 D PanelView: 	at android.view.ViewRootImpl$InputStage.apply(ViewRootImpl.java:7244)
10-08 20:36:44.065  1678  1678 D PanelView: 	at android.view.ViewRootImpl$AsyncInputStage.apply(ViewRootImpl.java:7491)
10-08 20:36:44.065  1678  1678 D PanelView: 	at android.view.ViewRootImpl$InputStage.deliver(ViewRootImpl.java:7217)
10-08 20:36:44.065  1678  1678 D PanelView: 	at android.view.ViewRootImpl$InputStage.onDeliverToNext(ViewRootImpl.java:7270)
10-08 20:36:44.065  1678  1678 D PanelView: 	at android.view.ViewRootImpl$InputStage.forward(ViewRootImpl.java:7236)
10-08 20:36:44.065  1678  1678 D PanelView: 	at android.view.ViewRootImpl$InputStage.apply(ViewRootImpl.java:7244)
10-08 20:36:44.065  1678  1678 D PanelView: 	at android.view.ViewRootImpl$InputStage.deliver(ViewRootImpl.java:7217)
10-08 20:36:44.065  1678  1678 D PanelView: 	at android.view.ViewRootImpl.deliverInputEvent(ViewRootImpl.java:10788)
10-08 20:36:44.065  1678  1678 D PanelView: 	at android.view.ViewRootImpl.doProcessInputEvents(ViewRootImpl.java:10676)
10-08 20:36:44.065  1678  1678 D PanelView: 	at android.view.ViewRootImpl.enqueueInputEvent(ViewRootImpl.java:10632)
10-08 20:36:44.065  1678  1678 D PanelView: 	at android.view.ViewRootImpl$WindowInputEventReceiver.onInputEvent(ViewRootImpl.java:10926)
10-08 20:36:44.065  1678  1678 D PanelView: 	at android.view.InputEventReceiver.dispatchInputEvent(InputEventReceiver.java:285)
10-08 20:36:44.065  1678  1678 D PanelView: 	at android.os.MessageQueue.nativePollOnce(Native Method)
10-08 20:36:44.065  1678  1678 D PanelView: 	at android.os.MessageQueue.next(MessageQueue.java:335)
10-08 20:36:44.065  1678  1678 D PanelView: 	at android.os.Looper.loopOnce(Looper.java:186)
10-08 20:36:44.065  1678  1678 D PanelView: 	at android.os.Looper.loop(Looper.java:313)
10-08 20:36:44.065  1678  1678 D PanelView: 	at android.app.ActivityThread.main(ActivityThread.java:8762)
10-08 20:36:44.065  1678  1678 D PanelView: 	at java.lang.reflect.Method.invoke(Native Method)
10-08 20:36:44.065  1678  1678 D PanelView: 	at com.android.internal.os.RuntimeInit$MethodAndArgsCaller.run(RuntimeInit.java:604)
10-08 20:36:44.065  1678  1678 D PanelView: 	at com.android.internal.os.ZygoteInit.main(ZygoteInit.java:1067)
10-08 20:36:44.065  1173  1173 D SGM:PkgDataHelper: getGamePkgData(). com.samsung.android.messaging
10-08 20:36:44.065  1173  1173 I SemDvfsHyPerManager: acquire hyper - GESTURE_DETECTED/1173@25, type = -999
10-08 20:36:44.066  1678  1678 D KeyguardVisible: go panelState: OPEN -> OPEN tracking=false, expanded=true, fraction=0.93070453
10-08 20:36:44.066  1678  1678 D SecPanelLogger: NPVC FINAL (!mDozing:true || mPulsing:false || handled:false) = return:true onTouch(ACTION_UP)  |  StatusBarState:SHADE
10-08 20:36:44.066   776   835 I HYPER-HAL: [RequestManager.cpp]acquire(): Acquired ID : 718226  [1173 / 25]    HINT : GESTURE_DETECTED    list : [TIMEOUT / 1645] 
10-08 20:36:44.066   776   835 I HYPER-HAL: [ResourceManager.cpp]updateResource(): [CPUMinFreq] UpdateResource Request ID : 718226    Value : 1167714
10-08 20:36:44.066   776   835 I HYPER-HAL: [ResourceManager.cpp]removeResource(): [CPUMinFreq] RemoveResource Request ID : 717027
10-08 20:36:44.066   776   835 I HYPER-HAL: [RequestManager.cpp]releaseLocked(): Released ID : 717027
10-08 20:36:44.066  1678  1678 V SecQpBlurController: applySemWindowBlur (300 )
10-08 20:36:44.067  1678  1678 D BackgroundBlurDrawable: setScaleX, scaleX : 1.0
10-08 20:36:44.067  1678  1678 D BackgroundBlurDrawable: setScaleY, scaleY : 1.0
10-08 20:36:44.068  1173  1173 D SGM:GameManager: identifyGamePackage. com.samsung.android.messaging, mCurrentUserId: 0, callerUserId: 0, callingMethodInfo: com.android.server.ssrm.fgapps.GameAppUtils.isGame(GameAppUtils.java:84)
10-08 20:36:44.068  1173  1173 D SGM:PkgDataHelper: getGamePkgData(). com.samsung.android.messaging
10-08 20:36:44.068  1173  1173 I SemDvfsHyPerManager: acquire hyper - GESTURE_DETECTED/1173@25, type = -999
10-08 20:36:44.068   776   835 I HYPER-HAL: [RequestManager.cpp]acquire(): Acquired ID : 718226  [1173 / 25]    HINT : GESTURE_DETECTED    list : [TIMEOUT / 1645] 
10-08 20:36:44.068   776   835 I HYPER-HAL: [ResourceManager.cpp]updateResource(): [CPUMinFreq] UpdateResource Request ID : 718226    Value : 1167714
10-08 20:36:44.074 13891 13891 D AndroidRuntime: >>>>>> START com.android.internal.os.RuntimeInit uid 2000 <<<<<<
10-08 20:36:44.080 13891 13891 I AndroidRuntime: Using default boot image
10-08 20:36:44.080 13891 13891 I AndroidRuntime: Leaving lock profiling enabled
10-08 20:36:44.080 13891 13891 D SecNativeFeatureCppIf: encoded
10-08 20:36:44.080 13891 13891 D SecNativeFeatureCppIf: decoding and unzip finish
10-08 20:36:44.080 13891 13891 D SecNativeFeatureCppIf: use unCompDataBuff. encoded
10-08 20:36:44.080 13891 13891 D SecNativeFeatureCppIf: Free unCompDataBuff
10-08 20:36:44.080 13891 13891 D AndroidRuntime: addProductProperty: pBrand1 is not null
10-08 20:36:44.080 13891 13891 D AndroidRuntime: addProductProperty: not brand or 7
10-08 20:36:44.081   846   846 D Layer   : [SEC_SF_EFFECTS] setBlurRegions ## {radius=300u, cornerRadii=[0.000000, 0.000000, 0.000000, 0.000000], alpha=1.000000, rect=[0, 0, 1080, 2400]
10-08 20:36:44.083  1678  1678 D SecQSFragmentAnimator_QSCinema: [panelExpansionDragDownPxAmount:1917.287] qsExpanded:false, qsFullyExpanded:false, qsExpansionPosition:0, qsExpandImmediate:false, qsCollapsingWhilePanelClosing:false &&&  panelExpansionFraction:0.9, panelExpansionDragDownPxAmount:1988.92 ***   panelExpanded:true, panelExpanding:true %%%   barState:0, overScrolling:false, userId:-1, isRunningPanelOnHeightAnimation:false
10-08 20:36:44.084 13891 13891 I app_process: Using CollectorTypeCC GC.
10-08 20:36:44.090  3767  3767 I Utils   : isCurrentUser current = 0, ownerId = 0
10-08 20:36:44.090  3767  3767 I TrayVisibilityController: updateTrayVisible: State=513 visible=2 mCurrentVisible=2 specificMode=0
10-08 20:36:44.091  3767  3767 I TrayStateController: setUiState 2 :  already 2
10-08 20:36:44.098  1678  1678 V SecQpBlurController: applySemWindowBlur (300 )
10-08 20:36:44.099  1678  1678 D BackgroundBlurDrawable: setScaleX, scaleX : 1.0
10-08 20:36:44.099  1678  1678 D BackgroundBlurDrawable: setScaleY, scaleY : 1.0
10-08 20:36:44.100  1678  1678 D SecQSFragmentAnimator_QSCinema: [panelExpansionFraction:0.859] qsExpanded:false, qsFullyExpanded:false, qsExpansionPosition:0, qsExpandImmediate:false, qsCollapsingWhilePanelClosing:false &&&  panelExpansionFraction:0.9, panelExpansionDragDownPxAmount:1917.29 ***   panelExpanded:true, panelExpanding:true %%%   barState:0, overScrolling:false, userId:-1, isRunningPanelOnHeightAnimation:false
10-08 20:36:44.100  1678  1678 D SecQSFragmentAnimator_QSCinema: [panelExpansionDragDownPxAmount:1835.507] qsExpanded:false, qsFullyExpanded:false, qsExpansionPosition:0, qsExpandImmediate:false, qsCollapsingWhilePanelClosing:false &&&  panelExpansionFraction:0.86, panelExpansionDragDownPxAmount:1917.29 ***   panelExpanded:true, panelExpanding:true %%%   barState:0, overScrolling:false, userId:-1, isRunningPanelOnHeightAnimation:false
10-08 20:36:44.115   846   846 D Layer   : [SEC_SF_EFFECTS] setBlurRegions ## {radius=300u, cornerRadii=[0.000000, 0.000000, 0.000000, 0.000000], alpha=1.000000, rect=[0, 0, 1080, 2400]
10-08 20:36:44.115  1678  1678 V SecQpBlurController: applySemWindowBlur (300 )
10-08 20:36:44.118  1678  1678 D BackgroundBlurDrawable: setScaleX, scaleX : 1.0
10-08 20:36:44.118  1678  1678 D BackgroundBlurDrawable: setScaleY, scaleY : 1.0
10-08 20:36:44.119  1678  1678 D SecQSFragmentAnimator_QSCinema: [panelExpansionDragDownPxAmount:1755.087] qsExpanded:false, qsFullyExpanded:false, qsExpansionPosition:0, qsExpandImmediate:false, qsCollapsingWhilePanelClosing:false &&&  panelExpansionFraction:0.82, panelExpansionDragDownPxAmount:1835.51 ***   panelExpanded:true, panelExpanding:true %%%   barState:0, overScrolling:false, userId:-1, isRunningPanelOnHeightAnimation:false
10-08 20:36:44.131   846   846 D Layer   : [SEC_SF_EFFECTS] setBlurRegions ## {radius=300u, cornerRadii=[0.000000, 0.000000, 0.000000, 0.000000], alpha=1.000000, rect=[0, 0, 1080, 2400]
10-08 20:36:44.132  1678  1678 V SecQpBlurController: applySemWindowBlur (300 )
10-08 20:36:44.133  1678  1678 D BackgroundBlurDrawable: setScaleX, scaleX : 1.0
10-08 20:36:44.133  1678  1678 D BackgroundBlurDrawable: setScaleY, scaleY : 1.0
10-08 20:36:44.134  1678  1678 D SecQSFragmentAnimator_QSCinema: [panelExpansionDragDownPxAmount:1667.5] qsExpanded:false, qsFullyExpanded:false, qsExpansionPosition:0, qsExpandImmediate:false, qsCollapsingWhilePanelClosing:false &&&  panelExpansionFraction:0.78, panelExpansionDragDownPxAmount:1755.09 ***   panelExpanded:true, panelExpanding:true %%%   barState:0, overScrolling:false, userId:-1, isRunningPanelOnHeightAnimation:false
10-08 20:36:44.148   846   846 D Layer   : [SEC_SF_EFFECTS] setBlurRegions ## {radius=300u, cornerRadii=[0.000000, 0.000000, 0.000000, 0.000000], alpha=1.000000, rect=[0, 0, 1080, 2400]
10-08 20:36:44.149  1678  1678 V SecQpBlurController: applySemWindowBlur (299 )
10-08 20:36:44.150  1678  1678 D BackgroundBlurDrawable: setScaleX, scaleX : 1.0
10-08 20:36:44.150  1678  1678 D BackgroundBlurDrawable: setScaleY, scaleY : 1.0
10-08 20:36:44.150  1678  1678 D SecQpBlurDefaultUtils: windowBlur(300 >> 299), wallpaper:0
10-08 20:36:44.151  1678  1678 D SecQSFragmentAnimator_QSCinema: [panelExpansionFraction:0.738] qsExpanded:false, qsFullyExpanded:false, qsExpansionPosition:0, qsExpandImmediate:false, qsCollapsingWhilePanelClosing:false &&&  panelExpansionFraction:0.78, panelExpansionDragDownPxAmount:1667.5 ***   panelExpanded:true, panelExpanding:true %%%   barState:0, overScrolling:false, userId:-1, isRunningPanelOnHeightAnimation:false
10-08 20:36:44.151  1678  1678 D SecQSFragmentAnimator_QSCinema: [panelExpansionDragDownPxAmount:1577.989] qsExpanded:false, qsFullyExpanded:false, qsExpansionPosition:0, qsExpandImmediate:false, qsCollapsingWhilePanelClosing:false &&&  panelExpansionFraction:0.74, panelExpansionDragDownPxAmount:1667.5 ***   panelExpanded:true, panelExpanding:true %%%   barState:0, overScrolling:false, userId:-1, isRunningPanelOnHeightAnimation:false
10-08 20:36:44.165   846   846 D Layer   : [SEC_SF_EFFECTS] setBlurRegions ## {radius=299u, cornerRadii=[0.000000, 0.000000, 0.000000, 0.000000], alpha=1.000000, rect=[0, 0, 1080, 2400]
10-08 20:36:44.166  1678  1678 V SecQpBlurController: applySemWindowBlur (299 )
10-08 20:36:44.167  1678  1678 D BackgroundBlurDrawable: setScaleX, scaleX : 1.0
10-08 20:36:44.167  1678  1678 D BackgroundBlurDrawable: setScaleY, scaleY : 1.0
