10-08 20:37:14.619  1173  3655 V WindowManager:  dimAmount=0.0 dimDuration=0 naviIconColor=0
10-08 20:37:14.619  1173  3655 V WindowManager:   sfl=620000}
10-08 20:37:14.619  1678  1678 I AODThemeSettingsHelper: getAODSelectedThemeClock = 0
10-08 20:37:14.619  1678  1678 I AOD_CONFIG@AODConfigurationController: registerMonitor MONITOR_CONFIGURATION
10-08 20:37:14.619  1678  1678 I AOD_CONFIG@AODConfigurationController: initialize monitor MONITOR_CONFIGURATION
10-08 20:37:14.619  1678  1678 I AOD_CONFIG@AODConfigurationController: registerMonitor MONITOR_SCHEDULE
10-08 20:37:14.619  1678  1678 I AOD_CONFIG@AODConfigurationController: registerMonitor MONITOR_COVER
10-08 20:37:14.621  1678  1678 D ScoverManager: registerListener
10-08 20:37:14.622  3767  3767 I ViewRootImpl@398488e[CocktailBarService]: Relayout returned: old=(1013,349,1080,691) new=(1013,349,1080,691) req=(67,342)8 dur=7 res=0x2 s={false 0x0} ch=true seqId=9
10-08 20:37:14.622  1678  1678 I AOD_CONFIG@AODConfigurationController: initialize monitor MONITOR_COVER
10-08 20:37:14.622  1678  1678 I AOD_CONFIG@AODConfigurationController: registerMonitor MONITOR_DISPLAY
10-08 20:37:14.622  1678  1678 I AOD_CONFIG@AODConfigurationController: registerMonitor - MONITOR_DISPLAY : register to [0]
10-08 20:37:14.622  1678  1678 I AOD_CONFIG@AODConfigurationController: initialize monitor MONITOR_DISPLAY
10-08 20:37:14.622  1678  1678 I AODTriggers: onAODEventDispatched = 2 / eventData = r7.a$d@85773ae
10-08 20:37:14.622  1678  1678 I AOD_LIVE_CLOCK@LiveClockController: updateDisplayState: DISPLAY_STATE_OFF
10-08 20:37:14.622  1678  1678 I AODTriggers: REASON_DISPLAY_STATE_INITIALIZED DisplayState = 1
10-08 20:37:14.622  1678  1678 I AOD_CONFIG@AODConfigurationController: registerMonitor MONITOR_SETTINGSDB_AODENABLE
10-08 20:37:14.623  1678  1678 I AOD_CONFIG@AODConfigurationController: registerMonitor MONITOR_BROADCAST_LOCK_TASK_MODE
10-08 20:37:14.622  3767  3767 I TrayStateController: putInputRect mDynamicInputRegion=102666135@LastEvent=t=1759945034622Rect(25, 0 - 67, 342),Rect=Rect(0, 0 - 0, 0)
10-08 20:37:14.624  3767  3767 I DecorView: notifyKeepScreenOnChanged: keepScreenOn=false
10-08 20:37:14.624  1173  2324 W CocktailBarStatePolicyController: updateWindowType: current window type is requested window type(1)
10-08 20:37:14.625  1678  1678 I AOD_CONFIG@AODConfigurationController: initialize monitor MONITOR_BROADCAST_LOCK_TASK_MODE
10-08 20:37:14.625  1678  1678 I AOD_CONFIG@AODConfigurationController: registerMonitor MONITOR_INTENT
10-08 20:37:14.625  1678  1678 I AOD_CONFIG@AODConfigurationController: registerMonitor MONITOR_TAP_TO_SHOW
10-08 20:37:14.626 30668 30668 I Carnival-MainActivity(): ScreenBroadcastReceiver:android.intent.action.SCREEN_OFF
10-08 20:37:14.626 30668 30668 I Carnival-MainActivity(): ScreenBroadcastReceiver:android.intent.action.SCREEN_OFF Try to stop
10-08 20:37:14.626  1678  1678 I AOD_CONFIG@AODConfigurationController: registerMonitor MONITOR_NEW_NOTI
10-08 20:37:14.626  1678  1678 I AOD_CONFIG@AODConfigurationController: registerMonitor: SHOW FOR NEW NOTI is disabled
10-08 20:37:14.626  1678  1678 I AOD_CONFIG@AODConfigurationController: registerMonitor MONITOR_SETTINGDB_DENSITY
10-08 20:37:14.628  1678  1678 I AODCommonUtils: isDesktopModeEnabled : desktopModeState = SemDesktopModeState(DISABLED, STATE_UNDEFINED, DISPLAY_TYPE_NONE)
10-08 20:37:14.628  3767  3767 I ViewRootImpl@398488e[CocktailBarService]: performTraversals params={(0,349)(67x342) gr=TOP RIGHT CENTER sim={adjust=nothing} layoutInDisplayCutoutMode=shortEdges ty=2226 fmt=TRANSPARENT
10-08 20:37:14.628  3767  3767 I ViewRootImpl@398488e[CocktailBarService]:   fl=81800508
10-08 20:37:14.628  3767  3767 I ViewRootImpl@398488e[CocktailBarService]:   pfl=2000050
10-08 20:37:14.628  3767  3767 I ViewRootImpl@398488e[CocktailBarService]:   bhv=SHOW_TRANSIENT_BARS_BY_SWIPE
10-08 20:37:14.628  3767  3767 I ViewRootImpl@398488e[CocktailBarService]:   fitTypes=STATUS_BARS NAVIGATION_BARS CAPTION_BAR
10-08 20:37:14.628  3767  3767 I ViewRootImpl@398488e[CocktailBarService]:  dimAmount=0.0 dimDuration=0 naviIconColor=0
10-08 20:37:14.628  3767  3767 I ViewRootImpl@398488e[CocktailBarService]:   sfl=620000}
10-08 20:37:14.628  3767  3767 I ViewRootImpl@398488e[CocktailBarService]: performTraversals mFirst=false windowShouldResize=false viewVisibilityChanged=false mForceNextWindowRelayout=false params={(0,349)(67x342) gr=TOP RIGHT CENTER sim={adjust=nothing} layoutInDisplayCutoutMode=shortEdges ty=2226 fmt=TRANSPARENT
10-08 20:37:14.628  3767  3767 I ViewRootImpl@398488e[CocktailBarService]:   fl=81800508
10-08 20:37:14.628  3767  3767 I ViewRootImpl@398488e[CocktailBarService]:   pfl=2000050
10-08 20:37:14.628  3767  3767 I ViewRootImpl@398488e[CocktailBarService]:   bhv=SHOW_TRANSIENT_BARS_BY_SWIPE
10-08 20:37:14.628  3767  3767 I ViewRootImpl@398488e[CocktailBarService]:   fitTypes=NAVIGATION_BARS CAPTION_BAR
10-08 20:37:14.628  3767  3767 I ViewRootImpl@398488e[CocktailBarService]:  dimAmount=0.0 dimDuration=0 naviIconColor=0
10-08 20:37:14.628  3767  3767 I ViewRootImpl@398488e[CocktailBarService]:   sfl=620000}
10-08 20:37:14.628  1173  3655 V WindowManager: Relayout Window{47ac2bf u0 com.samsung.android.app.cocktailbarservice/com.samsung.android.app.cocktailbarservice.CocktailBarService}: viewVisibility=8 req=67x342 d0
10-08 20:37:14.629  1678  1678 I ClockInfoManager: isClockFaceType: type = 2 clockFaceType = 0
10-08 20:37:14.629  1678  1678 I AODThemeSettingsHelper: getAODSelectedThemeClock = 0
10-08 20:37:14.629  1678  1678 I AOD_CONFIG@AODConfigurationController: not applied theme clock
10-08 20:37:14.629  1678  1678 I ClockInfoManager: isClockFaceType: type = 2 clockFaceType = 0
10-08 20:37:14.629  1678  1678 I ClockInfoManager: isClockFaceType: type = 2 clockFaceType = 0
10-08 20:37:14.629  1173  1173 D BaseRestrictionMgr: Package: com.facebook.katana, userid: 0, hostingType: broadcast is Restricted by policy: 4 caller is: android
10-08 20:37:14.629  1678  1678 I CommonUtils: isNetworkRoaming id=1
10-08 20:37:14.629  1173  1173 W BroadcastQueue: intent:Intent { act=android.intent.action.SCREEN_OFF flg=0x50200010 (has extras) } is skipped in RestrictedPackage to ProcessRecord{2907775 7995:com.facebook.katana/u0a193}
10-08 20:37:14.629  1678  1678 I CommonUtils: isNetworkRoaming: false
10-08 20:37:14.629  1678  1678 I CommonUtils: isNetworkRoaming id=1
10-08 20:37:14.629  1678  1678 I CommonUtils: isNetworkRoaming: false
10-08 20:37:14.629  1678  1678 I AODThemeSettingsHelper: getAODSelectedThemeClock = 0
10-08 20:37:14.629  1678  1678 I AlwaysOnDisplayEx: startAOD: AODServicePolicy :null, mIsRestricted = false, mIsEnabled = false, mReason = AOD OFF
10-08 20:37:14.630  1678  1678 I AOD_LIVE_CLOCK@LiveClockController: init
10-08 20:37:14.630  1678  1678 I MODManager: register Listener=100661131
10-08 20:37:14.630  1173  3655 V WindowManager: Relayout hash=47ac2bf, pid=3767, syncId=-1: mAttrs={(0,349)(67x342) gr=TOP RIGHT CENTER sim={adjust=nothing} layoutInDisplayCutoutMode=shortEdges ty=2226 fmt=TRANSPARENT
10-08 20:37:14.630  1173  3655 V WindowManager:   fl=81800508
10-08 20:37:14.630  1173  3655 V WindowManager:   pfl=2000050
10-08 20:37:14.630  1173  3655 V WindowManager:   bhv=SHOW_TRANSIENT_BARS_BY_SWIPE
10-08 20:37:14.630  1173  3655 V WindowManager:   fitTypes=NAVIGATION_BARS CAPTION_BAR
10-08 20:37:14.630  1173  3655 V WindowManager:  dimAmount=0.0 dimDuration=0 naviIconColor=0
10-08 20:37:14.630  1173  3655 V WindowManager:   sfl=620000}
10-08 20:37:14.630  1173  1558 D EdgeLightingListenerManager: register : pkg = com.samsung.android.app.aodservice, mListeners = 0
10-08 20:37:14.631   846   846 I Layer   : id=31373 removeFromCurrentState com.samsung.android.app.cocktailbarservice/com.samsung.android.app.cocktailbarservice.CocktailBarService$_3767#31373 (203)
10-08 20:37:14.631  1173  3655 D AODManagerService: registerAODDozeCallbackInternal
10-08 20:37:14.631  3767  3767 I ViewRootImpl@398488e[CocktailBarService]: Relayout returned: old=(1013,349,1080,691) new=(1013,349,1080,691) req=(67,342)8 dur=3 res=0x0 s={false 0x0} ch=false seqId=9
10-08 20:37:14.631   846   846 I SurfaceFlinger: id=31373 Removed com.samsung.android.app.cocktailbarservice/com.samsung.android.app.cocktailbarservice.CocktailBarService$_3767#31373 (203)
10-08 20:37:14.631  3767  3767 I CocktailBarUiController: onCocktailBarStateChanged: flag=0x1 vis=2 bgType= showTimeout=-1 activate=true
10-08 20:37:14.632   846   846 I Layer   : id=31373 Destroyed com.samsung.android.app.cocktailbarservice/com.samsung.android.app.cocktailbarservice.CocktailBarService$_3767#31373
10-08 20:37:14.632  1678  1678 I MODManager: registerFingerprintListener
10-08 20:37:14.632  1173  1558 D FingerprintService.Ext: registerAodController: 1678
10-08 20:37:14.633  1173  1475 D SensorService: setSContextDataLocked ints length 2 , byte length 4
10-08 20:37:14.633  1173  1475 D SensorService: setSContextDataLocked f20047c1
10-08 20:37:14.633  1678  1678 I DozeMachine: transition: old=INITIALIZED req=DOZE new=DOZE
10-08 20:37:14.633  1173  1477 D MotionRecognitionService: Receiver: ACTION_SCREEN_OFF
10-08 20:37:14.633   770   770 D Sensors : c1 47 00 f2  
10-08 20:37:14.633   770   770 E Sensors : inject_scontext_data: New ssp_data_injection_fd(42)
10-08 20:37:14.633  1678  1678 D KeyguardUpdateMonitor: handleDreamingStateChanged() dreaming : false -> true, screen saver : false -> false
10-08 20:37:14.633  1678  1678 D KeyguardFingerprint: shouldListenForFingerprint ( isFingerprintEnabled = true , mKeyguardIsVisible = false , mDeviceInteractive = false , mBouncerIsOrWillBeShowing = false , mBouncerFullyShown = false , mGoingToSleep = true , mSwitchingUser = false , mIsDreamingForBiometrics = true , mKeyguardUnlocking = false , mKeyguardGoingAway = false , mKeyguardShowing = false , mKeyguardOccluded = false , mSystemReady = true , mHasFocus = false
10-08 20:37:14.633  2080  2353 I BadgeCountUpdaterImpl: reload badge without refresh
10-08 20:37:14.633  1678  1678 D KeyguardFingerprint: updateFingerprintListeningState#mFingerprintRunningState=1 shouldListenForFingerprint=true isUdfpsEnrolled=false bioType : 1
10-08 20:37:14.633  1678  1678 D FaceWidgetContainerObserver: onChanged() FaceWidgetContainerLiveData{mIsContainerVisible=true, mClipLayoutVisibility=0, mRotation=0, mIsOwnerVisible=0, mOwnerInfoGravity=17, mAdditionalInfoGravity=17, mClockSideStartPadding=63, mClockSideEndPadding=63, mMusicSideStartPadding=30, mMusicSideEndPadding=30, mInfoSideStartPadding=63, mInfoSideEndPadding=63, mClipLayoutWidth = -1, mIsUpdateOwnerInfoText=true, mAdditionalInfoRemoteView=null, mHasCMAS=false, mIsAdditionalViewGoingToSleep=false, mConfig=CustomConfiguration{fontScale=1.0, screenLayout=268435810, orientation=1, screenWidthDp=411, screenHeightDp=838, smallestScreenWidthDp=411, densityDpi=420, uiMode=33, isRTL=false, mConfiguration={1.0 639mcc2mnc [en_GB] ldltr sw411dp w411dp h838dp 420dpi nrml long port night finger -keyb/v/h -nav/h winConfig={ mBounds=Rect(0, 0 - 1080, 2400) mAppBounds=Rect(0, 74 - 1080, 2274) mMaxBounds=Rect(0, 0 - 1080, 2400) mDisplayRotation=ROTATION_0 mWindowingMode=fullscreen mDisplayWindowingMode=fullscreen mActivityType=undefined mAlwaysOnTop=undefined mRotation=ROTATION_0 mPopOver=undefined mStageConfig=undefined mFreeformTaskPinningState=undefined mFreeformStashState=undefined mDexTaskDockingState=undefined} s.650 fontWeightAdjustment=0 ff=0 bf=0 bts=0 desktop/d dm/n ?dc ?dcui themeSeq=0 nightDim=0}}}
10-08 20:37:14.633  1678  1678 D FaceWidgetPagesController: onGravityChanged()
10-08 20:37:14.634  1678  1678 D FaceWidgetClockPage: setClockGravity() gravity = 49
10-08 20:37:14.634  1678  1678 I FaceWidgetPositionAlgorithm: setup() mStatusBarHeight = 74, mDarkAmount = 1.0, mQsTopPadding = 813, notificationStackHeight = 53, mPanelExpansion = 0.0, mHeight = 2400, mFaceWidgetContainerHeight = 333, mCurrentClockType = 2, notificationType = 1, hasVisibleNotifs = false
10-08 20:37:14.634  1678  1678 I FaceWidgetPositionAlgorithm: getClockContainerHeight() supplier = 270, bottom margin = 63, real height = 333
10-08 20:37:14.634  1678  1678 I FaceWidgetPositionAlgorithm: getMediaContainerHeight() height = 456 container Visibility = 8, isValid = true, mIsDozing = true, fraction = 1.0, source = 0, target = 0
10-08 20:37:14.634  1678  1678 I FaceWidgetPositionAlgorithm: getMediaContainerHeight() supplier = 0
10-08 20:37:14.634  1678  1678 I FaceWidgetPositionAlgorithm: getClockContainerHeight() supplier = 270, bottom margin = 0, real height = 333
10-08 20:37:14.634  1173  2324 I ActivityManager: Changes in 10047 19 to 5, 0 to 8
10-08 20:37:14.636  1173  1477 D MotionRecognitionService: SCREEN_OFF: setAccIntStatus
10-08 20:37:14.636  1173  1477 D MotionRecognitionService: SCREEN_OFF END
10-08 20:37:14.637   770   770 D Sensors : SContext Data Injection return 4
10-08 20:37:14.637 27396 29422 I BadgeProvider: query, [selection] : null
10-08 20:37:14.637  1173  1474 I CAE     : handleMessage(CaPowerManager.java:285) - SCREEN_OFF_INTENT
10-08 20:37:14.637  1173  1477 D MotionRecognitionService: Not supported calibratedLux type sensor [3]
10-08 20:37:14.638  1173  1173 E PocketModeEvent: PocketModeSetting is off 
10-08 20:37:14.639  1173  1173 V InputMethodManagerService: hideCurrentInputLocked : canceled, shouldHideSoftInput=false, mInputShown=false, mImeWindowVis=0
10-08 20:37:14.639  1173  1173 I InputMethodBindingController: setCurrentMethodNotVisible: mVisibleBound=false, mHasConnection=true, caller = com.android.server.inputmethod.InputMethodManagerService.hideCurrentInputLocked:4356 com.android.server.inputmethod.InputMethodManagerService$ScreenOffReceiver.onReceive:7554 android.app.LoadedApk$ReceiverDispatcher$Args.lambda$getRunnable$0$android-app-LoadedApk$ReceiverDispatcher$Args:1919 android.app.LoadedApk$ReceiverDispatcher$Args$$ExternalSyntheticLambda0.run:2 android.os.Handler.handleCallback:942 android.os.Handler.dispatchMessage:99 android.os.Looper.loopOnce:226 android.os.Looper.loop:313 com.android.server.SystemServer.run:1346 com.android.server.SystemServer.main:989 
10-08 20:37:14.641  1678  1678 D PluginInstanceManager: stopListening
10-08 20:37:14.642  1678  1678 D KeyguardVisible: visibilityChanged 4 -> 0
10-08 20:37:14.642  1678  1678 D SecPanelConfigurationBellTower: onWindowViewVisibilityChanged (cSeq.650 : vSeq.650) dState(dW:1080, dH:2400) rPicker(pW:1080, pH:2137, adH:2137, cH:74, nbH:126) Rotation(0, c:0, v:0) 
10-08 20:37:14.642  1173  1173 D PowerManagerService: [api] setScreenDimDurationOverrideFromSqdInternal: mScreenDimDurationOverrideFromSQD: -1
10-08 20:37:14.644  1173  1173 D SmartAlertController: ACTION_SCREEN_OFF
10-08 20:37:14.645   755  1363 D audio_hw_primary: device-adev_set_parameters: enter with key(screen_state=off)
10-08 20:37:14.645   755  1363 D audio_hw_proxy_9830: proxy-proxy_set_parameters: Screen State = off state configured)
10-08 20:37:14.645   755  1363 I audio_hw_primary: device-adev_set_parameters: Screen State = off)
10-08 20:37:14.645   755  1363 I audio_hw_primary_odm: odm_adev_set_parameters: enter with key()
10-08 20:37:14.645   755  1363 I Audio_a2dpsink_hw: adev_set_parameters: kevpairs=[screen_state=off]
10-08 20:37:14.645  1678  1678 I ViewRootImpl@77e2bcf[NotificationShade]: performTraversals params={(0,0)(fillxfill) gr=TOP CENTER_VERTICAL sim={adjust=resize} layoutInDisplayCutoutMode=always ty=NOTIFICATION_SHADE fmt=TRANSLUCENT or=SCREEN_ORIENTATION_NOSENSOR
10-08 20:37:14.645  1678  1678 I ViewRootImpl@77e2bcf[NotificationShade]:   fl=81840048
10-08 20:37:14.645  1678  1678 I ViewRootImpl@77e2bcf[NotificationShade]:   pfl=1a000000
10-08 20:37:14.645  1678  1678 I ViewRootImpl@77e2bcf[NotificationShade]:   bhv=SHOW_TRANSIENT_BARS_BY_SWIPE
10-08 20:37:14.645  1678  1678 I ViewRootImpl@77e2bcf[NotificationShade]:  dimAmount=0.0 naviIconColor=0
10-08 20:37:14.645  1678  1678 I ViewRootImpl@77e2bcf[NotificationShade]:   sfl=40000}
10-08 20:37:14.646  1678  1678 I ViewRootImpl@77e2bcf[NotificationShade]: performTraversals mFirst=false windowShouldResize=false viewVisibilityChanged=true mForceNextWindowRelayout=false params={(0,0)(fillxfill) gr=TOP CENTER_VERTICAL sim={adjust=resize} layoutInDisplayCutoutMode=always ty=NOTIFICATION_SHADE fmt=TRANSLUCENT or=SCREEN_ORIENTATION_NOSENSOR
10-08 20:37:14.646  1678  1678 I ViewRootImpl@77e2bcf[NotificationShade]:   fl=81840048
10-08 20:37:14.646  1678  1678 I ViewRootImpl@77e2bcf[NotificationShade]:   pfl=1a000000
10-08 20:37:14.646  1678  1678 I ViewRootImpl@77e2bcf[NotificationShade]:   bhv=SHOW_TRANSIENT_BARS_BY_SWIPE
10-08 20:37:14.646  1678  1678 I ViewRootImpl@77e2bcf[NotificationShade]:  dimAmount=0.0 naviIconColor=0
10-08 20:37:14.646  1678  1678 I ViewRootImpl@77e2bcf[NotificationShade]:   sfl=40000}
10-08 20:37:14.646  1173  3655 V WindowManager: Relayout Window{9232ea3 u0 NotificationShade}: viewVisibility=0 req=1080x2400 d0
10-08 20:37:14.646  1173  3655 D RestrictionPolicy: isScreenCaptureEnabled : ret=true userId=0
10-08 20:37:14.646   846   879 I SurfaceFlinger: id=31379 createSurf flag=40004, NotificationShade$_1678#31379
10-08 20:37:14.647  1173  1590 V WifiProfileShare: screen off
10-08 20:37:14.647  1173  3655 D WindowManager: makeSurface duration=1 name=NotificationShade$_1678
10-08 20:37:14.647  1173  1590 D SemWifiApSmartBleScanner: Screen is OFF, restarting scanning
10-08 20:37:14.647  1173  1590 D SemWifiApSmartClient: LCD is OFF,so stop client advertize
10-08 20:37:14.647  1173  1590 D SemWifiApPowerSaveImpl: Lcd OFF
10-08 20:37:14.647  1173  1590 D SemWifiApPowerSaveImpl: sendMessage cmd: POWER_STATE_MACHINE_STATE_COMMANDS
10-08 20:37:14.648  1173  2669 D WifiProfileShare.Caster: stop caster
10-08 20:37:14.648  1173  2669 D WifiProfileShare.McfCast: -ME--- stopScan
10-08 20:37:14.648  1173  2669 I [MCFSDK_android_1.2.4010]_4_b: stopScan - 
10-08 20:37:14.648  1173  2576 I BluetoothAdapter: STATE_ON
10-08 20:37:14.648  1173  2576 D BluetoothLeScanner: Stop Scan with callback
10-08 20:37:14.648  1173  1590 D SemWifiP2pGoPowerSave: handleScreenState: false
10-08 20:37:14.649  1173  1608 D SemWifiTransportLayerMonitor.TcpMonitorHandler: MSG_SAVE_FILES
10-08 20:37:14.649  1173  1608 D SemWifiTransportLayerFileManager: saveWifiPackageInfoToFile
10-08 20:37:14.649  1173  1608 D SemWifiTransportLayerFileManager: writeWifiPackageInfoList
10-08 20:37:14.649  1173  1173 I PersonaManagerService: UserReceiver.onReceive() {action:android.intent.action.SCREEN_OFF userHandle:-1}
10-08 20:37:14.649 16947 16947 I [MCFServer]_CasterManager: stopScan - bleSID = 0x40000
10-08 20:37:14.650 16947 16947 I [MCFServer]_ScanCallback: onDiscoveryStopped - publish to 0x0
10-08 20:37:14.650 16947 16947 I [MCFServer]_BleScanner(Caster): stopScan - stop
10-08 20:37:14.650 16947 16947 I BluetoothAdapter: STATE_ON
10-08 20:37:14.652  6153 20231 D ActivityAttributionService: notifyActivityAttributionInfo UID=1002 packageName=com.android.bluetooth deviceAddress=no_active_device_address
10-08 20:37:14.652  1173  2669 D WifiProfileShare.McfCast: -ME--- unregisterPilotScan !!
10-08 20:37:14.652  1173  2669 I [MCFSDK_android_1.2.4010]_4_b: unregisterAdvertiseData - 
10-08 20:37:14.652  6153  6636 I bt_stack: [INFO:le_scanning_manager.cc(198)] ScanFilterParamSetup in shim layer
10-08 20:37:14.652  1173  2669 V WifiProfileShare.Caster: clear all confirm history
10-08 20:37:14.652  1173  2669 V WifiProfileShare.MCF: clearUserConfirmHistory 
10-08 20:37:14.652  6153  6636 I bt_stack: [INFO:le_scanning_manager.cc(178)] Scan in shim layer stopped
10-08 20:37:14.652  6153  6171 D ActivityAttributionService: notifyActivityAttributionInfo UID=1002 packageName=com.android.bluetooth deviceAddress=no_active_device_address
10-08 20:37:14.652  6153  7276 W bt_stack: le_address_manager :: scan() - Unregister
10-08 20:37:14.652  6153  7276 W bt_stack: Stop LeSetExtendedScan
10-08 20:37:14.652  6153  6636 I bt_stack: [INFO:le_scanning_manager.cc(312)] SetScanParameters with scanning phys in shim layer: phy_cnt=1
10-08 20:37:14.653  6153 20231 D BtGatt.ContextMap: remove() - id: 5
10-08 20:37:14.653  6153 20231 E BtGatt.ContextMap: remove() - removed: 5
10-08 20:37:14.653  6153 20231 I bt_stack: [INFO:le_scanning_manager.cc(172)] Unregister in shim layer, scanner_id:5
10-08 20:37:14.653  1173  1173 D AdaptiveBrightnessLongtermModelBuilder: Received android.intent.action.SCREEN_OFF
10-08 20:37:14.653  6153  6636 I bt_stack: [INFO:le_scanning_manager.cc(318)] SetScanParameters: scan_type=1, scan_interval=4992, scan_window=256
10-08 20:37:14.653 16947 16947 I [MCFServer]_CasterManager: unregisterAdvertiseData - stop adv, bleSID from cb(0x4)
10-08 20:37:14.654 16947 16947 I [MCFServer]_CasterManager: unregisterAdvertiseData - stop scan, bleSID from cb(0x0)
10-08 20:37:14.654 16947 16947 I [MCFServer]_ScanCallback: onDiscoveryStopped - publish to 0x0
10-08 20:37:14.654  6153  6636 I bt_stack: [INFO:le_scanning_manager.cc(178)] Scan in shim layer started
10-08 20:37:14.654  6153  7276 W bt_stack: Start LeSetExtendedScan
10-08 20:37:14.654  1173  1608 D SemWifiTransportLayerFileManager: saveWifiApInfoToFile
10-08 20:37:14.654  1173  1608 D SemWifiTransportLayerFileManager: writeWifiApInfoList
10-08 20:37:14.654  6153  7276 W bt_stack: register_client :: client registered!!!
10-08 20:37:14.654  1173  1612 D WifiConnectivityMonitor: Fetch Detect Mode : 1
10-08 20:37:14.654  1173  1612 I WifiConnectivityMonitor: disable setMonitorEnabled by EVENT_SCREEN_OFF
10-08 20:37:14.654  1173  1612 I SemWifiEleStateTracker: setMonitorEnabled : false
10-08 20:37:14.654  1173  1612 I SemWifiEleStateTracker: mMonitorEnabled false
10-08 20:37:14.655  1173  1608 D SemWifiTransportLayerFileManager: saveSwitchEnabledUidListToFile
10-08 20:37:14.655  1173  1608 D SemWifiTransportLayerFileManager: writeSwitchEnabledUidInfoList - 
10-08 20:37:14.655  1173  1612 I WifiConnectivityMonitor: current mode : 3
10-08 20:37:14.655  1173  1612 D SemWifiEleStateTracker: pedometer.getCurrentTotalStepCnt() : 162
10-08 20:37:14.655  1173  1612 I SemWifiEleStateTracker: resetEleParameters
10-08 20:37:14.655  1173  1612 D WifiConnectivityMonitor: MultiNetwork : false || false
10-08 20:37:14.655  1173  1612 D WifiConnectivityMonitor: MultiNetwork legacy (1000) false
10-08 20:37:14.655  1173  1612 D WifiConnectivityMonitor: validationBlock : false
10-08 20:37:14.655  1173  1608 D SemWifiTransportLayerFileManager: writeSwitchEnabledUidInfoList - 
10-08 20:37:14.655  1173  1615 D SemWifiRssiBasePoller: RSSI_BASE_STOP
10-08 20:37:14.656  1173  3655 V WindowManager: rotationForOrientation(orient=SCREEN_ORIENTATION_NOSENSOR (5), last=ROTATION_0 (0)); user=ROTATION_0 (0) USER_ROTATION_LOCKED
10-08 20:37:14.656  1173  3655 D WindowManager: rotationForOrientation, orientationSource=Window{9232ea3 u0 NotificationShade}
10-08 20:37:14.656  1173  1552 D LocationManagerService: screen interactive is now false
10-08 20:37:14.656  1173  3655 V WindowManager: Computed rotation=ROTATION_0 (0) for display id=0 based on lastOrientation=SCREEN_ORIENTATION_NOSENSOR (5) and oldRotation=ROTATION_0 (0), caller=com.android.server.wm.DisplayRotation.updateOrientation:414 com.android.server.wm.DisplayContent.updateOrientation:1990 com.android.server.wm.DisplayContent.updateOrientation:1872 com.android.server.wm.WindowManagerService.relayoutWindow:2851 com.android.server.wm.Session.relayout:274 android.view.IWindowSession$Stub.onTransact:779 
10-08 20:37:14.656  6153 20231 D BtGatt.ContextMap: remove() - id: 4
10-08 20:37:14.656  6153 20231 E BtGatt.ContextMap: remove() - removed: 4
10-08 20:37:14.656  6153 20231 I bt_stack: [INFO:le_scanning_manager.cc(172)] Unregister in shim layer, scanner_id:4
10-08 20:37:14.657  1173  3655 V WindowManager: Relayout hash=9232ea3, pid=1678, syncId=-1: mAttrs={(0,0)(fillxfill) gr=TOP CENTER_VERTICAL sim={adjust=resize} layoutInDisplayCutoutMode=always ty=NOTIFICATION_SHADE fmt=TRANSLUCENT or=SCREEN_ORIENTATION_NOSENSOR
10-08 20:37:14.657  1173  3655 V WindowManager:   fl=81840048
10-08 20:37:14.657  1173  3655 V WindowManager:   pfl=1a000000
10-08 20:37:14.657  1173  3655 V WindowManager:   bhv=SHOW_TRANSIENT_BARS_BY_SWIPE
10-08 20:37:14.657  1173  3655 V WindowManager:  dimAmount=0.0 naviIconColor=0
10-08 20:37:14.657  1173  3655 V WindowManager:   sfl=40000}
10-08 20:37:14.657  6153  7276 W bt_stack: Received command complete with op_code LE_SET_RANDOM_ADDRESS
10-08 20:37:14.657  6153  7276 W bt_stack: le_scanning_manager :: OnResume()
10-08 20:37:14.657  6153  7276 W bt_stack: Start LeSetExtendedScan
10-08 20:37:14.657  6153  7276 W bt_stack: le_scanning_manager :: OnResume() - call AckResume
10-08 20:37:14.657  6153  7276 W bt_stack: le_address_manager :: ack_resume()
10-08 20:37:14.657  1173  2576 D SemWifiApSmartBleScanner: Stopped scanning
10-08 20:37:14.658  1678  1678 I ViewRootImpl@77e2bcf[NotificationShade]: updateBlastSurfaceIfNeeded mBlastBufferQueue=null isSameSurfaceControl=false
10-08 20:37:14.659  1678  1678 I BLASTBufferQueue: new BLASTBufferQueue, mName= ViewRootImpl@77e2bcf[NotificationShade] mNativeObject= 0x7384855a10 sc.mNativeObject= 0x73147e5fc0 caller= android.view.ViewRootImpl.updateBlastSurfaceIfNeeded:2909 android.view.ViewRootImpl.relayoutWindow:9847 android.view.ViewRootImpl.performTraversals:3884 android.view.ViewRootImpl.doTraversal:3116 android.view.ViewRootImpl$TraversalRunnable.run:10885 android.view.Choreographer$CallbackRecord.run:1301 android.view.Choreographer$CallbackRecord.run:1309 android.view.Choreographer.doCallbacks:923 android.view.Choreographer.doFrame:852 android.view.Choreographer$FrameDisplayEventReceiver.run:1283 
10-08 20:37:14.659  1678  1678 I BLASTBufferQueue: update, w= 1080 h= 2400 mName = ViewRootImpl@77e2bcf[NotificationShade] mNativeObject= 0x7384855a10 sc.mNativeObject= 0x73147e5fc0 format= -3 caller= android.graphics.BLASTBufferQueue.<init>:84 android.view.ViewRootImpl.updateBlastSurfaceIfNeeded:2909 android.view.ViewRootImpl.relayoutWindow:9847 android.view.ViewRootImpl.performTraversals:3884 android.view.ViewRootImpl.doTraversal:3116 android.view.ViewRootImpl$TraversalRunnable.run:10885 
10-08 20:37:14.659  1678  1678 I ViewRootImpl@77e2bcf[NotificationShade]: Relayout returned: old=(0,0,1080,2400) new=(0,0,1080,2400) req=(1080,2400)0 dur=12 res=0x3 s={true 0x7414b3c000} ch=true seqId=1
10-08 20:37:14.659  6153  6636 I bt_stack: [INFO:le_scanning_manager.cc(198)] ScanFilterParamSetup in shim layer
10-08 20:37:14.660  1678  1678 I ViewRootImpl@77e2bcf[NotificationShade]: mThreadedRenderer.initialize() mSurface={isValid=true 0x7414b3c000} hwInitialized=true
10-08 20:37:14.660  6153  6697 E BtGatt.GattService: [GSIM LOG]: gsimLogHandler, msg: MESSAGE_SCAN_STOP, appName: com.samsung.android.mcfserver, scannerId: 5, reportDelayMillis=0
10-08 20:37:14.660  6153  7276 E bt_stack: Receive set extended scan enable with error code COMMAND_DISALLOWED
10-08 20:37:14.660  6153  6636 I bt_stack: [INFO:le_scanning_manager.cc(178)] Scan in shim layer stopped
10-08 20:37:14.660  1173  1644 V WifiAwareStateManager: WaitState{ when=-1ms what=1 arg1=120 target=com.android.wifi.x.com.android.internal.util.StateMachine$SmHandler }
10-08 20:37:14.661  6153  7276 W bt_stack: le_address_manager :: scan() - Unregister
10-08 20:37:14.661  6153  7276 W bt_stack: Stop LeSetExtendedScan
10-08 20:37:14.661  6153  6636 I bt_stack: [INFO:le_scanning_manager.cc(312)] SetScanParameters with scanning phys in shim layer: phy_cnt=1
10-08 20:37:14.661  6153  6636 I bt_stack: [INFO:le_scanning_manager.cc(318)] SetScanParameters: scan_type=1, scan_interval=4992, scan_window=256
10-08 20:37:14.661  6153  6636 I bt_stack: [INFO:le_scanning_manager.cc(178)] Scan in shim layer started
10-08 20:37:14.661  1173  1644 V WifiAwareStateManager: processCommand: msg={ when=-1ms what=1 arg1=120 target=com.android.wifi.x.com.android.internal.util.StateMachine$SmHandler }
10-08 20:37:14.661  6153  7276 W bt_stack: Start LeSetExtendedScan
10-08 20:37:14.661  6153  7276 W bt_stack: register_client :: client registered!!!
10-08 20:37:14.661  1173  1644 V WifiAwareStateManager: reconfigureLocal(): transactionId=997
10-08 20:37:14.661  1678  1678 I FaceWidgetPositionAlgorithm: getClockContainerHeight() supplier = 270, bottom margin = 63, real height = 333
10-08 20:37:14.661  1678  1678 I FaceWidgetPositionAlgorithm: getMediaContainerHeight() height = 456 container Visibility = 8, isValid = true, mIsDozing = true, fraction = 1.0, source = 0, target = 0
10-08 20:37:14.661  1678  1678 I FaceWidgetPositionAlgorithm: getMediaContainerHeight() supplier = 0
10-08 20:37:14.661  1678  1678 I FaceWidgetPositionAlgorithm: getClockContainerHeight() supplier = 270, bottom margin = 0, real height = 333
10-08 20:37:14.661  1678  1678 V QsExpandAnimator: setQsExpansionPosition 0.0
10-08 20:37:14.662  1678  1742 D OpenGLRenderer: eglCreateWindowSurface
10-08 20:37:14.662  1678  1678 I FaceWidgetPositionAlgorithm: getClockContainerHeight() supplier = 270, bottom margin = 63, real height = 333
10-08 20:37:14.662  1678  1678 I FaceWidgetPositionAlgorithm: getMediaContainerHeight() height = 456 container Visibility = 8, isValid = true, mIsDozing = true, fraction = 1.0, source = 0, target = 0
10-08 20:37:14.662  1678  1678 I FaceWidgetPositionAlgorithm: getMediaContainerHeight() supplier = 0
10-08 20:37:14.662  1678  1678 I FaceWidgetPositionAlgorithm: getClockContainerHeight() supplier = 270, bottom margin = 0, real height = 333
10-08 20:37:14.662  1678  1678 D CentralSurfaces: Received new disable state: enaihbcrsokt.qingr (unchanged)
10-08 20:37:14.662   762   790 D gralloc : [mali_gralloc_allocate] begin
10-08 20:37:14.662   762   790 D gralloc : buffer_descriptor: wh(1080 2400) usage_pc(0x40000000000b00 0x40000000000b00) hal_format(0x1) layer_count(1) sizes(0 0 0) strde(0) byte_stride(0) alloc_wh(0 0) internal_format(0x0) alloc_format(0x0) fd_count(1) plane_count(0)
10-08 20:37:14.663   762   790 D gralloc : [mali_gralloc_allocate] allocation successful
10-08 20:37:14.663  1678  1678 I FaceWidgetPositionAlgorithm: getClockContainerHeight() supplier = 270, bottom margin = 63, real height = 333
10-08 20:37:14.663  2080  2353 I BadgeCache: reloadBadge size : 0
10-08 20:37:14.663  1678  1678 I FaceWidgetPositionAlgorithm: getMediaContainerHeight() height = 456 container Visibility = 8, isValid = true, mIsDozing = true, fraction = 1.0, source = 0, target = 0
10-08 20:37:14.663  1678  1678 I FaceWidgetPositionAlgorithm: getMediaContainerHeight() supplier = 0
10-08 20:37:14.663  1678  1678 I FaceWidgetPositionAlgorithm: getClockContainerHeight() supplier = 270, bottom margin = 0, real height = 333
10-08 20:37:14.663  6153  6697 E BtGatt.GattService: [GSIM LOG]: gsimLogHandler, msg: MESSAGE_SCAN_STOP, appName: android.uid.system, scannerId: 4, reportDelayMillis=0
10-08 20:37:14.663   762   790 D gralloc : [mali_gralloc_allocate] begin
10-08 20:37:14.663   762   790 D gralloc : buffer_descriptor: wh(1080 2400) usage_pc(0x40000000000b00 0x40000000000b00) hal_format(0x1) layer_count(1) sizes(0 0 0) strde(0) byte_stride(0) alloc_wh(0 0) internal_format(0x0) alloc_format(0x0) fd_count(1) plane_count(0)
10-08 20:37:14.663   762   790 D gralloc : [mali_gralloc_allocate] allocation successful
10-08 20:37:14.664   762   790 D gralloc : [mali_gralloc_allocate] begin
10-08 20:37:14.664   762   790 D gralloc : buffer_descriptor: wh(1080 2400) usage_pc(0x40000000000b00 0x40000000000b00) hal_format(0x1) layer_count(1) sizes(0 0 0) strde(0) byte_stride(0) alloc_wh(0 0) internal_format(0x0) alloc_format(0x0) fd_count(1) plane_count(0)
10-08 20:37:14.664   762   790 D gralloc : [mali_gralloc_allocate] allocation successful
10-08 20:37:14.664  1678  1678 D SecQSFragmentAnimator_QSCinema: [panelExpanded:true] qsExpanded:false, qsFullyExpanded:false, qsExpansionPosition:0, qsExpandImmediate:false, qsCollapsingWhilePanelClosing:false &&&  panelExpansionFraction:0, panelExpansionDragDownPxAmount:0 ***   panelExpanded:false, panelExpanding:false %%%   barState:1, overScrolling:false, userId:-1, isRunningPanelOnHeightAnimation:false
10-08 20:37:14.664  1678  1678 D KeyguardVisible: go panelState: OPENING -> OPEN tracking=false, expanded=true, fraction=0.0
10-08 20:37:14.664   762   790 D gralloc : [mali_gralloc_allocate] begin
10-08 20:37:14.664   762   790 D gralloc : buffer_descriptor: wh(1080 2400) usage_pc(0x40000000000b00 0x40000000000b00) hal_format(0x1) layer_count(1) sizes(0 0 0) strde(0) byte_stride(0) alloc_wh(0 0) internal_format(0x0) alloc_format(0x0) fd_count(1) plane_count(0)
10-08 20:37:14.665  1678  1678 D SecQpScrimControlHelper:  secVisible?false (scrimState:AOD) (1stFrc:1, 2ndFrc:0, drgDown:0, PanelEx:false)   (dlyGed:0, dlySec:0)   [N(0.4|ff000000)-B(0|ff000000)]   (expanded:true, tracking:false, qsBottomVisible:false)   thm(a:1, rtEnabled:false) park(panel_on?false)   kgd(fw:false, gw:false, ocl:false)   (assetsSeq:0, themeSeq:0, uiMode:33)   GED[F(1|ff000000)-N(0|0)-B(1,|ff000000)-Duration:600], caller:onPanelExpansionChanged()
10-08 20:37:14.665  1678  1678 D SecQpScrimView sec_qp_scrim_notifications: setViewAlpha(0.00 >> 0.40)
10-08 20:37:14.665  1678  1678 D SecQSFragmentAnimator_QSCinema: [panelExpansionFraction:1] qsExpanded:false, qsFullyExpanded:false, qsExpansionPosition:0, qsExpandImmediate:false, qsCollapsingWhilePanelClosing:false &&&  panelExpansionFraction:0, panelExpansionDragDownPxAmount:0 ***   panelExpanded:true, panelExpanding:false %%%   barState:1, overScrolling:false, userId:-1, isRunningPanelOnHeightAnimation:false
10-08 20:37:14.665  1678  1678 D SecQSFragmentAnimator_QSCinema: [panelExpansionDragDownPxAmount:892] qsExpanded:false, qsFullyExpanded:false, qsExpansionPosition:0, qsExpandImmediate:false, qsCollapsingWhilePanelClosing:false &&&  panelExpansionFraction:1, panelExpansionDragDownPxAmount:0 ***   panelExpanded:true, panelExpanding:false %%%   barState:1, overScrolling:false, userId:-1, isRunningPanelOnHeightAnimation:false
10-08 20:37:14.665   762   790 D gralloc : [mali_gralloc_allocate] allocation successful
10-08 20:37:14.665  2080  2631 I TouchInteractionService: onSystemUiStateChanged, stateFlags : 2228228 |notif_visible|allow_gesture|device_dozing|
10-08 20:37:14.666  2080  2080 I RecentsAnimationDeviceState: setSystemUiFlags, stateFlags : 2228228
10-08 20:37:14.666  2080  2080 I TouchInteractionService: onSystemUiFlagsChanged, lastSysUIFlags : 2228224
10-08 20:37:14.666  2080  2080 I TaskAnimationManager: endLiveTile
10-08 20:37:14.666  6153  7276 W bt_stack: Received command complete with op_code LE_SET_RANDOM_ADDRESS
10-08 20:37:14.666  6153  7276 W bt_stack: le_scanning_manager :: OnResume()
10-08 20:37:14.666  6153  7276 W bt_stack: Start LeSetExtendedScan
10-08 20:37:14.666  6153  7276 W bt_stack: le_scanning_manager :: OnResume() - call AckResume
10-08 20:37:14.666  6153  7276 W bt_stack: le_address_manager :: ack_resume()
10-08 20:37:14.666  1678  1678 I ViewRootImpl@77e2bcf[NotificationShade]: reportNextDraw android.view.ViewRootImpl.performTraversals:4438 android.view.ViewRootImpl.doTraversal:3116 android.view.ViewRootImpl$TraversalRunnable.run:10885 android.view.Choreographer$CallbackRecord.run:1301 android.view.Choreographer$CallbackRecord.run:1309 
10-08 20:37:14.667  1678  1678 I ViewRootImpl@77e2bcf[NotificationShade]: Setup new sync id=1326
10-08 20:37:14.667  1678  1678 I ViewRootImpl@77e2bcf[NotificationShade]: Setting syncFrameCallback
10-08 20:37:14.667  1678  1678 I ViewRootImpl@77e2bcf[NotificationShade]: registerCallbacksForSync syncBuffer=false
10-08 20:37:14.667  1678  1816 I ViewRootImpl@77e2bcf[NotificationShade]: Received frameDrawingCallback syncResult=0 frameNum=1.
10-08 20:37:14.668  1678  1816 I ViewRootImpl@77e2bcf[NotificationShade]: Setting up sync and frameCommitCallback
10-08 20:37:14.669  6153  7276 E bt_stack: Receive set extended scan enable with error code COMMAND_DISALLOWED
10-08 20:37:14.672  1678  1742 I BLASTBufferQueue: [ViewRootImpl@77e2bcf[NotificationShade]#872](f:0,a:0) onFrameAvailable the first frame is available
10-08 20:37:14.672  1678  1742 I ViewRootImpl@77e2bcf[NotificationShade]: Received frameCommittedCallback lastAttemptedDrawFrameNum=1 didProduceBuffer=true
10-08 20:37:14.672  1678  1678 I ViewRootImpl@77e2bcf[NotificationShade]: onSyncComplete
10-08 20:37:14.672  1678  1678 I ViewRootImpl@77e2bcf[NotificationShade]: setupSync seqId=1 mSyncId=1326 fn=1 caller=android.view.ViewRootImpl$$ExternalSyntheticLambda11.accept:6 android.window.SurfaceSyncer.lambda$setupSync$1$android-window-SurfaceSyncer:128 android.window.SurfaceSyncer$$ExternalSyntheticLambda1.accept:8 android.window.SurfaceSyncer$SyncSet.checkIfSyncIsComplete:382 android.window.SurfaceSyncer$SyncSet.markSyncReady:359 android.window.SurfaceSyncer.markSyncReady:151 android.view.ViewRootImpl.performTraversals:4503 
10-08 20:37:14.673  1678  1678 I ViewRootImpl@77e2bcf[NotificationShade]: reportDrawFinished seqId=1 mSyncId=-1 fn=1 mSurfaceChangedTransaction=0x7344701b90
10-08 20:37:14.673  1173  3555 D WindowManager: finishDrawingWindow: Window{9232ea3 u0 NotificationShade} mDrawState=DRAW_PENDING seqId=1
10-08 20:37:14.673  1678  1678 I DymLock|DynamicLockManager: notifyAction action[LOCKED] arg[false]
10-08 20:37:14.673  1678  1678 I DymLock|BaseAnimator: setTouchIgnored() false
10-08 20:37:14.673  1678  1678 I DymLock|BaseLockContainer: onLocked() mIsSleeping[false], mIsKeyguardPresented[true], mOverlayState[NONE]
10-08 20:37:14.673  1678  1678 I DymLock|DynamicLockContainer: onLocked()
10-08 20:37:14.673  1678  1678 D KeyguardViewMediator: handleMessage 5
10-08 20:37:14.673  1678  1678 D KeyguardViewMediator: handleNotifyFinishedGoingToSleep
10-08 20:37:14.673  1173  1272 V WindowManager: performShowLocked: mDrawState=HAS_DRAWN in Window{9232ea3 u0 NotificationShade}
10-08 20:37:14.674  1678  1678 D SecPowerUI.Notification: dismissUnintentionallyLcdOnNotice
10-08 20:37:14.674  1678  1678 D KeyguardUpdateMonitor: updateBiometricListeningState()
10-08 20:37:14.674  1678  1678 D KeyguardFingerprint: shouldListenForFingerprint ( isFingerprintEnabled = true , mKeyguardIsVisible = false , mDeviceInteractive = false , mBouncerIsOrWillBeShowing = false , mBouncerFullyShown = false , mGoingToSleep = false , mSwitchingUser = false , mIsDreamingForBiometrics = true , mKeyguardUnlocking = false , mKeyguardGoingAway = false , mKeyguardShowing = false , mKeyguardOccluded = false , mSystemReady = true , mHasFocus = false
10-08 20:37:14.674  1173  1272 D SurfaceControl: applyGlobalTransaction called, mName=finishDrawing_syncId(1)_NotificationShade<pending>
10-08 20:37:14.674  1678  1678 D KeyguardFingerprint: updateFingerprintListeningState#mFingerprintRunningState=1 shouldListenForFingerprint=true isUdfpsEnrolled=false bioType : 1
10-08 20:37:14.674  1678  1678 D SecLifecycle: wakefulness=0
10-08 20:37:14.674  1678  1678 D KeyguardWallpaperEventHandler: onFinishedGoingToSleep()
10-08 20:37:14.674  1678  1678 D KeyguardWallpaperEventHandler: sendMessage(), what = 835 , obj = null , arg1 = -1 , arg2 = -1
10-08 20:37:14.674  1678  1966 D KeyguardWallpaperController: mWallpaperView.onPause() visibility = 4 shouldControlScreenOff = false
10-08 20:37:14.674  1678  1678 D KeyguardSecIndicationPolicy:    removeAll
10-08 20:37:14.675  1678  1678 D KeyguardSecIndicationPolicy:   update top pos = DEFAULT, item = [id=6180|ty=BATTERY|pr=40|txt=Fully charged|ti=duration=3000|an=false] -> [id=0|ty=EMPTY_LOW|pr=1|txt=|ti=duration=PERSISTENT|an=false]
10-08 20:37:14.675  1678  1678 D KeyguardSecIndicationPolicy: update Event pos = BIOMETRIC_ERROR, type =           EMPTY_HIGH, id =  6182, text = 
10-08 20:37:14.675  1678  1678 D KeyguardSecIndicationPolicy:   update top pos = BIOMETRIC_ERROR, item = [id=6177|ty=EMPTY_HIGH|pr=45|txt=|ti=duration=PERSISTENT|an=false] -> [id=6182|ty=EMPTY_HIGH|pr=45|txt=|ti=duration=PERSISTENT|an=false]
10-08 20:37:14.675  1678  1678 D SecPanelLogger: makeExpandedVisible(force:true) mExpandedVisible:true, panelsEnabled: true
10-08 20:37:14.675  1678  1678 D CentralSurfaces: Received new disable state: enaihbcrsokt.qingr (unchanged)
10-08 20:37:14.676  1678  1678 D CentralSurfaces: Received new disable state: enaihbcrsokt.qingr (unchanged)
10-08 20:37:14.676  1678  1678 D SecPanelLogger: makeExpandedVisible(force:true) mExpandedVisible:true, panelsEnabled: true
10-08 20:37:14.676  1678  1678 D CentralSurfaces: Received new disable state: enaihbcrsokt.qingr (unchanged)
10-08 20:37:14.676  1678  1678 D CentralSurfaces: Received new disable state: enaihbcrsokt.qingr (unchanged)
10-08 20:37:14.676  1678  1678 D KeyguardWallpaperController: mWallpaperView.reset()
10-08 20:37:14.676  1678  1678 D FaceWidgetViewModel: onFinishedGoingToSleep
10-08 20:37:14.676  1678  1678 D FaceWidgetViewModel: updateInfoParameters(sleep) isAODState = false, clockSidePadding = (63, 63), musicSidePadding = (30, 30)
10-08 20:37:14.676  1678  1678 I FaceWidgetWindowManager: removeAllViews
10-08 20:37:14.676  1678  1678 D FaceWidgetClockPage: updateClockSuspendState() reason = sleep, suspend=true, kv=false, wa=true, di=false, wu=false, aodDash=false
10-08 20:37:14.676  1678  1678 I DigitalHorizontalClockView_LOCK_SCREEN: suspend : mSuspend = true, enable = true
10-08 20:37:14.676  1678  1678 D FaceWidgetClockPage: preUpdateWithAODClockColor() return - aod is disabled
10-08 20:37:14.676  1678  1678 D KeyguardSecBottomAreaView: mCanIndicationAreaUpdate set to true
10-08 20:37:14.676  1678  1678 I AODCommonUtils: isDesktopModeEnabled : desktopModeState = SemDesktopModeState(DISABLED, STATE_UNDEFINED, DISPLAY_TYPE_NONE)
10-08 20:37:14.677  1678  1678 D DozeScreenState: setDozeScreenState(1, shouldWaitForTransitionToAodUi = false)
10-08 20:37:14.680  1678  1678 D PluginAODManager: onNotificationInfoUpdated() 12
10-08 20:37:14.680  1678  1678 D PluginAODManager: onNotificationInfoUpdated() 0|com.whatsapp|1|sl7eV24vTfjisggXxlPUyKlOrGaGdiIR1kAeosxMZKg=
10-08 20:37:14.680  1678  1678 D PluginAODManager: |10311
10-08 20:37:14.680  1678  1678 D PluginAODManager: onNotificationInfoUpdated() 0|com.offline.bible|4097|null|10373
10-08 20:37:14.680  1678  1678 D PluginAODManager: onNotificationInfoUpdated() 0|com.google.android.youtube|0|XeNaxAsMZg4::8e1f53fb-2af0-4f2b-9ce9-b093f755edb0|10244
10-08 20:37:14.680  1678  1678 D PluginAODManager: onNotificationInfoUpdated() 0|com.google.android.youtube|0|l7FRvwQq2N8::43989c01-738a-46b2-ae07-dcd42bef29df|10244
10-08 20:37:14.680  1678  1678 D PluginAODManager: onNotificationInfoUpdated() 0|com.whatsapp|64|messages5fe412fb3069d8e259f3d1762f9d751e|10311
10-08 20:37:14.680  1678  1678 D PluginAODManager: onNotificationInfoUpdated() 0|com.instagram.android|64278|newstab|1492805866_churn_reminders&640a8803ec6acH58fa68eaH640a8c9d4c97eH9|10315
10-08 20:37:14.680  1678  1678 D PluginAODManager: onNotificationInfoUpdated() 0|com.instagram.android|64278|newstab|1492805866_story_daily_digest&640a604bbf83aH58fa68eaH640a64e51fb0cH5e|10315
10-08 20:37:14.680  1678  1678 D PluginAODManager: onNotificationInfoUpdated() 0|com.google.android.youtube|0|unwatched-channel::63e1fdd4-5b2c-4804-9426-0c00f8e4eb74|10244
10-08 20:37:14.680  1678  1678 D PluginAODManager: onNotificationInfoUpdated() 0|com.google.android.gm|0|gig:2086570980:^sq_ig_i_personal|10245
10-08 20:37:14.680  1678  1678 D PluginAODManager: onNotificationInfoUpdated() 0|com.offline.bible|0|campaign_collapse_key_3716002670453466113|10373
10-08 20:37:14.680  1678  1678 D PluginAODManager: onNotificationInfoUpdated() 0|ee.mtakso.client|164155715|appboy_notification|10317
10-08 20:37:14.680  1678  1678 D PluginAODManager: onNotificationInfoUpdated() 0|com.google.android.googlequicksearchbox|0|-465505200::a:snotification:[0x394,wx.f,NOTIFICATION]|10230
10-08 20:37:14.680  1678  1678 I AODNotificationManager: updateVisibleNotifications: 12
10-08 20:37:14.682  1678  1678 I ViewRootImpl@77e2bcf[NotificationShade]: performTraversals params={(0,0)(fillxfill) gr=TOP CENTER_VERTICAL sim={adjust=resize} layoutInDisplayCutoutMode=always ty=NOTIFICATION_SHADE fmt=TRANSLUCENT or=SCREEN_ORIENTATION_NOSENSOR
10-08 20:37:14.682  1678  1678 I ViewRootImpl@77e2bcf[NotificationShade]:   fl=81860040
10-08 20:37:14.682  1678  1678 I ViewRootImpl@77e2bcf[NotificationShade]:   pfl=1a000000
10-08 20:37:14.682  1678  1678 I ViewRootImpl@77e2bcf[NotificationShade]:   bhv=SHOW_TRANSIENT_BARS_BY_SWIPE
10-08 20:37:14.682  1678  1678 I ViewRootImpl@77e2bcf[NotificationShade]:  dimAmount=0.0 naviIconColor=0
10-08 20:37:14.682  1678  1678 I ViewRootImpl@77e2bcf[NotificationShade]:   sfl=40000}
10-08 20:37:14.682  1678  1678 I ViewRootImpl@77e2bcf[NotificationShade]: performTraversals mFirst=false windowShouldResize=false viewVisibilityChanged=false mForceNextWindowRelayout=false params={(0,0)(fillxfill) gr=TOP CENTER_VERTICAL sim={adjust=resize} layoutInDisplayCutoutMode=always ty=NOTIFICATION_SHADE fmt=TRANSLUCENT or=SCREEN_ORIENTATION_NOSENSOR
10-08 20:37:14.682  1678  1678 I ViewRootImpl@77e2bcf[NotificationShade]:   fl=81860040
10-08 20:37:14.682  1678  1678 I ViewRootImpl@77e2bcf[NotificationShade]:   pfl=1a000000
10-08 20:37:14.682  1678  1678 I ViewRootImpl@77e2bcf[NotificationShade]:   bhv=SHOW_TRANSIENT_BARS_BY_SWIPE
10-08 20:37:14.682  1678  1678 I ViewRootImpl@77e2bcf[NotificationShade]:  dimAmount=0.0 naviIconColor=0
10-08 20:37:14.682  1678  1678 I ViewRootImpl@77e2bcf[NotificationShade]:   sfl=40000}
10-08 20:37:14.684  1173  3555 V WindowManager: Relayout Window{9232ea3 u0 NotificationShade}: viewVisibility=0 req=1080x2400 d0
10-08 20:37:14.685  1173  3555 V WindowManager: Changing focus from null to Window{9232ea3 u0 NotificationShade} displayId=0 Callers=com.android.server.wm.RootWindowContainer.updateFocusedWindowLocked:595 com.android.server.wm.WindowManagerService.updateFocusedWindowLocked:6810 com.android.server.wm.WindowManagerService.relayoutWindow:2820 com.android.server.wm.Session.relayout:274 
10-08 20:37:14.686  1173  3555 I WindowManager: Cancelling animation restarting=true, leash=Surface(name=Surface(name=4ecb50b StatusBar)/@0xda8a006 - animation-leash of insets_animation)/@0x3e3c472
10-08 20:37:14.686  1173  3555 I WindowManager: Reparenting to original parent: Surface(name=WindowToken{6ff2cda type=2000 android.os.BinderProxy@3917ffc})/@0xc3226c7, destroy=false, surface=Surface(name=4ecb50b StatusBar)/@0xda8a006
10-08 20:37:14.686  1173  3555 I WindowManager: Reparenting to leash, surface=Surface(name=4ecb50b StatusBar)/@0xda8a006, leashParent=Surface(name=WindowToken{6ff2cda type=2000 android.os.BinderProxy@3917ffc})/@0xc3226c7
10-08 20:37:14.686   846  2206 I SurfaceFlinger: id=31380 createSurf flag=24000, Surface(name=4ecb50b StatusBar)/@0xda8a006 - animation-leash of insets_animation#31380
10-08 20:37:14.687  1173  3555 D WindowManager: makeSurface duration=1 leash=Surface(name=Surface(name=4ecb50b StatusBar)/@0xda8a006 - animation-leash of insets_animation)/@0x29020b1
10-08 20:37:14.687  1173  3555 I WindowManager: Cancelling animation restarting=true, leash=Surface(name=Surface(name=5454305 NavigationBar0)/@0x1a06863 - animation-leash of insets_animation)/@0x4983d40
10-08 20:37:14.687  1173  3555 I WindowManager: Reparenting to original parent: Surface(name=WindowToken{63d0d50 type=2019 android.os.BinderProxy@c717202})/@0xaccc60, destroy=false, surface=Surface(name=5454305 NavigationBar0)/@0x1a06863
10-08 20:37:14.687  1173  3555 I WindowManager: Reparenting to leash, surface=Surface(name=5454305 NavigationBar0)/@0x1a06863, leashParent=Surface(name=WindowToken{63d0d50 type=2019 android.os.BinderProxy@c717202})/@0xaccc60
10-08 20:37:14.687   846  2206 I SurfaceFlinger: id=31381 createSurf flag=24000, Surface(name=5454305 NavigationBar0)/@0x1a06863 - animation-leash of insets_animation#31381
10-08 20:37:14.687  1173  3555 D WindowManager: makeSurface duration=1 leash=Surface(name=Surface(name=5454305 NavigationBar0)/@0x1a06863 - animation-leash of insets_animation)/@0x6a5f917
10-08 20:37:14.688  1173  3555 D WindowManager: updateSystemBarAttributes: displayId=0, win=Window{9232ea3 u0 NotificationShade}, navColorWin=null, focusedCanBeNavColorWin=false, behavior=2, appearance=0, statusBarAppearanceRegions=[], requestedVisibilities=ITYPE_NAVIGATION_BAR: invisible, ITYPE_EXTRA_NAVIGATION_BAR: invisible, ITYPE_LOCAL_NAVIGATION_BAR_1: invisible, ITYPE_LOCAL_NAVIGATION_BAR_2: invisible, from=com.android.server.wm.DisplayPolicy.focusChangedLw:3247 com.android.server.wm.DisplayContent.updateFocusedWindowLocked:4632 com.android.server.wm.RootWindowContainer.updateFocusedWindowLocked:595 
10-08 20:37:14.688  1173  3555 D StatusBarManagerService: notifyRequestedSystemKey recent=false home=false
10-08 20:37:14.688  1173  3555 V WindowManager: Relayout hash=9232ea3, pid=1678, syncId=-1: mAttrs={(0,0)(fillxfill) gr=TOP CENTER_VERTICAL sim={adjust=resize} layoutInDisplayCutoutMode=always ty=NOTIFICATION_SHADE fmt=TRANSLUCENT or=SCREEN_ORIENTATION_NOSENSOR
10-08 20:37:14.688  1173  3555 V WindowManager:   fl=81860040
10-08 20:37:14.688  1173  3555 V WindowManager:   pfl=1a000000
10-08 20:37:14.688  1173  3555 V WindowManager:   bhv=SHOW_TRANSIENT_BARS_BY_SWIPE
10-08 20:37:14.688  1173  3555 V WindowManager:  dimAmount=0.0 naviIconColor=0
10-08 20:37:14.688  1173  3555 V WindowManager:   sfl=40000}
10-08 20:37:14.689  1678  1678 I ViewRootImpl@77e2bcf[NotificationShade]: updateBlastSurfaceIfNeeded mBlastBufferQueue=0x7384855a10 isSameSurfaceControl=true
