10-08 20:36:44.168  1678  1678 D SecQSFragmentAnimator_QSCinema: [panelExpansionDragDownPxAmount:1493.482] qsExpanded:false, qsFullyExpanded:false, qsExpansionPosition:0, qsExpandImmediate:false, qsCollapsingWhilePanelClosing:false &&&  panelExpansionFraction:0.7, panelExpansionDragDownPxAmount:1577.99 ***   panelExpanded:true, panelExpanding:true %%%   barState:0, overScrolling:false, userId:-1, isRunningPanelOnHeightAnimation:false
10-08 20:36:44.168 13891 13891 D nativeloader: InitDefaultPublicLibraries for_preload=1: libandroid.so:libaaudio.so:libamidi.so:libbinder_ndk.so:libc.so:libcamera2ndk.so:libdl.so:libEGL.so:libGLESv1_CM.so:libGLESv2.so:libGLESv3.so:libicu.so:libicui18n.so:libicuuc.so:libjnigraphics.so:liblog.so:libmediandk.so:libm.so:libnativehelper.so:libnativewindow.so:libOpenMAXAL.so:libOpenSLES.so:libRS.so:libstdc++.so:libsync.so:libvulkan.so:libwebviewchromium_plat_support.so:libz.so
10-08 20:36:44.181   846   846 D Layer   : [SEC_SF_EFFECTS] setBlurRegions ## {radius=299u, cornerRadii=[0.000000, 0.000000, 0.000000, 0.000000], alpha=1.000000, rect=[0, 0, 1080, 2400]
10-08 20:36:44.182  1678  1678 V SecQpBlurController: applySemWindowBlur (299 )
10-08 20:36:44.183  1678  1678 D BackgroundBlurDrawable: setScaleX, scaleX : 1.0
10-08 20:36:44.183  1678  1678 D BackgroundBlurDrawable: setScaleY, scaleY : 1.0
10-08 20:36:44.184  1678  1678 D SecQSFragmentAnimator_QSCinema: [panelExpansionDragDownPxAmount:1403.276] qsExpanded:false, qsFullyExpanded:false, qsExpansionPosition:0, qsExpandImmediate:false, qsCollapsingWhilePanelClosing:false &&&  panelExpansionFraction:0.66, panelExpansionDragDownPxAmount:1493.48 ***   panelExpanded:true, panelExpanding:true %%%   barState:0, overScrolling:false, userId:-1, isRunningPanelOnHeightAnimation:false
10-08 20:36:44.184 13891 13891 D nativeloader: Load libicu_jni.so using APEX ns com_android_art for caller /apex/com.android.art/javalib/core-oj.jar: ok
10-08 20:36:44.184 13891 13891 D app_process: Time zone APEX ICU file found: /apex/com.android.tzdata/etc/icu/icu_tzdata.dat
10-08 20:36:44.185 13891 13891 D app_process: I18n APEX ICU file found: /apex/com.android.i18n/etc/icu/icudt70l.dat
10-08 20:36:44.186 13891 13891 D nativeloader: Load libjavacore.so using APEX ns com_android_art for caller /apex/com.android.art/javalib/core-oj.jar: ok
10-08 20:36:44.187 13891 13891 D nativeloader: Load libopenjdk.so using APEX ns com_android_art for caller /apex/com.android.art/javalib/core-oj.jar: ok
10-08 20:36:44.198   846   846 D Layer   : [SEC_SF_EFFECTS] setBlurRegions ## {radius=299u, cornerRadii=[0.000000, 0.000000, 0.000000, 0.000000], alpha=1.000000, rect=[0, 0, 1080, 2400]
10-08 20:36:44.198  1678  1678 V SecQpBlurController: applySemWindowBlur (298 )
10-08 20:36:44.199  1678  1678 D BackgroundBlurDrawable: setScaleX, scaleX : 1.0
10-08 20:36:44.199  1678  1678 D BackgroundBlurDrawable: setScaleY, scaleY : 1.0
10-08 20:36:44.200  1678  1678 D SecQSFragmentAnimator_QSCinema: [panelExpansionFraction:0.615] qsExpanded:false, qsFullyExpanded:false, qsExpansionPosition:0, qsExpandImmediate:false, qsCollapsingWhilePanelClosing:false &&&  panelExpansionFraction:0.66, panelExpansionDragDownPxAmount:1403.28 ***   panelExpanded:true, panelExpanding:true %%%   barState:0, overScrolling:false, userId:-1, isRunningPanelOnHeightAnimation:false
10-08 20:36:44.200  1678  1678 D SecQSFragmentAnimator_QSCinema: [panelExpansionDragDownPxAmount:1313.543] qsExpanded:false, qsFullyExpanded:false, qsExpansionPosition:0, qsExpandImmediate:false, qsCollapsingWhilePanelClosing:false &&&  panelExpansionFraction:0.61, panelExpansionDragDownPxAmount:1403.28 ***   panelExpanded:true, panelExpanding:true %%%   barState:0, overScrolling:false, userId:-1, isRunningPanelOnHeightAnimation:false
10-08 20:36:44.207 13891 13891 E SemDvfsManager_JNI: SemDvfsManager: registerfunction enter
10-08 20:36:44.207 13891 13891 E SemAffinityControl: SemAffinityControl: registerfunction enter
10-08 20:36:44.215   846   846 D Layer   : [SEC_SF_EFFECTS] setBlurRegions ## {radius=298u, cornerRadii=[0.000000, 0.000000, 0.000000, 0.000000], alpha=1.000000, rect=[0, 0, 1080, 2400]
10-08 20:36:44.215  1678  1678 V SecQpBlurController: applySemWindowBlur (295 )
10-08 20:36:44.216  1678  1678 D BackgroundBlurDrawable: setScaleX, scaleX : 1.0
10-08 20:36:44.216  1678  1678 D BackgroundBlurDrawable: setScaleY, scaleY : 1.0
10-08 20:36:44.217  1678  1678 D SecQSFragmentAnimator_QSCinema: [panelExpansionDragDownPxAmount:1229.596] qsExpanded:false, qsFullyExpanded:false, qsExpansionPosition:0, qsExpandImmediate:false, qsCollapsingWhilePanelClosing:false &&&  panelExpansionFraction:0.58, panelExpansionDragDownPxAmount:1313.54 ***   panelExpanded:true, panelExpanding:true %%%   barState:0, overScrolling:false, userId:-1, isRunningPanelOnHeightAnimation:false
10-08 20:36:44.217 13891 13891 D nativeloader: Load libframework-connectivity-tiramisu-jni.so using APEX ns com_android_tethering for caller /apex/com.android.tethering/javalib/framework-connectivity-t.jar: ok
10-08 20:36:44.218 13891 13891 D AndroidRuntime: Calling main entry com.android.commands.content.Content
10-08 20:36:44.220 13891 13891 D AndroidRuntime: Shutting down VM
10-08 20:36:44.231   846   846 D Layer   : [SEC_SF_EFFECTS] setBlurRegions ## {radius=295u, cornerRadii=[0.000000, 0.000000, 0.000000, 0.000000], alpha=1.000000, rect=[0, 0, 1080, 2400]
10-08 20:36:44.232  1678  1678 V SecQpBlurController: applySemWindowBlur (292 )
10-08 20:36:44.232  1678  1678 D BackgroundBlurDrawable: setScaleX, scaleX : 1.0
10-08 20:36:44.232  1678  1678 D BackgroundBlurDrawable: setScaleY, scaleY : 1.0
10-08 20:36:44.233  1678  1678 D SecQSFragmentAnimator_QSCinema: [panelExpansionDragDownPxAmount:1142.275] qsExpanded:false, qsFullyExpanded:false, qsExpansionPosition:0, qsExpandImmediate:false, qsCollapsingWhilePanelClosing:false &&&  panelExpansionFraction:0.53, panelExpansionDragDownPxAmount:1229.6 ***   panelExpanded:true, panelExpanding:true %%%   barState:0, overScrolling:false, userId:-1, isRunningPanelOnHeightAnimation:false
10-08 20:36:44.248   846   846 D Layer   : [SEC_SF_EFFECTS] setBlurRegions ## {radius=292u, cornerRadii=[0.000000, 0.000000, 0.000000, 0.000000], alpha=1.000000, rect=[0, 0, 1080, 2400]
10-08 20:36:44.248  1678  1678 V SecQpBlurController: applySemWindowBlur (288 )
10-08 20:36:44.249  1678  1678 D BackgroundBlurDrawable: setScaleX, scaleX : 1.0
10-08 20:36:44.249  1678  1678 D BackgroundBlurDrawable: setScaleY, scaleY : 1.0
10-08 20:36:44.250  1678  1678 D SecQSFragmentAnimator_QSCinema: [panelExpansionFraction:0.494] qsExpanded:false, qsFullyExpanded:false, qsExpansionPosition:0, qsExpandImmediate:false, qsCollapsingWhilePanelClosing:false &&&  panelExpansionFraction:0.53, panelExpansionDragDownPxAmount:1142.27 ***   panelExpanded:true, panelExpanding:true %%%   barState:0, overScrolling:false, userId:-1, isRunningPanelOnHeightAnimation:false
10-08 20:36:44.250  1678  1678 D SecQSFragmentAnimator_QSCinema: [panelExpansionDragDownPxAmount:1054.879] qsExpanded:false, qsFullyExpanded:false, qsExpansionPosition:0, qsExpandImmediate:false, qsCollapsingWhilePanelClosing:false &&&  panelExpansionFraction:0.49, panelExpansionDragDownPxAmount:1142.27 ***   panelExpanded:true, panelExpanding:true %%%   barState:0, overScrolling:false, userId:-1, isRunningPanelOnHeightAnimation:false
10-08 20:36:44.264   846   846 D Layer   : [SEC_SF_EFFECTS] setBlurRegions ## {radius=288u, cornerRadii=[0.000000, 0.000000, 0.000000, 0.000000], alpha=1.000000, rect=[0, 0, 1080, 2400]
10-08 20:36:44.264   846  2482 D NativeSemDvfsManager: acquire:: timeout = 2000 mIsAcquired = 1  mTagName : SurfaceFlinger 
10-08 20:36:44.265   776   835 I HYPER-HAL: [RequestManager.cpp]acquire(): Acquired ID : 1705781  [846 / 1000]    HINT : SF_GPU_MINLOCK    list : [TIMEOUT / 2000] 
10-08 20:36:44.265   846  2482 E NativeCustomFrequencyManager: [NativeCFMS] BpCustomFrequencyManager::acquire()
10-08 20:36:44.265  1678  1678 V SecQpBlurController: applySemWindowBlur (282 )
10-08 20:36:44.268  1678  1678 D BackgroundBlurDrawable: setScaleX, scaleX : 1.0
10-08 20:36:44.268  1678  1678 D BackgroundBlurDrawable: setScaleY, scaleY : 1.0
10-08 20:36:44.269  1678  1678 D SecQSFragmentAnimator_QSCinema: [panelExpansionDragDownPxAmount:976.77] qsExpanded:false, qsFullyExpanded:false, qsExpansionPosition:0, qsExpandImmediate:false, qsCollapsingWhilePanelClosing:false &&&  panelExpansionFraction:0.46, panelExpansionDragDownPxAmount:1054.88 ***   panelExpanded:true, panelExpanding:true %%%   barState:0, overScrolling:false, userId:-1, isRunningPanelOnHeightAnimation:false
10-08 20:36:44.281   846   846 D Layer   : [SEC_SF_EFFECTS] setBlurRegions ## {radius=282u, cornerRadii=[0.000000, 0.000000, 0.000000, 0.000000], alpha=1.000000, rect=[0, 0, 1080, 2400]
10-08 20:36:44.281  1678  1678 V SecQpBlurController: applySemWindowBlur (275 )
10-08 20:36:44.282  1678  1678 D BackgroundBlurDrawable: setScaleX, scaleX : 1.0
10-08 20:36:44.282  1678  1678 D BackgroundBlurDrawable: setScaleY, scaleY : 1.0
10-08 20:36:44.284  1678  1678 D SecQSFragmentAnimator_QSCinema: [panelExpansionDragDownPxAmount:893.476] qsExpanded:false, qsFullyExpanded:false, qsExpansionPosition:0, qsExpandImmediate:false, qsCollapsingWhilePanelClosing:false &&&  panelExpansionFraction:0.42, panelExpansionDragDownPxAmount:976.77 ***   panelExpanded:true, panelExpanding:true %%%   barState:0, overScrolling:false, userId:-1, isRunningPanelOnHeightAnimation:false
10-08 20:36:44.298   846   846 D Layer   : [SEC_SF_EFFECTS] setBlurRegions ## {radius=275u, cornerRadii=[0.000000, 0.000000, 0.000000, 0.000000], alpha=1.000000, rect=[0, 0, 1080, 2400]
10-08 20:36:44.298  1678  1678 V SecQpBlurController: applySemWindowBlur (266 )
10-08 20:36:44.299  1678  1678 D BackgroundBlurDrawable: setScaleX, scaleX : 1.0
10-08 20:36:44.299  1678  1678 D BackgroundBlurDrawable: setScaleY, scaleY : 1.0
10-08 20:36:44.300  1678  1678 D SecQSFragmentAnimator_QSCinema: [panelExpansionFraction:0.381] qsExpanded:false, qsFullyExpanded:false, qsExpansionPosition:0, qsExpandImmediate:false, qsCollapsingWhilePanelClosing:false &&&  panelExpansionFraction:0.42, panelExpansionDragDownPxAmount:893.48 ***   panelExpanded:true, panelExpanding:true %%%   barState:0, overScrolling:false, userId:-1, isRunningPanelOnHeightAnimation:false
10-08 20:36:44.300  1678  1678 D SecQSFragmentAnimator_QSCinema: [panelExpansionDragDownPxAmount:814.021] qsExpanded:false, qsFullyExpanded:false, qsExpansionPosition:0, qsExpandImmediate:false, qsCollapsingWhilePanelClosing:false &&&  panelExpansionFraction:0.38, panelExpansionDragDownPxAmount:893.48 ***   panelExpanded:true, panelExpanding:true %%%   barState:0, overScrolling:false, userId:-1, isRunningPanelOnHeightAnimation:false
10-08 20:36:44.314   846   846 D Layer   : [SEC_SF_EFFECTS] setBlurRegions ## {radius=266u, cornerRadii=[0.000000, 0.000000, 0.000000, 0.000000], alpha=1.000000, rect=[0, 0, 1080, 2400]
10-08 20:36:44.315  1678  1678 V SecQpBlurController: applySemWindowBlur (255 )
10-08 20:36:44.316  1678  1678 D BackgroundBlurDrawable: setScaleX, scaleX : 1.0
10-08 20:36:44.316  1678  1678 D BackgroundBlurDrawable: setScaleY, scaleY : 1.0
10-08 20:36:44.317  1678  1678 D SecQSFragmentAnimator_QSCinema: [panelExpansionDragDownPxAmount:741.677] qsExpanded:false, qsFullyExpanded:false, qsExpansionPosition:0, qsExpandImmediate:false, qsCollapsingWhilePanelClosing:false &&&  panelExpansionFraction:0.35, panelExpansionDragDownPxAmount:814.02 ***   panelExpanded:true, panelExpanding:true %%%   barState:0, overScrolling:false, userId:-1, isRunningPanelOnHeightAnimation:false
10-08 20:36:44.331   846   846 D Layer   : [SEC_SF_EFFECTS] setBlurRegions ## {radius=255u, cornerRadii=[0.000000, 0.000000, 0.000000, 0.000000], alpha=1.000000, rect=[0, 0, 1080, 2400]
10-08 20:36:44.332  1678  1678 V SecQpBlurController: applySemWindowBlur (244 )
10-08 20:36:44.333  1678  1678 D BackgroundBlurDrawable: setScaleX, scaleX : 1.0
10-08 20:36:44.333  1678  1678 D BackgroundBlurDrawable: setScaleY, scaleY : 1.0
10-08 20:36:44.333  1678  1678 D SecQpBlurDefaultUtils: windowBlur(255 >> 244), wallpaper:0
10-08 20:36:44.334  1678  1678 D SecQSFragmentAnimator_QSCinema: [panelExpansionDragDownPxAmount:665.324] qsExpanded:false, qsFullyExpanded:false, qsExpansionPosition:0, qsExpandImmediate:false, qsCollapsingWhilePanelClosing:false &&&  panelExpansionFraction:0.31, panelExpansionDragDownPxAmount:741.68 ***   panelExpanded:true, panelExpanding:true %%%   barState:0, overScrolling:false, userId:-1, isRunningPanelOnHeightAnimation:false
10-08 20:36:44.347   846   846 D Layer   : [SEC_SF_EFFECTS] setBlurRegions ## {radius=244u, cornerRadii=[0.000000, 0.000000, 0.000000, 0.000000], alpha=1.000000, rect=[0, 0, 1080, 2400]
10-08 20:36:44.348  1678  1678 V SecQpBlurController: applySemWindowBlur (230 )
10-08 20:36:44.349  1678  1678 D BackgroundBlurDrawable: setScaleX, scaleX : 1.0
10-08 20:36:44.349  1678  1678 D BackgroundBlurDrawable: setScaleY, scaleY : 1.0
10-08 20:36:44.350  1678  1678 D SecQSFragmentAnimator_QSCinema: [panelExpansionFraction:0.28] qsExpanded:false, qsFullyExpanded:false, qsExpansionPosition:0, qsExpandImmediate:false, qsCollapsingWhilePanelClosing:false &&&  panelExpansionFraction:0.31, panelExpansionDragDownPxAmount:665.32 ***   panelExpanded:true, panelExpanding:true %%%   barState:0, overScrolling:false, userId:-1, isRunningPanelOnHeightAnimation:false
10-08 20:36:44.351  1678  1678 D SecQSFragmentAnimator_QSCinema: [panelExpansionDragDownPxAmount:599.344] qsExpanded:false, qsFullyExpanded:false, qsExpansionPosition:0, qsExpandImmediate:false, qsCollapsingWhilePanelClosing:false &&&  panelExpansionFraction:0.28, panelExpansionDragDownPxAmount:665.32 ***   panelExpanded:true, panelExpanding:true %%%   barState:0, overScrolling:false, userId:-1, isRunningPanelOnHeightAnimation:false
10-08 20:36:44.364   846   846 D Layer   : [SEC_SF_EFFECTS] setBlurRegions ## {radius=230u, cornerRadii=[0.000000, 0.000000, 0.000000, 0.000000], alpha=1.000000, rect=[0, 0, 1080, 2400]
10-08 20:36:44.365  1678  1678 V SecQpBlurController: applySemWindowBlur (216 )
10-08 20:36:44.366  1678  1678 D BackgroundBlurDrawable: setScaleX, scaleX : 1.0
10-08 20:36:44.366  1678  1678 D BackgroundBlurDrawable: setScaleY, scaleY : 1.0
10-08 20:36:44.367  1678  1678 D SecQSFragmentAnimator_QSCinema: [panelExpansionDragDownPxAmount:530.331] qsExpanded:false, qsFullyExpanded:false, qsExpansionPosition:0, qsExpandImmediate:false, qsCollapsingWhilePanelClosing:false &&&  panelExpansionFraction:0.25, panelExpansionDragDownPxAmount:599.34 ***   panelExpanded:true, panelExpanding:true %%%   barState:0, overScrolling:false, userId:-1, isRunningPanelOnHeightAnimation:false
10-08 20:36:44.381   846   846 D Layer   : [SEC_SF_EFFECTS] setBlurRegions ## {radius=216u, cornerRadii=[0.000000, 0.000000, 0.000000, 0.000000], alpha=1.000000, rect=[0, 0, 1080, 2400]
10-08 20:36:44.381  1678  1678 V SecQpBlurController: applySemWindowBlur (201 )
10-08 20:36:44.382  1678  1678 D BackgroundBlurDrawable: setScaleX, scaleX : 1.0
10-08 20:36:44.382  1678  1678 D BackgroundBlurDrawable: setScaleY, scaleY : 1.0
10-08 20:36:44.383  1678  1678 D SecQSFragmentAnimator_QSCinema: [panelExpansionDragDownPxAmount:464.712] qsExpanded:false, qsFullyExpanded:false, qsExpansionPosition:0, qsExpandImmediate:false, qsCollapsingWhilePanelClosing:false &&&  panelExpansionFraction:0.22, panelExpansionDragDownPxAmount:530.33 ***   panelExpanded:true, panelExpanding:true %%%   barState:0, overScrolling:false, userId:-1, isRunningPanelOnHeightAnimation:false
10-08 20:36:44.397   846   846 D Layer   : [SEC_SF_EFFECTS] setBlurRegions ## {radius=201u, cornerRadii=[0.000000, 0.000000, 0.000000, 0.000000], alpha=1.000000, rect=[0, 0, 1080, 2400]
10-08 20:36:44.398  1678  1678 V SecQpBlurController: applySemWindowBlur (183 )
10-08 20:36:44.399  1678  1678 D BackgroundBlurDrawable: setScaleX, scaleX : 1.0
10-08 20:36:44.399  1678  1678 D BackgroundBlurDrawable: setScaleY, scaleY : 1.0
10-08 20:36:44.399  1678  1678 D SecQpBlurDefaultUtils: windowBlur(201 >> 183), wallpaper:0
10-08 20:36:44.400  1678  1678 D SecQSFragmentAnimator_QSCinema: [panelExpansionDragDownPxAmount:408.056] qsExpanded:false, qsFullyExpanded:false, qsExpansionPosition:0, qsExpandImmediate:false, qsCollapsingWhilePanelClosing:false &&&  panelExpansionFraction:0.19, panelExpansionDragDownPxAmount:464.71 ***   panelExpanded:true, panelExpanding:true %%%   barState:0, overScrolling:false, userId:-1, isRunningPanelOnHeightAnimation:false
10-08 20:36:44.414   846   846 D Layer   : [SEC_SF_EFFECTS] setBlurRegions ## {radius=183u, cornerRadii=[0.000000, 0.000000, 0.000000, 0.000000], alpha=1.000000, rect=[0, 0, 1080, 2400]
10-08 20:36:44.415  1678  1678 V SecQpBlurController: applySemWindowBlur (167 )
10-08 20:36:44.415  1678  1678 D BackgroundBlurDrawable: setScaleX, scaleX : 1.0
10-08 20:36:44.415  1678  1678 D BackgroundBlurDrawable: setScaleY, scaleY : 1.0
10-08 20:36:44.417  1678  1678 D SecQSFragmentAnimator_QSCinema: [panelExpansionFraction:0.163] qsExpanded:false, qsFullyExpanded:false, qsExpansionPosition:0, qsExpandImmediate:false, qsCollapsingWhilePanelClosing:false &&&  panelExpansionFraction:0.19, panelExpansionDragDownPxAmount:408.06 ***   panelExpanded:true, panelExpanding:true %%%   barState:0, overScrolling:false, userId:-1, isRunningPanelOnHeightAnimation:false
10-08 20:36:44.417  1678  1678 D SecQSFragmentAnimator_QSCinema: [panelExpansionDragDownPxAmount:348.916] qsExpanded:false, qsFullyExpanded:false, qsExpansionPosition:0, qsExpandImmediate:false, qsCollapsingWhilePanelClosing:false &&&  panelExpansionFraction:0.16, panelExpansionDragDownPxAmount:408.06 ***   panelExpanded:true, panelExpanding:true %%%   barState:0, overScrolling:false, userId:-1, isRunningPanelOnHeightAnimation:false
10-08 20:36:44.431   846   846 D Layer   : [SEC_SF_EFFECTS] setBlurRegions ## {radius=167u, cornerRadii=[0.000000, 0.000000, 0.000000, 0.000000], alpha=1.000000, rect=[0, 0, 1080, 2400]
10-08 20:36:44.431  1678  1678 V SecQpBlurController: applySemWindowBlur (148 )
10-08 20:36:44.432  1678  1678 D BackgroundBlurDrawable: setScaleX, scaleX : 1.0
10-08 20:36:44.432  1678  1678 D BackgroundBlurDrawable: setScaleY, scaleY : 1.0
10-08 20:36:44.433  1678  1678 D SecQpScrimView sec_qp_scrim_notifications: setViewAlpha(0.40 >> 0.36)
10-08 20:36:44.433  1678  1678 D SecQSFragmentAnimator_QSCinema: [panelExpansionDragDownPxAmount:295.203] qsExpanded:false, qsFullyExpanded:false, qsExpansionPosition:0, qsExpandImmediate:false, qsCollapsingWhilePanelClosing:false &&&  panelExpansionFraction:0.14, panelExpansionDragDownPxAmount:348.92 ***   panelExpanded:true, panelExpanding:true %%%   barState:0, overScrolling:false, userId:-1, isRunningPanelOnHeightAnimation:false
10-08 20:36:44.448  1678  1678 V SecQpBlurController: applySemWindowBlur (130 )
10-08 20:36:44.448  1678  1678 D BackgroundBlurDrawable: setScaleX, scaleX : 1.0
10-08 20:36:44.448   846   846 D Layer   : [SEC_SF_EFFECTS] setBlurRegions ## {radius=148u, cornerRadii=[0.000000, 0.000000, 0.000000, 0.000000], alpha=1.000000, rect=[0, 0, 1080, 2400]
10-08 20:36:44.448  1678  1678 D BackgroundBlurDrawable: setScaleY, scaleY : 1.0
10-08 20:36:44.448  1678  1678 D SecQpBlurDefaultUtils: windowBlur(148 >> 130), wallpaper:0
10-08 20:36:44.452  1678  1678 D SecQSFragmentAnimator_QSCinema: [panelExpansionDragDownPxAmount:249.253] qsExpanded:false, qsFullyExpanded:false, qsExpansionPosition:0, qsExpandImmediate:false, qsCollapsingWhilePanelClosing:false &&&  panelExpansionFraction:0.12, panelExpansionDragDownPxAmount:295.2 ***   panelExpanded:true, panelExpanding:true %%%   barState:0, overScrolling:false, userId:-1, isRunningPanelOnHeightAnimation:false
10-08 20:36:44.464   846   846 D Layer   : [SEC_SF_EFFECTS] setBlurRegions ## {radius=130u, cornerRadii=[0.000000, 0.000000, 0.000000, 0.000000], alpha=1.000000, rect=[0, 0, 1080, 2400]
10-08 20:36:44.465  1678  1678 V SecQpBlurController: applySemWindowBlur (113 )
10-08 20:36:44.466  1678  1678 D BackgroundBlurDrawable: setScaleX, scaleX : 1.0
10-08 20:36:44.466  1678  1678 D BackgroundBlurDrawable: setScaleY, scaleY : 1.0
10-08 20:36:44.467  1678  1678 D SecQpScrimView sec_qp_scrim_notifications: setViewAlpha(0.31 >> 0.26)
10-08 20:36:44.468  1678  1678 D SecQSFragmentAnimator_QSCinema: [panelExpansionDragDownPxAmount:201.066] qsExpanded:false, qsFullyExpanded:false, qsExpansionPosition:0, qsExpandImmediate:false, qsCollapsingWhilePanelClosing:false &&&  panelExpansionFraction:0.09, panelExpansionDragDownPxAmount:249.25 ***   panelExpanded:true, panelExpanding:true %%%   barState:0, overScrolling:false, userId:-1, isRunningPanelOnHeightAnimation:false
10-08 20:36:44.481   846   846 D Layer   : [SEC_SF_EFFECTS] setBlurRegions ## {radius=113u, cornerRadii=[0.000000, 0.000000, 0.000000, 0.000000], alpha=1.000000, rect=[0, 0, 1080, 2400]
10-08 20:36:44.481  1678  1678 V SecQpBlurController: applySemWindowBlur (94 )
10-08 20:36:44.482  1678  1678 D BackgroundBlurDrawable: setScaleX, scaleX : 1.0
10-08 20:36:44.482  1678  1678 D BackgroundBlurDrawable: setScaleY, scaleY : 1.0
10-08 20:36:44.485  1678  1678 D SecQSFragmentAnimator_QSCinema: [panelExpansionDragDownPxAmount:159.015] qsExpanded:false, qsFullyExpanded:false, qsExpansionPosition:0, qsExpandImmediate:false, qsCollapsingWhilePanelClosing:false &&&  panelExpansionFraction:0.07, panelExpansionDragDownPxAmount:201.07 ***   panelExpanded:true, panelExpanding:true %%%   barState:0, overScrolling:false, userId:-1, isRunningPanelOnHeightAnimation:false
10-08 20:36:44.497   846   846 D Layer   : [SEC_SF_EFFECTS] setBlurRegions ## {radius=94u, cornerRadii=[0.000000, 0.000000, 0.000000, 0.000000], alpha=1.000000, rect=[0, 0, 1080, 2400]
10-08 20:36:44.498  1678  1678 V SecQpBlurController: applySemWindowBlur (76 )
10-08 20:36:44.499  1678  1678 D BackgroundBlurDrawable: setScaleX, scaleX : 1.0
10-08 20:36:44.499  1678  1678 D BackgroundBlurDrawable: setScaleY, scaleY : 1.0
10-08 20:36:44.499  1678  1678 D SecQpBlurDefaultUtils: windowBlur(94 >> 76), wallpaper:0
10-08 20:36:44.501  1678  1678 D SecQSFragmentAnimator_QSCinema: [panelExpansionFraction:0.058] qsExpanded:false, qsFullyExpanded:false, qsExpansionPosition:0, qsExpandImmediate:false, qsCollapsingWhilePanelClosing:false &&&  panelExpansionFraction:0.07, panelExpansionDragDownPxAmount:159.02 ***   panelExpanded:true, panelExpanding:true %%%   barState:0, overScrolling:false, userId:-1, isRunningPanelOnHeightAnimation:false
10-08 20:36:44.501  1678  1678 D SecQSFragmentAnimator_QSCinema: [panelExpansionDragDownPxAmount:123.44] qsExpanded:false, qsFullyExpanded:false, qsExpansionPosition:0, qsExpandImmediate:false, qsCollapsingWhilePanelClosing:false &&&  panelExpansionFraction:0.06, panelExpansionDragDownPxAmount:159.02 ***   panelExpanded:true, panelExpanding:true %%%   barState:0, overScrolling:false, userId:-1, isRunningPanelOnHeightAnimation:false
10-08 20:36:44.513  1173  1558 D CustomizedBinderCallsStatsInternal: reportCpuUsage() : 1%
10-08 20:36:44.513  1173  1277 I BinderCallsStats: Collected cpu time : 0us, collected call count : 0 for 60154 ms
10-08 20:36:44.514   846   846 D Layer   : [SEC_SF_EFFECTS] setBlurRegions ## {radius=76u, cornerRadii=[0.000000, 0.000000, 0.000000, 0.000000], alpha=1.000000, rect=[0, 0, 1080, 2400]
10-08 20:36:44.514  1678  1678 V SecQpBlurController: applySemWindowBlur (60 )
10-08 20:36:44.515  1678  1678 D BackgroundBlurDrawable: setScaleX, scaleX : 1.0
10-08 20:36:44.515  1678  1678 D BackgroundBlurDrawable: setScaleY, scaleY : 1.0
10-08 20:36:44.515  1678  1678 D CentralSurfaces: Received new disable state: enaihbcrsokt.qingr (unchanged)
10-08 20:36:44.516  1678  1678 D SecQpScrimView sec_qp_scrim_notifications: setViewAlpha(0.16 >> 0.12)
10-08 20:36:44.516  1678  1678 D SecQSFragmentAnimator_QSCinema: [panelExpansionDragDownPxAmount:90.412] qsExpanded:false, qsFullyExpanded:false, qsExpansionPosition:0, qsExpandImmediate:false, qsCollapsingWhilePanelClosing:false &&&  panelExpansionFraction:0.04, panelExpansionDragDownPxAmount:123.44 ***   panelExpanded:true, panelExpanding:true %%%   barState:0, overScrolling:false, userId:-1, isRunningPanelOnHeightAnimation:false
10-08 20:36:44.531   846   846 D Layer   : [SEC_SF_EFFECTS] setBlurRegions ## {radius=60u, cornerRadii=[0.000000, 0.000000, 0.000000, 0.000000], alpha=1.000000, rect=[0, 0, 1080, 2400]
10-08 20:36:44.531  1678  1678 V SecQpBlurController: applySemWindowBlur (45 )
10-08 20:36:44.532  1678  1678 D BackgroundBlurDrawable: setScaleX, scaleX : 1.0
10-08 20:36:44.532  1678  1678 D BackgroundBlurDrawable: setScaleY, scaleY : 1.0
10-08 20:36:44.533  1678  1678 D SecQSFragmentAnimator_QSCinema: [panelExpansionDragDownPxAmount:64.566] qsExpanded:false, qsFullyExpanded:false, qsExpansionPosition:0, qsExpandImmediate:false, qsCollapsingWhilePanelClosing:false &&&  panelExpansionFraction:0.03, panelExpansionDragDownPxAmount:90.41 ***   panelExpanded:true, panelExpanding:true %%%   barState:0, overScrolling:false, userId:-1, isRunningPanelOnHeightAnimation:false
10-08 20:36:44.544 29392 29392 D BoundBrokerSvc: onUnbind: Intent { act=com.google.android.gms.measurement.START pkg=com.google.android.gms }
10-08 20:36:44.547   846   846 D Layer   : [SEC_SF_EFFECTS] setBlurRegions ## {radius=45u, cornerRadii=[0.000000, 0.000000, 0.000000, 0.000000], alpha=1.000000, rect=[0, 0, 1080, 2400]
10-08 20:36:44.547   846   846 D Layer   : GPIS:: requestGPIS
10-08 20:36:44.552  3767  6936 I AppsEdge.Badge: getBadgeIconType 0
10-08 20:36:44.555  1678  1678 V SecQpBlurController: applySemWindowBlur (32 )
10-08 20:36:44.556  1678  1678 D BackgroundBlurDrawable: setScaleX, scaleX : 1.0
10-08 20:36:44.556  1678  1678 D BackgroundBlurDrawable: setScaleY, scaleY : 1.0
10-08 20:36:44.556 27396  7616 I BadgeProvider: query, [selection] : null
10-08 20:36:44.556  1678  1678 D SecQSFragmentAnimator_QSCinema: [panelExpansionDragDownPxAmount:41.012] qsExpanded:false, qsFullyExpanded:false, qsExpansionPosition:0, qsExpandImmediate:false, qsCollapsingWhilePanelClosing:false &&&  panelExpansionFraction:0.02, panelExpansionDragDownPxAmount:64.57 ***   panelExpanded:true, panelExpanding:true %%%   barState:0, overScrolling:false, userId:-1, isRunningPanelOnHeightAnimation:false
10-08 20:36:44.558  3767  6936 I AppsEdge.Badge: key=com.instagram.android:0 count=2
10-08 20:36:44.558  3767  6936 I AppsEdge.Badge: key=ee.mtakso.client:0 count=1
10-08 20:36:44.558  3767  6936 I AppsEdge.Badge: key=com.whatsapp:0 count=16
10-08 20:36:44.558  3767  6936 I AppsEdge.Badge: key=com.offline.bible:0 count=2
10-08 20:36:44.558  3767  6936 I AppsEdge.Badge: key=com.google.android.youtube:0 count=16
10-08 20:36:44.558  3767  6936 I AppsEdge.Badge: key=com.google.android.gm:0 count=2
10-08 20:36:44.564   846   846 D Layer   : [SEC_SF_EFFECTS] setBlurRegions ## {radius=32u, cornerRadii=[0.000000, 0.000000, 0.000000, 0.000000], alpha=1.000000, rect=[0, 0, 1080, 2400]
10-08 20:36:44.564  1678  1678 V SecQpBlurController: applySemWindowBlur (21 )
10-08 20:36:44.565  1678  1678 D BackgroundBlurDrawable: setScaleX, scaleX : 1.0
10-08 20:36:44.565  1678  1678 D BackgroundBlurDrawable: setScaleY, scaleY : 1.0
10-08 20:36:44.565  1678  1678 D SecQpBlurDefaultUtils: windowBlur(32 >> 21), wallpaper:0
10-08 20:36:44.566  1678  1678 D SecQSFragmentAnimator_QSCinema: [panelExpansionDragDownPxAmount:21.899] qsExpanded:false, qsFullyExpanded:false, qsExpansionPosition:0, qsExpandImmediate:false, qsCollapsingWhilePanelClosing:false &&&  panelExpansionFraction:0.01, panelExpansionDragDownPxAmount:41.01 ***   panelExpanded:true, panelExpanding:true %%%   barState:0, overScrolling:false, userId:-1, isRunningPanelOnHeightAnimation:false
10-08 20:36:44.580   846   846 D Layer   : [SEC_SF_EFFECTS] setBlurRegions ## {radius=21u, cornerRadii=[0.000000, 0.000000, 0.000000, 0.000000], alpha=1.000000, rect=[0, 0, 1080, 2400]
10-08 20:36:44.581  1678  1678 V SecQpBlurController: applySemWindowBlur (11 )
10-08 20:36:44.582  1678  1678 D BackgroundBlurDrawable: setScaleX, scaleX : 1.0
10-08 20:36:44.582  1678  1678 D BackgroundBlurDrawable: setScaleY, scaleY : 1.0
10-08 20:36:44.582  1678  1678 D SecQpScrimView sec_qp_scrim_notifications: setViewAlpha(0.03 >> 0.01)
10-08 20:36:44.583  1678  1678 D SecQSFragmentAnimator_QSCinema: [panelExpansionDragDownPxAmount:10.704] qsExpanded:false, qsFullyExpanded:false, qsExpansionPosition:0, qsExpandImmediate:false, qsCollapsingWhilePanelClosing:false &&&  panelExpansionFraction:0.01, panelExpansionDragDownPxAmount:21.9 ***   panelExpanded:true, panelExpanding:true %%%   barState:0, overScrolling:false, userId:-1, isRunningPanelOnHeightAnimation:false
10-08 20:36:44.598   846   846 D Layer   : [SEC_SF_EFFECTS] setBlurRegions ## {radius=11u, cornerRadii=[0.000000, 0.000000, 0.000000, 0.000000], alpha=1.000000, rect=[0, 0, 1080, 2400]
10-08 20:36:44.598  1678  1678 V SecQpBlurController: applySemWindowBlur (5 )
10-08 20:36:44.599  1678  1678 D BackgroundBlurDrawable: setScaleX, scaleX : 1.0
10-08 20:36:44.599  1678  1678 D BackgroundBlurDrawable: setScaleY, scaleY : 1.0
10-08 20:36:44.600  1678  1678 D SecQSFragmentAnimator_QSCinema: [panelExpansionDragDownPxAmount:3.159] qsExpanded:false, qsFullyExpanded:false, qsExpansionPosition:0, qsExpandImmediate:false, qsCollapsingWhilePanelClosing:false &&&  panelExpansionFraction:0, panelExpansionDragDownPxAmount:10.7 ***   panelExpanded:true, panelExpanding:true %%%   barState:0, overScrolling:false, userId:-1, isRunningPanelOnHeightAnimation:false
10-08 20:36:44.614   846   846 D Layer   : [SEC_SF_EFFECTS] setBlurRegions ## {radius=5u, cornerRadii=[0.000000, 0.000000, 0.000000, 0.000000], alpha=1.000000, rect=[0, 0, 1080, 2400]
10-08 20:36:44.615  1678  1678 V SecQpBlurController: applySemWindowBlur (1 )
10-08 20:36:44.616  1678  1678 D BackgroundBlurDrawable: setScaleX, scaleX : 1.0
10-08 20:36:44.616  1678  1678 D BackgroundBlurDrawable: setScaleY, scaleY : 1.0
10-08 20:36:44.618  1678  1678 D SecQSFragmentAnimator_QSCinema: [panelExpanded:false] qsExpanded:false, qsFullyExpanded:false, qsExpansionPosition:0, qsExpandImmediate:false, qsCollapsingWhilePanelClosing:false &&&  panelExpansionFraction:0, panelExpansionDragDownPxAmount:3.16 ***   panelExpanded:true, panelExpanding:true %%%   barState:0, overScrolling:false, userId:-1, isRunningPanelOnHeightAnimation:false
10-08 20:36:44.618  1678  1678 D SecQpScrimControlHelper:  secVisible?true (scrimState:UNLOCKED) (1stFrc:0, 2ndFrc:0, drgDown:0, PanelEx:true)   (dlyGed:0, dlySec:0)   [N(0|ff000000)-B(0|ff000000)]   (expanded:true, tracking:false, qsBottomVisible:true)   thm(a:1, rtEnabled:false) park(panel_on?false)   kgd(fw:false, gw:false, ocl:false)   (assetsSeq:0, themeSeq:0, uiMode:33)   GED[F(0|0)-N(0|0)-B(0,|ff000000)-Duration:360], caller:onPanelExpansionChanged()
10-08 20:36:44.618  1678  1678 D SecQpScrimView sec_qp_scrim_notifications: setViewAlpha(0.00 >> 0.00)
10-08 20:36:44.619  1678  1678 D SecQSFragmentAnimator_QSCinema: [panelExpansionFraction:0] qsExpanded:false, qsFullyExpanded:false, qsExpansionPosition:0, qsExpandImmediate:false, qsCollapsingWhilePanelClosing:false &&&  panelExpansionFraction:0, panelExpansionDragDownPxAmount:3.16 ***   panelExpanded:false, panelExpanding:true %%%   barState:0, overScrolling:false, userId:-1, isRunningPanelOnHeightAnimation:false
10-08 20:36:44.619  2080 23498 I TouchInteractionService: onSystemUiStateChanged, stateFlags : 0 |
10-08 20:36:44.619  1678  1678 D SecQSFragmentAnimator_QSCinema: [panelExpansionDragDownPxAmount:0] qsExpanded:false, qsFullyExpanded:false, qsExpansionPosition:0, qsExpandImmediate:false, qsCollapsingWhilePanelClosing:false &&&  panelExpansionFraction:0, panelExpansionDragDownPxAmount:3.16 ***   panelExpanded:false, panelExpanding:true %%%   barState:0, overScrolling:false, userId:-1, isRunningPanelOnHeightAnimation:false
10-08 20:36:44.619  2080  2080 I RecentsAnimationDeviceState: setSystemUiFlags, stateFlags : 0
10-08 20:36:44.619  2080  2080 I TouchInteractionService: onSystemUiFlagsChanged, lastSysUIFlags : 4
10-08 20:36:44.619  1678  1678 D SecPanelExpansionStateModel: !!! NOTIFY !!! PanelOpenState is Changed to <STATE_CLOSED> from <STATE_ANIMATING> 1stFrc:0 2ndFrc:0 panelExpanded:true lcdOn:true Bar:SHADE wasUnlockedWhilePanelOpening:false
10-08 20:36:44.620  1678  1678 D SecQpScrimControlHelper:  secVisible?false (scrimState:UNLOCKED) (1stFrc:0, 2ndFrc:0, drgDown:0, PanelEx:false)   (dlyGed:0, dlySec:0)   [N(0|ff000000)-B(0|ff000000)]   (expanded:true, tracking:false, qsBottomVisible:true)   thm(a:1, rtEnabled:false) park(panel_on?false)   kgd(fw:false, gw:false, ocl:false)   (assetsSeq:0, themeSeq:0, uiMode:33)   GED[F(0|0)-N(0|0)-B(0,|ff000000)-Duration:360], caller:onSecPanelExpansionStateChanged(STATE_CLOSED)
10-08 20:36:44.620  1678  1678 D SecQpScrimControlHelper:  secVisible?false (scrimState:UNLOCKED) (1stFrc:0, 2ndFrc:0, drgDown:0, PanelEx:false)   (dlyGed:0, dlySec:0)   [N(0|ff000000)-B(0|ff000000)]   (expanded:true, tracking:false, qsBottomVisible:true)   thm(a:1, rtEnabled:false) park(panel_on?false)   kgd(fw:false, gw:false, ocl:false)   (assetsSeq:0, themeSeq:0, uiMode:33)   GED[F(0|0)-N(0|0)-B(0,|ff000000)-Duration:360], caller:mUpdateSecScrimVisibilityRunnable(false)
10-08 20:36:44.620  1678  1678 D SecQpScrimControlHelper:  secVisible?false (scrimState:UNLOCKED) (1stFrc:0, 2ndFrc:0, drgDown:0, PanelEx:false)   (dlyGed:0, dlySec:0)   [N(0|ff000000)-B(0|ff000000)]   (expanded:true, tracking:false, qsBottomVisible:true)   thm(a:1, rtEnabled:false) park(panel_on?false)   kgd(fw:false, gw:false, ocl:false)   (assetsSeq:0, themeSeq:0, uiMode:33)   GED[F(0|0)-N(0|0)-B(0,|ff000000)-Duration:360], caller:UpdateGedScrimVisibilityRunnable(noti:alwaysGONE, behind:true)
10-08 20:36:44.620  1678  1678 D ScrimController: updateScrimColor main=0xff191c1e front=0xff191c1e|0.000000|0 noti=0xff191c1e|0.000000|8 behind=0xff000000|0.000000|0 vis=0
10-08 20:36:44.621  1173  1558 D StatusBarManagerService:   setPanelExpandStateToType : state = false, barType = 0
10-08 20:36:44.621  1173  1173 I MdnieScenarioControlService: action  :  com.samsung.systemui.statusbar.COLLAPSED
10-08 20:36:44.622  1678  1678 D PanelView: set mHeightAnimator : null
10-08 20:36:44.622  1678  1678 D PanelView: call stack : java.lang.Throwable
10-08 20:36:44.622  1678  1678 D PanelView: 	at com.android.systemui.statusbar.phone.PanelViewController.setAnimator(PanelViewController.java:1220)
10-08 20:36:44.622  1678  1678 D PanelView: 	at com.android.systemui.statusbar.phone.PanelViewController.onFlingEnd(PanelViewController.java:831)
10-08 20:36:44.622  1678  1678 D PanelView: 	at com.android.systemui.statusbar.phone.NotificationPanelViewController.onFlingEnd(NotificationPanelViewController.java:2793)
10-08 20:36:44.622  1678  1678 D PanelView: 	at com.android.systemui.statusbar.phone.PanelViewController$3.onAnimationEnd(PanelViewController.java:778)
10-08 20:36:44.622  1678  1678 D PanelView: 	at android.animation.Animator$AnimatorListener.onAnimationEnd(Animator.java:600)
10-08 20:36:44.622  1678  1678 D PanelView: 	at android.animation.ValueAnimator.endAnimation(ValueAnimator.java:1333)
10-08 20:36:44.622  1678  1678 D PanelView: 	at android.animation.ValueAnimator.doAnimationFrame(ValueAnimator.java:1575)
10-08 20:36:44.622  1678  1678 D PanelView: 	at android.animation.AnimationHandler.doAnimationFrame(AnimationHandler.java:307)
10-08 20:36:44.622  1678  1678 D PanelView: 	at android.animation.AnimationHandler.-$$Nest$mdoAnimationFrame(Unknown Source:0)
10-08 20:36:44.622  1678  1678 D PanelView: 	at android.animation.AnimationHandler$1.doFrame(AnimationHandler.java:86)
10-08 20:36:44.622  1678  1678 D PanelView: 	at android.view.Choreographer$CallbackRecord.run(Choreographer.java:1299)
10-08 20:36:44.622  1678  1678 D PanelView: 	at android.view.Choreographer$CallbackRecord.run(Choreographer.java:1309)
10-08 20:36:44.622  1678  1678 D PanelView: 	at android.view.Choreographer.doCallbacks(Choreographer.java:923)
10-08 20:36:44.622  1678  1678 D PanelView: 	at android.view.Choreographer.doFrame(Choreographer.java:847)
10-08 20:36:44.622  1678  1678 D PanelView: 	at android.view.Choreographer$FrameDisplayEventReceiver.run(Choreographer.java:1283)
10-08 20:36:44.622  1678  1678 D PanelView: 	at android.os.Handler.handleCallback(Handler.java:942)
10-08 20:36:44.622  1678  1678 D PanelView: 	at android.os.Handler.dispatchMessage(Handler.java:99)
10-08 20:36:44.622  1678  1678 D PanelView: 	at android.os.Looper.loopOnce(Looper.java:226)
10-08 20:36:44.622  1678  1678 D PanelView: 	at android.os.Looper.loop(Looper.java:313)
10-08 20:36:44.622  1678  1678 D PanelView: 	at android.app.ActivityThread.main(ActivityThread.java:8762)
10-08 20:36:44.622  1678  1678 D PanelView: 	at java.lang.reflect.Method.invoke(Native Method)
10-08 20:36:44.622  1678  1678 D PanelView: 	at com.android.internal.os.RuntimeInit$MethodAndArgsCaller.run(RuntimeInit.java:604)
10-08 20:36:44.622  1678  1678 D PanelView: 	at com.android.internal.os.ZygoteInit.main(ZygoteInit.java:1067)
10-08 20:36:44.622  3767  3767 I TrayVisibilityController: TrayVisibilityReceiver action :com.samsung.systemui.statusbar.COLLAPSED
10-08 20:36:44.622  1678  1678 V SecQSFragmentAnimatorBase: onPanelClosed
10-08 20:36:44.622  1678  1678 V QsExpandAnimator: onPanelClosed 
10-08 20:36:44.622  1678  1678 V QsExpandAnimator: setQsExpansionPosition 0.0
10-08 20:36:44.623  1678  1678 V SecQsTransitionAnimator: clearDetailView
10-08 20:36:44.623  1678  1678 V SecQsTransitionAnimator: clearCustomizerView
10-08 20:36:44.623  1678  1678 V SecQSCustomizer: hideCustomizerAnimEnd
10-08 20:36:44.623  1678  1678 D SecQSCustomizer: CollapseAnimation mIsClosing =false isShown =false
10-08 20:36:44.623  1678  1678 V SecQsTransitionAnimator: restorePanelView
10-08 20:36:44.625  1173  1913 D MdnieScenarioControlService: currentOpr : 511, mQuickPanelState : 0
10-08 20:36:44.625  1678  1678 D SecQSFragmentAnimator_QSCinema: [panelExpanding:false] qsExpanded:false, qsFullyExpanded:false, qsExpansionPosition:0, qsExpandImmediate:false, qsCollapsingWhilePanelClosing:false &&&  panelExpansionFraction:0, panelExpansionDragDownPxAmount:0 ***   panelExpanded:false, panelExpanding:true %%%   barState:0, overScrolling:false, userId:-1, isRunningPanelOnHeightAnimation:false
10-08 20:36:44.626  1678  1678 D KeyguardVisible: go panelState: OPEN -> CLOSED tracking=false, expanded=true, fraction=0.0
10-08 20:36:44.626  1678  1678 D KeyguardVisible: go panelState: CLOSED -> CLOSED tracking=false, expanded=false, fraction=0.0
10-08 20:36:44.626  1678  1678 D PanelView: shouldPanelBeVisible false / headUpVisible=false, why=0
10-08 20:36:44.628  1678  1678 I ViewRootImpl@77e2bcf[NotificationShade]: performTraversals params={(0,0)(fillxfill) gr=TOP CENTER_VERTICAL sim={adjust=resize} layoutInDisplayCutoutMode=always ty=NOTIFICATION_SHADE fmt=TRANSLUCENT
10-08 20:36:44.628  1678  1678 I ViewRootImpl@77e2bcf[NotificationShade]:   fl=81840048
10-08 20:36:44.628  1678  1678 I ViewRootImpl@77e2bcf[NotificationShade]:   pfl=1a000000
10-08 20:36:44.628  1678  1678 I ViewRootImpl@77e2bcf[NotificationShade]:   bhv=SHOW_TRANSIENT_BARS_BY_SWIPE
10-08 20:36:44.628  1678  1678 I ViewRootImpl@77e2bcf[NotificationShade]:  dimAmount=0.0 naviIconColor=0
10-08 20:36:44.628  1678  1678 I ViewRootImpl@77e2bcf[NotificationShade]:   sfl=40000}
10-08 20:36:44.628  1678  1678 I ViewRootImpl@77e2bcf[NotificationShade]: performTraversals mFirst=false windowShouldResize=false viewVisibilityChanged=false mForceNextWindowRelayout=false params={(0,0)(fillxfill) gr=TOP CENTER_VERTICAL sim={adjust=resize} layoutInDisplayCutoutMode=always ty=NOTIFICATION_SHADE fmt=TRANSLUCENT
10-08 20:36:44.628  1678  1678 I ViewRootImpl@77e2bcf[NotificationShade]:   fl=81840048
10-08 20:36:44.628  1678  1678 I ViewRootImpl@77e2bcf[NotificationShade]:   pfl=1a000000
10-08 20:36:44.628  1678  1678 I ViewRootImpl@77e2bcf[NotificationShade]:   bhv=SHOW_TRANSIENT_BARS_BY_SWIPE
10-08 20:36:44.628  1678  1678 I ViewRootImpl@77e2bcf[NotificationShade]:  dimAmount=0.0 naviIconColor=0
10-08 20:36:44.628  1678  1678 I ViewRootImpl@77e2bcf[NotificationShade]:   sfl=40000}
10-08 20:36:44.628  1173  1558 V WindowManager: Relayout Window{9232ea3 u0 NotificationShade}: viewVisibility=0 req=1080x2400 d0
10-08 20:36:44.630  1173  1558 V WindowManager: Changing focus from Window{9232ea3 u0 NotificationShade} to Window{64e4301 u0 com.samsung.android.messaging/com.android.mms.ui.ConversationComposer} displayId=0 Callers=com.android.server.wm.RootWindowContainer.updateFocusedWindowLocked:595 com.android.server.wm.WindowManagerService.updateFocusedWindowLocked:6810 com.android.server.wm.WindowManagerService.relayoutWindow:2820 com.android.server.wm.Session.relayout:274 
10-08 20:36:44.630  1173  1558 D MARsPolicyManager: onPackageResumedFG pkgName = com.samsung.android.messaging, userId = 0
10-08 20:36:44.631  1173  1558 I WindowManager: Cancelling animation restarting=true, leash=Surface(name=Surface(name=4ecb50b StatusBar)/@0xda8a006 - animation-leash of insets_animation)/@0x4a3bec
10-08 20:36:44.631  1173  1558 I WindowManager: Reparenting to original parent: Surface(name=WindowToken{6ff2cda type=2000 android.os.BinderProxy@3917ffc})/@0xc3226c7, destroy=false, surface=Surface(name=4ecb50b StatusBar)/@0xda8a006
10-08 20:36:44.631  1173  1558 I WindowManager: Reparenting to leash, surface=Surface(name=4ecb50b StatusBar)/@0xda8a006, leashParent=Surface(name=WindowToken{6ff2cda type=2000 android.os.BinderProxy@3917ffc})/@0xc3226c7
10-08 20:36:44.631   846   879 I SurfaceFlinger: id=31371 createSurf flag=24000, Surface(name=4ecb50b StatusBar)/@0xda8a006 - animation-leash of insets_animation#31371
10-08 20:36:44.632  1173  1558 D WindowManager: makeSurface duration=1 leash=Surface(name=Surface(name=4ecb50b StatusBar)/@0xda8a006 - animation-leash of insets_animation)/@0x3e3c472
10-08 20:36:44.632  1173  1558 I WindowManager: Cancelling animation restarting=true, leash=Surface(name=Surface(name=5454305 NavigationBar0)/@0x1a06863 - animation-leash of insets_animation)/@0xdb2a24a
10-08 20:36:44.632  1173  1558 I WindowManager: Reparenting to original parent: Surface(name=WindowToken{63d0d50 type=2019 android.os.BinderProxy@c717202})/@0xaccc60, destroy=false, surface=Surface(name=5454305 NavigationBar0)/@0x1a06863
10-08 20:36:44.633  1173  1558 I WindowManager: Reparenting to leash, surface=Surface(name=5454305 NavigationBar0)/@0x1a06863, leashParent=Surface(name=WindowToken{63d0d50 type=2019 android.os.BinderProxy@c717202})/@0xaccc60
10-08 20:36:44.633   846   879 I SurfaceFlinger: id=31372 createSurf flag=24000, Surface(name=5454305 NavigationBar0)/@0x1a06863 - animation-leash of insets_animation#31372
10-08 20:36:44.634  1173  1558 D WindowManager: makeSurface duration=1 leash=Surface(name=Surface(name=5454305 NavigationBar0)/@0x1a06863 - animation-leash of insets_animation)/@0x4983d40
10-08 20:36:44.634  1173  1558 D WindowManager: updateSystemBarAttributes: displayId=0, win=Window{64e4301 u0 com.samsung.android.messaging/com.android.mms.ui.ConversationComposer}, navColorWin=Window{64e4301 u0 com.samsung.android.messaging/com.android.mms.ui.ConversationComposer}, focusedCanBeNavColorWin=false, behavior=1, appearance=0, statusBarAppearanceRegions=[AppearanceRegion{ bounds=[0,0][1080,2400]}], requestedVisibilities=ITYPE_IME: invisible, from=com.android.server.wm.DisplayPolicy.focusChangedLw:3247 com.android.server.wm.DisplayContent.updateFocusedWindowLocked:4632 com.android.server.wm.RootWindowContainer.updateFocusedWindowLocked:595 
10-08 20:36:44.634  1173  1558 D StatusBarManagerService: notifyRequestedSystemKey recent=false home=false
10-08 20:36:44.635  1173  1558 V WindowManager: Relayout hash=9232ea3, pid=1678, syncId=-1: mAttrs={(0,0)(fillxfill) gr=TOP CENTER_VERTICAL sim={adjust=resize} layoutInDisplayCutoutMode=always ty=NOTIFICATION_SHADE fmt=TRANSLUCENT
10-08 20:36:44.635  1173  1558 V WindowManager:   fl=81840048
10-08 20:36:44.635  1173  1558 V WindowManager:   pfl=1a000000
10-08 20:36:44.635  1173  1558 V WindowManager:   bhv=SHOW_TRANSIENT_BARS_BY_SWIPE
10-08 20:36:44.635  1173  1558 V WindowManager:  dimAmount=0.0 naviIconColor=0
10-08 20:36:44.635  1173  1558 V WindowManager:   sfl=40000}
10-08 20:36:44.636  1678  1678 D InsetsController: onStateChanged: InsetsState: {mDisplayFrame=Rect(0, 0 - 1080, 2400), mDisplayCutout=DisplayCutout{insets=Rect(0, 74 - 0, 0) waterfall=Insets{left=0, top=0, right=0, bottom=0} boundingRect={Bounds=[Rect(0, 0 - 0, 0), Rect(691, 0 - 749, 74), Rect(0, 0 - 0, 0), Rect(0, 0 - 0, 0)]} cutoutPathParserInfo={CutoutPathParserInfo{displayWidth=1080 displayHeight=2400 physicalDisplayWidth=1440 physicalDisplayHeight=3200 density={2.625} cutoutSpec={M 0,0 H -11.14285714285714 V 28.28571428571429 H 11.14285714285714 V 0 H 0 Z @dp} rotation={0} scale={1.0} physicalPixelDisplaySizeRatio={1.0}}}}, mRoundedCorners=RoundedCorners{[RoundedCorner{position=TopLeft, radius=63, center=Point(63, 63)}, RoundedCorner{position=TopRight, radius=63, center=Point(1017, 63)}, RoundedCorner{position=BottomRight, radius=63, center=Point(1017, 2337)}, RoundedCorner{position=BottomLeft, radius=63, center=Point(63, 2337)}]}  mRoundedCornerFrame=Rect(0, 0 - 0, 0), mPrivacyIndicatorBounds=PrivacyIndicatorBounds {static bounds=Rect(964, 0 - 1080, 74) rotation=0}, mSources= { InsetsSource: {mType=ITYPE_NAVIGATION_BAR, mFrame=[0,2274][1080,2400], mVisible=true, mInsetsRoundedCornerFrame=false}, InsetsSource: {mType=ITYPE_LEFT_GESTURES, mFrame=[0,0][0,2400], mVisible=true, mInsetsRoundedCornerFrame=false}, InsetsSource: {mType=ITYPE_RIGHT_GESTURES, mFrame=[1080,0][1080,2400], mVisible=true, mInsetsRoundedCornerFrame=false}, InsetsSource: {mType=ITYPE_TOP_MANDATORY_GESTURES, mFrame=[0,0][1080,106], mVisible=true, mInsetsRoundedCornerFrame=false}, InsetsSource: {mType=ITYPE_BOTTOM_MANDATORY_GESTURES, mFrame=[0,2274][1080,2400], mVisible=true, mInsetsRoundedCornerFrame=false}, InsetsSource: {mType=ITYPE_LEFT_DISPLAY_CUTOUT, mFrame=[0,0][-100000,2400], mVisible=true, mInsetsRoundedCornerFrame=false}, InsetsSource: {mType=ITYPE_TOP_DISPLAY_CUTOUT, mFrame=[0,0][1080,74], mVisible=true, mInsetsRoundedCornerFrame=false}, InsetsSource: {mType=ITYPE_RIGHT_DISPLAY_CUTOUT, mFrame=[100000,0][1080,2400], mVisible=true, mInsetsRoundedCornerFrame=false}, InsetsSource: {mType=ITYPE_BOTTOM_DISPLAY_CUTOUT, mFrame=[0,100000][1080,2400], mVisible=true, mInsetsRoundedCornerFrame=false}, InsetsSource: {mType=ITYPE_BOTTOM_TAPPABLE_ELEMENT, mFrame=[0,2274][1080,2400], mVisible=true, mInsetsRoundedCornerFrame=false} } host=NotificationShade from=android.view.ViewRootImpl.relayoutWindow:9802
10-08 20:36:44.637  1678  1678 I ViewRootImpl@77e2bcf[NotificationShade]: updateBlastSurfaceIfNeeded mBlastBufferQueue=0x73846e2250 isSameSurfaceControl=true
10-08 20:36:44.637  1678  1678 I BLASTBufferQueue: update, w= 1080 h= 2400 mName = ViewRootImpl@77e2bcf[NotificationShade] mNativeObject= 0x73846e2250 sc.mNativeObject= 0x731482fa20 format= -3 caller= android.view.ViewRootImpl.updateBlastSurfaceIfNeeded:2898 android.view.ViewRootImpl.relayoutWindow:9847 android.view.ViewRootImpl.performTraversals:3884 android.view.ViewRootImpl.doTraversal:3116 android.view.ViewRootImpl$TraversalRunnable.run:10885 android.view.Choreographer$CallbackRecord.run:1301 
10-08 20:36:44.637  1678  1678 I ViewRootImpl@77e2bcf[NotificationShade]: Relayout returned: old=(0,0,1080,2400) new=(0,0,1080,2400) req=(1080,2400)0 dur=9 res=0x0 s={true 0x7414b3c000} ch=false seqId=1
10-08 20:36:44.641  1678  1678 I FaceWidgetPositionAlgorithm: getClockContainerHeight() supplier = 270, bottom margin = 0, real height = 333
10-08 20:36:44.641  1678  1678 I FaceWidgetPositionAlgorithm: getClockContainerHeight() supplier = 270, bottom margin = 63, real height = 333
10-08 20:36:44.641  1678  1678 I FaceWidgetPositionAlgorithm: getMediaContainerHeight() height = 456 container Visibility = 8, isValid = true, mIsDozing = false, fraction = 1.0, source = 0, target = 0
10-08 20:36:44.641  1678  1678 I FaceWidgetPositionAlgorithm: getMediaContainerHeight() supplier = 456
10-08 20:36:44.641  1678  1678 V QsExpandAnimator: setQsExpansionPosition 0.0
10-08 20:36:44.647   846   846 I Layer   : id=31369 removeFromCurrentState Surface(name=4ecb50b StatusBar)/@0xda8a006 - animation-leash of insets_animation#31369 (202)
10-08 20:36:44.647   846   846 I Layer   : id=31370 removeFromCurrentState Surface(name=5454305 NavigationBar0)/@0x1a06863 - animation-leash of insets_animation#31370 (202)
10-08 20:36:44.647   846   846 I SurfaceFlinger: [64e4301 com.samsung.android.messaging/com.android.mms.ui.ConversationComposer#29023] FrameRatePriority: 1
10-08 20:36:44.647   846   846 I SurfaceFlinger: [9232ea3 NotificationShade#72] FrameRatePriority: -1
10-08 20:36:44.647   846   846 D SurfaceFlinger: [input] inputWindowCommands.focusRequests size is 1
10-08 20:36:44.647   846   846 D Layer   : [SEC_SF_EFFECTS] setBlurRegions ## {radius=1u, cornerRadii=[0.000000, 0.000000, 0.000000, 0.000000], alpha=1.000000, rect=[0, 0, 1080, 2400]
10-08 20:36:44.648   846   846 I SurfaceFlinger: id=31369 Removed Surface(name=4ecb50b StatusBar)/@0xda8a006 - animation-leash of insets_animation#31369 (202)
10-08 20:36:44.648   846   846 I SurfaceFlinger: id=31370 Removed Surface(name=5454305 NavigationBar0)/@0x1a06863 - animation-leash of insets_animation#31370 (202)
10-08 20:36:44.648   846   846 I Layer   : id=31369 Destroyed Surface(name=4ecb50b StatusBar)/@0xda8a006 - animation-leash of insets_animation#31369
10-08 20:36:44.648   846   846 I Layer   : id=31370 Destroyed Surface(name=5454305 NavigationBar0)/@0x1a06863 - animation-leash of insets_animation#31370
