10-08 20:36:26.875 29370 13559 D ConnectivityManager: StackLog: [android.net.ConnectivityManager.reportNetworkConnectivity(ConnectivityManager.java:3685)] [btpz.a(:com.google.android.gms@253931029@25.39.31 (190400-813878953):15)] [btsf.n(:com.google.android.gms@253931029@25.39.31 (190400-813878953):6)] [btrt.run(:com.google.android.gms@253931029@25.39.31 (190400-813878953):623)] [btsq.run(:com.google.android.gms@253931029@25.39.31 (190400-813878953):5)] [ggtb.run(:com.google.android.gms@253931029@25.39.31 (190400-813878953):21)] [bcgr.c(:com.google.android.gms@253931029@25.39.31 (190400-813878953):50)] [bcgr.run(:com.google.android.gms@253931029@25.39.31 (190400-813878953):73)] [java.util.concurrent.ThreadPoolExecutor.runWorker(ThreadPoolExecutor.java:1156)] [java.util.concurrent.ThreadPoolExecutor$Worker.run(ThreadPoolExecutor.java:651)] [bcmj.run(:com.google.android.gms@253931029@25.39.31 (190400-813878953):8)] [java.lang.Thread.run(Thread.java:1119)]
10-08 20:36:26.877 29370 13559 I AlarmManager: setExactAndAllowWhileIdle [name: GCM_HB_ALARM type: 2 triggerAtMillis: 218250277]
10-08 20:36:26.892 29370 13559 D ConnectivityManager: StackLog: [android.net.ConnectivityManager.reportNetworkConnectivity(ConnectivityManager.java:3685)] [btpz.a(:com.google.android.gms@253931029@25.39.31 (190400-813878953):15)] [btsf.n(:com.google.android.gms@253931029@25.39.31 (190400-813878953):6)] [btrt.run(:com.google.android.gms@253931029@25.39.31 (190400-813878953):623)] [btsq.run(:com.google.android.gms@253931029@25.39.31 (190400-813878953):5)] [ggtb.run(:com.google.android.gms@253931029@25.39.31 (190400-813878953):21)] [bcgr.c(:com.google.android.gms@253931029@25.39.31 (190400-813878953):50)] [bcgr.run(:com.google.android.gms@253931029@25.39.31 (190400-813878953):92)] [java.util.concurrent.ThreadPoolExecutor.runWorker(ThreadPoolExecutor.java:1156)] [java.util.concurrent.ThreadPoolExecutor$Worker.run(ThreadPoolExecutor.java:651)] [bcmj.run(:com.google.android.gms@253931029@25.39.31 (190400-813878953):8)] [java.lang.Thread.run(Thread.java:1119)]
10-08 20:36:26.893 29370 13559 I AlarmManager: setExactAndAllowWhileIdle [name: GCM_HB_ALARM type: 2 triggerAtMillis: 218250293]
10-08 20:36:26.898 29370 13560 I AlarmManager: setExactAndAllowWhileIdle [name: FcmRetry type: 2 triggerAtMillis: 218070297]
10-08 20:36:26.914   971  2218 I CameraService: onUidStateChanged: uid=10245, procState is changed. (16 -> 11)
10-08 20:36:26.916  1173  1670 D SyncManager: userId - 0 auto - true
10-08 20:36:26.917 29370 13618 I AlarmManager: setExactAndAllowWhileIdle [name: FcmRetry type: 2 triggerAtMillis: 218070297]
10-08 20:36:26.920 29370 13559 I AlarmManager: setExactAndAllowWhileIdle [name: GCM_HB_ALARM type: 2 triggerAtMillis: 218250320]
10-08 20:36:26.932   971  2113 I CameraService: onUidStateChanged: uid=10245, procState is changed. (11 -> 10)
10-08 20:36:26.953 29370 11170 I AlarmManager: setExactAndAllowWhileIdle [name: FcmRetry type: 2 triggerAtMillis: 218070317]
10-08 20:36:26.968  1173  2261 D SyncManager: userId - 0 auto - true
10-08 20:36:26.978  1173  1837 D SyncManager: userId - 0 auto - true
10-08 20:36:26.980  1173  1837 D SyncManager: userId - 0 auto - true
10-08 20:36:27.129  1173  1637 D NetdEventListenerService: DNS Requested by : 119, 10245
10-08 20:36:27.174  1173  2261 D SyncManager: userId - 0 auto - true
10-08 20:36:27.178  1173  1670 D CompatibilityChangeReporter: Compat change id reported: 194532703; UID 1000; state: ENABLED
10-08 20:36:27.180  1173  1670 D CompatibilityChangeReporter: Compat change id reported: 194532703; UID 1000; state: DISABLED
10-08 20:36:27.194  1173  1173 W JobScheduler: Job didn't exist in JobStore: 43cc476 #1000/100423 gmail-ls/com.google/mykpassiany@gmail.com:android
10-08 20:36:27.214  1173  1173 I ActivityManager: com.samsung.android.scloud is exempt from freezer
10-08 20:36:27.214  1173  1173 D CompatibilityChangeReporter: Compat change id reported: 135634846; UID 5009; state: DISABLED
10-08 20:36:27.215  1173  1173 D CompatibilityChangeReporter: Compat change id reported: 177438394; UID 5009; state: DISABLED
10-08 20:36:27.215  1173  1173 D CompatibilityChangeReporter: Compat change id reported: 135772972; UID 5009; state: DISABLED
10-08 20:36:27.215  1173  1173 D CompatibilityChangeReporter: Compat change id reported: 135754954; UID 5009; state: ENABLED
10-08 20:36:27.231   746   746 D Zygote  : Forked child process 13647
10-08 20:36:27.231   971  2113 I CameraService: onUidStateChanged: uid=10245, procState is changed. (10 -> 11)
10-08 20:36:27.232  1173  1279 I ActivityManager: Start proc 13647:com.samsung.android.scloud/5009 for service {com.samsung.android.scloud/androidx.work.impl.background.systemjob.SystemJobService}
10-08 20:36:27.250 13647 13647 I .android.scloud: Using CollectorTypeCC GC.
10-08 20:36:27.258  1173  3655 D SyncManager: userId - 0 auto - true
10-08 20:36:27.261 13647 13647 E .android.scloud: Not starting debugger since process cannot load the jdwp agent.
10-08 20:36:27.264 13647 13647 D nativeloader: Load libframework-connectivity-tiramisu-jni.so using APEX ns com_android_tethering for caller /apex/com.android.tethering/javalib/framework-connectivity-t.jar: ok
10-08 20:36:27.269 13647 13647 D ActivityThread: setConscryptValidator
10-08 20:36:27.269 13647 13647 D ActivityThread: setConscryptValidator - put
10-08 20:36:27.273  1173  3655 D CompatibilityChangeReporter: Compat change id reported: 168419799; UID 5009; state: DISABLED
10-08 20:36:27.274  1173  3655 I ActivityManager: DSS OFF for com.samsung.android.scloud
10-08 20:36:27.290 13647 13647 D CompatibilityChangeReporter: Compat change id reported: 171979766; UID 5009; state: ENABLED
10-08 20:36:27.292   971  5087 I CameraService: onUidStateChanged: uid=10245, procState is changed. (11 -> 16)
10-08 20:36:27.302   851   873 I heimdall: insert_task_to_group:67, insert tgid 13647 to group com.samsung.android.scloud, ret = 0
10-08 20:36:27.399   724   724 E audit   : type=1400 audit(1759944987.395:47417): avc:  denied  { write } for  pid=29392 comm="PerfettoTrace" name="traced_producer" dev="tmpfs" ino=26836 scontext=u:r:gmscore_app:s0:c512,c768 tcontext=u:object_r:traced_producer_socket:s0 tclass=sock_file permissive=0 SEPF_SM-G988B_12_0001 audit_filtered
10-08 20:36:27.399   724   724 E audit   : type=1300 audit(1759944987.395:47417): arch=c00000b7 syscall=203 success=no exit=-13 a0=12c a1=6e00797b50 a2=1e a3=ffffffff971b164c items=0 ppid=746 pid=29392 auid=4294967295 uid=10228 gid=10228 euid=10228 suid=10228 fsuid=10228 egid=10228 sgid=10228 fsgid=10228 tty=(none) ses=4294967295 comm="PerfettoTrace" exe="/system/bin/app_process64" subj=u:r:gmscore_app:s0:c512,c768 key=(null)
10-08 20:36:27.399   724   724 E audit   : type=1327 audit(1759944987.395:47417): proctitle="com.google.android.gms"
10-08 20:36:27.437  1041  1681 I bauth_FPBAuthService: pcf : 0x1012, 0 ,1 ,0 ,0 ,0 ,0, 7.0.0.0
10-08 20:36:27.437  1041  1681 I bauth_FPBAuthService: thread id : 1, preenroll_flag : 0, nd cnt : 0, cso : 0, et : 0
10-08 20:36:27.437  1041  1681 I bauth_FPBAuthService: FPBAuthService, 11511
10-08 20:36:27.459 13647 13647 I [SC]FeatureManager: byod mode enabled: false
10-08 20:36:27.463 13647 13647 I [SC]FeatureManager: FeatureManager null,[SEC_FLOATING_FEATURE_SAMSUNGCLOUD_ENABLE_SETTING_MENU]:true
10-08 20:36:27.463 13647 13647 I [SC]FeatureManager: [SEC_FLOATING_FEATURE_SAMSUNGCLOUD_SUPPORT_CONTENT_SYNC]bln true
10-08 20:36:27.463 13647 13647 I [SC]FeatureManager: [SEC_FLOATING_FEATURE_GALLERY_CONFIG_IMAGE_TAGGER_VERSION]str "V516"
10-08 20:36:27.463 13647 13647 I [SC]FeatureManager: [SEC_FLOATING_FEATURE_SAMSUNGCLOUD_ENABLE_SETTING_MENU]bln true
10-08 20:36:27.476 13647 13647 I [SC]MediaProxyProvider: onCreate()
10-08 20:36:27.483 13647 13647 I [SC]MediaMigration: migrationCloudAgentSetting() need to migrate : false100
10-08 20:36:27.491 13647 13647 I [SC]DataStoreProvider: onCreate() is called
10-08 20:36:27.501 13647 13647 I [SC]DeviceUtil: hasSepLiteSignature: false
10-08 20:36:27.513 13647 13647 I [SC]CustomIndexablesSearchProvider: secQueryGetFingerprint: 540525000en_GB
10-08 20:36:27.516 13647 13647 I CapsuleProvider_1.0.23: onCreate
10-08 20:36:27.532 13647 13647 I [SC][Scsp]: initialize
10-08 20:36:27.532 13647 13647 I [SC]SamsungCloudApp: onCreate - start.
10-08 20:36:27.533 13647 13647 I DIAGMON_SDK[605036]: DiagMonAgent type: 2
10-08 20:36:27.539 13647 13647 I DIAGMON_SDK[605036][026-399-529756] : generated SR object
10-08 20:36:27.558 13647 13647 I [SC]SamsungCloudApp: time elapsed to initialize ExceptionFilterInitializer: 0
10-08 20:36:27.560 13647 13647 I [SC]SamsungCloudApp: time elapsed to initialize ContextInitializer: 2
10-08 20:36:27.566 13647 13675 I [SC]DeviceUtil: hasSepLiteSignature: false
10-08 20:36:27.568 13647 13682 I [SC]LinkContextProvider: call : LOAD_CONTEXT
10-08 20:36:27.571 13647 13682 I [SC]OneDriveLinkApi: getLinkState : LinkStatusResponse{expiredTime=0, linkState=Unknown, resultCode=301}
10-08 20:36:27.575 13647 13682 I [SC]DeviceUtil: hasSepLiteSpec: false
10-08 20:36:27.575 13647 13682 I [SC]DeviceUtil: hasSepLiteSpec: false
10-08 20:36:27.579 13647 13682 I [SC]OneDrivePolicyManager: Loading Configuration Policy
10-08 20:36:27.579 13647 13682 I [SC]ConfigurationManager: getCountryPolicy
10-08 20:36:27.592 13647 13681 I [SC]CommonNotiUtil: hideProgress: GALLERY_EXT_UPLOAD_PROGRESSING
10-08 20:36:27.594  1173  1810 D CompatibilityChangeReporter: Compat change id reported: 161145287; UID 5009; state: DISABLED
10-08 20:36:27.624  1173  2261 D CompatibilityChangeReporter: Compat change id reported: 319212206; UID 5009; state: DISABLED
10-08 20:36:27.624  1173  2261 D CompatibilityChangeReporter: Compat change id reported: 319212206; UID 5009; state: ENABLED
10-08 20:36:27.625 13647 13647 I [SC]SyncAccountRecoveryManager: onAppCreated
10-08 20:36:27.629  3732  4747 I SDHMS:D : SIOP:: AP:323 BAT:317 USB:315 CHG:322 PA:-777 CP:329 WIFI:334 SKIN:328 SKINF:-777 SKINB:-777 LRP:328 LRF:-777 LRB:-777 BLRF:328 BLRB:326 
10-08 20:36:27.633 13647 13647 I [SC]SamsungCloudApp: time elapsed to initialize OperatorInitializer: 72
10-08 20:36:27.633 13647 13647 I [SC]SamsungCloudApp: time elapsed to initialize BixbyInitializer: 0
10-08 20:36:27.633 13647 13647 I [SC]SamsungCloudApp: time elapsed to initialize SamsungAccountEventHandlerInitializer: 0
10-08 20:36:27.633 13647 13647 I [SC]SamsungCloudApp: time elapsed to initialize RxJavaInitializer: 0
10-08 20:36:27.634  1173  1539 D ConnectivityService: Rematched networks [computed 0ms] [applied 1ms] [issued 6]
10-08 20:36:27.634  1173  1539 D ConnectivityService: NetworkReassignment : no changes
10-08 20:36:27.640 13647 13698 I [SC]ConfigurationManager: getSimplePolicy
10-08 20:36:27.645 13647 13682 I [SC]ConfigurationManager: start downloadPolicy
10-08 20:36:27.648 13647 13698 I [SC]ConfigurationManager: start downloadPolicy
10-08 20:36:27.656 13647 13705 I [SC]DownloadConfigurationThread: run : start download policy Items.
10-08 20:36:27.656 13647 13705 I [SC]DownloadConfigurationThread: download : scloud_simplePolicy, configuration option : true
10-08 20:36:27.656 13647 13705 I [SC]ConfigurationItemDataManager: getETag : configurationName = scloud_simplePolicy
10-08 20:36:27.661  1173  2261 I GenerationRegistry: mBackingStore.isClosed() : false
10-08 20:36:27.663 13647 13692 I [SC]DeviceControlOperator: handled: REQUEST_REFRESH_APP_ICON
10-08 20:36:27.664  1173  2261 I GenerationRegistry: mBackingStore.isClosed() : false
10-08 20:36:27.665 13647 13700 I [SC]MediaMigration: existCloudFile : false
10-08 20:36:27.670 13647 13700 I [SC]BaseSyncUtil: com.android.bluetooth isSupported: true, isEnabled: true
10-08 20:36:27.671 13647 13708 I [SC]DeviceObservers: start
10-08 20:36:27.672 13647 13708 I [SC]DevicePropertyManager: addPropertyChangeListener: NetworkConnectionAllowedObservable
10-08 20:36:27.672 13647 13704 I [SC]DownloadConfigurationThread: run : start download policy Items.
10-08 20:36:27.672 13647 13704 I [SC]DownloadConfigurationThread: download : scloud_migrationCountry, configuration option : true
10-08 20:36:27.672 13647 13704 I [SC]ConfigurationItemDataManager: getETag : configurationName = scloud_migrationCountry
10-08 20:36:27.673 13647 13707 I [SC]SamsungCloudApp: getWorkManagerConfiguration
10-08 20:36:27.675 13647 13709 I [SC]SyncInitializer: initialize
10-08 20:36:27.678 13647 13709 I [SC]SyncInitializer: account is null
10-08 20:36:27.693 13647 13647 I [SC]SamsungCloudApp: time elapsed to initialize ComponentInitializer: 53
10-08 20:36:27.693 13647 13647 I [SC]SamsungCloudApp: time elapsed to initialize DesignCodeConsumerInitializer: 32
10-08 20:36:27.706 13647 13716 I [SC][SmpUtil]: Firebase init
10-08 20:36:27.709   546   546 D io_stats: !@   8,0 r 4440107 114147076 w 3927768 45145144 d 1343964 65121492 f 0 0 iot 2083692 0 th 0 0 0 pt 0 inp 0 0 112488.158
10-08 20:36:27.709  1173  2261 D PackageManager: setEnabledSetting : userId = 0 packageName = com.samsung.android.scloud cmp = androidx.work.impl.background.systemjob.SystemJobService newState = 1 callingPackage = 5009/com.samsung.android.scloud
10-08 20:36:27.711  1173  2261 D ApplicationPolicy: getApplicationStateEnabled : pkg = com.samsung.android.scloud userId : 0
10-08 20:36:27.712  1173  2261 D ApplicationPolicy: getApplicationComponentState : pkg = com.samsung.android.scloud userId : 0
10-08 20:36:27.715 13647 13705 I [SC][ScspConfiguration]: version : 1.0.0102
10-08 20:36:27.715 13647 13704 I [SC][ScspConfiguration]: version : 1.0.0102
10-08 20:36:27.717 13647 13707 I [SC]BackupInitializer: backup features initialized.
10-08 20:36:27.718 13647 13647 I [SC]SamsungCloudApp: time elapsed to initialize BackupInitializer: 56
10-08 20:36:27.718 13647 13647 I [SC]SamsungCloudApp: time elapsed to initialize DeviceDependentInitializer: 53
10-08 20:36:27.718 13647 13647 I [SC]SamsungCloudApp: time elapsed to initialize SyncInitializer: 49
10-08 20:36:27.718 13647 13647 I [SC]SamsungCloudApp: time elapsed to initialize CtbInitializer: 47
10-08 20:36:27.721 13647 13720 I [SC]ConfigurationManager: getCtbMaintenanceSupportPolicy : scloud_temporary_backup
10-08 20:36:27.722 13647 13720 I [SC]ConfigurationManager: start downloadPolicy
10-08 20:36:27.723 13647 13723 I [SC]DownloadConfigurationThread: run : start download policy Items.
10-08 20:36:27.723 13647 13723 I [SC]DownloadConfigurationThread: download : scloud_temporary_backup, configuration option : true
10-08 20:36:27.723 13647 13723 I [SC]ConfigurationItemDataManager: getETag : configurationName = scloud_temporary_backup
10-08 20:36:27.724 13647 13723 I [SC][ScspConfiguration]: version : 1.0.0102
10-08 20:36:27.729 13647 13716 I FirebaseApp: Device unlocked: initializing all Firebase APIs for app [DEFAULT]
10-08 20:36:27.737 13647 13716 I SmpLog  : [SMP] init. S:true P:SPP_ONLY_MODE A:a
10-08 20:36:27.752   563  7870 I keystore2: keystore2::utils: In list_key_entries: Domain(0), 5009, 2
10-08 20:36:27.752   563  7870 I keystore2: keystore2::utils: In list_key_entries: 2, 126
10-08 20:36:27.756 13647 13715 I [SC]KeyStoreDisabler: Disable Keystore
10-08 20:36:27.756 13647 13729 I SmpLog  : [SMP] Test mode: false, v:3.3.3.3, com.samsung.android.scloud
10-08 20:36:27.757 13647 13729 I SmpLog  : [SMP] ptype:fcm, token:...Mg (142), D:null, U:null, S:false, M:null, P:SPP_ONLY_MODE
10-08 20:36:27.764 13647 13722 W .android.scloud: ClassLoaderContext classpath size mismatch. expected=1, found=0 (DLC[];PCL[base.apk*208585056]{PCL[/system/framework/org.apache.http.legacy.jar*3951777099]#PCL[/system/framework/com.android.media.remotedisplay.jar*3743104114]#PCL[/system/framework/com.android.location.provider.jar*3175360614]#PCL[/system/system_ext/framework/org.carconnectivity.android.digitalkey.rangingintent.jar*560278203]#PCL[/system/system_ext/framework/org.carconnectivity.android.digitalkey.secureelement.jar*3277496667]#PCL[/system_ext/framework/org.carconnectivity.android.digitalkey.timesync.jar*1887653037]#PCL[/system/framework/org.apache.http.legacy.jar*3951777099]} | DLC[];PCL[])
10-08 20:36:27.764 13647 13729 I SmpLog  : [SMP] SEND BR : smp init success
10-08 20:36:27.775 13647 13722 I DynamiteModule: Considering local module com.google.android.gms.cronet_dynamite:0 and remote module com.google.android.gms.cronet_dynamite:3811
10-08 20:36:27.775 13647 13722 I DynamiteModule: Selected remote version of com.google.android.gms.cronet_dynamite, version >= 3811
10-08 20:36:27.775 13647 13711 I [SC]EnqueueConfiguration: run.
10-08 20:36:27.788 13647 13722 W System  : ClassLoader referenced unknown path: 
10-08 20:36:27.791 13647 13647 I [SC]SamsungCloudApp: time elapsed to initialize OdmInitializer: 118
10-08 20:36:27.791 13647 13647 I [SC]SamsungCloudApp: time elapsed to initialize PushInitializer: 115
10-08 20:36:27.791 13647 13647 I [SC]SamsungCloudApp: time elapsed to initialize AccountDependentInitializer: 115
10-08 20:36:27.794 13647 13647 I [SC]SamsungCloudApp: onCreate: completed.
10-08 20:36:27.797 13647 13740 I DIAGMON_SDK[605036][026-399-529756] : Report AppPerf: application_initializing(63209bd0-1ef1-4d80-a0d6-cbb9ddf0d651)
10-08 20:36:27.802  3682  5252 I DMASA[D][026-399-529756]: [DiagmonProvider]Received msg based on provider : aperf / report_aperf
10-08 20:36:27.805  3682  5252 I DMASA[D][026-399-529756]: [DiagmonProvider]Signature Check Success
10-08 20:36:27.805  3682  5252 I DMASA[D][026-399-529756]: [DiagmonProvider]Action : Report aPerf data
10-08 20:36:27.808 13647 13647 I CapsuleProvider_1.0.23: releasing initialize wait lock.
10-08 20:36:27.809 13647 13647 I [SC]SbixbyProxy: Bixby 2.0 was activiated
10-08 20:36:27.811  3682  5252 I DMASA[D]: [b][026-399-529756] Failed : Failed to store app performance data due to exceed quota
10-08 20:36:27.812 13647 13740 I DIAGMON_SDK[605036][026-399-529756] : Results : Failed, Cause : Failed to store app performance data due to exceed quota, application_initializing(63209bd0-1ef1-4d80-a0d6-cbb9ddf0d651)
10-08 20:36:27.817 13647 13722 W .android.scloud: ClassLoaderContext classpath element mismatch. expected=base.apk, found=/system/priv-app/SamsungCloudClient/SamsungCloudClient.apk (DLC[];PCL[base.apk*208585056]{PCL[/system/framework/org.apache.http.legacy.jar*3951777099]#PCL[/system/framework/com.android.media.remotedisplay.jar*3743104114]#PCL[/system/framework/com.android.location.provider.jar*3175360614]#PCL[/system/system_ext/framework/org.carconnectivity.android.digitalkey.rangingintent.jar*560278203]#PCL[/system/system_ext/framework/org.carconnectivity.android.digitalkey.secureelement.jar*3277496667]#PCL[/system_ext/framework/org.carconnectivity.android.digitalkey.timesync.jar*1887653037]#PCL[/system/framework/org.apache.http.legacy.jar*3951777099]} | DLC[];PCL[/system/priv-app/SamsungCloudClient/SamsungCloudClient.apk*221963497]{PCL[/system/framework/samsungkeystoreutils.jar*2558677780]})
10-08 20:36:27.855 13647 13745 I [SC]ConfigurationWorker: doWork.
10-08 20:36:27.855 13647 13745 I [SC]ConfigurationManager: getNotificationPolicyStr
10-08 20:36:27.855 13647 13745 I [SC]ConfigurationManager: start downloadPolicy
10-08 20:36:27.859 13647 13746 I [SC]DownloadConfigurationThread: run : start download policy Items.
10-08 20:36:27.859 13647 13746 I [SC]DownloadConfigurationThread: download : scloud_notification, configuration option : false
10-08 20:36:27.859 13647 13746 I [SC]ConfigurationItemDataManager: getETag : configurationName = scloud_notification
10-08 20:36:27.860 13647 13746 I [SC][ScspConfiguration]: version : 1.0.0102
10-08 20:36:27.924 13647 13747 I HttpFlagsLoader: HTTP flags log line (Impl): Using live production flag values from Google
10-08 20:36:27.926 13647 13705 I cn_CronetLibraryLoader: Cronet version: 141.0.7340.3, arch: aarch64
10-08 20:36:27.931  1173  1837 D ConnectivityService: requestNetwork for uid/pid:5009/13647 activeRequest: null callbackRequest: 7359 [NetworkRequest [ REQUEST id=7360, [ Capabilities: INTERNET&NOT_RESTRICTED&TRUSTED&NOT_VCN_MANAGED Uid: 5009 RequestorUid: 5009 RequestorPkg: com.samsung.android.scloud UnderlyingNetworks: Null] ]] callback flags: 0 order: 2147483647 isUidTracked: false declaredMethods: AVAIL|LOST|NC|LP
10-08 20:36:27.937  1173  1539 D ConnectivityService:    accepting network in place of null for NetworkRequest [ REQUEST id=7360, [ Capabilities: INTERNET&NOT_RESTRICTED&TRUSTED&NOT_VCN_MANAGED Uid: 5009 RequestorUid: 5009 RequestorPkg: com.samsung.android.scloud UnderlyingNetworks: Null] ]
10-08 20:36:27.939  1173  1527 D WifiNetworkFactory: got request NetworkRequest [ REQUEST id=7360, [ Capabilities: INTERNET&NOT_RESTRICTED&TRUSTED&NOT_VCN_MANAGED Uid: 5009 RequestorUid: 5009 RequestorPkg: com.samsung.android.scloud UnderlyingNetworks: Null] ]
10-08 20:36:27.940  1173  1527 D UntrustedWifiNetworkFactory: got request NetworkRequest [ REQUEST id=7360, [ Capabilities: INTERNET&NOT_RESTRICTED&TRUSTED&NOT_VCN_MANAGED Uid: 5009 RequestorUid: 5009 RequestorPkg: com.samsung.android.scloud UnderlyingNetworks: Null] ]
10-08 20:36:27.940  1173  1527 D OemPaidWifiNetworkFactory: got request NetworkRequest [ REQUEST id=7360, [ Capabilities: INTERNET&NOT_RESTRICTED&TRUSTED&NOT_VCN_MANAGED Uid: 5009 RequestorUid: 5009 RequestorPkg: com.samsung.android.scloud UnderlyingNetworks: Null] ]
10-08 20:36:27.940  1173  1527 D MultiInternetWifiNetworkFactory: got request NetworkRequest [ REQUEST id=7360, [ Capabilities: INTERNET&NOT_RESTRICTED&TRUSTED&NOT_VCN_MANAGED Uid: 5009 RequestorUid: 5009 RequestorPkg: com.samsung.android.scloud UnderlyingNetworks: Null] ]
10-08 20:36:27.942  1173  1539 D ConnectivityService: Rematched networks [computed 0ms] [applied 1ms] [issued 4]
10-08 20:36:27.943  1173  1539 D ConnectivityService: NetworkReassignment :
10-08 20:36:27.943  1173  1539 D ConnectivityService:   7360 : null → 119
10-08 20:36:27.951  1173  1539 D ConnectivityService: Rematched networks [computed 1ms] [applied 1ms] [issued 7]
10-08 20:36:27.952  1173  1539 D ConnectivityService: NetworkReassignment : no changes
10-08 20:36:27.954  7167  7167 I SamsungAccount: [AIDLRequestService] OnCreate Service
10-08 20:36:27.955  7167  7167 I SamsungAccount: [AIDLRequestService] OnBind
10-08 20:36:27.955  7167  7167 I SamsungAccount: [AIDLRequestService] [InAIDL] Service bound
10-08 20:36:27.958 13647 13756 I [SC][SamsungAccountService]: onServiceConnected.
10-08 20:36:27.996  1173  1837 D SyncManager: userId - 0 auto - true
10-08 20:36:28.437  1041  1681 I bauth_FPBAuthService: pcf : 0x1012, 0 ,1 ,0 ,0 ,0 ,0, 7.0.0.0
10-08 20:36:28.438  1041  1681 I bauth_FPBAuthService: thread id : 1, preenroll_flag : 0, nd cnt : 0, cso : 0, et : 0
10-08 20:36:28.438  1041  1681 I bauth_FPBAuthService: FPBAuthService, 11511
10-08 20:36:28.594  1173  1549 I ActivityManager: Changes in 10048 15 to 5, 0 to 8
10-08 20:36:28.608  1173  1837 D ConnectivityService: Returning UNBLOCKED NetworkInfo to uid=10245
10-08 20:36:28.645  1310  1310 W auss    : Already started: auss@1b7d79f
10-08 20:36:28.666  1173  1837 D SyncManager: userId - 0 auto - true
10-08 20:36:28.691  1173  1837 D SyncManager: userId - 0 auto - true
10-08 20:36:28.709  1310 13631 W aqtw    : Job(ItemListsService:stopItemList#6.557) Attempting to unregister unknown list: itemlist-ViewType(96)-11
10-08 20:36:28.915  1310  1444 W khq     : [Gmail] NotificationFactory: Posting notification for new thread as silent!
10-08 20:36:28.927  1173  1837 D ApplicationPolicy: isStatusBarNotificationAllowedAsUser: packageName = com.google.android.gm,userId = 0
10-08 20:36:28.928  1173  1837 D ApplicationPolicy: isStatusBarNotificationAllowedAsUser: packageName = com.google.android.gm,userId = 0
10-08 20:36:28.929  1173  1173 D NotificationService: Doesn't turn on screen for notification.
10-08 20:36:28.938  1173  1810 D ApplicationPolicy: isStatusBarNotificationAllowedAsUser: packageName = com.google.android.gm,userId = 0
10-08 20:36:28.939  1173  1810 D ApplicationPolicy: isStatusBarNotificationAllowedAsUser: packageName = com.google.android.gm,userId = 0
10-08 20:36:28.943  1173  1173 D NotificationService: Doesn't turn on screen for notification.
10-08 20:36:28.957  1173  1837 D ApplicationPolicy: isStatusBarNotificationAllowedAsUser: packageName = com.google.android.gm,userId = 0
10-08 20:36:28.958  1173  1837 D ApplicationPolicy: isStatusBarNotificationAllowedAsUser: packageName = com.google.android.gm,userId = 0
10-08 20:36:28.961  1173  1173 D NotificationService: Doesn't turn on screen for notification.
10-08 20:36:29.014  1310  1310 W khq     : [Gmail] MailSyncAdapterService: MailSyncAdapterService is destroyed! [CONTEXT android_log_tag="MailSyncAdapterService" ]
10-08 20:36:29.016   971  4451 I CameraService: onUidStateChanged: uid=10245, procState is changed. (16 -> 10)
10-08 20:36:29.025  1173  1670 D SyncManager: userId - 0 auto - true
10-08 20:36:29.035   971  1433 I CameraService: onUidStateChanged: uid=10245, procState is changed. (10 -> 16)
10-08 20:36:29.077  1173  1810 D SyncManager: userId - 0 auto - true
10-08 20:36:29.084  1173  1810 D SyncManager: userId - 0 auto - true
10-08 20:36:29.096  1173  1810 D SyncManager: userId - 0 auto - true
10-08 20:36:29.132  1173  1173 I Telecom:SamsungTelecomServiceImpl: isInManagedCall - callingPackage : android
10-08 20:36:29.141  1173  1173 I NotificationService: Easymute controller is registered.
10-08 20:36:29.142  1173  1173 I AccessibilityManager: semStartFlashNotification notitype = email, getOpPackageName = android, sbnPackageName = com.google.android.gm
10-08 20:36:29.142  1173  1173 D AccessibilityManagerService: semStartFlashNotification
10-08 20:36:29.142  1173  1173 I AccessibilityManagerService: semStartFlashNotificationInner() type=Default, pkgName=android, token=android.os.Binder@3178e40, sbnPkgName=com.google.android.gm, previewType=0
10-08 20:36:29.142  1173  1173 D AccessibilityManagerService: Can not use light notification
10-08 20:36:29.144  1173  1173 D MotionRecognitionService:   .registerCallback : 1, required_sensors=3, client=com.android.server.notification.EasyMuteController$1@92866c
10-08 20:36:29.144  1173  1173 D MotionRecognitionService: Screen: 1
10-08 20:36:29.144  1173  1173 D MotionRecognitionService: [getUsedSensorForEvents] sensors : Settings = 10000100100000000000000101
10-08 20:36:29.144  1173  1173 D MotionRecognitionService: [getUsedSensorForEvents] sensors for motion : 10011
10-08 20:36:29.144  1173  1173 V MotionRecognitionManager:   .registerListener : success. listener count = 0->1, motion_events=1, name :com.android.server.notification.EasyMuteController$1@92866c
10-08 20:36:29.144  1173  1173 I EasyMuteController: Reg. OverTurn
10-08 20:36:29.146  1173  1477 D MotionRecognitionService:   .isMotionEngineEnabled : true
10-08 20:36:29.146  1173  1477 D MotionRecognitionService:   .initializeMotionEngine
10-08 20:36:29.147  1173  1173 I Telecom:SamsungTelecomServiceImpl: isInManagedCall - callingPackage : android
10-08 20:36:29.148  3767  3767 I Edge.badge: updateBadge item = com.google.android.gm:0 1
10-08 20:36:29.151  1173  1477 D MotionEngine: [MotionEngine]->Build Binary Type(user):0
10-08 20:36:29.151  1173  1477 D MotionEngine: [@@@ Motion Engine @@@] InitializeMotionManager ALL, DPS setting 2
10-08 20:36:29.153  2080  2080 I Launcher.NotificationListener: onNotificationPosted : com.google.android.gm number : 0
10-08 20:36:29.154  2080  2080 I Launcher.NotificationListener: onNotificationPosted : com.google.android.gm number : 0
10-08 20:36:29.154   770   770 I Sensors : batch(0) - accelerometer_sensor try to batching with 20000000
10-08 20:36:29.154  2080  2353 I Launcher.NotificationListener: notificationIsValidForUI : com.google.android.gm missingTitleAndText : false isGroupHeader : true
10-08 20:36:29.154  2080  2353 I Launcher.NotificationListener: notificationIsValidForUI : com.google.android.gm missingTitleAndText : false isGroupHeader : false
10-08 20:36:29.154   770   770 I Sensors : AccSensor old sensor_state 278528, new sensor_state : 35201552236545 en : 1
10-08 20:36:29.159   770   770 I Sensors : enable:: accelerometer_sensor(0)
10-08 20:36:29.159   770   770 I Sensors : batch(2) - gyro_sensor try to batching with 20000000
10-08 20:36:29.159   770   770 I Sensors : GyroSensor old sensor_state 278529, new sensor_state : 35201552236547 en : 1
10-08 20:36:29.163   770   770 I Sensors : enable:: gyro_sensor(2)
10-08 20:36:29.163  1173  1436 D SensorService: MotionSensorEngine:: ACTUAL_GYRO : does not send event, cause gyro data not delivered yet.
10-08 20:36:29.164  1678  1678 D InterruptionStateProvider: Group alert behavior is suppressed but we want to alert bubble
10-08 20:36:29.164  1678  1678 D InterruptionStateProvider: Group alert behavior is suppressed but we want to alert bubble
10-08 20:36:29.164  1678  1678 D InterruptionStateProvider: Group alert behavior is suppressed but we want to alert bubble
10-08 20:36:29.164  1678  1678 D InterruptionStateProvider: Group alert behavior is suppressed but we want to alert bubble
10-08 20:36:29.165  1173  1477 D SensorManager: registerListener :: 1601008243, Motion Sensor, 200000, 0, com.samsung.android.gesture.MotionRecognitionService$SensorListener@bba4634
10-08 20:36:29.165  1173  1477 D MotionRecognitionService: Acc/Gyro was enable by motion sensor  = 1
10-08 20:36:29.165  1173  1477 D MotionRecognitionService: Acc/Gyro was enable by motion sensor  = 2
10-08 20:36:29.165  1173  1477 D MotionRecognitionService: Motion, result = 1
10-08 20:36:29.165  1173  1477 D MotionRecognitionService: Motion, result = 1
10-08 20:36:29.165  1173  1477 D MotionRecognitionService: Settings updated : 10000100100000000000000101
10-08 20:36:29.165  1678  1678 D InterruptionStateProvider: Group alert behavior is suppressed but we want to alert bubble
10-08 20:36:29.165  1173  1477 I PalmMotion: [PALM] SURFACE_MOTION_ENGINE: 1 SURFACE_PALM_TOUCH: 1 PALM_TOUCH_TO_SLEEP: 0
10-08 20:36:29.165  1678  1678 D InterruptionStateProvider: Group alert behavior is suppressed but we want to alert bubble
10-08 20:36:29.165  1173  1477 I PalmMotion: [PALM] SURFACE_PALM_SWEEP: 1 Mobile Keyboard : 0
10-08 20:36:29.165  1173  1477 D PalmMotion: [PALM] SETTINGS : [TOUCH: true] [SWEEP: true] [PalmScreenOff: false]
10-08 20:36:29.165  1678  1678 D InterruptionStateProvider: Group alert behavior is suppressed but we want to alert bubble
10-08 20:36:29.165  1173  1477 D PalmMotion: [PALM] ACCEPTED : [default] PALM_CNT : 1, M_TOUCH : 1000.0, M_SWEEP : 100.0, E_SWEEP : 2.0, IGNORE_M_SWEEP : false
10-08 20:36:29.165  1173  1477 E SensorManager: sensor or listener is null
10-08 20:36:29.165  1678  1678 D InterruptionStateProvider: Group alert behavior is suppressed but we want to alert bubble
10-08 20:36:29.167  1173  1173 I Telecom:SamsungTelecomServiceImpl: isInManagedCall - callingPackage : android
10-08 20:36:29.167  1173  1173 D NotificationService: 0|com.google.android.gm|1605412665|gig:2086570980:^sq_ig_i_personal|10245: granting content://settings/system/notification_sound
10-08 20:36:29.167  1173  1173 D NotificationService: 0|com.google.android.gm|1605412665|gig:2086570980:^sq_ig_i_personal|10245: granting content://settings/system/notification_sound
10-08 20:36:29.168  1173  1173 D NotificationService: 0|com.google.android.gm|1605412665|gig:2086570980:^sq_ig_i_personal|10245: granting content://settings/system/notification_sound
10-08 20:36:29.168  1173  1173 D NotificationService: 0|com.google.android.gm|1605412665|gig:2086570980:^sq_ig_i_personal|10245: granting content://settings/system/notification_sound
10-08 20:36:29.168  1173  1173 D NotificationService: 0|com.google.android.gm|1605412665|gig:2086570980:^sq_ig_i_personal|10245: granting content://settings/system/notification_sound
10-08 20:36:29.168  1173  1173 D NotificationService: 0|com.google.android.gm|1605412665|gig:2086570980:^sq_ig_i_personal|10245: granting content://settings/system/notification_sound
10-08 20:36:29.168  1173  1173 D NotificationService: 0|com.google.android.gm|1605412665|gig:2086570980:^sq_ig_i_personal|10245: granting content://settings/system/notification_sound
10-08 20:36:29.168  1173  1173 D NotificationService: 0|com.google.android.gm|1605412665|gig:2086570980:^sq_ig_i_personal|10245: granting content://settings/system/notification_sound
10-08 20:36:29.168  1173  1173 D NotificationService: 0|com.google.android.gm|1605412665|gig:2086570980:^sq_ig_i_personal|10245: granting content://settings/system/notification_sound
10-08 20:36:29.168  1173  1173 D NotificationService: 0|com.google.android.gm|1605412665|gig:2086570980:^sq_ig_i_personal|10245: granting content://settings/system/notification_sound
10-08 20:36:29.169  1173  1173 W NotificationHistory: Attempted to add notif for locked/gone/disabled user 0
10-08 20:36:29.169  1173  1173 D NotificationReminder: addNotificationRecord record com.google.android.gm
10-08 20:36:29.172  3767  3767 I Edge.badge: updateBadge item = com.google.android.gm:0 1
10-08 20:36:29.178  2080  2080 I Launcher.NotificationListener: onNotificationPosted : com.google.android.gm number : 0
10-08 20:36:29.178  1173  1837 I Telecom:SamsungTelecomServiceImpl: getDefaultDialerPackage - callingPid : 3999 / processName : sts
10-08 20:36:29.178  2080  2353 I Launcher.NotificationListener: notificationIsValidForUI : com.google.android.gm missingTitleAndText : false isGroupHeader : false
10-08 20:36:29.179  1678  1678 D InterruptionStateProvider: Group alert behavior is suppressed but we want to alert bubble
10-08 20:36:29.179  1678  1678 D InterruptionStateProvider: Group alert behavior is suppressed but we want to alert bubble
10-08 20:36:29.179  1678  1678 D InterruptionStateProvider: Group alert behavior is suppressed but we want to alert bubble
10-08 20:36:29.179  1678  1678 D InterruptionStateProvider: Group alert behavior is suppressed but we want to alert bubble
10-08 20:36:29.184  1173  1436 D SensorService: MotionSensorEngine:: ACTUAL_GYRO : does not send event, cause gyro data not delivered yet.
10-08 20:36:29.185  3767  3767 I Edge.badge: updateBadge item = com.google.android.gm:0 1
10-08 20:36:29.199  1678 13761 V MediaPlayer-JNI: native_setup
10-08 20:36:29.200  1678 13761 V MediaPlayerNative: constructor
10-08 20:36:29.200  1678 13761 V MediaPlayerNative: setListener
10-08 20:36:29.202  1678 13761 V MediaPlayer-JNI: setParameter: key 1400
10-08 20:36:29.202  1678 13761 V MediaPlayerNative: MediaPlayer::setParameter(1400)
10-08 20:36:29.204  1173  1436 D SensorService: MotionSensorEngine:: ACTUAL_GYRO : does not send event, cause gyro data not delivered yet.
10-08 20:36:29.206   839  1061 V APM_AudioPolicyManager: setAudioPolicyConfig: audioParam;l_smart_view_split_sound_enable=false
10-08 20:36:29.206  1173  3602 I MediaFocusControl: requestAudioFocus() from uid/pid 10044/1678 AA=USAGE_NOTIFICATION/CONTENT_TYPE_SONIFICATION clientId=android.media.AudioManager@8acfaba callingPack=com.android.systemui req=3 flags=0x0 sdk=33
10-08 20:36:29.207  1173  3602 D MediaFocusControl: selectFocusStack, uid = 10044, appDevice = 0, device = 2
10-08 20:36:29.207  1173  3602 I AudioService.FadeOutManager: unfadeOutUid() uid:10044
10-08 20:36:29.207  1678 13761 D RingtoneManager: getActualDefaultRingtoneUri  type    :2
10-08 20:36:29.208  1678 13761 I RingtoneManager: Ringtone value : content://media/internal/audio/media/129?title=Spaceline&canonical=1
10-08 20:36:29.213  1678  1678 D PluginInstanceManager: stopListening
10-08 20:36:29.214  1678  1678 D PluginInstanceManager: startListening
10-08 20:36:29.214  1678  1896 D PluginInstanceManager: queryAll com.android.systemui.action.PLUGIN_NOTIFICATION_MENU_ROW
10-08 20:36:29.216  1678  1896 D PluginInstanceManager: Found 0 plugins
10-08 20:36:29.218  1678  1678 I FaceWidgetPositionAlgorithm: getClockContainerHeight() supplier = 270, bottom margin = 63, real height = 333
10-08 20:36:29.218  1678  1678 I FaceWidgetPositionAlgorithm: getMediaContainerHeight() height = 456 container Visibility = 8, isValid = true, mIsDozing = true, fraction = 1.0, source = 0, target = 0
10-08 20:36:29.219  1678  1678 I FaceWidgetPositionAlgorithm: getMediaContainerHeight() supplier = 0
10-08 20:36:29.219  1678  1678 I FaceWidgetPositionAlgorithm: getClockContainerHeight() supplier = 270, bottom margin = 0, real height = 333
10-08 20:36:29.220  1678  1678 I FaceWidgetPositionAlgorithm: getClockContainerHeight() supplier = 270, bottom margin = 63, real height = 333
10-08 20:36:29.220  1678  1678 I FaceWidgetPositionAlgorithm: getMediaContainerHeight() height = 456 container Visibility = 8, isValid = true, mIsDozing = true, fraction = 1.0, source = 0, target = 0
10-08 20:36:29.220  1678  1678 I FaceWidgetPositionAlgorithm: getMediaContainerHeight() supplier = 0
10-08 20:36:29.220  1678  1678 I FaceWidgetPositionAlgorithm: getClockContainerHeight() supplier = 270, bottom margin = 0, real height = 333
10-08 20:36:29.224  1173  1436 D SensorService: MotionSensorEngine:: ACTUAL_GYRO : does not send event, cause gyro data not delivered yet.
10-08 20:36:29.228  1678 13761 V MediaPlayer-JNI: setDataSourceFD: fd 443
10-08 20:36:29.229  1678 13761 V MediaPlayerNative: setDataSource(443, 0, 576460752303423487)
10-08 20:36:29.229   992  8804 V MediaPlayerService: Create new client(891) from AttributionSourceState{pid: 1678, uid: 10044, packageName: com.android.systemui, attributionTag: (null), token: {no toString() implemented}, renouncedPermissions: [], next: []}, 
10-08 20:36:29.230   992  8804 V MediaPlayerService: setDataSource fd=18, offset=0, length=576460752303423487
10-08 20:36:29.230   992  8804 V MediaPlayerService: st_dev  = 66320
10-08 20:36:29.230   992  8804 V MediaPlayerService: st_mode = 33216
10-08 20:36:29.230   992  8804 V MediaPlayerService: st_uid  = 1000
10-08 20:36:29.230   992  8804 V MediaPlayerService: st_gid  = 1000
10-08 20:36:29.230   992  8804 V MediaPlayerService: st_size = 27128
10-08 20:36:29.230   992  8804 V MediaPlayerService: calculated length = 27128
10-08 20:36:29.230   992  8804 V MediaPlayerService: player type = 4
10-08 20:36:29.230  1678  1678 D PluginAODManager: onNotificationInfoUpdated() 12
10-08 20:36:29.230  1678  1678 D PluginAODManager: onNotificationInfoUpdated() 0|com.whatsapp|1|sl7eV24vTfjisggXxlPUyKlOrGaGdiIR1kAeosxMZKg=
10-08 20:36:29.230  1678  1678 D PluginAODManager: |10311
10-08 20:36:29.230   992  8804 D NuPlayerDriver: NuPlayerDriver(0xf45c2410) created, clientPid(1678)
10-08 20:36:29.231  1678  1678 D PluginAODManager: onNotificationInfoUpdated() 0|com.google.android.gm|313922430|gig:2086570980:^sq_ig_i_personal|10245
10-08 20:36:29.231  1678  1678 D PluginAODManager: onNotificationInfoUpdated() 0|com.offline.bible|4097|null|10373
10-08 20:36:29.231  1678  1678 D PluginAODManager: onNotificationInfoUpdated() 0|com.google.android.youtube|0|XeNaxAsMZg4::8e1f53fb-2af0-4f2b-9ce9-b093f755edb0|10244
10-08 20:36:29.231  1678  1678 D PluginAODManager: onNotificationInfoUpdated() 0|com.google.android.youtube|0|l7FRvwQq2N8::43989c01-738a-46b2-ae07-dcd42bef29df|10244
10-08 20:36:29.231  1678  1678 D PluginAODManager: onNotificationInfoUpdated() 0|com.whatsapp|64|messages5fe412fb3069d8e259f3d1762f9d751e|10311
10-08 20:36:29.231  1678  1678 D PluginAODManager: onNotificationInfoUpdated() 0|com.instagram.android|64278|newstab|1492805866_churn_reminders&640a8803ec6acH58fa68eaH640a8c9d4c97eH9|10315
10-08 20:36:29.231  1678  1678 D PluginAODManager: onNotificationInfoUpdated() 0|com.instagram.android|64278|newstab|1492805866_story_daily_digest&640a604bbf83aH58fa68eaH640a64e51fb0cH5e|10315
10-08 20:36:29.231  1678  1678 D PluginAODManager: onNotificationInfoUpdated() 0|com.google.android.youtube|0|unwatched-channel::63e1fdd4-5b2c-4804-9426-0c00f8e4eb74|10244
10-08 20:36:29.231  1678  1678 D PluginAODManager: onNotificationInfoUpdated() 0|com.offline.bible|0|campaign_collapse_key_3716002670453466113|10373
10-08 20:36:29.231  1678  1678 D PluginAODManager: onNotificationInfoUpdated() 0|ee.mtakso.client|164155715|appboy_notification|10317
10-08 20:36:29.231  1678  1678 D PluginAODManager: onNotificationInfoUpdated() 0|com.google.android.googlequicksearchbox|0|-465505200::a:snotification:[0x394,wx.f,NOTIFICATION]|10230
10-08 20:36:29.231  1678  1678 I AODNotificationManager: updateVisibleNotifications: 12
10-08 20:36:29.232  1678  1678 I FaceWidgetPositionAlgorithm: getClockContainerHeight() supplier = 270, bottom margin = 63, real height = 333
10-08 20:36:29.232  1678  1678 I FaceWidgetPositionAlgorithm: getMediaContainerHeight() height = 456 container Visibility = 8, isValid = true, mIsDozing = true, fraction = 1.0, source = 0, target = 0
10-08 20:36:29.232  1678  1678 I FaceWidgetPositionAlgorithm: getMediaContainerHeight() supplier = 0
10-08 20:36:29.232  1678  1678 I FaceWidgetPositionAlgorithm: getClockContainerHeight() supplier = 270, bottom margin = 0, real height = 333
10-08 20:36:29.233  1678  1678 I FaceWidgetPositionAlgorithm: getClockContainerHeight() supplier = 270, bottom margin = 63, real height = 333
10-08 20:36:29.233  1678  1678 I FaceWidgetPositionAlgorithm: getMediaContainerHeight() height = 456 container Visibility = 8, isValid = true, mIsDozing = true, fraction = 1.0, source = 0, target = 0
10-08 20:36:29.233  1678  1678 I FaceWidgetPositionAlgorithm: getMediaContainerHeight() supplier = 0
10-08 20:36:29.233  1678  1678 I FaceWidgetPositionAlgorithm: getClockContainerHeight() supplier = 270, bottom margin = 0, real height = 333
10-08 20:36:29.238  1173  1837 I Telecom:SamsungTelecomServiceImpl: getDefaultDialerPackage - callingPid : 3999 / processName : sts
10-08 20:36:29.245  1173  1436 D SensorService: MotionSensorEngine:: ACTUAL_GYRO : does not send event, cause gyro data not delivered yet.
10-08 20:36:29.256   992  8804 V AudioSink: AudioOutput(18041)
10-08 20:36:29.257   992  8804 V NuPlayerDriver: setDataSource(0xf45c2410) file(18)
10-08 20:36:29.257   992  8804 V NuPlayer: setDataSourceAsync fd 18/0/27128 source: 0xec948050
10-08 20:36:29.257   992 13763 V NuPlayer: kWhatSetAudioSink
10-08 20:36:29.257   992 13763 V NuPlayer: kWhatSetDataSource
10-08 20:36:29.258  1678 13761 V MediaPlayer-JNI: setLooping: 0
10-08 20:36:29.259  1678 13761 V MediaPlayerNative: MediaPlayer::setLooping
10-08 20:36:29.259   992  8804 V MediaPlayerService: [891] setLooping(0)
10-08 20:36:29.259  1678 13761 V MediaPlayerNative: setVideoSurfaceTexture
10-08 20:36:29.259   992  8804 V MediaPlayerService: [891] setVideoSurfaceTexture(0x0)
10-08 20:36:29.259  1678 13761 V MediaPlayerNative: prepare
10-08 20:36:29.260   992  8804 V MediaPlayerService: [891] setParameter(1400)
10-08 20:36:29.260   992  8804 V MediaPlayerService: setAudioAttributes_l() usage=5 content=4 flags=0x800 tags=
10-08 20:36:29.261   992  8804 V MediaPlayerService: [891] prepareAsync
10-08 20:36:29.261   992  8804 V NuPlayerDriver: prepareAsync(0xf45c2410)
10-08 20:36:29.261   992  8804 V NuPlayer: prepareAsync
10-08 20:36:29.261   992 13763 V NuPlayer: onMessageReceived kWhatPrepare
10-08 20:36:29.262   992 13763 I MediaMonitor: MediaMonitor()
10-08 20:36:29.263   894   903 I DrmManagerService(Native): value of perm = 2 return true from DRM FW
10-08 20:36:29.265  1173  1436 D SensorService: MotionSensorEngine:: ACTUAL_GYRO : does not send event, cause gyro data not delivered yet.
10-08 20:36:29.265   894   903 E SEC_DRM_PLUGIN_Omafl: OmaPlugin::onOpenDecryptSession(fd)::Drm2IsDrmFileByExtFd::file is NOT DRM by extension
10-08 20:36:29.267   992 13764 D GenericSource: FileSource remote
10-08 20:36:29.273   988   988 I MediaExtractorFactory: Created an extractor 'SECOggExtractor' with confidence 0.51
10-08 20:36:29.276   992 13764 I AnotherPacketSource: setFormat() : audio/vorbis
10-08 20:36:29.277   992 13764 V NuPlayer: Source::notifyPrepared 0
10-08 20:36:29.277   992 13763 V NuPlayer: onSourceNotify() kWhatFlagsChanged  FLAG_CAN_PAUSE: 1  FLAG_CAN_SEEK_BACKWARD: 1 
10-08 20:36:29.277   992 13763 V NuPlayer: 				 FLAG_CAN_SEEK_FORWARD: 1  FLAG_CAN_SEEK: 1  FLAG_DYNAMIC_DURATION: 0 
10-08 20:36:29.277   992 13763 V NuPlayer: 				 FLAG_SECURE: 0  FLAG_PROTECTED: 0
10-08 20:36:29.277   992 13763 V NuPlayer: prepare posted successfully.
10-08 20:36:29.277   992 13763 I NuPlayer: ORmode enabled : unsupportedAudio = 0, unsupportedVideo = 0, mHaveAudioTrack = 1, mHaveVideoTrack = 0
10-08 20:36:29.277   992 13763 V MediaPlayerService: [891] notify (200, 10973, 0)
10-08 20:36:29.277   992 13763 V NuPlayer: NuPlayer::onSourceNotify Source::kWhatPrepared source: 0xec948050
10-08 20:36:29.277  1678  2281 V MediaPlayerNative: message received msg=200, ext1=10973, ext2=0
10-08 20:36:29.277  1678  2281 W MediaPlayerNative: info/warning (10973, 0)
10-08 20:36:29.278   992 13763 V NuPlayer: extractMetadata Tracks : 1
10-08 20:36:29.279   992 13763 V NuPlayer: enableInbandTextFromExtr
10-08 20:36:29.281   992 13763 V NuPlayerDriver: notifyPrepareCompleted 0
10-08 20:36:29.281   992 13763 V MediaPlayerService: [891] notify (1, 0, 0)
10-08 20:36:29.282  1678  2281 V MediaPlayerNative: message received msg=1, ext1=0, ext2=0
10-08 20:36:29.282  1678  2281 V MediaPlayerNative: MediaPlayer::notify() prepared
10-08 20:36:29.282  1678  2281 V MediaPlayerNative: signal application thread
10-08 20:36:29.282  1678 13761 V MediaPlayerNative: prepare complete - status=0
10-08 20:36:29.284  1173  1436 D SensorService: MotionSensorEngine:: ACTUAL_GYRO : does not send event, cause gyro data not delivered yet.
10-08 20:36:29.288  1678 13761 V MediaPlayerNative: invoke 76
10-08 20:36:29.288   992  8804 V NuPlayer: getTrackInfo
10-08 20:36:29.289   992 13763 W NuPlayer: no name
10-08 20:36:29.304  1173  1436 D SensorService: MotionSensorEngine:: ACTUAL_GYRO : does not send event, cause gyro data not delivered yet.
10-08 20:36:29.324  1173  1436 D SensorService: MotionSensorEngine:: ACTUAL_GYRO : does not send event, cause gyro data not delivered yet.
10-08 20:36:29.344  1173  1436 D SensorService: MotionSensorEngine:: ACTUAL_GYRO : does not send event, cause gyro data not delivered yet.
10-08 20:36:29.364  1173  1436 D SensorService: MotionSensorEngine:: ACTUAL_GYRO : does not send event, cause gyro data not delivered yet.
10-08 20:36:29.383  1678  1678 D BubblesManager: onEntryUpdated : shouldBubbleUp=true ,key=0|com.google.android.gm|0|gig:2086570980:^sq_ig_i_personal|10245
10-08 20:36:29.384  1678  1678 D InterruptionStateProvider:  no Heads up : edgelighting enabled app. 0|com.google.android.gm|0|gig:2086570980:^sq_ig_i_personal|10245
10-08 20:36:29.384  1678  1727 W Bubbles : Unable to create bubble -- no intent: 0|com.google.android.gm|0|gig:2086570980:^sq_ig_i_personal|10245
10-08 20:36:29.384  1678  1678 D PluginAODManager: onEntryUpdated: 
10-08 20:36:29.385  1173  1436 D SensorService: MotionSensorEngine:: ACTUAL_GYRO : does not send event, cause gyro data not delivered yet.
10-08 20:36:29.387  1678  1678 D InterruptionStateProvider: Group alert behavior is suppressed but we want to alert bubble
10-08 20:36:29.387  1678  1678 D BubblesManager: onEntryUpdated : shouldBubbleUp=true ,key=0|com.google.android.gm|313922430|gig:2086570980:^sq_ig_i_personal|10245
10-08 20:36:29.388  1678  1727 W Bubbles : Unable to create bubble -- no intent: 0|com.google.android.gm|313922430|gig:2086570980:^sq_ig_i_personal|10245
10-08 20:36:29.388  1678  1678 D InterruptionStateProvider:  no Heads up : edgelighting enabled app. 0|com.google.android.gm|313922430|gig:2086570980:^sq_ig_i_personal|10245
10-08 20:36:29.389  1678  1678 D PluginAODManager: onEntryUpdated: 
10-08 20:36:29.390  1678  1678 D InterruptionStateProvider: Group alert behavior is suppressed but we want to alert bubble
10-08 20:36:29.390  1678  1678 D BubblesManager: onEntryAdded : bubbleEntryAdded=false
10-08 20:36:29.391  1678  1678 D InterruptionStateProvider:  no Heads up : edgelighting enabled app. 0|com.google.android.gm|1605412665|gig:2086570980:^sq_ig_i_personal|10245
10-08 20:36:29.392  1678  1678 D PluginAODManager: onEntryAdded: 
10-08 20:36:29.404  1173  1436 D SensorService: MotionSensorEngine:: ACTUAL_GYRO : does not send event, cause gyro data not delivered yet.
10-08 20:36:29.424  1173  1436 D SensorService: MotionSensorEngine:: ACTUAL_GYRO : does not send event, cause gyro data not delivered yet.
10-08 20:36:29.438  1041  1681 I bauth_FPBAuthService: pcf : 0x1012, 0 ,1 ,0 ,0 ,0 ,0, 7.0.0.0
10-08 20:36:29.438  1041  1681 I bauth_FPBAuthService: thread id : 1, preenroll_flag : 0, nd cnt : 0, cso : 0, et : 0
10-08 20:36:29.438  1041  1681 I bauth_FPBAuthService: FPBAuthService, 11511
10-08 20:36:29.444  1173  1436 D SensorService: MotionSensorEngine:: ACTUAL_GYRO : does not send event, cause gyro data not delivered yet.
10-08 20:36:29.452  1678  1678 D FaceWidgetViewModel: setExpandState() isExpand : true, mReturningPageState : EXPAND -> EXPAND, mNotificationCount : 12 -> 11
10-08 20:36:29.453  1678  1678 D PluginInstanceManager: stopListening
10-08 20:36:29.456  1678  1678 I FaceWidgetPositionAlgorithm: getClockContainerHeight() supplier = 270, bottom margin = 63, real height = 333
10-08 20:36:29.456  1678  1678 I FaceWidgetPositionAlgorithm: getMediaContainerHeight() height = 456 container Visibility = 8, isValid = true, mIsDozing = true, fraction = 1.0, source = 0, target = 0
10-08 20:36:29.456  1678  1678 I FaceWidgetPositionAlgorithm: getMediaContainerHeight() supplier = 0
10-08 20:36:29.456  1678  1678 I FaceWidgetPositionAlgorithm: getClockContainerHeight() supplier = 270, bottom margin = 0, real height = 333
10-08 20:36:29.457  1678  1678 I FaceWidgetPositionAlgorithm: getClockContainerHeight() supplier = 270, bottom margin = 63, real height = 333
10-08 20:36:29.457  1678  1678 I FaceWidgetPositionAlgorithm: getMediaContainerHeight() height = 456 container Visibility = 8, isValid = true, mIsDozing = true, fraction = 1.0, source = 0, target = 0
10-08 20:36:29.457  1678  1678 I FaceWidgetPositionAlgorithm: getMediaContainerHeight() supplier = 0
