10-08 20:36:32.069  1678  1678 D SemWallpaperColorsArea: SemWallpaperColorsArea which = 6, mDensity : 2.625, 1080x2200,411x838,28,48, 6
10-08 20:36:32.069  1678  1678 I SemWallpaperColorsArea: Final area : Rect(63, 15 - 1015, 73)
10-08 20:36:32.069  1678  1678 I SemWallpaperColorsArea: Final area : Rect(105, 438 - 973, 708)
10-08 20:36:32.069  1678  1678 I SemWallpaperColorsArea: Final area : Rect(105, 1191 - 973, 1244)
10-08 20:36:32.069  1678  1678 I SemWallpaperColorsArea: Final area : Rect(105, 1680 - 973, 2149)
10-08 20:36:32.069  1678  1678 I SemWallpaperColorsArea: Final area : Rect(813, 2107 - 871, 2165)
10-08 20:36:32.069  1678  1678 I SemWallpaperColorsArea: Final area : Rect(0, 0 - 1078, 2199)
10-08 20:36:32.069  1678  1678 D WallpaperManager: semGetWallpaperColors: which = 2
10-08 20:36:32.068  1173  1173 I SemMdnieManagerService: setNightMode_2 : false, index : 11, str : (0 11)
10-08 20:36:32.070  1173  2550 D WALLPAPER_SVC:WallpaperManagerService: getWallpaperSafeLocked, userId = 0, which = 2, caller = com.android.server.wallpaper.WallpaperManagerService.semGetWallpaperColors:7893 
10-08 20:36:32.070  1678  1678 D SemWallpaperColorsArea: SemWallpaperColorsArea [1080, 2200]
10-08 20:36:32.070  1678  1678 D SemWallpaperColorsArea: SemWallpaperColorsArea which = 6, mDensity : 2.625, 1080x2200,411x838,28,48, 6
10-08 20:36:32.070  1678  1678 I SemWallpaperColorsArea: Final area : Rect(63, 15 - 1015, 73)
10-08 20:36:32.070  1678  1678 I SemWallpaperColorsArea: Final area : Rect(105, 438 - 973, 708)
10-08 20:36:32.070  1678  1678 I SemWallpaperColorsArea: Final area : Rect(105, 1191 - 973, 1244)
10-08 20:36:32.070  1678  1678 I SemWallpaperColorsArea: Final area : Rect(105, 1680 - 973, 2149)
10-08 20:36:32.070  1678  1678 I SemWallpaperColorsArea: Final area : Rect(813, 2107 - 871, 2165)
10-08 20:36:32.070  1678  1678 I SemWallpaperColorsArea: Final area : Rect(0, 0 - 1078, 2199)
10-08 20:36:32.070  1678  1678 I CommonWallpaperUtils: getClockFontColorRGB: #FFE5E5E5
10-08 20:36:32.070  1678  1678 I DigitalHorizontalClockView_LOCK_SCREEN: setPaletteIndex : index = 0, mIsWhiteWallpaper = false, PaletteItem = SOLID color : FFE5E5E5
10-08 20:36:32.070  1678  1678 I DigitalHorizontalClockView_LOCK_SCREEN: updatePaletteItemTransition : paletteItem = SOLID color : FFE5E5E5, animation = false
10-08 20:36:32.070  1678  1678 D WallpaperManager: semGetWallpaperColors: which = 2
10-08 20:36:32.071  1173  1195 D WALLPAPER_SVC:WallpaperManagerService: getWallpaperSafeLocked, userId = 0, which = 2, caller = com.android.server.wallpaper.WallpaperManagerService.semGetWallpaperColors:7893 
10-08 20:36:32.071  1678  1678 D SemWallpaperColorsArea: SemWallpaperColorsArea [1080, 2200]
10-08 20:36:32.071  1678  1678 D SemWallpaperColorsArea: SemWallpaperColorsArea which = 6, mDensity : 2.625, 1080x2200,411x838,28,48, 6
10-08 20:36:32.071  1678  1678 I SemWallpaperColorsArea: Final area : Rect(63, 15 - 1015, 73)
10-08 20:36:32.071  1678  1678 I SemWallpaperColorsArea: Final area : Rect(105, 438 - 973, 708)
10-08 20:36:32.071  1678  1678 I SemWallpaperColorsArea: Final area : Rect(105, 1191 - 973, 1244)
10-08 20:36:32.071  1678  1678 I SemWallpaperColorsArea: Final area : Rect(105, 1680 - 973, 2149)
10-08 20:36:32.071  1678  1678 I SemWallpaperColorsArea: Final area : Rect(813, 2107 - 871, 2165)
10-08 20:36:32.071  1678  1678 I SemWallpaperColorsArea: Final area : Rect(0, 0 - 1078, 2199)
10-08 20:36:32.071  1678  1678 I DigitalHorizontalClockView_LOCK_SCREEN: updateShadowStyle: shadow : [ShadowStyle: shadowRadius = 2.0004, shadowDx = 0.0, shadowDy = 2.0, shadowColor = 66000000]
10-08 20:36:32.071  1678  1678 I FaceWidgetClockProvider: setPreDefineOrCustomColor() setPreDefineColor(), clockType = 2, index = 0
10-08 20:36:32.071  1678  1678 I FaceWidgetClockProvider: setPreDefineOrCustomColor color theme state, clockType = 2, color = FFE5E5E5, 
10-08 20:36:32.071  1678  1678 D LockscreenNotificationIconsOnlyContainer: UpdateIconColor - newcolor = FFE5E5E5, 
10-08 20:36:32.071  1678  1678 D FaceWidgetClockPage: updateClockSuspendState() reason = wakingup, suspend=false, kv=true, wa=true, di=true, wu=false, aodDash=false
10-08 20:36:32.071  1678  1678 I DigitalHorizontalClockView_LOCK_SCREEN: suspend : mSuspend = true, enable = false
10-08 20:36:32.071  1678  1678 I DigitalHorizontalClockView_LOCK_SCREEN: onSuspendStateChanged: to false
10-08 20:36:32.071  1173  1269 I WindowManager: Waiting for drawn Window{9232ea3 u0 NotificationShade}: removed=false visible=true mHasSurface=true drawState=1
10-08 20:36:32.072  1173  1173 D ActivityTaskManager: SafeActivityOptions created, mOriginalCallingPid=1173, mOriginalCallingUid=1000, options=ActivityOptions(76464124), mPackageName=null, mAnimationType=-1, mStartX=0, mStartY=0, mWidth=0, mHeight=0, caller=com.android.server.am.PendingIntentRecord.sendInner:486 com.android.server.am.ActivityManagerService.sendIntentSender:6624 com.android.server.am.ActivityManagerService.sendIntentSender:6613 android.app.PendingIntent.sendAndReturnResult:1029 android.app.PendingIntent.send:1000 com.android.server.alarm.AlarmManagerService$DeliveryTracker.deliverLocked:6377 com.android.server.alarm.AlarmManagerService.deliverAlarmsLocked:5218 
10-08 20:36:32.072  1173  1173 D ActivityManager: Received BROADCAST intent 0x4254903 Key{broadcastIntent pkg=android intent=act=FIRST_ALARM_TRIGGER_ACTION flg=0x40000000 pkg=android flags=0x4000000 u=0} requestCode=0 sent=0 from uid 1000
10-08 20:36:32.072  1173  1173 D ActivityTaskManager: SafeActivityOptions created, mOriginalCallingPid=1173, mOriginalCallingUid=1000, options=ActivityOptions(137279109), mPackageName=null, mAnimationType=-1, mStartX=0, mStartY=0, mWidth=0, mHeight=0, caller=com.android.server.am.PendingIntentRecord.sendInner:486 com.android.server.am.ActivityManagerService.sendIntentSender:6624 com.android.server.am.ActivityManagerService.sendIntentSender:6613 android.app.PendingIntent.sendAndReturnResult:1029 android.app.PendingIntent.send:1000 com.android.server.alarm.AlarmManagerService$DeliveryTracker.deliverLocked:6377 com.android.server.alarm.AlarmManagerService.deliverAlarmsLocked:5218 
10-08 20:36:32.072  1173  1173 D ActivityManager: Received BROADCAST intent 0x89d58ce Key{broadcastIntent pkg=com.sec.android.sdhms intent=act=com.sec.android.alarm.refresh.battery_stats flags=0x4000000 u=0} requestCode=0 sent=0 from uid 1000
10-08 20:36:32.073  1173  1272 I WindowManager: Waiting for drawn Window{9232ea3 u0 NotificationShade}: removed=false visible=true mHasSurface=true drawState=1
10-08 20:36:32.073  1173  1288 D BatteryExternalStatsWorker: Update CPU state
10-08 20:36:32.073  1173  1288 D BatteryExternalStatsWorker: mStats lock released
10-08 20:36:32.073  1173  1288 D BatteryExternalStatsWorker: done updateExternalStatsLocked
10-08 20:36:32.074  1678  2305 I ViewRootImpl@77e2bcf[NotificationShade]: Resizing android.view.ViewRootImpl@65bb5eb: frame = [0,0][1080,2400] reportDraw = true forceLayout = false syncSeqId = 1
10-08 20:36:32.075  1173  8189 D RemoteAppTaskWatcher:  ****** RemoteAppTaskWatcher: Message Received 4 Task ID = 5199
10-08 20:36:32.075  1173  8189 D RemoteAppTaskWatcher:  ****** RemoteAppTaskWatcher: Message Received 4 Task ID = 5031
10-08 20:36:32.075  1173  8189 D RemoteAppTaskWatcher:  ****** RemoteAppTaskWatcher: Message Received 4 Task ID = 4787
10-08 20:36:32.075  1173  8189 D RemoteAppTaskWatcher:  ****** RemoteAppTaskWatcher: Message Received 4 Task ID = 5058
10-08 20:36:32.075  1173  8189 D RemoteAppTaskWatcher:  ****** RemoteAppTaskWatcher: Message Received 4 Task ID = 5166
10-08 20:36:32.075  1173  8189 D RemoteAppTaskWatcher:  ****** RemoteAppTaskWatcher: Message Received 4 Task ID = 5168
10-08 20:36:32.075  1173  8189 D RemoteAppTaskWatcher:  ****** RemoteAppTaskWatcher: Message Received 4 Task ID = 5125
10-08 20:36:32.075  1173  8189 D RemoteAppTaskWatcher:  ****** RemoteAppTaskWatcher: Message Received 4 Task ID = 5203
10-08 20:36:32.076  1173  8189 D RemoteAppTaskWatcher:  ****** RemoteAppTaskWatcher: Message Received 4 Task ID = 5176
10-08 20:36:32.076  1173  8189 D RemoteAppTaskWatcher:  ****** RemoteAppTaskWatcher: Message Received 4 Task ID = 5055
10-08 20:36:32.076  1173  8189 D RemoteAppTaskWatcher:  ****** RemoteAppTaskWatcher: Message Received 4 Task ID = 5187
10-08 20:36:32.076  1173  8189 D RemoteAppTaskWatcher:  ****** RemoteAppTaskWatcher: Message Received 4 Task ID = 5105
10-08 20:36:32.076  1173  8189 D RemoteAppTaskWatcher:  ****** RemoteAppTaskWatcher: Message Received 4 Task ID = 5182
10-08 20:36:32.076  1173  8189 D RemoteAppTaskWatcher:  ****** RemoteAppTaskWatcher: Message Received 4 Task ID = 5060
10-08 20:36:32.076  1173  8189 D RemoteAppTaskWatcher:  ****** RemoteAppTaskWatcher: Message Received 4 Task ID = 5115
10-08 20:36:32.076  1173  8189 D RemoteAppTaskWatcher:  ****** RemoteAppTaskWatcher: Message Received 4 Task ID = 5014
10-08 20:36:32.076  1173  8189 D RemoteAppTaskWatcher:  ****** RemoteAppTaskWatcher: Message Received 4 Task ID = 5019
10-08 20:36:32.076  1173  8189 D RemoteAppTaskWatcher:  ****** RemoteAppTaskWatcher: Message Received 4 Task ID = 5126
10-08 20:36:32.076  1173  8189 D RemoteAppTaskWatcher:  ****** RemoteAppTaskWatcher: Message Received 4 Task ID = 5113
10-08 20:36:32.076  1173  8189 D RemoteAppTaskWatcher:  ****** RemoteAppTaskWatcher: Message Received 4 Task ID = 5100
10-08 20:36:32.076  1173  8189 D RemoteAppTaskWatcher:  ****** RemoteAppTaskWatcher: Message Received 4 Task ID = 5033
10-08 20:36:32.076  1173  8189 D RemoteAppTaskWatcher:  ****** RemoteAppTaskWatcher: Message Received 4 Task ID = 2
10-08 20:36:32.076  1173  8189 D RemoteAppTaskWatcher:  ****** RemoteAppTaskWatcher: Message Received 4 Task ID = 5
10-08 20:36:32.076  1678  1678 I DigitalHorizontalClockView_LOCK_SCREEN: onTimeChanged : [DateTimeInfo : date = Wed, 8 October, hourMin = 20:36, hourMinSec = , hour = 20, minute = 36, amPm  = , colon = :, second = , timezone = null, isLeftOfAmPm = false, ttsDate = Wednesday, 8 October]
10-08 20:36:32.076  1173  8189 D RemoteAppTaskWatcher:  ****** RemoteAppTaskWatcher: Message Received 4 Task ID = 4
10-08 20:36:32.076  1678  1678 I DigitalHorizontalClockView_LOCK_SCREEN: updatePaletteItemTransition : paletteItem = SOLID color : FFE5E5E5, animation = false
10-08 20:36:32.076  1678  1678 I DigitalHorizontalClockView_LOCK_SCREEN: scaleDateView: viewWidth=283.0, maxWidth=954, scale=1.0
10-08 20:36:32.076  1678  1678 I DigitalHorizontalClockView_LOCK_SCREEN: scaleTimeView: measureWidth=450.0, maxWidth=954
10-08 20:36:32.077  1678  1678 D FaceWidgetMusicPageShownManager: updateMusicPageShownState() show = true, reattach = false, reason = waking up
10-08 20:36:32.077  1678  1678 D PanelView: setMusicShown() shown = true
10-08 20:36:32.077  1678  1678 I FaceWidgetPositionAlgorithm: getMediaContainerHeight() height = 456 container Visibility = 8, isValid = true, mIsDozing = false, fraction = 1.0, source = 0, target = 0
10-08 20:36:32.077  1678  1678 I FaceWidgetPositionAlgorithm: getMediaContainerHeight() supplier = 456
10-08 20:36:32.077  1678  1678 I FaceWidgetPositionAlgorithm: getClockContainerHeight() supplier = 270, bottom margin = 0, real height = 333
10-08 20:36:32.077  1678  1678 I FaceWidgetPositionAlgorithm: run() clockX = 0, clockY = 480, clockAlpha = 1.0, stackScrollerPadding(expand=false) = 1269, centerAlignClockType = true, iconTypeTranslationY = 1269, position List = [Point(0, 480), Point(0, 813), Point(0, 0)], clockContainerHeight = 333, mediaContainerHeight = 456, diffMarginBetweenDetailAndNIO = 0
10-08 20:36:32.077  1678  1678 D LockscreenNotificationIconsOnlyController: updateRefArea 32 -> 64
10-08 20:36:32.077  1678  1678 D FaceWidgetMusicPageShownObserver: onChanged() FaceWidgetMusicShownLiveData{mIsVisible=true, mIsReattach=false, mIsHideImmediately=false}
10-08 20:36:32.077  1678  1678 D FaceWidgetMusicPageShownObserver: onChanged() showing animation
10-08 20:36:32.077  1678  1678 D FaceWidgetMusicPage: mMusicPageShowingObserver onChanged() : FaceWidgetMusicShownLiveData{mIsVisible=true, mIsReattach=false, mIsHideImmediately=false}
10-08 20:36:32.077  1678  1678 D FaceWidgetClockPage: mMusicPageShowingObserver onChanged() : FaceWidgetMusicShownLiveData{mIsVisible=true, mIsReattach=false, mIsHideImmediately=false}
10-08 20:36:32.077  1678  1678 D FaceWidgetClockPage: getScaleMode() 0, isLandscape = false
10-08 20:36:32.077  1678  1678 D FaceWidgetClockPage: updateScaleMode() 0, type = 2, scalable = true
10-08 20:36:32.077  1678  1678 D KeyguardSecBottomAreaView: mCanIndicationAreaUpdate set to false
10-08 20:36:32.078  1678  1678 D PluginAODManager: onStartedWakingUp
10-08 20:36:32.078  1678  1678 D PluginAODManager: clearAODState why=1
10-08 20:36:32.078  1678  1678 D PluginAODManager: clearNotiMapIfNeeded() clear
10-08 20:36:32.078  1678  1678 D KeyguardImageWallpaper: onResume, mDrawingState:1
10-08 20:36:32.078  1678  1678 I FixedOrientationController: w = 1080, h = 2400, isRtl = false, newR = 0, oldR = 0
10-08 20:36:32.078  1678  1678 I FixedOrientationController: Same configuration.
10-08 20:36:32.078  1678  1678 D FaceWidgetContainerObserver: onChanged() FaceWidgetContainerLiveData{mIsContainerVisible=true, mClipLayoutVisibility=0, mRotation=0, mIsOwnerVisible=0, mOwnerInfoGravity=17, mAdditionalInfoGravity=17, mClockSideStartPadding=63, mClockSideEndPadding=63, mMusicSideStartPadding=30, mMusicSideEndPadding=30, mInfoSideStartPadding=63, mInfoSideEndPadding=63, mClipLayoutWidth = -1, mIsUpdateOwnerInfoText=true, mAdditionalInfoRemoteView=null, mHasCMAS=false, mIsAdditionalViewGoingToSleep=false, mConfig=CustomConfiguration{fontScale=1.0, screenLayout=268435810, orientation=1, screenWidthDp=411, screenHeightDp=838, smallestScreenWidthDp=411, densityDpi=420, uiMode=33, isRTL=false, mConfiguration={1.0 639mcc2mnc [en_GB] ldltr sw411dp w411dp h838dp 420dpi nrml long port night finger -keyb/v/h -nav/h winConfig={ mBounds=Rect(0, 0 - 1080, 2400) mAppBounds=Rect(0, 74 - 1080, 2274) mMaxBounds=Rect(0, 0 - 1080, 2400) mDisplayRotation=ROTATION_0 mWindowingMode=fullscreen mDisplayWindowingMode=fullscreen mActivityType=undefined mAlwaysOnTop=undefined mRotation=ROTATION_0 mPopOver=undefined mStageConfig=undefined mFreeformTaskPinningState=undefined mFreeformStashState=undefined mDexTaskDockingState=undefined} s.650 fontWeightAdjustment=0 ff=0 bf=0 bts=0 desktop/d dm/n ?dc ?dcui themeSeq=0 nightDim=0}}}
10-08 20:36:32.078  1678  1678 D FaceWidgetPagesController: onGravityChanged()
10-08 20:36:32.078  1678  1678 D FaceWidgetClockPage: setClockGravity() gravity = 49
10-08 20:36:32.078  1678  1678 I FaceWidgetPositionAlgorithm: getClockContainerHeight() supplier = 270, bottom margin = 63, real height = 333
10-08 20:36:32.078  1678  1678 I FaceWidgetPositionAlgorithm: getMediaContainerHeight() height = 456 container Visibility = 8, isValid = true, mIsDozing = false, fraction = 1.0, source = 0, target = 0
10-08 20:36:32.078  1678  1678 I FaceWidgetPositionAlgorithm: getMediaContainerHeight() supplier = 456
10-08 20:36:32.078  1678  1678 I FaceWidgetPositionAlgorithm: getClockContainerHeight() supplier = 270, bottom margin = 0, real height = 333
10-08 20:36:32.078  1678  1678 D DisplayLifecycle: updateDisplay id = 0
10-08 20:36:32.079  1678  1678 I AODTriggers: onAODEventDispatched = 4 / eventData = r7.a$d@b568208
10-08 20:36:32.079  1678  1678 I AOD_LIVE_CLOCK@LiveClockController: updateDisplayState: DISPLAY_STATE_ON
10-08 20:36:32.080  1173  1272 I WindowManager: Waiting for drawn Window{9232ea3 u0 NotificationShade}: removed=false visible=true mHasSurface=true drawState=1
10-08 20:36:32.082  1678  2162 D QSClockBellTower: onReceive(android.intent.action.TIME_TICK) mTimeZoneString:null
10-08 20:36:32.087  1678  1824 D MobileStatusTracker(1/1): onDataActivity: direction=0
10-08 20:36:32.087  1678  1824 D MobileStatusTracker(1/1): onDataActivity: direction=0
10-08 20:36:32.088  1678  2162 D QSClockBellTower: onReceive(android.intent.action.TIME_TICK) mTimeZoneString:null
10-08 20:36:32.089  1678  6113 D SamsungAnalytics605033: SendLog Result = 0
10-08 20:36:32.089  2080  2080 I RecentsAnimationDeviceState: setSystemUiFlags, stateFlags : 454
10-08 20:36:32.089  1678  1678 V SecQpBlurDefaultUtils: applyWallpaperBlur  blur = 0
10-08 20:36:32.089  2080  2080 I TouchInteractionService: onSystemUiFlagsChanged, lastSysUIFlags : 2097606
10-08 20:36:32.091 12549 12549 D SurfaceView@595b9b2: updateSurface: surface is not valid
10-08 20:36:32.091 12549 12549 I SurfaceView@595b9b2: releaseSurfaces: viewRoot = ViewRootImpl@9be306e[Shell$HomeActivity]
10-08 20:36:32.091 15196 15196 I SurfaceView@e742cc0: releaseSurfaces: viewRoot = ViewRootImpl@6cad392[Camera]
10-08 20:36:32.091 12549 12549 I SurfaceView@595b9b2: applyTransactionOnVriDraw: vri = ViewRootImpl@9be306e[Shell$HomeActivity] fRS = true t = 0x734471da30 android.view.SurfaceView.releaseSurfaces:858 android.view.SurfaceView.updateSurface:998 android.view.SurfaceView.lambda$new$0$android-view-SurfaceView:200 
10-08 20:36:32.091 12549 12549 I SurfaceView@595b9b2: applyTransactionOnVriDraw: viewRoot.applyTransactionOnDrawFromReleaseSurfaces
10-08 20:36:32.091 12549 12549 I ViewRootImpl@9be306e[Shell$HomeActivity]: from releaseSurfaces t.apply t = 0x734471da30
10-08 20:36:32.091 15196 15196 I SurfaceView@e742cc0: applyTransactionOnVriDraw: vri = ViewRootImpl@6cad392[Camera] fRS = true t = 0x7344726eb0 android.view.SurfaceView.releaseSurfaces:858 android.view.SurfaceView.updateSurface:998 android.view.SurfaceView.lambda$new$0$android-view-SurfaceView:200 
10-08 20:36:32.091 15196 15196 I SurfaceView@e742cc0: applyTransactionOnVriDraw: viewRoot.applyTransactionOnDrawFromReleaseSurfaces
10-08 20:36:32.091 15196 15196 I ViewRootImpl@6cad392[Camera]: from releaseSurfaces t.apply t = 0x7344726eb0
10-08 20:36:32.092 21496 21496 I SurfaceView@f15f806: onWindowVisibilityChanged(0) false com.samsung.android.biometrics.app.setting.fingerprint.BlackMaskView{f15f806 G.E...... ......I. 0,0-0,0 #7f090149 app:id/sem_fingerprint_blackmask_surfaceview} of ViewRootImpl@16e6063[FP Iconview]
10-08 20:36:32.093 21496 21496 I ViewRootImpl@16e6063[FP Iconview]: performTraversals mFirst=false windowShouldResize=false viewVisibilityChanged=true mForceNextWindowRelayout=false params=null
10-08 20:36:32.093  1173  3655 V WindowManager: Relayout Window{b86c6bd u0 FP Iconview}: viewVisibility=0 req=1080x2400 d0
10-08 20:36:32.093  1173  3655 D RestrictionPolicy: isScreenCaptureEnabled : ret=true userId=0
10-08 20:36:32.094   846  2206 I SurfaceFlinger: id=31359 createSurf flag=40044, FP Iconview$_21496#31359
10-08 20:36:32.094  1173  3655 D WindowManager: makeSurface duration=1 name=FP Iconview$_21496
10-08 20:36:32.097  1173  3655 I WindowManager: Waiting for drawn Window{9232ea3 u0 NotificationShade}: removed=false visible=true mHasSurface=true drawState=1
10-08 20:36:32.098  1678  1678 W KeyguardSecurityViewFlipper: onMeasure: widthSpec MeasureSpec: EXACTLY 1080 should be AT_MOST
10-08 20:36:32.098  1678  1678 W KeyguardSecurityViewFlipper: onMeasure: heightSpec MeasureSpec: EXACTLY 0 should be AT_MOST
10-08 20:36:32.099  1173  3655 V WindowManager: Relayout hash=b86c6bd, pid=21496, syncId=-1: mAttrs={(0,0)(1080x2400) sim={adjust=pan} layoutInDisplayCutoutMode=always ty=2619 fmt=TRANSLUCENT surfaceInsets=Rect(6, 6 - 6, 6)
10-08 20:36:32.099  1173  3655 V WindowManager:   fl=1000018
10-08 20:36:32.099  1173  3655 V WindowManager:   pfl=12102050
10-08 20:36:32.099  1173  3655 V WindowManager:   bhv=DEFAULT naviIconColor=0
10-08 20:36:32.099  1173  3655 V WindowManager:   sfl=60008}
10-08 20:36:32.099  1678  1678 I FaceWidgetPositionAlgorithm: getClockContainerHeight() supplier = 270, bottom margin = 63, real height = 333
10-08 20:36:32.099  1678  1678 I FaceWidgetPositionAlgorithm: getMediaContainerHeight() height = 456 container Visibility = 8, isValid = true, mIsDozing = false, fraction = 1.0, source = 0, target = 0
10-08 20:36:32.099  1678  1678 I FaceWidgetPositionAlgorithm: getMediaContainerHeight() supplier = 456
10-08 20:36:32.099  4675  4675 I HBD     : b currentConnectionState : false 
10-08 20:36:32.099  1678  1678 I FaceWidgetPositionAlgorithm: getMediaContainerHeight() height = 456 container Visibility = 8, isValid = true, mIsDozing = false, fraction = 1.0, source = 0, target = 0
10-08 20:36:32.099  1678  1678 I FaceWidgetPositionAlgorithm: getMediaContainerHeight() supplier = 456
10-08 20:36:32.099  1678  1678 I FaceWidgetPositionAlgorithm: getClockContainerHeight() supplier = 270, bottom margin = 0, real height = 333
10-08 20:36:32.099  4675  4675 I HBD     : b currentConnectionState : false 
10-08 20:36:32.100  1678  1678 I FaceWidgetPositionAlgorithm: getClockContainerHeight() supplier = 270, bottom margin = 63, real height = 333
10-08 20:36:32.100  1678  1678 I FaceWidgetPositionAlgorithm: getMediaContainerHeight() height = 456 container Visibility = 8, isValid = true, mIsDozing = false, fraction = 1.0, source = 0, target = 0
10-08 20:36:32.100  1678  1678 I FaceWidgetPositionAlgorithm: getMediaContainerHeight() supplier = 456
10-08 20:36:32.100  1678  1678 I FaceWidgetPositionAlgorithm: getClockContainerHeight() supplier = 270, bottom margin = 0, real height = 333
10-08 20:36:32.100 21496 21496 I ViewRootImpl@16e6063[FP Iconview]: updateBlastSurfaceIfNeeded mBlastBufferQueue=null isSameSurfaceControl=false
10-08 20:36:32.101  1173  4214 D WALLPAPER_SVC:WallpaperManagerService: getWallpaperSafeLocked, userId = 0, which = 6, caller = com.android.server.wallpaper.WallpaperManagerService.getWallpaperExtras:4847 
10-08 20:36:32.101  1173  3655 D WALLPAPER_SVC:WallpaperManagerService: getWallpaperSafeLocked, userId = 0, which = 5, caller = com.android.server.wallpaper.WallpaperManagerService.getHighlightFilterState:7574 
10-08 20:36:32.101  1173  3655 D WallpaperManagerService: getHighlightFilterState : which=5, filterState=1, callerUserId= 0
10-08 20:36:32.101  1678  1678 I HighlightFilterHelper: canApplyFilterOnHome : elapsed=1, mode=4, result=true, wait=false
10-08 20:36:32.101  1678  1678 D PluginLockWallpaper: isDynamicWallpaper() screen:0, ret:false
10-08 20:36:32.101 21496 21496 I BLASTBufferQueue: new BLASTBufferQueue, mName= ViewRootImpl@16e6063[FP Iconview] mNativeObject= 0x73846df370 sc.mNativeObject= 0x73146fb8c0 caller= android.view.ViewRootImpl.updateBlastSurfaceIfNeeded:2909 android.view.ViewRootImpl.relayoutWindow:9847 android.view.ViewRootImpl.performTraversals:3884 android.view.ViewRootImpl.doTraversal:3116 android.view.ViewRootImpl$TraversalRunnable.run:10885 android.view.Choreographer$CallbackRecord.run:1301 android.view.Choreographer$CallbackRecord.run:1309 android.view.Choreographer.doCallbacks:923 android.view.Choreographer.doFrame:852 android.view.Choreographer$FrameDisplayEventReceiver.run:1283 
10-08 20:36:32.101  1173  3642 D WALLPAPER_SVC:WallpaperManagerService: getWallpaperSafeLocked, userId = 0, which = 6, caller = com.android.server.wallpaper.WallpaperManagerService.isHomeAndLockPaired:7550 
10-08 20:36:32.102  1173  3642 D WallpaperManagerService: isHomeAndLockPaired : mode : 4, isCopied : false (called by userId= 0)
10-08 20:36:32.102 21496 21496 I BLASTBufferQueue: update, w= 1092 h= 2412 mName = ViewRootImpl@16e6063[FP Iconview] mNativeObject= 0x73846df370 sc.mNativeObject= 0x73146fb8c0 format= -3 caller= android.graphics.BLASTBufferQueue.<init>:84 android.view.ViewRootImpl.updateBlastSurfaceIfNeeded:2909 android.view.ViewRootImpl.relayoutWindow:9847 android.view.ViewRootImpl.performTraversals:3884 android.view.ViewRootImpl.doTraversal:3116 android.view.ViewRootImpl$TraversalRunnable.run:10885 
10-08 20:36:32.102  1678  1678 D HighlightFilterHelper: canApplyFilterOnLock: Home & Lock is not paired.
10-08 20:36:32.102 21496 21496 I ViewRootImpl@16e6063[FP Iconview]: Relayout returned: old=(0,0,1080,2400) new=(0,0,1080,2400) req=(1080,2400)0 dur=7 res=0x3 s={true 0x7414726b50} ch=true seqId=0
10-08 20:36:32.102  1678  1678 D ImageDarkModeFilter: isNightMode : Window = 33App = 33
10-08 20:36:32.102  1678  1678 D ImageDarkModeFilter: isNightMode: true ui_mode true
10-08 20:36:32.102  1678  1678 D ImageDarkModeFilter: isApplyToWallpaper: true
10-08 20:36:32.102  1678  1678 I ImageDarkModeFilter:  Dark mode enabled : opacity :0.15
10-08 20:36:32.102  1678  1678 I KeyguardImageWallpaper: onDraw: draw filter color on ImageWallpaper 637534208
10-08 20:36:32.102  1678  1678 D KeyguardImageWallpaper: onDraw: cur bitmap
10-08 20:36:32.103 21496 21496 I ViewRootImpl@16e6063[FP Iconview]: mThreadedRenderer.initialize() mSurface={isValid=true 0x7414726b50} hwInitialized=true
10-08 20:36:32.103 21496 21496 I SurfaceView@f15f806: windowStopped(false) false com.samsung.android.biometrics.app.setting.fingerprint.BlackMaskView{f15f806 G.E...... ......I. 0,0-0,0 #7f090149 app:id/sem_fingerprint_blackmask_surfaceview} of ViewRootImpl@16e6063[FP Iconview]
10-08 20:36:32.105  1678  1816 I ViewRootImpl@77e2bcf[NotificationShade]: mWNT: t=0x73447c99f0 mBlastBufferQueue=0x73847d7a70 fn= 3 caller= android.view.SyncRtSurfaceTransactionApplier.applyTransaction:96 android.view.SyncRtSurfaceTransactionApplier.lambda$scheduleApply$0$android-view-SyncRtSurfaceTransactionApplier:69 android.view.SyncRtSurfaceTransactionApplier$$ExternalSyntheticLambda0.onFrameDraw:4 
10-08 20:36:32.112 21496 21496 I ViewRootImpl@16e6063[FP Iconview]: reportNextDraw android.view.ViewRootImpl.performTraversals:4438 android.view.ViewRootImpl.doTraversal:3116 android.view.ViewRootImpl$TraversalRunnable.run:10885 android.view.Choreographer$CallbackRecord.run:1301 android.view.Choreographer$CallbackRecord.run:1309 
10-08 20:36:32.112 21496 21496 I ViewRootImpl@16e6063[FP Iconview]: Setup new sync id=0
10-08 20:36:32.112 21496 21496 I ViewRootImpl@16e6063[FP Iconview]: Setting syncFrameCallback
10-08 20:36:32.112 21496 21496 I ViewRootImpl@16e6063[FP Iconview]: registerCallbacksForSync syncBuffer=false
10-08 20:36:32.113 21496 21638 I ViewRootImpl@16e6063[FP Iconview]: Received frameDrawingCallback syncResult=0 frameNum=1.
10-08 20:36:32.113 21496 21638 I ViewRootImpl@16e6063[FP Iconview]: Setting up sync and frameCommitCallback
10-08 20:36:32.113   762   790 D gralloc : [mali_gralloc_allocate] begin
10-08 20:36:32.113   762   790 D gralloc : buffer_descriptor: wh(1092 2412) usage_pc(0x40000000000b00 0x40000000000b00) hal_format(0x1) layer_count(1) sizes(0 0 0) strde(0) byte_stride(0) alloc_wh(0 0) internal_format(0x0) alloc_format(0x0) fd_count(1) plane_count(0)
10-08 20:36:32.114   762   790 D gralloc : [mali_gralloc_allocate] allocation successful
10-08 20:36:32.114  1678  1678 I ViewRootImpl: updatePointerIcon pointerType = 1000, calling pid = 1678
10-08 20:36:32.114  1678  1678 D InputManager: setPointerIconType iconId = 1000, callingPid = 1678
10-08 20:36:32.114  1173  3555 D MouseCursorController: updatePointerIcon, 20001 -> 1000
10-08 20:36:32.114  1173  3555 D MouseCursorController: PRESENTATION_SPOT: 1000 -> 20001
10-08 20:36:32.115  1173  1173 D MARsTrigger: mPolicyIntentReceiver broadcast received action : FIRST_ALARM_TRIGGER_ACTION
10-08 20:36:32.116  1173  1173 I EyeComfortSolutionService: action  :  android.intent.action.TIME_TICK
10-08 20:36:32.116  1173  1173 I EyeComfortSolutionService: action  :  android.intent.action.TIME_TICK
10-08 20:36:32.116  1173  1291 D MARsPolicyManager: triggerAction called!
10-08 20:36:32.116  1173  1291 I NSLocationMonitor: getGPSUsingApps() called
10-08 20:36:32.120  1678  1678 I ViewRootImpl@77e2bcf[NotificationShade]: handleResized, msg = 5 frames=ClientWindowFrames{frame=[0,0][1080,2400] display=[0,0][1080,2400] parentFrame=[0,0][0,0] parentClippedByDisplayCutout=false} forceNextWindowRelayout=false displayId=0 resizeMode=-1 frameChanged=false displayFrameChanged=false configChanged=false displayChanged=false
10-08 20:36:32.120  1678  1678 I ViewRootImpl@77e2bcf[NotificationShade]: handleResized mSyncSeqId = 1
10-08 20:36:32.120  1678  1678 I ViewRootImpl@77e2bcf[NotificationShade]: reportNextDraw android.view.ViewRootImpl.handleResized:2450 android.view.ViewRootImpl.-$$Nest$mhandleResized:0 android.view.ViewRootImpl$ViewRootHandler.handleMessageImpl:6728 android.view.ViewRootImpl$ViewRootHandler.handleMessage:6697 android.os.Handler.dispatchMessage:106 
10-08 20:36:32.120  1678  1678 D KeyguardUpdateMonitor: received broadcast android.intent.action.TIME_TICK
10-08 20:36:32.120 21496 21513 I BLASTBufferQueue: [ViewRootImpl@16e6063[FP Iconview]#27](f:0,a:0) onFrameAvailable the first frame is available
10-08 20:36:32.121 21496 21513 I ViewRootImpl@16e6063[FP Iconview]: Received frameCommittedCallback lastAttemptedDrawFrameNum=1 didProduceBuffer=true
10-08 20:36:32.121 30668 30668 I Carnival-MainActivity(): ScreenBroadcastReceiver:android.intent.action.SCREEN_ON
10-08 20:36:32.122 21496 21513 W Parcel  : Expecting binder but got null!
10-08 20:36:32.122 21496 21496 I ViewRootImpl@16e6063[FP Iconview]: onSyncComplete
10-08 20:36:32.122  1678  1678 D QSClockBellTower: He is ready to ring the bell. (((QSClockBellSound - TimeText:20:36, TimeContentDescription:20:36, DateText:Wed, 8 October, ShortDateText:Wed, 8 Oct, Demo:false, QuickStar-Second(false|12:34:56))))
10-08 20:36:32.122 21496 21496 I ViewRootImpl@16e6063[FP Iconview]: setupSync seqId=0 mSyncId=0 fn=1 caller=android.view.ViewRootImpl$$ExternalSyntheticLambda11.accept:6 android.window.SurfaceSyncer.lambda$setupSync$1$android-window-SurfaceSyncer:128 android.window.SurfaceSyncer$$ExternalSyntheticLambda1.accept:8 android.window.SurfaceSyncer$SyncSet.checkIfSyncIsComplete:382 android.window.SurfaceSyncer$SyncSet.markSyncReady:359 android.window.SurfaceSyncer.markSyncReady:151 android.view.ViewRootImpl.performTraversals:4503 
10-08 20:36:32.122  1678  1678 D QSClockIndicatorView: Home Indicator status_bar_clock 20:36 notifyTimeChanged(QSClockBellSound - TimeText:20:36, TimeContentDescription:20:36, DateText:Wed, 8 October, ShortDateText:Wed, 8 Oct, Demo:false, QuickStar-Second(false|12:34:56)) ClockVisibleByPolicy:true, ClockVisibleByUser:true, visible?false, parent:android.widget.LinearLayout{825f285 V.E...... ......I. 0,0-0,58 #7f0b04f0 app:id/left_clock_container}
10-08 20:36:32.122  1678  1678 D QSClockBellTower: Everyone heard the bell. run(currentTime:1759944992120,   getTime():Wed Oct 08 20:36:32 GMT+03:00 2025,   getTimeZone():libcore.util.ZoneInfo[mDstSavings=0,mUseDst=false,mDelegate=[id="Africa/Nairobi",mRawOffset=10800000,mEarliestRawOffset=8836000,transitions=5]])
10-08 20:36:32.123 21496 21496 I ViewRootImpl@16e6063[FP Iconview]: reportDrawFinished seqId=0 mSyncId=-1 fn=1 mSurfaceChangedTransaction=0x73446e4670
10-08 20:36:32.123  1678  1678 D KeyguardUpdateMonitor: received broadcast android.intent.action.TIME_TICK
10-08 20:36:32.123  1678  1678 D QSClockBellTower: He is ready to ring the bell. (((QSClockBellSound - TimeText:20:36, TimeContentDescription:20:36, DateText:Wed, 8 October, ShortDateText:Wed, 8 Oct, Demo:false, QuickStar-Second(false|12:34:56))))
10-08 20:36:32.123  1678  1678 D QSClockIndicatorView: Home Indicator status_bar_clock 20:36 notifyTimeChanged(QSClockBellSound - TimeText:20:36, TimeContentDescription:20:36, DateText:Wed, 8 October, ShortDateText:Wed, 8 Oct, Demo:false, QuickStar-Second(false|12:34:56)) ClockVisibleByPolicy:true, ClockVisibleByUser:true, visible?false, parent:android.widget.LinearLayout{825f285 V.E...... ......I. 0,0-0,58 #7f0b04f0 app:id/left_clock_container}
10-08 20:36:32.124  1678  1678 D QSClockBellTower: Everyone heard the bell. run(currentTime:1759944992123,   getTime():Wed Oct 08 20:36:32 GMT+03:00 2025,   getTimeZone():libcore.util.ZoneInfo[mDstSavings=0,mUseDst=false,mDelegate=[id="Africa/Nairobi",mRawOffset=10800000,mEarliestRawOffset=8836000,transitions=5]])
10-08 20:36:32.125  2517  2567 I NSLocationManager_FLP: getGPSUsingApps, NO_FREEZE={5013} / FREEZE={10224}
10-08 20:36:32.126 21496 21496 I ViewRootImpl@16e6063[FP Iconview]: performTraversals mFirst=false windowShouldResize=false viewVisibilityChanged=false mForceNextWindowRelayout=true params=null
10-08 20:36:32.126  1173  1195 W CpuPowerCalculator: UID 50372 CPU freq # mismatch: Power Profile # 56 actual # 55
10-08 20:36:32.126  1173  1195 W CpuPowerCalculator: UID 50371 CPU freq # mismatch: Power Profile # 56 actual # 55
10-08 20:36:32.126  1173  1195 W CpuPowerCalculator: UID 50367 CPU freq # mismatch: Power Profile # 56 actual # 55
10-08 20:36:32.126  1173  1195 W CpuPowerCalculator: UID 50315 CPU freq # mismatch: Power Profile # 56 actual # 55
10-08 20:36:32.126  1173  3655 D WindowManager: finishDrawingWindow: Window{b86c6bd u0 FP Iconview} mDrawState=DRAW_PENDING seqId=0
10-08 20:36:32.126  1173  1195 W CpuPowerCalculator: UID 50228 CPU freq # mismatch: Power Profile # 56 actual # 55
10-08 20:36:32.126  1173  1195 W CpuPowerCalculator: UID 50066 CPU freq # mismatch: Power Profile # 56 actual # 55
10-08 20:36:32.127  1173  1272 V WindowManager: performShowLocked: mDrawState=HAS_DRAWN in Window{b86c6bd u0 FP Iconview}
10-08 20:36:32.127  1678  1678 D PluginAODManager: onNotificationInfoUpdated() 12
10-08 20:36:32.127  1678  1678 D PluginAODManager: onNotificationInfoUpdated() 0|com.whatsapp|1|sl7eV24vTfjisggXxlPUyKlOrGaGdiIR1kAeosxMZKg=
10-08 20:36:32.127  1678  1678 D PluginAODManager: |10311
10-08 20:36:32.127  1678  1678 D PluginAODManager: onNotificationInfoUpdated() 0|com.google.android.gm|0|gig:2086570980:^sq_ig_i_personal|10245
10-08 20:36:32.127  1678  1678 D PluginAODManager: onNotificationInfoUpdated() 0|com.offline.bible|4097|null|10373
10-08 20:36:32.127  1678  1678 D PluginAODManager: onNotificationInfoUpdated() 0|com.google.android.youtube|0|XeNaxAsMZg4::8e1f53fb-2af0-4f2b-9ce9-b093f755edb0|10244
10-08 20:36:32.127  1678  1678 D PluginAODManager: onNotificationInfoUpdated() 0|com.google.android.youtube|0|l7FRvwQq2N8::43989c01-738a-46b2-ae07-dcd42bef29df|10244
10-08 20:36:32.127  1678  1678 D PluginAODManager: onNotificationInfoUpdated() 0|com.whatsapp|64|messages5fe412fb3069d8e259f3d1762f9d751e|10311
10-08 20:36:32.127  1678  1678 D PluginAODManager: onNotificationInfoUpdated() 0|com.instagram.android|64278|newstab|1492805866_churn_reminders&640a8803ec6acH58fa68eaH640a8c9d4c97eH9|10315
10-08 20:36:32.127  1678  1678 D PluginAODManager: onNotificationInfoUpdated() 0|com.instagram.android|64278|newstab|1492805866_story_daily_digest&640a604bbf83aH58fa68eaH640a64e51fb0cH5e|10315
10-08 20:36:32.127  1678  1678 D PluginAODManager: onNotificationInfoUpdated() 0|com.google.android.youtube|0|unwatched-channel::63e1fdd4-5b2c-4804-9426-0c00f8e4eb74|10244
10-08 20:36:32.127  1678  1678 D PluginAODManager: onNotificationInfoUpdated() 0|com.offline.bible|0|campaign_collapse_key_3716002670453466113|10373
10-08 20:36:32.127  1678  1678 D PluginAODManager: onNotificationInfoUpdated() 0|ee.mtakso.client|164155715|appboy_notification|10317
10-08 20:36:32.127  1678  1678 D PluginAODManager: onNotificationInfoUpdated() 0|com.google.android.googlequicksearchbox|0|-465505200::a:snotification:[0x394,wx.f,NOTIFICATION]|10230
10-08 20:36:32.127  1678  1678 I AODNotificationManager: updateVisibleNotifications: 12
10-08 20:36:32.127  1173  1272 I WindowManager: Waiting for drawn Window{9232ea3 u0 NotificationShade}: removed=false visible=true mHasSurface=true drawState=1
10-08 20:36:32.128  1173  1291 I AS.AudioService: uid:10044is using audio
10-08 20:36:32.128  1173  1195 W CpuPowerCalculator: UID 10373 CPU freq # mismatch: Power Profile # 56 actual # 55
10-08 20:36:32.128  1173  3642 V WindowManager: Relayout Window{b86c6bd u0 FP Iconview}: viewVisibility=0 req=1080x2400 d0
10-08 20:36:32.128  1173  1195 W CpuPowerCalculator: UID 10372 CPU freq # mismatch: Power Profile # 56 actual # 55
10-08 20:36:32.128  1173  1195 W CpuPowerCalculator: UID 10371 CPU freq # mismatch: Power Profile # 56 actual # 55
10-08 20:36:32.128  1173  1195 W CpuPowerCalculator: UID 10370 CPU freq # mismatch: Power Profile # 56 actual # 55
10-08 20:36:32.128  1173  1195 W CpuPowerCalculator: UID 10369 CPU freq # mismatch: Power Profile # 56 actual # 55
10-08 20:36:32.128  1173  1195 W CpuPowerCalculator: UID 10368 CPU freq # mismatch: Power Profile # 56 actual # 55
10-08 20:36:32.128  1173  1195 W CpuPowerCalculator: UID 10366 CPU freq # mismatch: Power Profile # 56 actual # 55
10-08 20:36:32.128  1173  1195 W CpuPowerCalculator: UID 10365 CPU freq # mismatch: Power Profile # 56 actual # 55
10-08 20:36:32.128  1173  1195 W CpuPowerCalculator: UID 10364 CPU freq # mismatch: Power Profile # 56 actual # 55
10-08 20:36:32.128  1173  1195 W CpuPowerCalculator: UID 10363 CPU freq # mismatch: Power Profile # 56 actual # 55
10-08 20:36:32.128  1173  1195 W CpuPowerCalculator: UID 10360 CPU freq # mismatch: Power Profile # 56 actual # 55
10-08 20:36:32.128  1173  1195 W CpuPowerCalculator: UID 10356 CPU freq # mismatch: Power Profile # 56 actual # 55
10-08 20:36:32.128  1173  1195 W CpuPowerCalculator: UID 10355 CPU freq # mismatch: Power Profile # 56 actual # 55
10-08 20:36:32.128  1173  1195 W CpuPowerCalculator: UID 10354 CPU freq # mismatch: Power Profile # 56 actual # 55
10-08 20:36:32.128  1173  1195 W CpuPowerCalculator: UID 10352 CPU freq # mismatch: Power Profile # 56 actual # 55
10-08 20:36:32.128  1173  1195 W CpuPowerCalculator: UID 10350 CPU freq # mismatch: Power Profile # 56 actual # 55
10-08 20:36:32.128  1173  1195 W CpuPowerCalculator: UID 10349 CPU freq # mismatch: Power Profile # 56 actual # 55
10-08 20:36:32.128  1173  1195 W CpuPowerCalculator: UID 10346 CPU freq # mismatch: Power Profile # 56 actual # 55
10-08 20:36:32.128  1173  1195 W CpuPowerCalculator: UID 10345 CPU freq # mismatch: Power Profile # 56 actual # 55
10-08 20:36:32.128  1173  1195 W CpuPowerCalculator: UID 10343 CPU freq # mismatch: Power Profile # 56 actual # 55
10-08 20:36:32.128  1173  1195 W CpuPowerCalculator: UID 10339 CPU freq # mismatch: Power Profile # 56 actual # 55
10-08 20:36:32.128  1173  1195 W CpuPowerCalculator: UID 10338 CPU freq # mismatch: Power Profile # 56 actual # 55
10-08 20:36:32.128  1173  1195 W CpuPowerCalculator: UID 10337 CPU freq # mismatch: Power Profile # 56 actual # 55
10-08 20:36:32.128  1173  1195 W CpuPowerCalculator: UID 10336 CPU freq # mismatch: Power Profile # 56 actual # 55
10-08 20:36:32.128  1173  1195 W CpuPowerCalculator: UID 10335 CPU freq # mismatch: Power Profile # 56 actual # 55
10-08 20:36:32.128  1173  1195 W CpuPowerCalculator: UID 10331 CPU freq # mismatch: Power Profile # 56 actual # 55
10-08 20:36:32.129  1173  1195 W CpuPowerCalculator: UID 10329 CPU freq # mismatch: Power Profile # 56 actual # 55
10-08 20:36:32.129  1173  1195 W CpuPowerCalculator: UID 10327 CPU freq # mismatch: Power Profile # 56 actual # 55
10-08 20:36:32.129  1173  1195 W CpuPowerCalculator: UID 10326 CPU freq # mismatch: Power Profile # 56 actual # 55
10-08 20:36:32.129  1173  1195 W CpuPowerCalculator: UID 10325 CPU freq # mismatch: Power Profile # 56 actual # 55
10-08 20:36:32.129  1173  1195 W CpuPowerCalculator: UID 10323 CPU freq # mismatch: Power Profile # 56 actual # 55
10-08 20:36:32.129  1173  1195 W CpuPowerCalculator: UID 10322 CPU freq # mismatch: Power Profile # 56 actual # 55
10-08 20:36:32.129  1173  1195 W CpuPowerCalculator: UID 10321 CPU freq # mismatch: Power Profile # 56 actual # 55
10-08 20:36:32.129  1173  1195 W CpuPowerCalculator: UID 10320 CPU freq # mismatch: Power Profile # 56 actual # 55
10-08 20:36:32.129  1173  1195 W CpuPowerCalculator: UID 10317 CPU freq # mismatch: Power Profile # 56 actual # 55
10-08 20:36:32.129  1173  1195 W CpuPowerCalculator: UID 10316 CPU freq # mismatch: Power Profile # 56 actual # 55
10-08 20:36:32.129  1173  1195 W CpuPowerCalculator: UID 10315 CPU freq # mismatch: Power Profile # 56 actual # 55
10-08 20:36:32.129  1173  1173 D SGM:GameManager: identifyGamePackage. com.samsung.android.messaging, mCurrentUserId: 0, callerUserId: 0, callingMethodInfo: com.android.server.ssrm.SortingMachine.isGame(SortingMachine.java:162)
10-08 20:36:32.129  1678  1678 I FaceWidgetPositionAlgorithm: getClockContainerHeight() supplier = 270, bottom margin = 63, real height = 333
10-08 20:36:32.129  1678  1678 I FaceWidgetPositionAlgorithm: getMediaContainerHeight() height = 456 container Visibility = 8, isValid = true, mIsDozing = false, fraction = 1.0, source = 0, target = 0
10-08 20:36:32.129  1678  1678 I FaceWidgetPositionAlgorithm: getMediaContainerHeight() supplier = 456
10-08 20:36:32.129  1173  1195 W CpuPowerCalculator: UID 10314 CPU freq # mismatch: Power Profile # 56 actual # 55
10-08 20:36:32.129  1173  1195 W CpuPowerCalculator: UID 10313 CPU freq # mismatch: Power Profile # 56 actual # 55
10-08 20:36:32.129  1173  1173 D SGM:PkgDataHelper: getGamePkgData(). com.samsung.android.messaging
10-08 20:36:32.129  1678  1678 I FaceWidgetPositionAlgorithm: getMediaContainerHeight() height = 456 container Visibility = 8, isValid = true, mIsDozing = false, fraction = 1.0, source = 0, target = 0
10-08 20:36:32.129  1678  1678 I FaceWidgetPositionAlgorithm: getMediaContainerHeight() supplier = 456
10-08 20:36:32.129  1678  1678 I FaceWidgetPositionAlgorithm: getClockContainerHeight() supplier = 270, bottom margin = 0, real height = 333
10-08 20:36:32.129  1678  1678 V QsExpandAnimator: setQsExpansionPosition 0.0
10-08 20:36:32.129  1678  1678 I FaceWidgetPositionAlgorithm: getClockContainerHeight() supplier = 270, bottom margin = 63, real height = 333
10-08 20:36:32.130  1173  1195 W CpuPowerCalculator: UID 10312 CPU freq # mismatch: Power Profile # 56 actual # 55
10-08 20:36:32.130  1678  1678 I FaceWidgetPositionAlgorithm: getMediaContainerHeight() height = 456 container Visibility = 8, isValid = true, mIsDozing = false, fraction = 1.0, source = 0, target = 0
10-08 20:36:32.130  1678  1678 I FaceWidgetPositionAlgorithm: getMediaContainerHeight() supplier = 456
10-08 20:36:32.130  1678  1678 I FaceWidgetPositionAlgorithm: getClockContainerHeight() supplier = 270, bottom margin = 0, real height = 333
10-08 20:36:32.130  1173  1195 W CpuPowerCalculator: UID 10311 CPU freq # mismatch: Power Profile # 56 actual # 55
10-08 20:36:32.130  1173  1195 W CpuPowerCalculator: UID 10308 CPU freq # mismatch: Power Profile # 56 actual # 55
10-08 20:36:32.130  1173  1195 W CpuPowerCalculator: UID 10270 CPU freq # mismatch: Power Profile # 56 actual # 55
10-08 20:36:32.130  1173  1195 W CpuPowerCalculator: UID 10266 CPU freq # mismatch: Power Profile # 56 actual # 55
10-08 20:36:32.130  1173  1195 W CpuPowerCalculator: UID 10264 CPU freq # mismatch: Power Profile # 56 actual # 55
10-08 20:36:32.130  1173  1195 W CpuPowerCalculator: UID 10262 CPU freq # mismatch: Power Profile # 56 actual # 55
10-08 20:36:32.130  1173  1195 W CpuPowerCalculator: UID 10260 CPU freq # mismatch: Power Profile # 56 actual # 55
10-08 20:36:32.130  1173  1195 W CpuPowerCalculator: UID 10259 CPU freq # mismatch: Power Profile # 56 actual # 55
10-08 20:36:32.130  1173  1195 W CpuPowerCalculator: UID 10257 CPU freq # mismatch: Power Profile # 56 actual # 55
10-08 20:36:32.130  1173  1195 W CpuPowerCalculator: UID 10252 CPU freq # mismatch: Power Profile # 56 actual # 55
10-08 20:36:32.130  1173  1195 W CpuPowerCalculator: UID 10249 CPU freq # mismatch: Power Profile # 56 actual # 55
10-08 20:36:32.130  1173  1195 W CpuPowerCalculator: UID 10246 CPU freq # mismatch: Power Profile # 56 actual # 55
10-08 20:36:32.130  1678  1678 I ViewRootImpl@77e2bcf[NotificationShade]: Setup new sync id=1324
10-08 20:36:32.130  1173  1195 W CpuPowerCalculator: UID 10245 CPU freq # mismatch: Power Profile # 56 actual # 55
10-08 20:36:32.130  1678  1678 I ViewRootImpl@77e2bcf[NotificationShade]: Setting syncFrameCallback
10-08 20:36:32.130  1173  1195 W CpuPowerCalculator: UID 10244 CPU freq # mismatch: Power Profile # 56 actual # 55
10-08 20:36:32.130  1678  1678 I ViewRootImpl@77e2bcf[NotificationShade]: registerCallbacksForSync syncBuffer=false
10-08 20:36:32.130  1173  1195 W CpuPowerCalculator: UID 10243 CPU freq # mismatch: Power Profile # 56 actual # 55
10-08 20:36:32.130  1173  1195 W CpuPowerCalculator: UID 10237 CPU freq # mismatch: Power Profile # 56 actual # 55
10-08 20:36:32.130  1173  1195 W CpuPowerCalculator: UID 10234 CPU freq # mismatch: Power Profile # 56 actual # 55
10-08 20:36:32.130  1173  1195 W CpuPowerCalculator: UID 10233 CPU freq # mismatch: Power Profile # 56 actual # 55
10-08 20:36:32.130  1173  1195 W CpuPowerCalculator: UID 10230 CPU freq # mismatch: Power Profile # 56 actual # 55
10-08 20:36:32.130  1173  1195 W CpuPowerCalculator: UID 10229 CPU freq # mismatch: Power Profile # 56 actual # 55
10-08 20:36:32.130  1173  1195 W CpuPowerCalculator: UID 10228 CPU freq # mismatch: Power Profile # 56 actual # 55
10-08 20:36:32.130  1173  1195 W CpuPowerCalculator: UID 10224 CPU freq # mismatch: Power Profile # 56 actual # 55
10-08 20:36:32.130  1173  1195 W CpuPowerCalculator: UID 10222 CPU freq # mismatch: Power Profile # 56 actual # 55
10-08 20:36:32.130  1173  1195 W CpuPowerCalculator: UID 10220 CPU freq # mismatch: Power Profile # 56 actual # 55
10-08 20:36:32.132  1678  1817 I ViewRootImpl@77e2bcf[NotificationShade]: Received frameDrawingCallback syncResult=0 frameNum=4.
10-08 20:36:32.132  1678  1817 I ViewRootImpl@77e2bcf[NotificationShade]: Setting up sync and frameCommitCallback
10-08 20:36:32.132  1173  3642 I WindowManager: Waiting for drawn Window{9232ea3 u0 NotificationShade}: removed=false visible=true mHasSurface=true drawState=1
10-08 20:36:32.132  1173  1173 D BaseRestrictionMgr: Package: com.facebook.katana, userid: 0, hostingType: broadcast is Restricted by policy: 4 caller is: android
10-08 20:36:32.132  1173  1173 W BroadcastQueue: intent:Intent { act=android.intent.action.SCREEN_ON flg=0x50200010 (has extras) } is skipped in RestrictedPackage to ProcessRecord{2907775 7995:com.facebook.katana/u0a193}
10-08 20:36:32.133  1173  1195 W CpuPowerCalculator: UID 10219 CPU freq # mismatch: Power Profile # 56 actual # 55
10-08 20:36:32.133  1173  1195 W CpuPowerCalculator: UID 10217 CPU freq # mismatch: Power Profile # 56 actual # 55
10-08 20:36:32.133  1173  1195 W CpuPowerCalculator: UID 10216 CPU freq # mismatch: Power Profile # 56 actual # 55
10-08 20:36:32.133  1173  1195 W CpuPowerCalculator: UID 10214 CPU freq # mismatch: Power Profile # 56 actual # 55
10-08 20:36:32.133  1173  1195 W CpuPowerCalculator: UID 10213 CPU freq # mismatch: Power Profile # 56 actual # 55
10-08 20:36:32.133  1173  1195 W CpuPowerCalculator: UID 10209 CPU freq # mismatch: Power Profile # 56 actual # 55
10-08 20:36:32.133  1173  1195 W CpuPowerCalculator: UID 10208 CPU freq # mismatch: Power Profile # 56 actual # 55
10-08 20:36:32.133  1173  1195 W CpuPowerCalculator: UID 10207 CPU freq # mismatch: Power Profile # 56 actual # 55
10-08 20:36:32.133  1173  1195 W CpuPowerCalculator: UID 10193 CPU freq # mismatch: Power Profile # 56 actual # 55
10-08 20:36:32.133  1173  1195 W CpuPowerCalculator: UID 10191 CPU freq # mismatch: Power Profile # 56 actual # 55
10-08 20:36:32.133  1173  1195 W CpuPowerCalculator: UID 10187 CPU freq # mismatch: Power Profile # 56 actual # 55
10-08 20:36:32.133  1173  1195 W CpuPowerCalculator: UID 10183 CPU freq # mismatch: Power Profile # 56 actual # 55
10-08 20:36:32.133  1173  1195 W CpuPowerCalculator: UID 10178 CPU freq # mismatch: Power Profile # 56 actual # 55
10-08 20:36:32.133  1173  1195 W CpuPowerCalculator: UID 10170 CPU freq # mismatch: Power Profile # 56 actual # 55
10-08 20:36:32.133  1173  1195 W CpuPowerCalculator: UID 10167 CPU freq # mismatch: Power Profile # 56 actual # 55
10-08 20:36:32.133  1173  1195 W CpuPowerCalculator: UID 10166 CPU freq # mismatch: Power Profile # 56 actual # 55
10-08 20:36:32.133  1173  1195 W CpuPowerCalculator: UID 10164 CPU freq # mismatch: Power Profile # 56 actual # 55
10-08 20:36:32.133  1173  1195 W CpuPowerCalculator: UID 10155 CPU freq # mismatch: Power Profile # 56 actual # 55
10-08 20:36:32.133  1173  1195 W CpuPowerCalculator: UID 10154 CPU freq # mismatch: Power Profile # 56 actual # 55
10-08 20:36:32.133  1173  1195 W CpuPowerCalculator: UID 10145 CPU freq # mismatch: Power Profile # 56 actual # 55
10-08 20:36:32.133  1173  1195 W CpuPowerCalculator: UID 10135 CPU freq # mismatch: Power Profile # 56 actual # 55
10-08 20:36:32.133  1173  1195 W CpuPowerCalculator: UID 10132 CPU freq # mismatch: Power Profile # 56 actual # 55
10-08 20:36:32.133  1173  1195 W CpuPowerCalculator: UID 10128 CPU freq # mismatch: Power Profile # 56 actual # 55
10-08 20:36:32.133  1173  1195 W CpuPowerCalculator: UID 10123 CPU freq # mismatch: Power Profile # 56 actual # 55
10-08 20:36:32.133  1173  1195 W CpuPowerCalculator: UID 10117 CPU freq # mismatch: Power Profile # 56 actual # 55
10-08 20:36:32.133  1173  1195 W CpuPowerCalculator: UID 10116 CPU freq # mismatch: Power Profile # 56 actual # 55
10-08 20:36:32.133  1173  1195 W CpuPowerCalculator: UID 10115 CPU freq # mismatch: Power Profile # 56 actual # 55
10-08 20:36:32.134  1173  1195 W CpuPowerCalculator: UID 10113 CPU freq # mismatch: Power Profile # 56 actual # 55
10-08 20:36:32.134  1173  1195 W CpuPowerCalculator: UID 10112 CPU freq # mismatch: Power Profile # 56 actual # 55
10-08 20:36:32.134  1173  1195 W CpuPowerCalculator: UID 10111 CPU freq # mismatch: Power Profile # 56 actual # 55
10-08 20:36:32.134  1173  1195 W CpuPowerCalculator: UID 10110 CPU freq # mismatch: Power Profile # 56 actual # 55
10-08 20:36:32.134  1173  1195 W CpuPowerCalculator: UID 10109 CPU freq # mismatch: Power Profile # 56 actual # 55
10-08 20:36:32.134  1173  3642 V WindowManager: Relayout hash=b86c6bd, pid=21496, syncId=-1: mAttrs={(0,0)(1080x2400) sim={adjust=pan} layoutInDisplayCutoutMode=always ty=2619 fmt=TRANSLUCENT surfaceInsets=Rect(6, 6 - 6, 6)
10-08 20:36:32.134  1173  3642 V WindowManager:   fl=1000018
10-08 20:36:32.134  1173  3642 V WindowManager:   pfl=12102050
10-08 20:36:32.134  1173  3642 V WindowManager:   bhv=DEFAULT naviIconColor=0
