10-08 20:36:55.539  1173  1612 D OpenNetworkQos[4.00]: updateBssidNoInternet: mBssidNoInternet = false
10-08 20:36:55.539  1173  1612 D OpenNetworkQos[4.00]: getOpenNetworkQosNoInternetStatus: false
10-08 20:36:55.539  1173  1612 D OpenNetworkQos[4.00]: getOpenNetworkQosScores: 23 19 25 
10-08 20:36:55.540  1173  1612 D SettingsProvider: isChangeAllowed() : name = wifi_wcm_qos_sharing_score_summary
10-08 20:36:55.540  1173  1612 I WifiProfileShare: network QoS data was changed (internet), updateQoSData networkType: true, qosData: false
10-08 20:36:55.541  1173  2669 V WifiProfileShare.Caster: update wips network, size: 0
10-08 20:36:55.541  1173  2669 D WifiProfileShare: nearby scanning settings run
10-08 20:36:55.541  1173  2669 D WifiProfileShare: network score provider settings enabled
10-08 20:36:55.541  1173  2669 D OpenNetworkQos[4.00]: getOpenNetworkQosScores: 23 19 25 
10-08 20:36:55.541  1173  2669 D OpenNetworkQos[4.00]: getOpenNetworkQosNoInternetStatus: false
10-08 20:36:55.541  1173  2669 I WifiProfileShare.Caster: current network type: 0, score: [23, 19, 25]
10-08 20:36:55.541  1173  2669 V WifiProfileShare.Caster: captive portal configuration was set
10-08 20:36:55.541  1173  2669 V WifiProfileShare.Cache: update network score ec:a2:a0:**:**:39
10-08 20:36:55.541  1173  2669 D WifiProfileShare.ScanMatcher: getMcfDataList size:2
10-08 20:36:55.541  1173  2669 I WifiProfileShare.Caster: qos data was updated , before:type:QOS, pBssid:b1:5b:d5, qosData:db after:type:QOS, pBssid:b1:5b:d5, qosData:db
10-08 20:36:55.543  1173  2669 I [MCFSDK_android_1.2.4010]_4_b: isNetworkEnabled - type : 1 ret : true
10-08 20:36:55.543  1173  2669 D WifiProfileShare.McfCast: -ME--- mIsNetworkEnabled :true
10-08 20:36:55.543  1173  2669 D WifiProfileShare.McfCast: -ME--- updateQoSData, contents data is different from the previous data
10-08 20:36:55.543  1173  2669 I [MCFSDK_android_1.2.4010]_4_b: updateAdvertiseData - 
10-08 20:36:55.544  1173  2669 D WifiProfileShare.MCF: success update QosData !
10-08 20:36:55.544  1173  2669 I [MCFSDK_android_1.2.4010]_4_b: isNetworkEnabled - type : 1 ret : true
10-08 20:36:55.544  1173  2669 D WifiProfileShare.McfCast: -ME--- mIsNetworkEnabled :true
10-08 20:36:55.544  1173  2669 D WifiProfileShare.McfCast: -ME--- updatePasswordDate pwdData size:2
10-08 20:36:55.544 16947 16947 I [MCFServer]_CasterManager: updateAdvertiseData - adv:{AD{id=0x4, access=0, timeout=0}, R=true, CB{i=4, h=263021593}}
10-08 20:36:55.717   546   546 D io_stats: !@   8,0 r 4440898 114154984 w 3928815 45154748 d 1344326 65126268 f 0 0 iot 2084152 0 th 0 0 0 pt 0 inp 0 0 112516.166
10-08 20:36:55.793  1678  1824 D MobileStatusTracker(1/1): onSignalStrengthsChanged level=4, vendorLevel=4
10-08 20:36:55.795  1678  1824 D MobileSignalController(1/1): notifyListener: enabled=true, connected=true, dataConnected=false, networkType=LTE (4G), emergencyOnly=false, roaming=false, isDefault=false, dataActivity=, level=4, ca=false, mmWave=false, disabledDataIcon=false, simCard=ETC
10-08 20:36:55.797  1678  1824 D NetworkController: SignalStrength from intent slotId=1
10-08 20:36:56.173   829   994 I EDEN    : [Exynos][EDEN][v1.6.23][SERVICE] processAliveMointorMain:253: Try to check pid=(784)...
10-08 20:36:57.211  1173  3038 D SemWifiUsabilityStatsMonitor: onWifiUsabilityStats - seqNum 15264, isSameBssidAndFreq true
10-08 20:36:57.214  1173  1596 I SemWifiLinkQualityMonitor: Link Qos Query: 0.022 ms / 358.875 Mbps (390 / 0.002 / 1.000)
10-08 20:36:57.431   724   724 E audit   : type=1400 audit(1759945017.423:47421): avc:  denied  { write } for  pid=29392 comm="PerfettoTrace" name="traced_producer" dev="tmpfs" ino=26836 scontext=u:r:gmscore_app:s0:c512,c768 tcontext=u:object_r:traced_producer_socket:s0 tclass=sock_file permissive=0 SEPF_SM-G988B_12_0001 audit_filtered
10-08 20:36:57.431   724   724 E audit   : type=1300 audit(1759945017.423:47421): arch=c00000b7 syscall=203 success=no exit=-13 a0=12c a1=6e00797b50 a2=1e a3=ffffffff971b164c items=0 ppid=746 pid=29392 auid=4294967295 uid=10228 gid=10228 euid=10228 suid=10228 fsuid=10228 egid=10228 sgid=10228 fsgid=10228 tty=(none) ses=4294967295 comm="PerfettoTrace" exe="/system/bin/app_process64" subj=u:r:gmscore_app:s0:c512,c768 key=(null)
10-08 20:36:57.431   724   724 E audit   : type=1327 audit(1759945017.423:47421): proctitle="com.google.android.gms"
10-08 20:36:57.633  3732  4747 I SDHMS:D : SIOP:: AP:333 BAT:317 USB:316 CHG:330 PA:-777 CP:340 WIFI:340 SKIN:332 SKINF:-777 SKINB:-777 LRP:332 LRF:-777 LRB:-777 BLRF:332 BLRB:331 
10-08 20:36:57.656 13647 13698 I [SC]ConfigurationItemDataManager: getFilePath : configurationName = scloud_simplePolicy
10-08 20:36:57.663 13647 13682 I [SC]ConfigurationItemDataManager: getFilePath : configurationName = scloud_migrationCountry
10-08 20:36:57.680   564   564 W keymaster_tee: [WRN]begin req PARAMS: A32 B2 P64 
10-08 20:36:57.684   563  8685 I keystore2: keystore2::security_level: In create_operation. Success to create IKeystoreOperation. 5009, None
10-08 20:36:57.685   564   564 W keymaster_tee: [WRN]begin req PARAMS: A32 B2 P64 
10-08 20:36:57.688   563  7870 I keystore2: keystore2::security_level: In create_operation. Success to create IKeystoreOperation. 5009, None
10-08 20:36:57.717   546   546 D io_stats: !@   8,0 r 4440902 114155068 w 3928833 45154840 d 1344326 65126268 f 0 0 iot 2084164 0 th 0 0 0 pt 0 inp 0 0 112518.167
10-08 20:36:57.723 13647 13720 I [SC]ConfigurationItemDataManager: getFilePath : configurationName = scloud_temporary_backup
10-08 20:36:57.724 13647 13682 I [SC]ConfigurationManager: getModelPolicy
10-08 20:36:57.724 13647 13682 I [SC]ConfigurationItemDataManager: getFilePath : configurationName = scloud_migrationModel
10-08 20:36:57.729   564   564 W keymaster_tee: [WRN]begin req PARAMS: A32 B2 P64 
10-08 20:36:57.732   563  8685 I keystore2: keystore2::security_level: In create_operation. Success to create IKeystoreOperation. 5009, None
10-08 20:36:57.733   564   564 W keymaster_tee: [WRN]begin req PARAMS: A32 B2 P64 
10-08 20:36:57.735   563  7870 I keystore2: keystore2::security_level: In create_operation. Success to create IKeystoreOperation. 5009, None
10-08 20:36:57.741 13647 13720 I [SC]CtbConfigurationManager: initialized : 1759945017741
10-08 20:36:57.743 13647 13928 I [SC]ConfigurationManager: getBackupSupportPolicy : scloud-backup-ctb-transfer
10-08 20:36:57.743 13647 13928 I [SC]ConfigurationManager: start downloadPolicy
10-08 20:36:57.744 13647 13929 I [SC]DownloadConfigurationThread: run : start download policy Items.
10-08 20:36:57.744 13647 13929 I [SC]DownloadConfigurationThread: download : scloud-backup-ctb-transfer, configuration option : false
10-08 20:36:57.744 13647 13929 I [SC]ConfigurationItemDataManager: getETag : configurationName = scloud-backup-ctb-transfer
10-08 20:36:57.745 13647 13929 I [SC][ScspConfiguration]: version : 1.0.0102
10-08 20:36:57.763 13647 13682 I [SC]OneDrivePolicyManager: country entry size: 142
10-08 20:36:57.763 13647 13682 I [SC]OneDrivePolicyManager: model entry size: 141
10-08 20:36:57.764 13647 13682 I [SC]OneDrivePolicyManager: isMigrationSupported: THA,MYM,true
10-08 20:36:57.764 13647 13682 I [SC]LinkContextManager: loadLinkContext: linkContext=LinkContext{contextType=SERVER, linkType=OneDrive, linkState=Unknown, isTriggeredDevice=false, linkPolicy=LinkPolicy{policyData=Bundle[{IS_LINK_START_SUPPORTED=true, IsChinaDevice=false, IS_SEP_LITE_DEVICE=false, IsChinaAccount=false}]}}
10-08 20:36:57.766 13647 13682 I [SC]DeviceUtil: hasSepLiteSpec: false
10-08 20:36:57.767 13647 13682 I [SC]LinkContextMonitor: notifyContextReceived: linkContext=LinkContext{contextType=SERVER, linkType=OneDrive, linkState=Unknown, isTriggeredDevice=false, linkPolicy=LinkPolicy{policyData=Bundle[{IS_LINK_START_SUPPORTED=true, IsChinaDevice=false, IS_SEP_LITE_DEVICE=false, IsChinaAccount=false}]}}, linkResponse=null, stateUpdateEvent=APP_CREATED
10-08 20:36:57.767 13647 13682 I [SC]LinkContextProvider: call : CLOUD_SETTING
10-08 20:36:57.768 13647 13682 I [SC]CloudSettingCommandResolverImpl: Execute getPartnerQuota with : true, false
10-08 20:36:57.771 13647 13690 I [SC]RequestObject: New request object created : 0, UPDATE_STATUS
10-08 20:36:57.772 13647 13690 I [SC]TipsOperator: handled: REQUEST_UPDATE_TIPS_ACCOUNT_LINK_RESULT
10-08 20:36:57.772 13647 13931 I [SC]TipsProvider: call : UPDATE_STATUS
10-08 20:36:57.877 13647 13745 I [SC]ConfigurationWorker: Skip because it is the same configuration notification data as in the past.
10-08 20:36:57.877 13647 13745 I [SC]ConfigurationManager: getTipCardPolicyStr
10-08 20:36:57.878 13647 13745 I [SC]ConfigurationManager: start downloadPolicy
10-08 20:36:57.879 13647 13933 I [SC]DownloadConfigurationThread: run : start download policy Items.
10-08 20:36:57.879 13647 13933 I [SC]DownloadConfigurationThread: download : scloud_tipcard, configuration option : false
10-08 20:36:57.879 13647 13933 I [SC]ConfigurationItemDataManager: getETag : configurationName = scloud_tipcard
10-08 20:36:57.880 13647 13933 I [SC][ScspConfiguration]: version : 1.0.0102
10-08 20:36:58.534  1173  1612 I SemWifiEleStateTracker: Ele Parameters BD : 11 11 10 11 10 11 MD : -71 -71 -71 -71 -73 -73 WD : -58 -59 -59 -57 -57 -56 GC : false false false false false false SC : false false false false false false SH : false false false false false false TB : false false false false false false
10-08 20:36:59.718   546   546 D io_stats: !@   8,0 r 4440905 114155080 w 3928839 45154864 d 1344326 65126268 f 0 0 iot 2084172 0 th 0 0 0 pt 0 inp 0 0 112520.167
10-08 20:36:59.891  1173  1460 D ActivityTaskManager: SafeActivityOptions created, mOriginalCallingPid=1173, mOriginalCallingUid=1000, options=ActivityOptions(42516285), mPackageName=null, mAnimationType=-1, mStartX=0, mStartY=0, mWidth=0, mHeight=0, caller=com.android.server.am.PendingIntentRecord.sendInner:486 com.android.server.am.ActivityManagerService.sendIntentSender:6624 com.android.server.am.ActivityManagerService.sendIntentSender:6613 android.app.PendingIntent.sendAndReturnResult:1029 android.app.PendingIntent.send:1000 com.android.server.alarm.AlarmManagerService$DeliveryTracker.deliverLocked:6377 com.android.server.alarm.AlarmManagerService.deliverAlarmsLocked:5218 
10-08 20:36:59.898  1173  1460 D ActivityManager: Received SERVICE intent 0x25bf4e1 Key{startService pkg=com.google.android.gms/com.google.android.gms.auth_authzen__phone intent=act=com.google.android.gms.auth.authzen.cryptauth.DEVICE_STATE_CHECK_DELAY_COMPLETE cat=[targeted_intent_op_prefix:.auth.authzen.cryptauth.DeviceStateSyncManager$CheckStateEventIntentOperation] cmp=com.google.android.gms/.chimera.GmsIntentOperationService flags=0x2000000 u=0} requestCode=0 from uid 1000
10-08 20:36:59.911 29392 13934 I Authzen : [DeviceStateSyncManager] The server is in sync with current state. Nothing to do
10-08 20:37:00.004  1678  2162 D QSClockBellTower: onReceive(android.intent.action.TIME_TICK) mTimeZoneString:null
10-08 20:37:00.005  1678  1678 D KeyguardUpdateMonitor: received broadcast android.intent.action.TIME_TICK
10-08 20:37:00.005  1173  1173 I EyeComfortSolutionService: action  :  android.intent.action.TIME_TICK
10-08 20:37:00.023  1678  1678 D QSClockBellTower: He is ready to ring the bell. (((QSClockBellSound - TimeText:20:37, TimeContentDescription:20:37, DateText:Wed, 8 October, ShortDateText:Wed, 8 Oct, Demo:false, QuickStar-Second(false|12:34:56))))
10-08 20:37:00.023  1678  1678 D QSClockIndicatorView: Home Indicator status_bar_clock 20:37 notifyTimeChanged(QSClockBellSound - TimeText:20:37, TimeContentDescription:20:37, DateText:Wed, 8 October, ShortDateText:Wed, 8 Oct, Demo:false, QuickStar-Second(false|12:34:56)) ClockVisibleByPolicy:true, ClockVisibleByUser:true, visible?true, parent:android.widget.LinearLayout{825f285 V.E...... ......ID 0,0-97,58 #7f0b04f0 app:id/left_clock_container}
10-08 20:37:00.023  1678  1678 D QSClockBellTower: Everyone heard the bell. run(currentTime:1759945020022,   getTime():Wed Oct 08 20:37:00 GMT+03:00 2025,   getTimeZone():libcore.util.ZoneInfo[mDstSavings=0,mUseDst=false,mDelegate=[id="Africa/Nairobi",mRawOffset=10800000,mEarliestRawOffset=8836000,transitions=5]])
10-08 20:37:00.024  1678  1678 D KeyguardUpdateMonitor: handleTimeUpdate
10-08 20:37:00.024  1678  1678 D FaceWidgetPagesController: onTimeChanged()
10-08 20:37:00.040  1678  1678 I FaceWidgetPositionAlgorithm: getClockContainerHeight() supplier = 270, bottom margin = 0, real height = 333
10-08 20:37:00.040  1678  1678 I FaceWidgetPositionAlgorithm: getClockContainerHeight() supplier = 270, bottom margin = 63, real height = 333
10-08 20:37:00.040  1678  1678 I FaceWidgetPositionAlgorithm: getMediaContainerHeight() height = 456 container Visibility = 8, isValid = true, mIsDozing = false, fraction = 1.0, source = 0, target = 0
10-08 20:37:00.040  1678  1678 I FaceWidgetPositionAlgorithm: getMediaContainerHeight() supplier = 456
10-08 20:37:00.041  1678  1678 V QsExpandAnimator: setQsExpansionPosition 0.0
10-08 20:37:00.046  1678  1678 V QsExpandAnimator: updateAnimators
10-08 20:37:00.046  1678  1678 V QsExpandAnimator: clearAnimationState 
10-08 20:37:00.046  1678  1678 V QsExpandAnimator: updateViews
10-08 20:37:00.047  1678  1678 V QsExpandAnimator: updateTileAnimator
10-08 20:37:00.048  1678  1678 V QsExpandAnimator: updateHeaderAnimator
10-08 20:37:00.048  1678  1678 V QsExpandAnimator: updateBarAnimator
10-08 20:37:00.048  1678  1678 V QsExpandAnimator: setQsExpansionPosition 0.0
10-08 20:37:00.048  1678  1678 V QsExpandAnimator: onAnimationAtStart
10-08 20:37:00.294  1173  3038 D SemWifiUsabilityStatsMonitor: onWifiUsabilityStats - seqNum 15265, isSameBssidAndFreq true
10-08 20:37:00.295  1173  1596 I SemWifiLinkQualityMonitor: Link Qos Query: 0.023 ms / 340.737 Mbps (390 / 0.003 / 1.000)
10-08 20:37:01.173   829   994 I EDEN    : [Exynos][EDEN][v1.6.23][SERVICE] processAliveMointorMain:253: Try to check pid=(784)...
10-08 20:37:01.718   546   546 D io_stats: !@   8,0 r 4440905 114155080 w 3928875 45155028 d 1344326 65126268 f 0 0 iot 2084176 0 th 0 0 0 pt 0 inp 0 0 112522.168
10-08 20:37:02.213  1173  1614 D WifiConnectivityMonitor.NetworkStatsAnalyzer: Backhaul result - RSSI:-55, CE:8, PE:8, TI:22, PTI:22, TW:0, PTW:0, Tx:14, Rx:16, TxS:1, RxS:1, RESULT:true, IC:6, ICT:5, WC:3, WCT:5, R:0, RC:0, IE:0, EC:0
10-08 20:37:02.272   724   724 E audit   : type=1400 audit(1759945022.267:47422): avc:  denied  { write } for  pid=29370 comm="ThreadPoolForeg" name="traced_producer" dev="tmpfs" ino=26836 scontext=u:r:gmscore_app:s0:c512,c768 tcontext=u:object_r:traced_producer_socket:s0 tclass=sock_file permissive=0 SEPF_SM-G988B_12_0001 audit_filtered
10-08 20:37:02.272   724   724 E audit   : type=1300 audit(1759945022.267:47422): arch=c00000b7 syscall=203 success=no exit=-13 a0=eb a1=72b481fc60 a2=1e a3=ffffffff971b164c items=0 ppid=746 pid=29370 auid=4294967295 uid=10228 gid=10228 euid=10228 suid=10228 fsuid=10228 egid=10228 sgid=10228 fsgid=10228 tty=(none) ses=4294967295 comm="ThreadPoolForeg" exe="/system/bin/app_process64" subj=u:r:gmscore_app:s0:c512,c768 key=(null)
10-08 20:37:02.272   724   724 E audit   : type=1327 audit(1759945022.267:47422): proctitle="com.google.android.gms.persistent"
10-08 20:37:02.361 23931 23931 I wpa_supplicant: Heartbeat 7690
10-08 20:37:02.391   724   724 E audit   : type=1400 audit(1759945022.387:47423): avc:  denied  { write } for  pid=29392 comm="ThreadPoolForeg" name="traced_producer" dev="tmpfs" ino=26836 scontext=u:r:gmscore_app:s0:c512,c768 tcontext=u:object_r:traced_producer_socket:s0 tclass=sock_file permissive=0 SEPF_SM-G988B_12_0001 audit_filtered
10-08 20:37:02.391   724   724 E audit   : type=1300 audit(1759945022.387:47423): arch=c00000b7 syscall=203 success=no exit=-13 a0=12c a1=72b48023e0 a2=1e a3=ffffffff971b164c items=0 ppid=746 pid=29392 auid=4294967295 uid=10228 gid=10228 euid=10228 suid=10228 fsuid=10228 egid=10228 sgid=10228 fsgid=10228 tty=(none) ses=4294967295 comm="ThreadPoolForeg" exe="/system/bin/app_process64" subj=u:r:gmscore_app:s0:c512,c768 key=(null)
10-08 20:37:02.392   724   724 E audit   : type=1327 audit(1759945022.387:47423): proctitle="com.google.android.gms"
10-08 20:37:02.617   770   770 I Sensors : batch(19) - light_cct_sensor try to batching with 200000000
10-08 20:37:02.618   770   770 I Sensors : LightCCT_Sensor old sensor_state 279040, new sensor_state : 316680823915008 en : 1
10-08 20:37:02.623   770   770 I Sensors : enable:: light_cct_sensor(19)
10-08 20:37:02.624  1173  1918 D SensorManager: registerListener :: 33, TMD4910 RGB Sensor, 200000, 0, com.samsung.android.displaysolution.EyeComfortSolutionService$2@d03b959
10-08 20:37:02.764   770  1430 I Sensors : lux = 0, CCT = 1370, r = 0, g = 0, b = 0, c = 0, atime = 128, again = 2048, lux_raw = 0, brightness = 63, time = 217986156876903
10-08 20:37:02.766  1173  1918 D SensorService: Calling activate off 33
10-08 20:37:02.767   770   770 I Sensors : LightCCT_Sensor old sensor_state 279040, new sensor_state : 316676528947712 en : 0
10-08 20:37:02.773   770   770 I Sensors : disable:: light_cct_sensor(19)
10-08 20:37:02.774  1173  1918 D SensorManager: unregisterListener :: com.samsung.android.displaysolution.EyeComfortSolutionService$2@d03b959
10-08 20:37:03.411  1173  3038 D SemWifiUsabilityStatsMonitor: onWifiUsabilityStats - seqNum 15266, isSameBssidAndFreq true
10-08 20:37:03.412  1173  1596 I SemWifiLinkQualityMonitor: Link Qos Query: 0.022 ms / 357.445 Mbps (390 / 0.002 / 1.000)
10-08 20:37:03.660  1173  1274 E Watchdog: !@Sync: 3748 heap: 112 / 127 FD: 1148 [2025-10-08 20:37:03.660]
10-08 20:37:04.051  1173  1297 D PowerManagerService: UserActivityState : 1 -> 2 groupId=0
10-08 20:37:04.051  1173  1297 D PowerManagerService: displayReady: false groupId=0
10-08 20:37:04.051  1173  1297 D DisplayPowerController[0]: animateScreenStateChange: target=2, mLogicalDisplay.isEnabled()=true
10-08 20:37:04.051  1173  1297 D DisplayPowerController[0]: Animating brightness: target=37(0.14), rate=0.706, reason=automatic[71] -> dim[41] -> low_pwr[37]
10-08 20:37:04.052  1173  1297 D AdaptiveBrightnessLongtermModelBuilder: notifyBrightnessChanged(brightness=8.452248, userInitiated=false)
10-08 20:37:04.052  1173  1297 D DisplayPowerController[0]: saveBrightnessInfo: brt:0.2784314 adjBrt:0.14470588 min:0.0 max:1.0 hbm:0 tp:1.0 throttler:0
10-08 20:37:04.052  1173  1297 V DisplayPowerController[0]: Brightness [0.14470588] reason changing to: 'automatic [ low_pwr dim ]', previous reason: 'automatic [ low_pwr ]'.
10-08 20:37:04.052  1173  1297 I DisplayPowerController[0]: BrightnessEvent: disp=0, brt=0.14470588, rcmdBrt=0.2784314, preBrt=NaN, lux=0.0, preLux=NaN, hbmMax=1.0, hbmMode=off, thrmMax=1.0, flags=, reason=automatic [ low_pwr dim ]
10-08 20:37:04.052  1173  1297 D PowerManagerService: displayReady: true groupId=0
10-08 20:37:04.053  1173  1277 D AdaptiveBrightnessLongtermModelBuilder: handleBrightnessChanged: brightness: 8.452248 userInitiated: false
10-08 20:37:04.053  1173  1277 D AdaptiveBrightnessLongtermModelBuilder: updateAdaptiveBrightnessStats: l:0.0 b:8.452248 u: false
10-08 20:37:04.053  1173  1277 D AdaptiveBrightnessWeightStats: log: l:0.0 b:24.450003 t:10.960001 u:false 
10-08 20:37:04.053  1173  1277 D AdaptiveBrightnessWeightStats: updateTransientStats: -10.0 < 0.0 < 10.0  b:24.450003 t:10.960001s
10-08 20:37:04.053  1173  1277 D AdaptiveBrightnessWeightStats: updateTransientStats: b: 24.450003 ambientLux:0.0 currentBucketLux:0.0 mBrightnessMapper: 31.48562
10-08 20:37:04.053  1173  1173 D BrightnessSynchronizer: onDisplayChanged() : displayId=0
10-08 20:37:04.053  1173  1173 D BrightnessSynchronizer: updateScreenBrightness: type=2 mPreferredSettingValue=0.2784314(71) currentBrightnessInt=71 currentBrightnessIntFromFloat=71(0.2784314)
10-08 20:37:04.053  1173  1173 I MdnieScenarioControlService: action  :  com.samsung.server.PowerManagerService.action.USER_ACTIVITY
10-08 20:37:04.066   779   779 I SehLight: lcd : 6157+
10-08 20:37:04.070   779   779 I SehLight: lcd : 6157-
10-08 20:37:04.082 13938 13938 D AndroidRuntime: >>>>>> START com.android.internal.os.RuntimeInit uid 2000 <<<<<<
10-08 20:37:04.083   779   779 I SehLight: lcd : 5858+
10-08 20:37:04.086   779   779 I SehLight: lcd : 5858-
10-08 20:37:04.088 13938 13938 I AndroidRuntime: Using default boot image
10-08 20:37:04.088 13938 13938 I AndroidRuntime: Leaving lock profiling enabled
10-08 20:37:04.088 13938 13938 D SecNativeFeatureCppIf: encoded
10-08 20:37:04.088 13938 13938 D SecNativeFeatureCppIf: decoding and unzip finish
10-08 20:37:04.088 13938 13938 D SecNativeFeatureCppIf: use unCompDataBuff. encoded
10-08 20:37:04.088 13938 13938 D SecNativeFeatureCppIf: Free unCompDataBuff
10-08 20:37:04.088 13938 13938 D AndroidRuntime: addProductProperty: pBrand1 is not null
10-08 20:37:04.088 13938 13938 D AndroidRuntime: addProductProperty: not brand or 7
10-08 20:37:04.091 13938 13938 I app_process: Using CollectorTypeCC GC.
10-08 20:37:04.099   779   779 I SehLight: lcd : 5558+
10-08 20:37:04.102   779   779 I SehLight: lcd : 5558-
10-08 20:37:04.115   779   779 I SehLight: lcd : 5259+
10-08 20:37:04.119   779   779 I SehLight: lcd : 5259-
10-08 20:37:04.132   779   779 I SehLight: lcd : 4959+
10-08 20:37:04.136   779   779 I SehLight: lcd : 4959-
10-08 20:37:04.149   779   779 I SehLight: lcd : 4660+
10-08 20:37:04.151   779   779 I SehLight: lcd : 4660-
10-08 20:37:04.161 13938 13938 D nativeloader: InitDefaultPublicLibraries for_preload=1: libandroid.so:libaaudio.so:libamidi.so:libbinder_ndk.so:libc.so:libcamera2ndk.so:libdl.so:libEGL.so:libGLESv1_CM.so:libGLESv2.so:libGLESv3.so:libicu.so:libicui18n.so:libicuuc.so:libjnigraphics.so:liblog.so:libmediandk.so:libm.so:libnativehelper.so:libnativewindow.so:libOpenMAXAL.so:libOpenSLES.so:libRS.so:libstdc++.so:libsync.so:libvulkan.so:libwebviewchromium_plat_support.so:libz.so
10-08 20:37:04.165   779   779 I SehLight: lcd : 4360+
10-08 20:37:04.169   779   779 I SehLight: lcd : 4360-
10-08 20:37:04.175 13938 13938 D nativeloader: Load libicu_jni.so using APEX ns com_android_art for caller /apex/com.android.art/javalib/core-oj.jar: ok
10-08 20:37:04.175 13938 13938 D app_process: Time zone APEX ICU file found: /apex/com.android.tzdata/etc/icu/icu_tzdata.dat
10-08 20:37:04.175 13938 13938 D app_process: I18n APEX ICU file found: /apex/com.android.i18n/etc/icu/icudt70l.dat
10-08 20:37:04.176 13938 13938 D nativeloader: Load libjavacore.so using APEX ns com_android_art for caller /apex/com.android.art/javalib/core-oj.jar: ok
10-08 20:37:04.177 13938 13938 D nativeloader: Load libopenjdk.so using APEX ns com_android_art for caller /apex/com.android.art/javalib/core-oj.jar: ok
10-08 20:37:04.182   779   779 I SehLight: lcd : 4061+
10-08 20:37:04.183   779   779 I SehLight: lcd : 4061-
10-08 20:37:04.194 13938 13938 E SemDvfsManager_JNI: SemDvfsManager: registerfunction enter
10-08 20:37:04.194 13938 13938 E SemAffinityControl: SemAffinityControl: registerfunction enter
10-08 20:37:04.198   779   779 I SehLight: lcd : 3761+
10-08 20:37:04.201   779   779 I SehLight: lcd : 3761-
10-08 20:37:04.203 13938 13938 D nativeloader: Load libframework-connectivity-tiramisu-jni.so using APEX ns com_android_tethering for caller /apex/com.android.tethering/javalib/framework-connectivity-t.jar: ok
10-08 20:37:04.204 13938 13938 D AndroidRuntime: Calling main entry com.android.commands.content.Content
10-08 20:37:04.205 13938 13938 D AndroidRuntime: Shutting down VM
10-08 20:37:04.214  1173  1297 D DisplayPowerController[0]: animateScreenStateChange: target=2, mLogicalDisplay.isEnabled()=true
10-08 20:37:04.215   779   779 I SehLight: lcd : 3690+
10-08 20:37:04.215   779   779 I SehLight: lcd : 3690-
10-08 20:37:04.506  1173  1558 W ProcessStats: Tracking association SourceState{65798cd system/1000 BTopFgs #455522} whose proc state 2 is better than process ProcessState{b667eb6 com.google.android.gms.persistent/10228 pkg=com.google.android.gms} proc state 3 (14 skipped)
10-08 20:37:05.077  1173  1612 I SemWifiEleStateTracker: Ele Parameters BD : 10 11 10 11 10 10 MD : -73 -73 -73 -73 -73 -73 WD : -58 -59 -57 -55 -54 -55 GC : false false false false false false SC : false false false false false false SH : false false false false false false TB : false false false false false false
10-08 20:37:06.066 13647 13911 I [SC][AuthDataManager]: countDown: 0
10-08 20:37:06.067 13647 13911 E [SC][ExceptionHandler]: exception caught.
10-08 20:37:06.067 13647 13705 I [SC][AuthDataManager]: Await countDownLatch: 0
10-08 20:37:06.068 13647 13911 E [SC][SamsungAccountService]: onServiceConnected: failed.onServiceConnected: Account is not valid.
10-08 20:37:06.068 13647 13911 E [SC][ExceptionHandler]: exception caught.
10-08 20:37:06.076 13647 13948 I [SC][SamsungAccountService]: onServiceConnected.
10-08 20:37:06.175   829   994 I EDEN    : [Exynos][EDEN][v1.6.23][SERVICE] processAliveMointorMain:253: Try to check pid=(784)...
10-08 20:37:06.497  1173  3038 D SemWifiUsabilityStatsMonitor: onWifiUsabilityStats - seqNum 15267, isSameBssidAndFreq true
10-08 20:37:06.499  1173  1596 I SemWifiLinkQualityMonitor: Link Qos Query: 0.025 ms / 322.678 Mbps (390 / 0.004 / 1.000)
10-08 20:37:07.719   546   546 D io_stats: !@   8,0 r 4440905 114155080 w 3928904 45155176 d 1344326 65126268 f 0 0 iot 2084180 0 th 0 0 0 pt 0 inp 0 0 112528.169
10-08 20:37:07.739   563 13927 I keystore2: keystore2::watchdog: Watchdog thread idle -> terminating. Have a great day.
10-08 20:37:08.774   846   944 I VSyncReactor: Current= 60, TransitioningTo= 0, Distance= 60
10-08 20:37:09.209   764   764 I android.hardware.health@2.1-service-samsung: updateLrpSysfs: write: 332
10-08 20:37:09.484 29392 29392 D BoundBrokerSvc: onBind: Intent { act=com.google.android.gms.measurement.START pkg=com.google.android.gms }
10-08 20:37:09.484 29392 29392 D BoundBrokerSvc: Loading bound service for intent: Intent { act=com.google.android.gms.measurement.START pkg=com.google.android.gms }
10-08 20:37:09.553 29392 13949 D AdvertisingIdClient: AdvertisingIdClient already created.
10-08 20:37:09.553 29392 13949 D AdvertisingIdClient: AdvertisingIdClient is not bounded. Starting to bind it...
10-08 20:37:09.563 29392 13949 D AdvertisingIdClient: AdvertisingIdClient is bounded
10-08 20:37:09.566 29392 13949 I AdvertisingIdClient: shouldSendLog 217392355
10-08 20:37:09.566 29392 13949 I AdvertisingIdClient: GetInfoInternal elapse 13ms
10-08 20:37:09.566  1173  3038 D SemWifiUsabilityStatsMonitor: onWifiUsabilityStats - seqNum 15268, isSameBssidAndFreq true
10-08 20:37:09.567  1173  1596 I SemWifiLinkQualityMonitor: Link Qos Query: 0.035 ms / 227.797 Mbps (520 / 0.002 / 2.000)
10-08 20:37:09.585 29370 13619 I NetworkScheduler: (REDACTED) Error inserting %s
10-08 20:37:09.586 29370 13619 I NetworkScheduler: (REDACTED) Error inserting %s
10-08 20:37:09.720   546   546 D io_stats: !@   8,0 r 4440905 114155080 w 3928975 45155460 d 1344326 65126268 f 0 0 iot 2084200 0 th 0 0 0 pt 0 inp 0 0 112530.169
10-08 20:37:10.676  1173  1610 D SemWifiSwitchForIndividualAppsService: isSkipNetworkCondition - result:2
10-08 20:37:11.176   829   994 I EDEN    : [Exynos][EDEN][v1.6.23][SERVICE] processAliveMointorMain:253: Try to check pid=(784)...
10-08 20:37:11.468  1173  1612 I SemWifiEleStateTracker: Ele Parameters BD : 11 10 11 10 10 11 MD : -73 -73 -73 -73 -73 -73 WD : -57 -59 -59 -59 -60 -60 GC : false false false false false false SC : false false false false false false SH : false false false false false false TB : false false false false false false
10-08 20:37:11.690  1173  1610 D SemWifiSwitchForIndividualAppsService: isSkipNetworkCondition - result:2
10-08 20:37:11.721   546   546 D io_stats: !@   8,0 r 4440905 114155080 w 3929013 45155736 d 1344326 65126268 f 0 0 iot 2084204 0 th 0 0 0 pt 0 inp 0 0 112532.170
10-08 20:37:11.762  1173  1594 I SemWifiServiceDetector: Traff. tracking started
10-08 20:37:12.217  1173  1614 D WifiConnectivityMonitor.NetworkStatsAnalyzer: Backhaul result - RSSI:-61, CE:8, PE:8, TI:22, PTI:22, TW:0, PTW:0, Tx:18, Rx:24, TxS:2, RxS:2, RESULT:true, IC:6, ICT:5, WC:4, WCT:5, R:0, RC:0, IE:0, EC:0
10-08 20:37:12.263  1173  1594 D SemNscXgbMsL1: Probability - Cloud gaming: [0.039756767]
10-08 20:37:12.263  1173  1594 D SemNscXgbMsL1: Probability - Real time: [0.3054808]
10-08 20:37:12.263  1173  1594 D SemNscXgbMsL1: Probability - Non real time: [0.7426535]
10-08 20:37:12.263  1173  1594 D SemNscXgbMsL1: 1 sample inference time: 0.615731 msecs
10-08 20:37:12.264  1173  1594 D SemNscXgbL2Rt: L2 RT 1 sample inference time: 0.887038 msecs
10-08 20:37:12.265  1173  1594 D SemNscXgbL2Nrt: L2 NRT 1 sample inference time: 0.731192 msecs
10-08 20:37:12.361 29370 29681 I AlarmManager: setExactAndAllowWhileIdle [name: EQMon type: 2 triggerAtMillis: 1]
10-08 20:37:12.362 23931 23931 I wpa_supplicant: Heartbeat 7691
10-08 20:37:12.622  1173  3038 D SemWifiUsabilityStatsMonitor: onWifiUsabilityStats - seqNum 15269, isSameBssidAndFreq true
10-08 20:37:12.624  1173  1596 I SemWifiLinkQualityMonitor: Link Qos Query: 0.017 ms / 473.963 Mbps (520 / 0.001 / 1.000)
10-08 20:37:12.701  1173  1610 D SemWifiSwitchForIndividualAppsService: isSkipNetworkCondition - result:2
10-08 20:37:12.766  1173  1594 D SemNscXgbMsL1: Probability - Cloud gaming: [0.034400545]
10-08 20:37:12.766  1173  1594 D SemNscXgbMsL1: Probability - Real time: [0.23782799]
10-08 20:37:12.766  1173  1594 D SemNscXgbMsL1: Probability - Non real time: [0.67082]
10-08 20:37:12.766  1173  1594 D SemNscXgbMsL1: 1 sample inference time: 0.57577 msecs
10-08 20:37:12.767  1173  1594 D SemNscXgbL2Rt: L2 RT 1 sample inference time: 0.920615 msecs
10-08 20:37:12.768  1173  1594 D SemNscXgbL2Nrt: L2 NRT 1 sample inference time: 0.921154 msecs
10-08 20:37:12.777   770   770 I Sensors : batch(19) - light_cct_sensor try to batching with 200000000
10-08 20:37:12.778   770   770 I Sensors : LightCCT_Sensor old sensor_state 279040, new sensor_state : 316680823915008 en : 1
10-08 20:37:12.783   770   770 I Sensors : enable:: light_cct_sensor(19)
10-08 20:37:12.784  1173  1918 D SensorManager: registerListener :: 33, TMD4910 RGB Sensor, 200000, 0, com.samsung.android.displaysolution.EyeComfortSolutionService$2@d03b959
10-08 20:37:12.923   770  1430 I Sensors : lux = 0, CCT = 1370, r = 0, g = 0, b = 0, c = 0, atime = 12, again = 2048, lux_raw = 0, brightness = 36, time = 217996316604241
10-08 20:37:12.926  1173  1918 D SensorService: Calling activate off 33
10-08 20:37:12.927   770   770 I Sensors : LightCCT_Sensor old sensor_state 279040, new sensor_state : 316676528947712 en : 0
10-08 20:37:12.932   770   770 I Sensors : disable:: light_cct_sensor(19)
10-08 20:37:12.932  1173  1918 D SensorManager: unregisterListener :: com.samsung.android.displaysolution.EyeComfortSolutionService$2@d03b959
10-08 20:37:13.250   846   846 I SurfaceFlinger: SFWD update time=112533700133509
10-08 20:37:13.270  1173  1594 D SemNscXgbMsL1: Probability - Cloud gaming: [0.05731838]
10-08 20:37:13.270  1173  1594 D SemNscXgbMsL1: Probability - Real time: [0.22552428]
10-08 20:37:13.270  1173  1594 D SemNscXgbMsL1: Probability - Non real time: [0.71444416]
10-08 20:37:13.270  1173  1594 D SemNscXgbMsL1: 1 sample inference time: 0.8005 msecs
10-08 20:37:13.272  1173  1594 D SemNscXgbL2Rt: L2 RT 1 sample inference time: 1.779192 msecs
10-08 20:37:13.274  1173  1594 D SemNscXgbL2Nrt: L2 NRT 1 sample inference time: 1.447577 msecs
10-08 20:37:13.722   546   546 D io_stats: !@   8,0 r 4440913 114155144 w 3929015 45155872 d 1344326 65126268 f 0 0 iot 2084212 0 th 0 0 0 pt 0 inp 0 0 112534.171
10-08 20:37:13.775  1173  1594 D SemNscXgbMsL1: Probability - Cloud gaming: [0.1285846]
10-08 20:37:13.775  1173  1594 D SemNscXgbMsL1: Probability - Real time: [0.2371073]
10-08 20:37:13.775  1173  1594 D SemNscXgbMsL1: Probability - Non real time: [0.76131135]
10-08 20:37:13.775  1173  1594 D SemNscXgbMsL1: 1 sample inference time: 0.578539 msecs
10-08 20:37:13.776  1173  1594 D SemNscXgbL2Rt: L2 RT 1 sample inference time: 0.887692 msecs
10-08 20:37:13.777  1173  1594 D SemNscXgbL2Nrt: L2 NRT 1 sample inference time: 0.848192 msecs
10-08 20:37:14.041  1173  1297 D PowerManagerService: UserActivityState : 2 -> 4 groupId=0
10-08 20:37:14.041  1173  1297 I PowerGroup: Napping power group (groupId=0, uid=1000)...
10-08 20:37:14.041  1173  1297 D InputManager-JNI: setInteractiveForInternalDisplay(true)
10-08 20:37:14.041  1173  1297 I PowerManagerService: Nap time (uid 1000)...
10-08 20:37:14.043  1173  1297 I PowerManagerService: [PWL] On : 112492464 (42028 ms ago)
10-08 20:37:14.043  1173  1173 I MdnieScenarioControlService: action  :  com.samsung.server.PowerManagerService.action.USER_ACTIVITY
10-08 20:37:14.043  1173  1297 I PowerManagerService: [PWL]  mStayOn: false  mWakeLockSummary & WAKE_LOCK_STAY_AWAKE: 0  mUserActivitySummary: 0x4
10-08 20:37:14.043  1173  1297 D PowerManagerService: handleSandman : startDreaming: false  (canDreamLocked: false  canDozeLocked: false)  groupId=0
10-08 20:37:14.043  1173  1297 I PowerManagerService: !@Screen__Off(d) - 353 :  dream(timeout) (timeout) groupId=0
10-08 20:37:14.043  1173  1297 I PowerGroup: Powering off display group due to timeout (groupId= 0, uid= 1000)...
10-08 20:37:14.043  1173  1297 D InputManager-JNI: setInteractiveForInternalDisplay(false)
10-08 20:37:14.043  1173  1297 I PowerManagerService: Going to sleep due to timeout (uid 1000)...
10-08 20:37:14.043  1173  1297 D InputManager-JNI: setInteractive(false)
10-08 20:37:14.044  1173  1297 D PowerManagerService: displayReady: false groupId=0
10-08 20:37:14.044  1173  1297 D PowerManagerService: Setting HAL interactive mode to false
10-08 20:37:14.044  1173  1507 D InputMethodManagerService: isImeSwitcherDisabledPackage : false
10-08 20:37:14.044  1173  1297 D DisplayPowerController[0]: animateScreenStateChange: target=1, mLogicalDisplay.isEnabled()=true
10-08 20:37:14.044  1173  1297 D ColorFade: ColorFade start [PREPARE]  : mode=3
10-08 20:37:14.044  1173  1297 D ColorFade: ColorFade start display info.
10-08 20:37:14.045   787 13958 I Sec MiscPowerHAL: !@sysfs_write +: /sys/class/power_supply/battery/lcd: 0
10-08 20:37:14.045   787 13958 I Sec MiscPowerHAL: !@sysfs_write -: /sys/class/power_supply/battery/lcd: 0
10-08 20:37:14.046   763   763 I display : getColorModes:: Supported color modes (3)
10-08 20:37:14.047   763   763 I display : 	[0] mode 0
10-08 20:37:14.047   763   763 I display : 	[1] mode 7
10-08 20:37:14.047   763   763 I display : 	[2] mode 9
10-08 20:37:14.047   846   879 E HWComposer: getSupportedContentTypes: getSupportedContentTypes failed for display 4633128672291735937: Unsupported (8)
10-08 20:37:14.047   787 13957 I Sec MiscPowerHAL: !@sysfs_write +: /sys/class/sec/tsp/input/enabled: 0
10-08 20:37:14.047  1173  1297 D ColorFade: ColorFade end display info.
10-08 20:37:14.047  1173  1297 D ColorFade: ColorFade start screenshot.
10-08 20:37:14.048   762   790 D gralloc : [mali_gralloc_allocate] begin
10-08 20:37:14.048   762   790 D gralloc : buffer_descriptor: wh(1080 2400) usage_pc(0xb66 0xb06) hal_format(0x1) layer_count(1) sizes(0 0 0) strde(0) byte_stride(0) alloc_wh(0 0) internal_format(0x0) alloc_format(0x0) fd_count(1) plane_count(0)
10-08 20:37:14.049   762   790 D gralloc : [mali_gralloc_allocate] allocation successful
10-08 20:37:14.051  1173  1173 I PhoneWindowManagerExt: onPowerGroupWakefulnessChanged groupId =  0 / wakefulness + 2 / pmSleepReason = 0 / globalWakefulness = 2
10-08 20:37:14.054  1173  1173 I WindowManager: Started going to sleep... (why=OFF_BECAUSE_OF_TIMEOUT)
10-08 20:37:14.054  1173  1173 I PhoneWindowManagerExt: onPowerGroupWakefulnessChanged groupId =  0 / wakefulness + 3 / pmSleepReason = 2 / globalWakefulness = 3
10-08 20:37:14.055  1173  1269 D SEP_UNION_SemUnionMainServiceImpl: screenTurnOff 
10-08 20:37:14.055  1173  1269 D SEP_UNION_FriendsManagerService: screenTurnOff 
10-08 20:37:14.055  1173  1269 V SEP_UNION_FrsSvc_FrsImpl: executeAction 0x210002
10-08 20:37:14.055  1173  1269 V SEP_UNION_FrsSvc_ActionDispatcher: execute 0x210002
10-08 20:37:14.055  1173  1269 V SEP_UNION_FrsSvc_ExecAccessMgr: system uid
10-08 20:37:14.055  1173  1269 V SEP_UNION_FrsSvc_ActionDispatcher: submit task[353]
10-08 20:37:14.056  4675  4675 I HBD     : HoneyBoardService onFinishInput 
10-08 20:37:14.057  1678  2569 D KeyguardViewMediator: onStartedGoingToSleep(3)
10-08 20:37:14.058  1173  3310 V SEP_UNION_FrsSvc_Task: Task[353] begins - action[0x210002]
10-08 20:37:14.058  1173  3310 V SEP_UNION_FrsSvc_ExecScreenTurnedOff: no LockScreen
10-08 20:37:14.059  1173  3310 V SEP_UNION_FrsSvc_Task: Task[353] ends - action[0x210002]
10-08 20:37:14.059  1173  1297 D ColorFade: ColorFade end screenshot.
10-08 20:37:14.059   846  2457 I SurfaceFlinger: id=31374 createSurf flag=80004, ColorFade_d0#31374
10-08 20:37:14.060   846   879 I SurfaceFlinger: id=31375 createSurf flag=40400, ColorFade BLAST_d0#31375
10-08 20:37:14.061  4675  4675 I HBD     : a IC have been unbinding,  RemoteInputConnection{idHash=#f906af5}
10-08 20:37:14.061  4675  4675 I HBD     : HoneyBoardService [PF_CL][onFinishInput]  5 ms 
10-08 20:37:14.061  1173  1297 I BLASTBufferQueue: new BLASTBufferQueue, mName= ColorFade mNativeObject= 0x73849f1ef0 sc.mNativeObject= 0x7315379e20 caller= com.android.server.display.ColorFade.createSurfaceControl:756 com.android.server.display.ColorFade.prepare:256 com.android.server.display.DisplayPowerState.prepareColorFade:233 com.android.server.display.DisplayPowerController.animateScreenStateChange:3360 com.android.server.display.DisplayPowerController.updatePowerState:1891 com.android.server.display.DisplayPowerController.-$$Nest$mupdatePowerState:0 com.android.server.display.DisplayPowerController$DisplayControllerHandler.handleMessage:4215 android.os.Handler.dispatchMessage:106 android.os.Looper.loopOnce:226 android.os.Looper.loop:313 
10-08 20:37:14.061  1173  1297 I BLASTBufferQueue: update, w= 1080 h= 2400 mName = ColorFade mNativeObject= 0x73849f1ef0 sc.mNativeObject= 0x7315379e20 format= -1 caller= android.graphics.BLASTBufferQueue.<init>:84 com.android.server.display.ColorFade.createSurfaceControl:756 com.android.server.display.ColorFade.prepare:256 com.android.server.display.DisplayPowerState.prepareColorFade:233 com.android.server.display.DisplayPowerController.animateScreenStateChange:3360 com.android.server.display.DisplayPowerController.updatePowerState:1891 
10-08 20:37:14.062  1173  1297 D ColorFade: ColorFade start egl and surface.
10-08 20:37:14.062  1173  1297 D ColorFade: ColorFade setScreenshot
10-08 20:37:14.062  1678  2569 D KeyguardViewMediator: setting alarm to turn off keyguard, seq = 665, timeout = 5000
10-08 20:37:14.064  1173  1297 D ColorFade: ColorFade end egl and surface.
10-08 20:37:14.064  1678  1678 D PickupController: onStartedGoingToSleep() 
10-08 20:37:14.064  1173  1297 D ColorFade: ColorFade start init GL.
10-08 20:37:14.064  1678  1678 I PluginLockMediatorImpl: onStartedGoingToSleep why :3
10-08 20:37:14.064  1173  3655 D DARUtil : Device owner status not updated yet...
10-08 20:37:14.064  1173  3655 D DARUtil : Not an enterprise user : 0
10-08 20:37:14.064  1173  3655 D DARUtil : Device owner status not updated yet...
10-08 20:37:14.064  1173  3655 D DARUtil : Not an enterprise user : 0
10-08 20:37:14.065  1678  1678 D PluginLockDelegateApp: onStartedGoingToSleep enabled: true aodClockTransition : false
10-08 20:37:14.065  1678  1678 I DymLock|DynamicLockManager: onStartedGoingToSleep : dls_state = 2
10-08 20:37:14.065  1678  1678 D KeyguardUpdateMonitor: updateBiometricListeningState()
10-08 20:37:14.065  1678  1678 D KeyguardFingerprint: shouldListenForFingerprint ( isFingerprintEnabled = false , mKeyguardIsVisible = false , mDeviceInteractive = true , mBouncerIsOrWillBeShowing = false , mBouncerFullyShown = false , mGoingToSleep = true , mSwitchingUser = false , mIsDreamingForBiometrics = false , mKeyguardUnlocking = true , mKeyguardGoingAway = true , mKeyguardShowing = false , mKeyguardOccluded = false , mSystemReady = true , mHasFocus = false
10-08 20:37:14.065  1678  1678 D KeyguardFingerprint: updateFingerprintListeningState#mFingerprintRunningState=0 shouldListenForFingerprint=false isUdfpsEnrolled=false bioType : 1
10-08 20:37:14.065  1678  1678 D KeyguardUpdateMonitor: setUnlockingKeyguard( true -> false ), caller : com.android.keyguard.KeyguardSecUpdateMonitorImpl.handleStartedGoingToSleep:1162 
10-08 20:37:14.065  1678  1678 D KeyguardUpdateMonitor: setKeyguardGoingAway( true -> false )
10-08 20:37:14.065  1678  1678 D KeyguardUpdateMonitor: updateBiometricListeningState()
10-08 20:37:14.065  1678  1678 D KeyguardFingerprint: shouldListenForFingerprint ( isFingerprintEnabled = true , mKeyguardIsVisible = false , mDeviceInteractive = true , mBouncerIsOrWillBeShowing = false , mBouncerFullyShown = false , mGoingToSleep = true , mSwitchingUser = false , mIsDreamingForBiometrics = false , mKeyguardUnlocking = false , mKeyguardGoingAway = false , mKeyguardShowing = false , mKeyguardOccluded = false , mSystemReady = true , mHasFocus = false
10-08 20:37:14.065  1678  1678 D KeyguardFingerprint: updateFingerprintListeningState#mFingerprintRunningState=0 shouldListenForFingerprint=true isUdfpsEnrolled=false bioType : 1
10-08 20:37:14.066  1678  1678 V KeyguardUpdateMonitor: startListeningForFingerprint()
10-08 20:37:14.067  1678  1678 V KeyguardFingerprint: startListeningForFingerprint() 335, callers: com.android.keyguard.KeyguardSecUpdateMonitorImpl.updateFingerprintListeningState:3694 com.android.keyguard.KeyguardSecUpdateMonitorImpl.updateBiometricListeningState:3544 com.android.keyguard.KeyguardSecUpdateMonitorImpl.setKeyguardGoingAway:3572 com.android.keyguard.KeyguardUpdateMonitor.handleKeyguardGoingAway:1987 com.android.keyguard.KeyguardUpdateMonitor.-$$Nest$mhandleKeyguardGoingAway:0 
10-08 20:37:14.068  1173  1297 D ColorFade: ColorFade end init GL.
10-08 20:37:14.068  1173  1297 D ColorFade: ColorFade start setColorFadeNightDim
10-08 20:37:14.068  1173  1297 D ColorFade: ColorFade end setColorFadeNightDim
10-08 20:37:14.068  1173  1297 D ColorFade: ColorFade start dejank.
10-08 20:37:14.068   762   790 D gralloc : [mali_gralloc_allocate] begin
10-08 20:37:14.068   762   790 D gralloc : buffer_descriptor: wh(1080 2400) usage_pc(0x40000000000b00 0x40000000000b00) hal_format(0x1) layer_count(1) sizes(0 0 0) strde(0) byte_stride(0) alloc_wh(0 0) internal_format(0x0) alloc_format(0x0) fd_count(1) plane_count(0)
10-08 20:37:14.070  1173  3655 I FingerprintService: semAuthenticate: [0] from pkg=com.android.systemui
10-08 20:37:14.070  1173  3655 D BiometricUtils: isEncrypted: false isLockdown: false
10-08 20:37:14.070  1173  3655 D WifiDisplayAdapter: getWifiDisplayStatusLocked: result=WifiDisplayStatus{featureState=2, scanState=0, activeDisplayState=0, activeDisplay=null, displays=[], sessionInfo=WifiDisplaySessionInfo:
10-08 20:37:14.070  1173  3655 D WifiDisplayAdapter:     Client/Owner: Client
10-08 20:37:14.070  1173  3655 D WifiDisplayAdapter:     GroupId: 
10-08 20:37:14.070  1173  3655 D WifiDisplayAdapter:     Passphrase: 
10-08 20:37:14.070  1173  3655 D WifiDisplayAdapter:     SessionId: 0
10-08 20:37:14.070  1173  3655 D WifiDisplayAdapter:     IP Address: }
10-08 20:37:14.070  1678  1678 D KeyguardUpdateMonitor: fingerprintRunningState: 1
10-08 20:37:14.070  1678  1678 D KeyguardFingerprint: mFpInDisplayState is changed : 0 -> 1(1)
10-08 20:37:14.071  1173  1582 D BiometricScheduler/SemFingerprint30: [Added] {[1017] com.android.server.biometrics.sensors.fingerprint.hidl.FingerprintUpdateActiveUserClient, proto=1, owner=android, cookie=0, requestId=-1, userId=0}, new queue size: 1
10-08 20:37:14.071  1173  1582 D BiometricScheduler/SemFingerprint30: [Polled] {[1017] com.android.server.biometrics.sensors.fingerprint.hidl.FingerprintUpdateActiveUserClient, proto=1, owner=android, cookie=0, requestId=-1, userId=0}, State: 0
10-08 20:37:14.071  1173  1582 D BiometricScheduler/SemFingerprint30: [Started] {[1017] com.android.server.biometrics.sensors.fingerprint.hidl.FingerprintUpdateActiveUserClient, proto=1, owner=android, cookie=0, requestId=-1, userId=0}
10-08 20:37:14.071  1173  1558 I FingerprintService.Ext: setScreenStatusFromKeyguard: false
10-08 20:37:14.071  1173  1582 D FingerprintUpdateActiveUserClient: Already user: com.android.server.biometrics.sensors.fingerprint.hidl.Fingerprint21$$ExternalSyntheticLambda1@4673d4a, returning
10-08 20:37:14.071  1173  1582 D BiometricSchedulerOperation: [Finished / destroy]: {[1017] com.android.server.biometrics.sensors.fingerprint.hidl.FingerprintUpdateActiveUserClient, proto=1, owner=android, cookie=0, requestId=-1, userId=0}
10-08 20:37:14.071  1173  1582 V BiometricSchedulerOperation: started: {[1017] com.android.server.biometrics.sensors.fingerprint.hidl.FingerprintUpdateActiveUserClient, proto=1, owner=android, cookie=0, requestId=-1, userId=0}, State: 5
10-08 20:37:14.071  1678  1678 D KeyguardViewMediator: handleMessage 17
10-08 20:37:14.071  1678  1678 D KeyguardViewMediator: handleNotifyStartedGoingToSleep
10-08 20:37:14.071  1678  1678 V SettingsHelper: *** register listener for com.android.systemui.keyguard.KeyguardViewMediatorHelperImpl$$ExternalSyntheticLambda1@2c283c8
10-08 20:37:14.072  1678  1678 D SecLifecycle: wakefulness=3
10-08 20:37:14.072  1678  1678 D KeyguardWallpaperEventHandler: onStartedGoingToSleep())
10-08 20:37:14.072  1678  1678 D KeyguardWallpaperEventHandler: sendMessage(), what = 833 , obj = null , arg1 = -1 , arg2 = -1
10-08 20:37:14.072  1173  1582 D BiometricSysUiManager: bind: started
10-08 20:37:14.072  1678  1678 D KeyguardEditModeController: onStartedGoingToSleep
10-08 20:37:14.072  1678  1678 D FaceWidgetViewModel: onStartedGoingToSleep()
10-08 20:37:14.073  1678  1678 D FaceWidgetMusicPageShownManager: Keyguard is not visible
10-08 20:37:14.073  1678  1678 D FaceWidgetMusicPageShownManager: updateMusicPageShownState() show = false, reattach = false, reason = sleep
10-08 20:37:14.073  1678  1678 D FaceWidgetMusicPageShownManager: skip to show media panel
10-08 20:37:14.075   762   790 D gralloc : [mali_gralloc_allocate] allocation successful
10-08 20:37:14.077  1173  1297 I BLASTBufferQueue: [ColorFade#1062](f:0,a:0) onFrameAvailable the first frame is available
10-08 20:37:14.078   762   790 D gralloc : [mali_gralloc_allocate] begin
10-08 20:37:14.078   762   790 D gralloc : buffer_descriptor: wh(1080 2400) usage_pc(0x40000000000b00 0x40000000000b00) hal_format(0x1) layer_count(1) sizes(0 0 0) strde(0) byte_stride(0) alloc_wh(0 0) internal_format(0x0) alloc_format(0x0) fd_count(1) plane_count(0)
10-08 20:37:14.080   762   790 D gralloc : [mali_gralloc_allocate] allocation successful
10-08 20:37:14.082  1173  1582 I FingerprintService: FingerprintClientExt: 11011, 0
10-08 20:37:14.082  1173  1582 D BiometricScheduler/SemFingerprint30: [Added] {[1018] com.android.server.biometrics.sensors.fingerprint.hidl.FingerprintAuthenticationClient, proto=3, owner=com.android.systemui, cookie=0, requestId=335, userId=0}, new queue size: 1
10-08 20:37:14.082  1173  1582 V BiometricScheduler/SemFingerprint30: Not idle, current operation: {[1017] com.android.server.biometrics.sensors.fingerprint.hidl.FingerprintUpdateActiveUserClient, proto=1, owner=android, cookie=0, requestId=-1, userId=0}, State: 5
10-08 20:37:14.082  1173  1582 D BiometricScheduler/SemFingerprint30: [Finishing] {[1017] com.android.server.biometrics.sensors.fingerprint.hidl.FingerprintUpdateActiveUserClient, proto=1, owner=android, cookie=0, requestId=-1, userId=0}, success: true
10-08 20:37:14.083  1173  1582 D BiometricScheduler/SemFingerprint30: [Polled] {[1018] com.android.server.biometrics.sensors.fingerprint.hidl.FingerprintAuthenticationClient, proto=3, owner=com.android.systemui, cookie=0, requestId=335, userId=0}, State: 0
10-08 20:37:14.083  1173  1582 D GestureAvailabilityTracker: Notifying gesture availability, active=false
10-08 20:37:14.083  1173  1582 D BiometricScheduler/SemFingerprint30: [Started] {[1018] com.android.server.biometrics.sensors.fingerprint.hidl.FingerprintAuthenticationClient, proto=3, owner=com.android.systemui, cookie=0, requestId=335, userId=0}
10-08 20:37:14.083  1173  1582 D BiometricCoexCoordinator: addAuthenticationClient(Udfps), client: {[1018] com.android.server.biometrics.sensors.fingerprint.hidl.FingerprintAuthenticationClient, proto=3, owner=com.android.systemui, cookie=0, requestId=335, userId=0}
10-08 20:37:14.083  1173  1582 D BiometricStateCallback: State updated from 0 to 2, client {[1018] com.android.server.biometrics.sensors.fingerprint.hidl.FingerprintAuthenticationClient, proto=3, owner=com.android.systemui, cookie=0, requestId=335, userId=0}
10-08 20:37:14.084  1173  1582 D Biometrics/AuthenticationClient: Requesting auth for com.android.systemui
10-08 20:37:14.085  1041  1041 I vendor.samsung.hardware.biometrics.fingerprint@3.0-service: authenticate(sid=0, gid=0)
10-08 20:37:14.085   762   790 D gralloc : [mali_gralloc_allocate] begin
10-08 20:37:14.085   762   790 D gralloc : buffer_descriptor: wh(1080 2400) usage_pc(0x40000000000b00 0x40000000000b00) hal_format(0x1) layer_count(1) sizes(0 0 0) strde(0) byte_stride(0) alloc_wh(0 0) internal_format(0x0) alloc_format(0x0) fd_count(1) plane_count(0)
10-08 20:37:14.085  1041  1041 I bauth_service: BAuthService, 351
10-08 20:37:14.085  1041  1041 I bauth_service: BAuthService, 66
10-08 20:37:14.086  1041 13960 I bauth_FPBAuthService: wci 68 68
10-08 20:37:14.086  1041 13960 I bauth_FPQCBAuthSensorControl: FPQCBAuthSensorControl, 519
10-08 20:37:14.086  1041 13960 I bauth_FPBAuthService: isi
10-08 20:37:14.086  1041 13960 I bauth_FPBAuthService: acsf 2
10-08 20:37:14.086  1041 13960 I bauth_FPBAuthService: BAuthSessionOpen Skip
10-08 20:37:14.087  1041 13960 I TLC_BAUTH: Call FP cmd 0xc (108)
