10-08 20:37:14.433 27396 27396 I BadgeProvider: update, getCallingPackage() : com.sec.android.provider.badge
10-08 20:37:14.433 27396 27396 I BadgeProvider: update, [uri] : content://com.sec.badge/apps
10-08 20:37:14.433 27396 27396 I BadgeProvider: update, [uri.query] : null
10-08 20:37:14.433 27396 27396 I BadgeProvider: update, [BadgeCount] : badgecount=87
10-08 20:37:14.433 27396 27396 I BadgeProvider: update, [UpdateCount] : 1
10-08 20:37:14.435  6153  6636 I bt_stack: [INFO:le_scanning_manager.cc(178)] Scan in shim layer stopped
10-08 20:37:14.435  6153  7276 W bt_stack: le_address_manager :: scan() - Unregister
10-08 20:37:14.435  6153  7276 W bt_stack: Stop LeSetExtendedScan
10-08 20:37:14.435 29370 29681 I NearbySharing: Screen is locked
10-08 20:37:14.435 29370 29681 I NearbySharing: Stopping scanning because the screen is locked.
10-08 20:37:14.435  6153  6636 I bt_stack: [INFO:le_scanning_manager.cc(312)] SetScanParameters with scanning phys in shim layer: phy_cnt=1
10-08 20:37:14.436  6153  6636 I bt_stack: [INFO:le_scanning_manager.cc(318)] SetScanParameters: scan_type=1, scan_interval=4992, scan_window=256
10-08 20:37:14.436  6153  6636 I bt_stack: [INFO:le_scanning_manager.cc(178)] Scan in shim layer started
10-08 20:37:14.436  6153  7276 W bt_stack: Start LeSetExtendedScan
10-08 20:37:14.436  6153  7276 W bt_stack: register_client :: client registered!!!
10-08 20:37:14.437  3459 13972 I ScsApi@Feature: checkFeature() : FEATURE_TEXT_GET_ENTITY
10-08 20:37:14.437  1173  1271 D InputManager: setPointerIconType iconId = 1000, callingPid = 1173
10-08 20:37:14.437  1173  1271 D MouseCursorController: updatePointerIcon, 20001 -> 1000
10-08 20:37:14.437  1173  1271 D MouseCursorController: PRESENTATION_SPOT: 1000 -> 20001
10-08 20:37:14.437  1173  2324 V WindowManager: Relayout hash=64e4301, pid=17722, syncId=-1: mAttrs={(0,0)(fillxfill) sim={state=always_hidden adjust=nothing forwardNavigation} layoutInDisplayCutoutMode=shortEdges ty=BASE_APPLICATION wanim=0x10302f4
10-08 20:37:14.437  1173  2324 V WindowManager:   fl=81810100
10-08 20:37:14.437  1173  2324 V WindowManager:   pfl=12020040
10-08 20:37:14.437  1173  2324 V WindowManager:   bhv=DEFAULT
10-08 20:37:14.437  1173  2324 V WindowManager:   fitSides= naviIconColor=0}
10-08 20:37:14.437 29370 29681 I NearbySharing: Stopping Fast Init advertisement because we're not scanning in the foreground.
10-08 20:37:14.438  1173  3655 I ActivityManager: Changes in 10103 19 to 5, 0 to 8
10-08 20:37:14.438 29370 29681 I NearbySharing: Stopping advertising because Nearby Sharing is disabled.
10-08 20:37:14.438 29370 29681 I NearbySharing: Stopping FastInitiation scanning because the screen is locked.
10-08 20:37:14.438 29370 29681 I NearbySharing: Fast Initiation Scanning has stopped
10-08 20:37:14.439 29370 29681 I NearbySharing: Dismissing HUN as there's no device nearby.
10-08 20:37:14.439  6153  6171 D BtGatt.ContextMap: remove() - id: 2
10-08 20:37:14.439  6153  6171 E BtGatt.ContextMap: remove() - removed: 2
10-08 20:37:14.439  6153  6171 I bt_stack: [INFO:le_scanning_manager.cc(172)] Unregister in shim layer, scanner_id:2
10-08 20:37:14.440  3459 13972 I ScsApi@FeatureHolder: setStatus() : FEATURE_TEXT_GET_ENTITY : 0
10-08 20:37:14.440  3459 13972 I ScsApi@Feature: checkFeature() : FEATURE_TEXT_GET_ENTITY_DATETIME_NUMERAL
10-08 20:37:14.440  3459 13972 I ScsApi@FeatureHolder: setStatus() : FEATURE_TEXT_GET_ENTITY_DATETIME_NUMERAL : 0
10-08 20:37:14.440  3459 13972 I ScsApi@Feature: checkFeature() : FEATURE_TEXT_GET_ENTITY_PHONE_NUMBER
10-08 20:37:14.441  6153  6697 E BtGatt.GattService: [GSIM LOG]: gsimLogHandler, msg: MESSAGE_SCAN_STOP, appName: com.google.uid.shared, scannerId: 2, reportDelayMillis=0
10-08 20:37:14.441  3459 13972 I ScsApi@FeatureHolder: setStatus() : FEATURE_TEXT_GET_ENTITY_PHONE_NUMBER : 0
10-08 20:37:14.441  3459 13972 I ScsApi@Feature: checkFeature() : FEATURE_TEXT_GET_ENTITY_POI
10-08 20:37:14.441  6153  7276 W bt_stack: Received command complete with op_code LE_SET_RANDOM_ADDRESS
10-08 20:37:14.441  6153  7276 W bt_stack: le_scanning_manager :: OnResume()
10-08 20:37:14.442  6153  7276 W bt_stack: Start LeSetExtendedScan
10-08 20:37:14.442  6153  7276 W bt_stack: le_scanning_manager :: OnResume() - call AckResume
10-08 20:37:14.442  6153  7276 W bt_stack: le_address_manager :: ack_resume()
10-08 20:37:14.442  3459 13972 I ScsApi@FeatureHolder: setStatus() : FEATURE_TEXT_GET_ENTITY_POI : 0
10-08 20:37:14.442  3459 13972 I ScsApi@Feature: checkFeature() : FEATURE_TEXT_GET_ENTITY_BANK
10-08 20:37:14.443  3459 13972 I ScsApi@FeatureHolder: setStatus() : FEATURE_TEXT_GET_ENTITY_BANK : 0
10-08 20:37:14.443  3459 13972 I ScsApi@Feature: checkFeature() : FEATURE_TEXT_DETECT_LANGUAGE
10-08 20:37:14.443 17722 17722 I ViewRootImpl@251ebf0[ConversationComposer]: Relayout returned: old=(0,0,1080,2400) new=(0,0,1080,2400) req=(1080,2400)8 dur=9 res=0x2 s={false 0x0} ch=true seqId=0
10-08 20:37:14.444  3459 13972 I ScsApi@FeatureHolder: setStatus() : FEATURE_TEXT_DETECT_LANGUAGE : 0
10-08 20:37:14.445  6153  7276 E bt_stack: Receive set extended scan enable with error code COMMAND_DISALLOWED
10-08 20:37:14.446 31409 31454 I DetectLanguageExecutor: detectLanguage - start
10-08 20:37:14.446 31409 31454 I DetectLanguageExecutor: detectLanguage input text length : 132
10-08 20:37:14.448 17722 17722 I ViewRootImpl@251ebf0[ConversationComposer]: stopped(true) old = false
10-08 20:37:14.448 17722 17722 I ViewRootImpl@251ebf0[ConversationComposer]: WindowStopped on com.samsung.android.messaging/com.android.mms.ui.ConversationComposer set to true
10-08 20:37:14.449  4675  4675 I HBD     : b currentConnectionState : false 
10-08 20:37:14.449  4675  4675 I HBD     : b currentConnectionState : false 
10-08 20:37:14.449 17722 17722 I ORC/BaseWithActivityInterfaceImpl: onStop
10-08 20:37:14.450  1173  3655 W PresentationStatsEventLogger: Shouldn't be logging AutofillPresentationEventReported again for same event
10-08 20:37:14.450 17722 17722 I ORC/ConversationCursorLoader: onStopLoading -1 h{f18e89c id=0}
10-08 20:37:14.450 17722 17722 I ORC/BubbleListLoader: onStopLoading
10-08 20:37:14.450 17722 17722 I ORC/BubbleListLoader: onCancelLoad
10-08 20:37:14.451 17722 17722 I ORC/ConversationListFragment: onStop()
10-08 20:37:14.452 17722 17722 I ORC/MessageEditorFragment: LIFE:begin     [MessageEditor]onStop
10-08 20:37:14.452 17722 17722 I ORC/VoiceRecorderImpl: releaseVoiceRecorderIfNeed
10-08 20:37:14.452 17722 17722 I ORC/VoiceRecorderController: releaseAudio
10-08 20:37:14.452 17722 17722 I ORC/VoiceRecorderTouchListener: finishRecording mIsRecording=false
10-08 20:37:14.453 17722 17722 I ORC/AppWindowManager: setOnStatusListener null
10-08 20:37:14.453 17722 17722 I ORC/EditorView: [StickerSip] hideStickerSip() restart = false
10-08 20:37:14.453 17722 17722 I ORC/EditorView: [StickerSip] hideStickerSip() - PrivateImeOptions is not set
10-08 20:37:14.453 17722 17722 I ORC/Setting: getSmsInputModeFromPref = Automatic
10-08 20:37:14.453 17722 17722 I ORC/Setting: getSmsInputMode : inputType = 2
10-08 20:37:14.453 17722 17722 I ORC/MessageEditorFragment: LIFE:end       [MessageEditor]onStop
10-08 20:37:14.453 17722 17722 I ORC/ComposerFragment: LIFE:begin     [COMPOSER]onStop, 56
10-08 20:37:14.454 17722 17722 I ORC/ComposerPresenter: LIFE:begin     [COMPOSER]onStop, startingOtherActivity = false
10-08 20:37:14.454 17722 17722 I ORC/ComposerModelUtil: isUnknownBot = false
10-08 20:37:14.454 31409 31454 I DetectLanguageExecutor: detectLanguage - end
10-08 20:37:14.454 17722 17722 I ORC/ComposerPresenter: LIFE:end       [COMPOSER]onStop
10-08 20:37:14.454 17722 17722 I ORC/ComposerFragmentBase: addOrRemoveFocusChangeListener, remove
10-08 20:37:14.454 17722 17722 I ORC/ComposerFragment: LIFE:end       [COMPOSER]onStop, 56
10-08 20:37:14.455 17722 17722 I ORC/Bixby2StateHandlerImpl: updateStateChange null
10-08 20:37:14.455 17722 17722 I ORC/Setting: getEnableSupportSplitMode() smallest screen width : 411
10-08 20:37:14.457 17722 17722 I ORC/ComposerFragment: LIFE:begin     [COMPOSER]onSaveInstanceState, 56
10-08 20:37:14.457 17722 17722 I ORC/ComposerFragment: LIFE:end       [COMPOSER]onSaveInstanceState, 56
10-08 20:37:14.457 17722 17722 I ORC/MessageEditorFragment: LIFE:begin     [MessageEditor]onSaveInstanceState
10-08 20:37:14.457 17722 17722 I ORC/MessageEditorFragment: LIFE:end       [MessageEditor]onSaveInstanceState
10-08 20:37:14.459 31409 31454 I ExtractEntityExecutor: extractBasicEntity - start
10-08 20:37:14.459 31409 31454 I ExtractEntityExecutor: extractBasicEntity input text length : 132
10-08 20:37:14.461 17722 17785 I ORC/SaUtils: insertStatusLog, status=0301, value=0
10-08 20:37:14.463 17722 17722 I MSHandlerLifeCycle: removeMultiSplitHandler: no exist. decor=DecorView@438b8d3[ConversationComposer]
10-08 20:37:14.469 31409 31454 I ExtractEntityExecutor: extracted size - bee : 1, otp : 0
10-08 20:37:14.469 31409 31454 I ExtractEntityExecutor: extractBasicEntity - end
10-08 20:37:14.470  3459 13972 I SSS:EntityCaptureManager:  CCS_EVENT_ final messages size: 0 events size: 0
10-08 20:37:14.470  3459 13972 I SSS:EntityCaptureManager: Events absent!
10-08 20:37:14.477  1173  1558 E WindowManager: win=Window{64e4301 u0 com.samsung.android.messaging/com.android.mms.ui.ConversationComposer} destroySurfaces: appStopped=true cleanupOnResume=false win.mWindowRemovalAllowed=false win.mRemoveOnExit=false win.mViewVisibility=8 caller=com.android.server.wm.ActivityRecord.destroySurfaces:6539 com.android.server.wm.ActivityRecord.destroySurfaces:6520 com.android.server.wm.ActivityRecord.notifyAppStopped:6584 com.android.server.wm.ActivityRecord.activityStopped:7172 com.android.server.wm.ActivityClientController.activityStopped:269 android.app.IActivityClientController$Stub.onTransact:613 com.android.server.wm.ActivityClientController.onTransact:147 
10-08 20:37:14.477  1173  1558 I WindowManager: Destroying surface Surface(name=com.samsung.android.messaging/com.android.mms.ui.ConversationComposer$_17722)/@0x32a8f6a called by com.android.server.wm.WindowStateAnimator.destroySurface:942 com.android.server.wm.WindowStateAnimator.destroySurfaceLocked:536 com.android.server.wm.WindowState.destroySurfaceUnchecked:4309 com.android.server.wm.WindowState.destroySurface:4283 com.android.server.wm.ActivityRecord.destroySurfaces:6539 com.android.server.wm.ActivityRecord.destroySurfaces:6520 com.android.server.wm.ActivityRecord.notifyAppStopped:6584 com.android.server.wm.ActivityRecord.activityStopped:7172 
10-08 20:37:14.478  1173  1558 D ActivityTaskManager: mStartingWindow and mStartingData is null for token=ActivityRecord{201949b u0 com.samsung.android.messaging/com.android.mms.ui.ConversationComposer} t5199}
10-08 20:37:14.498  2080  2631 I RecentModel: onTaskStackChangedBackground
10-08 20:37:14.498 21496 21496 I BSS_SysUiManager: handleMessage = 9, 1, 0
10-08 20:37:14.559   763   763 D display : setPowerMode:: S3CFB_POWER_MODE mode(0), blank(4)
10-08 20:37:14.560   846   846 D TimeStats: Cleared global stats
10-08 20:37:14.561   846   846 D TimeStats: Cleared layer stats
10-08 20:37:14.561   846   846 D SurfaceFlinger: Finished setting power mode 0 on display 4633128672291735937
10-08 20:37:14.561  1173  1634 D SurfaceControl: Excessive delay in setPowerMode()
10-08 20:37:14.561  1173  1634 D LocalDisplayAdapter: !@display_state: OFF took 169 ms
10-08 20:37:14.561  1173  1634 D SemInputDeviceManagerService: currentDisplayState[1]:OFF(1)
10-08 20:37:14.561  1173  1634 D SemInputDeviceManagerService: LATE: Logical: OFF(1) Physical: OFF(1) [Using: OFF(1)] displayType: 1
10-08 20:37:14.561  1173  1634 D LocalDisplayAdapter: notifyStateChangeFinish: com.samsung.android.hardware.secinputdev.SemInputDeviceManagerService$8@c008fe5 took 0 ms
10-08 20:37:14.562  1173  1634 D DisplayPowerController[0]: setActualDisplayState: ON -> OFF
10-08 20:37:14.562  1173  1297 D DisplayPowerController[0]: animateScreenStateChange: target=1, mLogicalDisplay.isEnabled()=true
10-08 20:37:14.562  1173  1297 D DisplayPowerController[0]: animateScreenStateChange: target=1, mLogicalDisplay.isEnabled()=true
10-08 20:37:14.562   846   846 I Layer   : Layer [com.samsung.android.messaging/com.android.mms.ui.ConversationComposer$_17722#31364] hidden!! flag(1)
10-08 20:37:14.562  1173  1297 D PowerManagerService: displayReady: true groupId=0
10-08 20:37:14.562  1173  1297 D PowerManagerService: handleSandman : startDreaming: true  (canDreamLocked: false  canDozeLocked: true)  groupId=0
10-08 20:37:14.562  1173  1297 D PowerManagerService: handleSandman : startDream(true)
10-08 20:37:14.563  1173  1297 I DreamManagerService: Entering dreamland.
10-08 20:37:14.563   846   846 I SurfaceFlinger: [64e4301 com.samsung.android.messaging/com.android.mms.ui.ConversationComposer#29023] FrameRatePriority: -1
10-08 20:37:14.563   846   846 D SurfaceFlinger: [input] inputWindowCommands.focusRequests size is 1
10-08 20:37:14.563  1173  1297 I PowerManagerService: Dozing...
10-08 20:37:14.564  1173  1268 I DreamController: Starting dream: name=ComponentInfo{com.android.systemui/com.android.systemui.doze.DozeService}, isPreviewMode=false, canDoze=true, userId=0
10-08 20:37:14.565   846   846 I Layer   : id=31364 removeFromCurrentState com.samsung.android.messaging/com.android.mms.ui.ConversationComposer$_17722#31364 (204)
10-08 20:37:14.567   846   846 I SurfaceFlinger: id=31364 Removed com.samsung.android.messaging/com.android.mms.ui.ConversationComposer$_17722#31364 (204)
10-08 20:37:14.567   846   846 D DisplayDevice: setLayerStack : layerstack=-1, Display 4633128672291735937 (internal, primary, "samsung lcd  ")
10-08 20:37:14.568   846   846 I Layer   : id=31364 Destroyed com.samsung.android.messaging/com.android.mms.ui.ConversationComposer$_17722#31364
10-08 20:37:14.570   846   957 D SurfaceFlinger: [input] setFocusedWindow: <null>
10-08 20:37:14.570  1173  1558 D InputDispatcher: Focus left window (0): 64e4301 com.samsung.android.messaging/com.android.mms.ui.ConversationComposer
10-08 20:37:14.572  1173  1278 D BaseRestrictionMgr: Package: com.zhiliaoapp.musically, userid: 0, hostingType: broadcast is Restricted by policy: 4 caller is: android
10-08 20:37:14.572  1173  1278 W BroadcastQueue: intent:Intent { act=android.intent.action.CLOSE_SYSTEM_DIALOGS flg=0x10 (has extras) } is skipped in RestrictedPackage to ProcessRecord{47a2ccc 31412:com.zhiliaoapp.musically/u0a313}
10-08 20:37:14.572  1173  1278 D BaseRestrictionMgr: Package: com.zhiliaoapp.musically, userid: 0, hostingType: broadcast is Restricted by policy: 4 caller is: android
10-08 20:37:14.572  1173  1278 W BroadcastQueue: intent:Intent { act=android.intent.action.CLOSE_SYSTEM_DIALOGS flg=0x10 (has extras) } is skipped in RestrictedPackage to ProcessRecord{47a2ccc 31412:com.zhiliaoapp.musically/u0a313}
10-08 20:37:14.572  1678  1678 D PopupUI.PopupUI: PopupUIReceiver.onReceive() action : android.intent.action.CLOSE_SYSTEM_DIALOGS
10-08 20:37:14.572  1678  1678 D LocationControllerImpl: onReceive() = android.intent.action.CLOSE_SYSTEM_DIALOGS
10-08 20:37:14.572  1173  1278 D BaseRestrictionMgr: Package: com.zhiliaoapp.musically, userid: 0, hostingType: broadcast is Restricted by policy: 4 caller is: android
10-08 20:37:14.572  1173  1278 W BroadcastQueue: intent:Intent { act=android.intent.action.CLOSE_SYSTEM_DIALOGS flg=0x10 (has extras) } is skipped in RestrictedPackage to ProcessRecord{47a2ccc 31412:com.zhiliaoapp.musically/u0a313}
10-08 20:37:14.572  1678  1678 V ShadeControllerImpl: NotificationShadeWindow: com.android.systemui.statusbar.phone.NotificationShadeWindowView{7f0990b I.E...... ......ID 0,0-1080,2400} canPanelBeCollapsed(): false
10-08 20:37:14.572  1678  1678 D SecQSLayoutDetail: action:android.intent.action.CLOSE_SYSTEM_DIALOGS
10-08 20:37:14.572  1173  1278 D BaseRestrictionMgr: Package: com.zhiliaoapp.musically, userid: 0, hostingType: broadcast is Restricted by policy: 4 caller is: android
10-08 20:37:14.572  1678  1678 D QSMoreButton: action:android.intent.action.CLOSE_SYSTEM_DIALOGS
10-08 20:37:14.572  1173  1278 W BroadcastQueue: intent:Intent { act=android.intent.action.CLOSE_SYSTEM_DIALOGS flg=0x10 (has extras) } is skipped in RestrictedPackage to ProcessRecord{47a2ccc 31412:com.zhiliaoapp.musically/u0a313}
10-08 20:37:14.572  1678  1678 D QSButtonsContainer: action:android.intent.action.CLOSE_SYSTEM_DIALOGS
10-08 20:37:14.572  1678  1678 D SecVolume.SecVolumeStore: dispatch [ACTION_DISMISS_REQUESTED] with [STATE_NO_DISPATCH]
10-08 20:37:14.573  1678  1678 D SecVolume.SecVolumeStore:   > New State : [STATE_NO_DISPATCH]
10-08 20:37:14.573 21496 21496 I BSS_InDisplaySensorWindow: ACTION: CLOSE_SYSTEM_DIALOG : reason = dream
10-08 20:37:14.574 17722 17722 I ViewRootImpl@251ebf0[ConversationComposer]: MSG_WINDOW_FOCUS_CHANGED 0 0
10-08 20:37:14.577 17722 17722 E AccessibilityManager: semUpdateAssitantMenu invoking from manager:
10-08 20:37:14.577 17722 17722 E AccessibilityManager: semUpdateAssitantMenu invoking from manager:
10-08 20:37:14.577 17722 17722 E AccessibilityManager: semUpdateAssitantMenu invoking from manager:
10-08 20:37:14.578 17722 17722 E AccessibilityManager: semUpdateAssitantMenu invoking from manager:
10-08 20:37:14.578 17722 17722 I ORC/BaseWithActivity: getComposerFragment : b9{a3adb71} (f78b244a-b436-4b45-b5e3-55b18a3ad82f id=0x7f0a0442 tag=TAG_RIGHT_PANE_FRAGMENT)
10-08 20:37:14.578  1173  1268 W ProcessStats: Tracking association SourceState{3a8fe9a com.samsung.android.smartsuggestions:core/10110 Top #455550} whose proc state 1 is better than process ProcessState{6961927 com.samsung.android.smartsuggestions/10110 pkg=com.samsung.android.smartsuggestions} proc state 2 (91 skipped)
10-08 20:37:14.578  1678  1678 I DozeService: onCreate: com.android.systemui.doze.DozeService@a7d2d49
10-08 20:37:14.579  1678  1678 D PluginInstanceManager: startListening
10-08 20:37:14.579  1678  1896 D PluginInstanceManager: queryAll com.android.systemui.action.PLUGIN_AOD
10-08 20:37:14.579  1678  1896 D PluginInstanceManager: Found 1 plugins
10-08 20:37:14.580  1678  1896 D PluginInstanceManager: createPlugin
10-08 20:37:14.582  1678  1678 D PluginInstanceManager: onPluginConnected
10-08 20:37:14.583  1678 25297 D KeyguardViewMediator: onDreamingStarted
10-08 20:37:14.583  1173  1297 D PowerManagerService: [api] DreamReceiver: onReceive: android.intent.action.DREAMING_STARTED
10-08 20:37:14.584  3767  3767 I CocktailBarUiHandler: ACTION_DREAMING_STARTED
10-08 20:37:14.584  1678  1678 I PluginAODImpl: onCreate()
10-08 20:37:14.584  1678  1678 I i       : build component
10-08 20:37:14.584  3767  3767 I AbstractCocktailPanelView: notifyPanelVisibilityChanged: visibility not changed 2 id: 1
10-08 20:37:14.584  3767  3767 I AbstractCocktailPanelView: setPanelVisible: f2 will be hidden: 1
10-08 20:37:14.584  3767  3767 I CocktailBarPanelVisibilityManager: updateActivePanelView:  vis=false onTransit=false -hide: 1 current Active: 1
10-08 20:37:14.585  3767  3767 I Utils   : isCurrentUser current = 0, ownerId = 0
10-08 20:37:14.585  3767  3767 I TrayVisibilityController: getComputedTrayVisible : keyguardState = 3
10-08 20:37:14.585  3767  3767 I TrayVisibilityController: updateTrayVisible: State=3 visible=2 mCurrentVisible=1 specificMode=0
10-08 20:37:14.586  1173  3655 V SystemKeyManager: requestSystemKeyEvent() is called keyCode=3 componentName=ComponentInfo{com.samsung.android.app.cocktailbarservice/com.samsung.android.app.cocktailbarservice.CocktailBarService} request=false
10-08 20:37:14.586  1678  1678 I AODUtils: isFirstTimeSinceBoot: prev=1759727041500, boot=1759727036600
10-08 20:37:14.586  1678  1678 I AODChargingModel: AODClockController: 
10-08 20:37:14.586  1173  3655 V SystemKeyManager: requestSystemKeyEvent() is called keyCode=187 componentName=ComponentInfo{com.samsung.android.app.cocktailbarservice/com.samsung.android.app.cocktailbarservice.CocktailBarService} request=false
10-08 20:37:14.586  1678  1678 I AODFaceWidgetModel: AODPinnedContentController: 
10-08 20:37:14.586  1678  1678 I AlwaysOnDisplayEx: !@AlwaysOnDisplayEx: constructor hashCode=100661131
10-08 20:37:14.586  1678  1678 I AbsSettings: clearCacheInner
10-08 20:37:14.586  1678  1678 I AbsSettings: clearCacheInner
10-08 20:37:14.586  1678  1678 I AbsSettings: clearCacheInner
10-08 20:37:14.586  3767  3767 I MSHandlerLifeCycle: check: return. pkg=com.samsung.android.app.cocktailbarservice isActivity=false callers=com.android.internal.policy.DecorView.setVisibility:4412 l4.r.G:2 l4.r.E:4 l4.o.U0:46 l4.o$g.e:4 
10-08 20:37:14.586  1678  1678 I DBManager: createSQLiteOpenHelperAdapter : mDBAdapter is NOT NULL.
10-08 20:37:14.586  3767  3767 I MSHandlerLifeCycle: removeMultiSplitHandler: no exist. decor=DecorView@ead54e1[CocktailBarService]
10-08 20:37:14.587  3767  3767 I TrayStateController: setUiState 2 : 0 --> 2
10-08 20:37:14.589  1678  1678 E AbsSettings: refreshInner: refreshedSettingsDBItem key CLOCK_VERSION val = 300000
10-08 20:37:14.589  1678  1678 I AbsSettings: getStringInner: from cache a / CLOCK_VERSION = 300000
10-08 20:37:14.589  1678  1678 E AbsSettings: refreshInner: refreshedSettingsDBItem key PALETTE_VERSION val = 90000
10-08 20:37:14.589  1678  1678 I AbsSettings: getStringInner: from cache a / PALETTE_VERSION = 90000
10-08 20:37:14.589  1678  1678 I AbsSettings: getStringInner: from cache a / CLOCK_VERSION = 300000
10-08 20:37:14.589  1678  1678 I ClockInfoManager: isClockFaceType: type = 2 clockFaceType = 0
10-08 20:37:14.589  1678  1678 I AbsSettings: getStringInner: from cache a / PALETTE_VERSION = 90000
10-08 20:37:14.590  1678  1678 I ResourceUtils: initDisplayValues LogicalHeight 2400 LogicalWidth = 1080 DisplayDeviceType = -1, sIsLandscape = false
10-08 20:37:14.591  1678  1678 I AOD_LIVE_CLOCK@LiveClockController: init
10-08 20:37:14.591  1678  1678 D DozeService: onPluginConnected: PluginAOD plugin=com.samsung.android.app.aodservice.plugin.PluginAODImpl@b2ab14
10-08 20:37:14.591  1678  1678 V KeyguardUpdateMonitor: *** register callback for com.android.systemui.doze.PluginAODManager$1@e302510
10-08 20:37:14.591  1678  1678 V KeyguardUpdateMonitor: *** unregister callback for null
10-08 20:37:14.591  1678  1678 D PluginAODManager: registerUpdateMonitor mWakefulness=3
10-08 20:37:14.591  1678  1678 I AlwaysOnDisplayEx: onDozeAmountChanged linearAmount = 0.0 / amount = 0.0 / mNeedAODClockTransition = false
10-08 20:37:14.591  1678  1678 I AODUiController: setIsDozing dozing:false
10-08 20:37:14.591  1678  1678 W AODAlarmTimer_AOD_CHARGING_INFO_TICK: stop : not yet started 
10-08 20:37:14.591  1678  1678 D FaceWidgetViewModel: setDozing false
10-08 20:37:14.591  1678  1678 D FaceWidgetMusicPageShownManager: Keyguard is not visible
10-08 20:37:14.591  1678  1678 D FaceWidgetMusicPageShownManager: updateMusicPageShownState() show = false, reattach = false, reason = doze
10-08 20:37:14.591  1678  1678 D FaceWidgetMusicPageShownManager: skip to show media panel
10-08 20:37:14.591  1678  1678 D PluginAODManager: requestActiveNotifications() size = 20
10-08 20:37:14.591  1678  1678 D PluginAODManager: addNotiCollectionListener: 
10-08 20:37:14.592  1678  1678 D DozeService: onDreamingStarted: 
10-08 20:37:14.593  1173  3655 D PowerManagerService: [PWL] sb release: PowerManagerService.Display
10-08 20:37:14.593  1678  1678 I DozeMachine: transition: old=UNINITIALIZED req=INITIALIZED new=INITIALIZED
10-08 20:37:14.593  1678  1678 D KeyguardVisible: isKeyguardForDozing=true
10-08 20:37:14.593  1678  1678 D SbStateController: setState: SHADE -> KEYGUARD
10-08 20:37:14.593  1678  1678 D SbStateController: setState: requested state KEYGUARD!= upcomingState: SHADE. This usually means the status bar state transition was interrupted before the upcoming state could be applied.
10-08 20:37:14.594  1678  1678 I AODUiController: setIsDozing dozing:true
10-08 20:37:14.594  1678  1678 D FaceWidgetViewModel: setDozing true
10-08 20:37:14.594  1678  1678 D FaceWidgetMusicPageShownManager: Keyguard is not visible
10-08 20:37:14.594  1678  1678 D FaceWidgetMusicPageShownManager: updateMusicPageShownState() show = false, reattach = false, reason = doze
10-08 20:37:14.594  1678  1678 D FaceWidgetMusicPageShownManager: skip to show media panel
10-08 20:37:14.594  1678  1678 I DigitalHorizontalClockView_LOCK_SCREEN: setDozing: true
10-08 20:37:14.594  1678  1678 D KeyguardSecAffordanceView: reset right:false
10-08 20:37:14.594  1678  1678 D KeyguardSecAffordanceView: reset right:true
10-08 20:37:14.595  1678  1678 V QsExpandAnimator: setQsExpansionPosition 0.0
10-08 20:37:14.595  1678  1678 V SecQsTransitionAnimator: restorePanelView
10-08 20:37:14.595  1678  1678 D MultiSIMPreferredSlotBar: setExpanded : false mShowing : false
10-08 20:37:14.595  1678  1678 D MultiSIMController: unRegisterSimCardManagerCallback : mSimCardManagerService is null 
10-08 20:37:14.595  1678  1678 V SecQsTransitionAnimator: restorePanelView
10-08 20:37:14.595  1678  1678 D MultiSIMPreferredSlotBar: setExpanded : false mShowing : false
10-08 20:37:14.595  1678  1678 D MultiSIMController: unRegisterSimCardManagerCallback : mSimCardManagerService is null 
10-08 20:37:14.595  1678  1678 D MultiSIMPreferredSlotBar: setExpanded : false mShowing : false
10-08 20:37:14.596  1678  1678 D MultiSIMController: unRegisterSimCardManagerCallback : mSimCardManagerService is null 
10-08 20:37:14.596  1678  1678 D KeyguardTouchAnimator: reset unlockExecuted=false
10-08 20:37:14.596  1678  1678 D KeyguardEditModeAnimatorController: reset true
10-08 20:37:14.596  1678  1678 D KeyguardTouchAnimator: resetChildViewVI(): false
10-08 20:37:14.596  1678  1678 D KeyguardTouchDymLockInjector: resetDynamicLock mIsDynamicLockEnabled: false
10-08 20:37:14.596  1678  1678 D CentralSurfaces: updateQsExpansionEnabled - QS Expand enabled: false
10-08 20:37:14.596  1678  1678 D SecPanelLogger: updateQsExpansionEnabled() return:false = isDeviceProvisioned:true && (mUserSetup:true || mUserSwitcherController_null?false || !isSimpleUserSwitcher:true) && !isShadeDisabled:true && DISABLE2_QUICK_SETTINGS:true && !mDozing:false && !ONLY_CORE_APPS:true |  StatusBarState:KEYGUARD
10-08 20:37:14.596  1678  1678 D SecPanelLogger:  - com.android.systemui.statusbar.phone.CentralSurfacesImpl.updateQsExpansionEnabled:2023
10-08 20:37:14.596  1678  1678 D SecPanelLogger:  - com.android.systemui.statusbar.phone.CentralSurfacesImpl$23.onDozingChanged:5459
10-08 20:37:14.596  1678  1678 D SecPanelLogger:  - com.android.systemui.statusbar.StatusBarStateControllerImpl.setIsDozing:324
10-08 20:37:14.596  1678  1678 I KeyguardViewMediator: setLockScreenShown false true
10-08 20:37:14.596  1678  1678 W NotificationEntryMgr: While running New Pipeline: updateNotifications(reason=onDozingChanged)
10-08 20:37:14.596  1173  3655 D ActivityTaskManager: Top Process State changed to PROCESS_STATE_TOP_SLEEPING#2
10-08 20:37:14.597  1678  1678 I AlwaysOnDisplayEx: onDozeAmountChanged linearAmount = 1.0 / amount = 1.0 / mNeedAODClockTransition = false
10-08 20:37:14.597  1678  1678 I AODUiController: onDozeAmountTransitionEnded mMachine = IDLE
10-08 20:37:14.597  1678  1678 D CentralSurfaces: updateQsExpansionEnabled - QS Expand enabled: false
10-08 20:37:14.597  1678  1678 D SecQpScrimControlHelper:  secVisible?false (scrimState:AOD) (1stFrc:0, 2ndFrc:0, drgDown:0, PanelEx:false)   (dlyGed:0, dlySec:0)   [N(0|ff000000)-B(0|ff000000)]   (expanded:false, tracking:false, qsBottomVisible:true)   thm(a:1, rtEnabled:false) park(panel_on?false)   kgd(fw:false, gw:false, ocl:false)   (assetsSeq:0, themeSeq:0, uiMode:33)   GED[F(0|0)-N(0|0)-B(0,|ff000000)-Duration:360], caller:transitionTo(state:AOD)
10-08 20:37:14.597  1678  1678 D ScrimController: State changed to AOD, blankScreen=false, animation=-1
10-08 20:37:14.598  1173  1507 D InputMethodManagerService: isImeSwitcherDisabledPackage : false
10-08 20:37:14.598  1678  1678 I ViewRootImpl@77e2bcf[NotificationShade]: reportNextDraw android.view.ViewRootImpl.setReportNextDraw:11855 com.android.systemui.statusbar.phone.ScrimController.dispatchScrimsVisible:1318 com.android.systemui.statusbar.phone.ScrimController.updateScrimColor:1405 com.android.systemui.statusbar.phone.ScrimController.updateScrim:1618 com.android.systemui.statusbar.phone.ScrimController.setScrimAlpha:1346 
10-08 20:37:14.598  1678  1678 D KeyguardVisible: isExpanded: false -> true
10-08 20:37:14.598  1678  1678 D KeyguardVisible: Window state diff only {
10-08 20:37:14.598  1678  1678 D KeyguardVisible:   mScrimsVisibility: 0 -> 2
10-08 20:37:14.598  1678  1678 D KeyguardVisible: }
10-08 20:37:14.599  1173  1271 D UsbHostRestrictor: onKeyguardStateChanged: Screen Lock Off
10-08 20:37:14.599  1173  1271 D UsbHostRestrictor: Write ScrLck Block FILE
10-08 20:37:14.600  1173  1271 V UsbDeviceManager: onKeyguardStateChanged: isShowing:false secure:true user:0
10-08 20:37:14.600  1173  3655 I AppOps  : updateUidProcState uid: 10044 procState: 1 capability:15
10-08 20:37:14.600   971  2113 I CameraService: onUidStateChanged: uid=10044, procState is changed. (0 -> 1)
10-08 20:37:14.600  1678  1678 D ScrimController: updateScrimColor main=0xff191c1e front=0xff000000|1.000000|0 noti=0xff191c1e|0.000000|8 behind=0xff000000|0.000000|0 vis=2
10-08 20:37:14.601  1173  1284 W libprocessgroup: Failed to open /dev/blkio//cgroup.procs: No such file or directory
10-08 20:37:14.601  1173  1513 D StorageManagerService: handleMessage -> H_KEYGUARD_CHANGED isShowing=false
10-08 20:37:14.602  1678  1678 D KeyguardIndication: setVisible() false in dozing
10-08 20:37:14.602  1678  1678 D KeyguardSecIndicationPolicy:  remove Item pos = DEFAULT, type =     LEGACY_TRANSIENT
10-08 20:37:14.602  1678  1678 D KeyguardSecIndicationPolicy:  add T Event pos = DEFAULT, type =              BATTERY, id =  6178, text = Fully charged, duration = 3000
10-08 20:37:14.602  1678  1678 D KeyguardSecIndicationPolicy:   update top pos = DEFAULT, item = [id=0|ty=EMPTY_LOW|pr=1|txt=|ti=duration=PERSISTENT|an=false] -> [id=6178|ty=BATTERY|pr=40|txt=Fully charged|ti=duration=3000|an=false]
10-08 20:37:14.602  1678  1678 D KeyguardSecIndicationController: onIndicationChanged() return - keyguard is not visible, pos = DEFAULT, item = [id=6178|ty=BATTERY|pr=40|txt=Fully charged|ti=duration=3000|an=false]
10-08 20:37:14.602  1678  1678 D KeyguardSecIndicationPolicy:    add Event pos = DEFAULT, type =      BATTERY_RESTING, id =  6179, text = Fully charged
10-08 20:37:14.602  1678  1678 D KeyguardSecIndicationPolicy:  remove Item pos = DEFAULT, type =           OWNER_INFO
10-08 20:37:14.602  1678  1678 D KeyguardSecIndicationController: addBatteryAndOwnerInfoIndication() battery status = BatteryStatus{status=5,level=100,plugged=2,health=2,maxChargingWattage=-1,remaining=94000ultraFastCharger=0}
10-08 20:37:14.603  2080  2631 I TouchInteractionService: onSystemUiStateChanged, stateFlags : 2228224 |allow_gesture|device_dozing|
10-08 20:37:14.603  2080  2080 I RecentsAnimationDeviceState: setSystemUiFlags, stateFlags : 2228224
10-08 20:37:14.603  2080  2080 I TouchInteractionService: onSystemUiFlagsChanged, lastSysUIFlags : 131072
10-08 20:37:14.603  1678  1678 D InsetsSourceConsumer: setRequestedVisible: visible=false, type=23, host=NotificationShade, from=android.view.InsetsSourceConsumer.hide:257 android.view.InsetsController.collectSourceControls:1310 android.view.InsetsController.controlAnimationUnchecked:1164 android.view.InsetsController.applyAnimation:1576 android.view.InsetsController.applyAnimation:1557 android.view.InsetsController.hide:1093 android.view.InsetsController.hide:1068 com.android.systemui.statusbar.phone.SecStatusBarKeyguardViewManager.updateNavigationBarVisibility:750 com.android.systemui.statusbar.phone.StatusBarKeyguardViewManager.updateStates:1120 com.android.systemui.statusbar.phone.StatusBarKeyguardViewManager.setDozing:688 
10-08 20:37:14.603  1678  1678 D InsetsSourceConsumer: setRequestedVisible: visible=false, type=22, host=NotificationShade, from=android.view.InsetsSourceConsumer.hide:257 android.view.InsetsController.collectSourceControls:1310 android.view.InsetsController.controlAnimationUnchecked:1164 android.view.InsetsController.applyAnimation:1576 android.view.InsetsController.applyAnimation:1557 android.view.InsetsController.hide:1093 android.view.InsetsController.hide:1068 com.android.systemui.statusbar.phone.SecStatusBarKeyguardViewManager.updateNavigationBarVisibility:750 com.android.systemui.statusbar.phone.StatusBarKeyguardViewManager.updateStates:1120 com.android.systemui.statusbar.phone.StatusBarKeyguardViewManager.setDozing:688 
10-08 20:37:14.603  1678  1678 D InsetsSourceConsumer: setRequestedVisible: visible=false, type=21, host=NotificationShade, from=android.view.InsetsSourceConsumer.hide:257 android.view.InsetsController.collectSourceControls:1310 android.view.InsetsController.controlAnimationUnchecked:1164 android.view.InsetsController.applyAnimation:1576 android.view.InsetsController.applyAnimation:1557 android.view.InsetsController.hide:1093 android.view.InsetsController.hide:1068 com.android.systemui.statusbar.phone.SecStatusBarKeyguardViewManager.updateNavigationBarVisibility:750 com.android.systemui.statusbar.phone.StatusBarKeyguardViewManager.updateStates:1120 com.android.systemui.statusbar.phone.StatusBarKeyguardViewManager.setDozing:688 
10-08 20:37:14.603  1678  1678 D InsetsSourceConsumer: setRequestedVisible: visible=false, type=1, host=NotificationShade, from=android.view.InsetsSourceConsumer.hide:257 android.view.InsetsController.collectSourceControls:1310 android.view.InsetsController.controlAnimationUnchecked:1164 android.view.InsetsController.applyAnimation:1576 android.view.InsetsController.applyAnimation:1557 android.view.InsetsController.hide:1093 android.view.InsetsController.hide:1068 com.android.systemui.statusbar.phone.SecStatusBarKeyguardViewManager.updateNavigationBarVisibility:750 com.android.systemui.statusbar.phone.StatusBarKeyguardViewManager.updateStates:1120 com.android.systemui.statusbar.phone.StatusBarKeyguardViewManager.setDozing:688 
10-08 20:37:14.604  1678  1678 D KeyguardVisible: cancelPendingPanelCollapse true
10-08 20:37:14.604  1678  1678 D CentralSurfaces: updateQsExpansionEnabled - QS Expand enabled: false
10-08 20:37:14.604  1678  1678 D CentralSurfaces: setBarState( dispatchStatusBarState to false )
10-08 20:37:14.605  1678  1678 W NotificationEntryMgr: While running New Pipeline: updateNotifications(reason=NotificationLockscreenUserManager.updatePublicMode)
10-08 20:37:14.605  1678  1678 V SecQpBlurController: applyGedWindowBlur (0 )
10-08 20:37:14.605  1678  1678 V SecQpBlurDefaultUtils: applyWallpaperBlur  blur = 0
10-08 20:37:14.605  1678  1678 D KeyguardIndication: setVisible() false in dozing
10-08 20:37:14.605  1678  1678 D KeyguardSecIndicationPolicy:  remove Item pos = DEFAULT, type =     LEGACY_TRANSIENT
10-08 20:37:14.605  1678  1678 D KeyguardSecIndicationPolicy:  add T Event pos = DEFAULT, type =              BATTERY, id =  6180, text = Fully charged, duration = 3000
10-08 20:37:14.605  1678  1678 D KeyguardSecIndicationPolicy:   update top pos = DEFAULT, item = [id=6178|ty=BATTERY|pr=40|txt=Fully charged|ti=duration=3000|an=false] -> [id=6180|ty=BATTERY|pr=40|txt=Fully charged|ti=duration=3000|an=false]
10-08 20:37:14.605  1678  1678 D KeyguardSecIndicationController: onIndicationChanged() return - keyguard is not visible, pos = DEFAULT, item = [id=6180|ty=BATTERY|pr=40|txt=Fully charged|ti=duration=3000|an=false]
10-08 20:37:14.605  1678  1678 D KeyguardSecIndicationPolicy: update Event pos = DEFAULT, type =      BATTERY_RESTING, id =  6181, text = Fully charged
10-08 20:37:14.605  1678  1678 D KeyguardSecIndicationPolicy:  remove Item pos = DEFAULT, type =           OWNER_INFO
10-08 20:37:14.605  1678  1678 D KeyguardSecIndicationController: addBatteryAndOwnerInfoIndication() battery status = BatteryStatus{status=5,level=100,plugged=2,health=2,maxChargingWattage=-1,remaining=94000ultraFastCharger=0}
10-08 20:37:14.605  1678  1678 D LockscreenNotificationManager: BarState updated : 1
10-08 20:37:14.606  1678  1678 D FaceWidgetContainer: setVisibility 0, callers = bb.a.B:51 hb.c.N:18 com.samsung.android.app.facewidget.FaceWidgetContainer.setVisibility:22 com.android.keyguard.KeyguardVisibilityHelper.setViewVisibility:257 com.android.keyguard.KeyguardStatusViewController.setKeyguardStatusViewVisibility:309 
10-08 20:37:14.606  1678  1678 D PanelView: mBarState changed SHADE >>> KEYGUARD
10-08 20:37:14.606  1678  1678 D PanelView: callTrace : java.lang.Throwable
10-08 20:37:14.606  1678  1678 D PanelView: 	at com.android.systemui.statusbar.phone.NotificationPanelViewController$StatusBarStateListener.onStateChanged(NotificationPanelViewController.java:7104)
10-08 20:37:14.606  1678  1678 D PanelView: 	at com.android.systemui.statusbar.StatusBarStateControllerImpl.setState(StatusBarStateControllerImpl.java:229)
10-08 20:37:14.606  1678  1678 D PanelView: 	at com.android.systemui.statusbar.SysuiStatusBarStateController.setState(SysuiStatusBarStateController.java:67)
10-08 20:37:14.606  1678  1678 D PanelView: 	at com.android.systemui.statusbar.phone.CentralSurfacesImpl.showKeyguardImpl(CentralSurfacesImpl.java:3566)
10-08 20:37:14.606  1678  1678 D PanelView: 	at com.android.systemui.statusbar.phone.CentralSurfacesImpl.updateIsKeyguard(CentralSurfacesImpl.java:3539)
10-08 20:37:14.606  1678  1678 D PanelView: 	at com.android.systemui.statusbar.phone.CentralSurfacesImpl.updateIsKeyguard(CentralSurfacesImpl.java:3501)
10-08 20:37:14.606  1678  1678 D PanelView: 	at com.android.systemui.statusbar.phone.DozeServiceHost.startDozing(DozeServiceHost.java:238)
10-08 20:37:14.606  1678  1678 D PanelView: 	at com.android.systemui.doze.DozeUi.transitionTo(DozeUi.java:167)
10-08 20:37:14.606  1678  1678 D PanelView: 	at com.android.systemui.doze.AODUi.transitionTo(AODUi.java:46)
10-08 20:37:14.606  1678  1678 D PanelView: 	at com.android.systemui.doze.DozeMachine.performTransitionOnComponents(DozeMachine.java:382)
10-08 20:37:14.606  1678  1678 D PanelView: 	at com.android.systemui.doze.DozeMachine.transitionTo(DozeMachine.java:366)
10-08 20:37:14.606  1678  1678 D PanelView: 	at com.android.systemui.doze.DozeMachine.requestState(DozeMachine.java:291)
10-08 20:37:14.606  1678  1678 D PanelView: 	at com.android.systemui.doze.DozeMachine.requestState(DozeMachine.java:258)
10-08 20:37:14.606  1678  1678 D PanelView: 	at com.android.systemui.doze.DozeService.onDreamingStarted(DozeService.java:222)
10-08 20:37:14.606  1678  1678 D PanelView: 	at android.service.dreams.DreamService.lambda$attach$0$android-service-dreams-DreamService(DreamService.java:1306)
10-08 20:37:14.606  1678  1678 D PanelView: 	at android.service.dreams.DreamService$$ExternalSyntheticLambda0.run(Unknown Source:4)
10-08 20:37:14.606  1678  1678 D PanelView: 	at android.service.dreams.DreamService.attach(DreamService.java:1339)
10-08 20:37:14.606  1678  1678 D PanelView: 	at android.service.dreams.DreamService.-$$Nest$mattach(Unknown Source:0)
10-08 20:37:14.606  1678  1678 D PanelView: 	at android.service.dreams.DreamService$DreamServiceWrapper.lambda$attach$0$android-service-dreams-DreamService$DreamServiceWrapper(DreamService.java:1493)
10-08 20:37:14.606  1678  1678 D PanelView: 	at android.service.dreams.DreamService$DreamServiceWrapper$$ExternalSyntheticLambda1.run(Unknown Source:8)
10-08 20:37:14.606  1678  1678 D PanelView: 	at android.os.Handler.handleCallback(Handler.java:942)
10-08 20:37:14.606  1678  1678 D PanelView: 	at android.os.Handler.dispatchMessage(Handler.java:99)
10-08 20:37:14.606  1678  1678 D PanelView: 	at android.os.Looper.loopOnce(Looper.java:226)
10-08 20:37:14.606  1678  1678 D PanelView: 	at android.os.Looper.loop(Looper.java:313)
10-08 20:37:14.606  1678  1678 D PanelView: 	at android.app.ActivityThread.main(ActivityThread.java:8762)
10-08 20:37:14.606  1678  1678 D PanelView: 	at java.lang.reflect.Method.invoke(Native Method)
10-08 20:37:14.606  1678  1678 D PanelView: 	at com.android.internal.os.RuntimeInit$MethodAndArgsCaller.run(RuntimeInit.java:604)
10-08 20:37:14.606  1678  1678 D PanelView: 	at com.android.internal.os.ZygoteInit.main(ZygoteInit.java:1067)
10-08 20:37:14.606  1678  1678 D KeyguardEditModeAnimatorController: dismissEditActivity false
10-08 20:37:14.606  1678  1678 V SecQsTransitionAnimator: restorePanelView
10-08 20:37:14.606  1678  1678 D MultiSIMPreferredSlotBar: setExpanded : false mShowing : false
10-08 20:37:14.606  1678  1678 D MultiSIMController: unRegisterSimCardManagerCallback : mSimCardManagerService is null 
10-08 20:37:14.608  1678  1678 D MultiSIMPreferredSlotBar: setExpanded : false mShowing : false
10-08 20:37:14.608  1678  1678 D MultiSIMController: unRegisterSimCardManagerCallback : mSimCardManagerService is null 
10-08 20:37:14.608  1678  1678 D PanelView: onBarStateChanged() to 1
10-08 20:37:14.608  1678  1678 D PluginLockDelegateApp: onBarStateChanged 
10-08 20:37:14.608  1678  1678 I DymLock|DynamicLockManager: setBarState() state[1] mIsScreenOn[true]
10-08 20:37:14.608  1678  1678 V SecQsTransitionAnimator: restorePanelView
10-08 20:37:14.608  1678  1678 D MultiSIMPreferredSlotBar: setExpanded : false mShowing : false
10-08 20:37:14.608  1678  1678 D MultiSIMController: unRegisterSimCardManagerCallback : mSimCardManagerService is null 
10-08 20:37:14.608  1678  1678 D SecQSFragmentAnimator_QSCinema: [barState:1] qsExpanded:false, qsFullyExpanded:false, qsExpansionPosition:0, qsExpandImmediate:false, qsCollapsingWhilePanelClosing:false &&&  panelExpansionFraction:0, panelExpansionDragDownPxAmount:0 ***   panelExpanded:false, panelExpanding:false %%%   barState:0, overScrolling:false, userId:-1, isRunningPanelOnHeightAnimation:false
10-08 20:37:14.608  1678  1678 V QsExpandAnimator: onStateChanged
10-08 20:37:14.609  1678  1678 D SecPanelLogger: updateExpansionHeight(869 >> 147)
10-08 20:37:14.609  1678  1678 V QsExpandAnimator: setQsExpansionPosition 0.0
10-08 20:37:14.609  1678  1678 D SecQpScrimControlHelper:  secVisible?false (scrimState:AOD) (1stFrc:0, 2ndFrc:0, drgDown:0, PanelEx:false)   (dlyGed:0, dlySec:0)   [N(0|ff000000)-B(0|ff000000)]   (expanded:false, tracking:false, qsBottomVisible:false)   thm(a:1, rtEnabled:false) park(panel_on?false)   kgd(fw:false, gw:false, ocl:false)   (assetsSeq:0, themeSeq:0, uiMode:33)   GED[F(1|ff000000)-N(0|0)-B(1,|ff000000)-Duration:600], caller:setQsPosition()
10-08 20:37:14.609  1678  1678 I FaceWidgetPositionAlgorithm: setup() mStatusBarHeight = 74, mDarkAmount = 1.0, mQsTopPadding = 1269, notificationStackHeight = 53, mPanelExpansion = 0.0, mHeight = 2400, mFaceWidgetContainerHeight = 333, mCurrentClockType = 2, notificationType = 1, hasVisibleNotifs = false
10-08 20:37:14.609  1678  1678 I FaceWidgetPositionAlgorithm: getMediaContainerHeight() height = 456 container Visibility = 8, isValid = true, mIsDozing = true, fraction = 1.0, source = 0, target = 0
10-08 20:37:14.609  1678  1678 I FaceWidgetPositionAlgorithm: getMediaContainerHeight() supplier = 0
10-08 20:37:14.609  1678  1678 I FaceWidgetPositionAlgorithm: getClockContainerHeight() supplier = 270, bottom margin = 0, real height = 333
10-08 20:37:14.610  1678  1678 I FaceWidgetPositionAlgorithm: run() clockX = 0, clockY = 480, clockAlpha = 1.0, stackScrollerPadding(expand=false) = 813, centerAlignClockType = true, iconTypeTranslationY = 792, position List = [Point(0, 480), Point(0, 813), Point(0, 0)], clockContainerHeight = 333, mediaContainerHeight = 0, diffMarginBetweenDetailAndNIO = -21
10-08 20:37:14.610  1678  1678 V SecQsTransitionAnimator: restorePanelView
10-08 20:37:14.611  1678  1678 W NotificationEntryMgr: While running New Pipeline: updateNotifications(reason=CentralSurfaces state changed)
10-08 20:37:14.611  1678  1678 D SecPanelLogger: makeExpandedVisible(force:true) mExpandedVisible:false, panelsEnabled: true
10-08 20:37:14.611  1678  1678 D CentralSurfaces: Received new disable state: enaihbcrsokt.qingr (unchanged)
10-08 20:37:14.611  1678  1678 D SecPanelLogger: makeExpandedVisible(force:false) mExpandedVisible:true, panelsEnabled: true
10-08 20:37:14.611  1678  1678 D KeyguardVisible: go panelState: CLOSED -> OPENING tracking=false, expanded=false, fraction=0.0
10-08 20:37:14.612  1678  1678 D KeyguardVisible: go panelState: OPENING -> OPENING tracking=false, expanded=true, fraction=0.0
10-08 20:37:14.612  1678  1678 D PanelView: shouldPanelBeVisible true / headUpVisible=false, why=-1
10-08 20:37:14.612  1678  1678 D CentralSurfaces: Received new disable state: enaihbcrsokt.qingr (unchanged)
10-08 20:37:14.612  1678  1678 D KeyguardWallpaperController: mWallpaperView.reset()
10-08 20:37:14.612  1678  1678 D DozeScreenState: transitionTo INITIALIZED shouldWaitForTransitionToAodUi : false
10-08 20:37:14.612  1678  1678 D DozeScreenState: setDozeScreenState(1, shouldWaitForTransitionToAodUi = false)
10-08 20:37:14.613  1173  1558 D PowerManagerService: [api] setDozeOverrideFromDreamManager: screenState: OFF mode: 0x10002 screenBrightness: -1 shouldWait: false
10-08 20:37:14.613  1173  1558 D PowerManagerService: [api] acquire WakeLock DOZE_WAKE_LOCK                 'DreamManagerService' (uid=1000 pid=1173 displayId=-1 lock=26eb5d4)
10-08 20:37:14.613  1173  1558 D PowerManagerService: displayReady: false groupId=0
10-08 20:37:14.613  1173  1297 D DisplayPowerController[0]: animateScreenStateChange: target=1, mLogicalDisplay.isEnabled()=true
10-08 20:37:14.613  1173  1297 D PowerManagerService: [PWL] sb acquire: PowerManagerService.Display
10-08 20:37:14.613  3767  3767 I ViewRootImpl@398488e[CocktailBarService]: performTraversals mFirst=false windowShouldResize=false viewVisibilityChanged=true mForceNextWindowRelayout=false params=null
10-08 20:37:14.614   846   846 I Layer   : Layer [com.samsung.android.app.cocktailbarservice/com.samsung.android.app.cocktailbarservice.CocktailBarService$_3767#31373] hidden!! flag(1)
10-08 20:37:14.614  1173  3655 V WindowManager: Relayout Window{47ac2bf u0 com.samsung.android.app.cocktailbarservice/com.samsung.android.app.cocktailbarservice.CocktailBarService}: viewVisibility=8 req=67x342 d0
10-08 20:37:14.614  1173  3655 E WindowManager: win=Window{47ac2bf u0 com.samsung.android.app.cocktailbarservice/com.samsung.android.app.cocktailbarservice.CocktailBarService} destroySurfaces: appStopped=true cleanupOnResume=false win.mWindowRemovalAllowed=false win.mRemoveOnExit=false win.mViewVisibility=8 caller=com.android.server.wm.WindowManagerService.tryStartExitingAnimation:3016 com.android.server.wm.WindowManagerService.relayoutWindow:2727 com.android.server.wm.Session.relayout:274 android.view.IWindowSession$Stub.onTransact:779 com.android.server.wm.Session.onTransact:188 android.os.Binder.execTransactInternal:1316 android.os.Binder.execTransact:1280 
10-08 20:37:14.615  1173  3655 I WindowManager: Destroying surface Surface(name=com.samsung.android.app.cocktailbarservice/com.samsung.android.app.cocktailbarservice.CocktailBarService$_3767)/@0x1d4180e called by com.android.server.wm.WindowStateAnimator.destroySurface:942 com.android.server.wm.WindowStateAnimator.destroySurfaceLocked:536 com.android.server.wm.WindowState.destroySurfaceUnchecked:4309 com.android.server.wm.WindowState.destroySurface:4283 com.android.server.wm.WindowManagerService.tryStartExitingAnimation:3016 com.android.server.wm.WindowManagerService.relayoutWindow:2727 com.android.server.wm.Session.relayout:274 android.view.IWindowSession$Stub.onTransact:779 
10-08 20:37:14.615  1173  1297 D PowerManagerService: displayReady: true groupId=0
10-08 20:37:14.615  1173  1297 D PowerManagerService: [PWL] sb acquire: PowerManagerService.Broadcasts
10-08 20:37:14.616  1678  1678 D DozeService: startAlwaysOnDisplay: mAODPlugin=com.samsung.android.app.aodservice.plugin.PluginAODImpl@b2ab14 unlockedState=true occlude=false screenOffMemoRunning=false bouncerFullyShown=false
10-08 20:37:14.616  1173  1173 I WindowManager: Finished going to sleep... (why=OFF_BECAUSE_OF_TIMEOUT)
10-08 20:37:14.616  1678  1678 I PluginAODImpl: onDreamingStarted()
10-08 20:37:14.616  1678  1678 I AlwaysOnDisplayEx: !@AlwaysOnDisplayEx: onStart hashCode=100661131
10-08 20:37:14.616  1678  1678 I AlwaysOnDisplayEx: updateClockTransitionNeeds = false
10-08 20:37:14.616  1173  1297 D PowerManagerService: [PWL] sb release: PowerManagerService.Display
10-08 20:37:14.617  1678  1678 I AODCommonSettingsUtils: tap to show enable. return 0 to work as show always : true
10-08 20:37:14.617  1678  1678 I AODCommonSettingsUtils: tap to show enable. return 0 to work as show always : false
10-08 20:37:14.617  1678  1678 I AODCommonUtils: updateLockScreenState
10-08 20:37:14.618  1173  1558 D DARUtil : Device owner status not updated yet...
10-08 20:37:14.618  1173  1558 D DARUtil : Not an enterprise user : 0
10-08 20:37:14.618  1173  1558 D DARUtil : Device owner status not updated yet...
10-08 20:37:14.618  1173  1558 D DARUtil : Not an enterprise user : 0
10-08 20:37:14.618  1678  1678 I CommonUtils: isNetworkRoaming id=1
10-08 20:37:14.618  1678  1678 I CommonUtils: isNetworkRoaming: false
10-08 20:37:14.619  1678  1678 I AOD_CONFIG@AODCommonUtils: isMirrorDisplayExist : [NONE]
10-08 20:37:14.619  1678  1678 I CommonUtils: isNetworkRoaming id=1
10-08 20:37:14.619  1678  1678 I CommonUtils: isNetworkRoaming: false
10-08 20:37:14.619  1678  2551 D KeyguardViewMediator: onFinishedGoingToSleep(3)
10-08 20:37:14.619  1173  3655 V WindowManager: Relayout hash=47ac2bf, pid=3767, syncId=-1: mAttrs={(0,349)(67x342) gr=TOP RIGHT CENTER sim={adjust=nothing} layoutInDisplayCutoutMode=shortEdges ty=2226 fmt=TRANSPARENT
10-08 20:37:14.619  1173  3655 V WindowManager:   fl=81800508
10-08 20:37:14.619  1173  3655 V WindowManager:   pfl=2000050
10-08 20:37:14.619  1173  3655 V WindowManager:   bhv=SHOW_TRANSIENT_BARS_BY_SWIPE
10-08 20:37:14.619  1173  3655 V WindowManager:   fitTypes=NAVIGATION_BARS CAPTION_BAR
