10-08 20:35:34.113  1173  1594 D SemNscXgbMsL1: Probability - Non real time: [0.5884403]
10-08 20:35:34.113  1173  1594 D SemNscXgbMsL1: 1 sample inference time: 0.965924 msecs
10-08 20:35:34.114  1173  1594 D SemNscXgbL2Rt: L2 RT 1 sample inference time: 1.042885 msecs
10-08 20:35:34.115  1173  1594 D SemNscXgbL2Nrt: L2 NRT 1 sample inference time: 1.115654 msecs
10-08 20:35:34.115  1173  1277 I SemExecuteManagerService: onShortcutChanged: com.samsung.android.messaging0
10-08 20:35:34.127 13453 13453 D nativeloader: InitDefaultPublicLibraries for_preload=1: libandroid.so:libaaudio.so:libamidi.so:libbinder_ndk.so:libc.so:libcamera2ndk.so:libdl.so:libEGL.so:libGLESv1_CM.so:libGLESv2.so:libGLESv3.so:libicu.so:libicui18n.so:libicuuc.so:libjnigraphics.so:liblog.so:libmediandk.so:libm.so:libnativehelper.so:libnativewindow.so:libOpenMAXAL.so:libOpenSLES.so:libRS.so:libstdc++.so:libsync.so:libvulkan.so:libwebviewchromium_plat_support.so:libz.so
10-08 20:35:34.139 13453 13453 D nativeloader: Load libicu_jni.so using APEX ns com_android_art for caller /apex/com.android.art/javalib/core-oj.jar: ok
10-08 20:35:34.139 13453 13453 D app_process: Time zone APEX ICU file found: /apex/com.android.tzdata/etc/icu/icu_tzdata.dat
10-08 20:35:34.139 13453 13453 D app_process: I18n APEX ICU file found: /apex/com.android.i18n/etc/icu/icudt70l.dat
10-08 20:35:34.140 13453 13453 D nativeloader: Load libjavacore.so using APEX ns com_android_art for caller /apex/com.android.art/javalib/core-oj.jar: ok
10-08 20:35:34.141 13453 13453 D nativeloader: Load libopenjdk.so using APEX ns com_android_art for caller /apex/com.android.art/javalib/core-oj.jar: ok
10-08 20:35:34.159 13453 13453 E SemDvfsManager_JNI: SemDvfsManager: registerfunction enter
10-08 20:35:34.159 13453 13453 E SemAffinityControl: SemAffinityControl: registerfunction enter
10-08 20:35:34.169 13453 13453 D nativeloader: Load libframework-connectivity-tiramisu-jni.so using APEX ns com_android_tethering for caller /apex/com.android.tethering/javalib/framework-connectivity-t.jar: ok
10-08 20:35:34.169 13453 13453 D AndroidRuntime: Calling main entry com.android.commands.content.Content
10-08 20:35:34.170 13453 13453 D AndroidRuntime: Shutting down VM
10-08 20:35:34.243  1173  1270 D SettingsProvider: isChangeAllowed() : name = enabled_notification_listeners
10-08 20:35:34.338  1173  1271 I AppOps  : updateUidProcState uid: 10044 procState: 5 capability:15
10-08 20:35:34.343   971  3128 I CameraService: onUidStateChanged: uid=10044, procState is changed. (1 -> 5)
10-08 20:35:34.404  1041  1681 I bauth_FPBAuthService: pcf : 0x1012, 0 ,1 ,0 ,0 ,0 ,0, 7.0.0.0
10-08 20:35:34.404  1041  1681 I bauth_FPBAuthService: thread id : 1, preenroll_flag : 0, nd cnt : 0, cso : 0, et : 0
10-08 20:35:34.404  1041  1681 I bauth_FPBAuthService: FPBAuthService, 11511
10-08 20:35:34.422  2066 13445 I SecHAL  : device_sleep: NFC can be going to sleep
10-08 20:35:34.617  1173  1594 D SemNscXgbMsL1: Probability - Cloud gaming: [0.020608101]
10-08 20:35:34.617  1173  1594 D SemNscXgbMsL1: Probability - Real time: [0.29154694]
10-08 20:35:34.618  1173  1594 D SemNscXgbMsL1: Probability - Non real time: [0.86094683]
10-08 20:35:34.618  1173  1594 D SemNscXgbMsL1: 1 sample inference time: 1.5245 msecs
10-08 20:35:34.621  1173  1594 D SemNscXgbL2Rt: L2 RT 1 sample inference time: 3.076462 msecs
10-08 20:35:34.623  1173  1594 D SemNscXgbL2Nrt: L2 NRT 1 sample inference time: 1.894077 msecs
10-08 20:35:35.126  1173  1594 D SemNscXgbMsL1: Probability - Cloud gaming: [0.048153542]
10-08 20:35:35.127  1173  1594 D SemNscXgbMsL1: Probability - Real time: [0.1382261]
10-08 20:35:35.127  1173  1594 D SemNscXgbMsL1: Probability - Non real time: [0.82566553]
10-08 20:35:35.127  1173  1594 D SemNscXgbMsL1: 1 sample inference time: 1.834847 msecs
10-08 20:35:35.130  1173  1594 D SemNscXgbL2Rt: L2 RT 1 sample inference time: 2.962154 msecs
10-08 20:35:35.134  1173  1594 D SemNscXgbL2Nrt: L2 NRT 1 sample inference time: 2.581808 msecs
10-08 20:35:35.405  1041  1681 I bauth_FPBAuthService: pcf : 0x1012, 0 ,1 ,0 ,0 ,0 ,0, 7.0.0.0
10-08 20:35:35.405  1041  1681 I bauth_FPBAuthService: thread id : 1, preenroll_flag : 0, nd cnt : 0, cso : 0, et : 0
10-08 20:35:35.405  1041  1681 I bauth_FPBAuthService: FPBAuthService, 11511
10-08 20:35:35.681   546   546 D io_stats: !@   8,0 r 4439644 114124136 w 3926767 45136908 d 1343677 65113400 f 0 0 iot 2083212 0 th 0 0 0 pt 0 inp 0 0 112436.130
10-08 20:35:35.923  1678  1678 D KeyguardSecIndicationPolicy:  remove Item pos = DEFAULT                             , id =  6168, 
10-08 20:35:35.925  1678  1678 D KeyguardSecIndicationPolicy:  remove Item pos = DEFAULT                             , id =  6170, 
10-08 20:35:36.103  1173  1594 D SemNscXgbMsL1: Probability - Cloud gaming: [0.13619488]
10-08 20:35:36.104  1173  1594 D SemNscXgbMsL1: Probability - Real time: [0.09655827]
10-08 20:35:36.104  1173  1594 D SemNscXgbMsL1: Probability - Non real time: [0.8672844]
10-08 20:35:36.104  1173  1594 D SemNscXgbMsL1: 1 sample inference time: 1.551692 msecs
10-08 20:35:36.107  1173  1594 D SemNscXgbL2Rt: L2 RT 1 sample inference time: 3.097192 msecs
10-08 20:35:36.110  1173  1594 D SemNscXgbL2Nrt: L2 NRT 1 sample inference time: 2.258692 msecs
10-08 20:35:36.155   829   994 I EDEN    : [Exynos][EDEN][v1.6.23][SERVICE] processAliveMointorMain:253: Try to check pid=(784)...
10-08 20:35:36.405  1041  1681 I bauth_FPBAuthService: pcf : 0x1012, 0 ,1 ,0 ,0 ,0 ,0, 7.0.0.0
10-08 20:35:36.405  1041  1681 I bauth_FPBAuthService: thread id : 1, preenroll_flag : 0, nd cnt : 0, cso : 0, et : 0
10-08 20:35:36.405  1041  1681 I bauth_FPBAuthService: FPBAuthService, 11511
10-08 20:35:36.473  8339 13464 E adbd    : error reading output FD 28: Connection reset by peer
10-08 20:35:36.611  1173  1594 D SemNscXgbMsL1: Probability - Cloud gaming: [0.04415229]
10-08 20:35:36.612  1173  1594 D SemNscXgbMsL1: Probability - Real time: [0.10864212]
10-08 20:35:36.612  1173  1594 D SemNscXgbMsL1: Probability - Non real time: [0.915227]
10-08 20:35:36.613  1173  1594 D SemNscXgbMsL1: 1 sample inference time: 1.560808 msecs
10-08 20:35:36.616  1173  1594 D SemNscXgbL2Rt: L2 RT 1 sample inference time: 3.629039 msecs
10-08 20:35:36.619  1173  1594 D SemNscXgbL2Nrt: L2 NRT 1 sample inference time: 2.265423 msecs
10-08 20:35:37.121  1173  1594 D SemNscXgbMsL1: Probability - Cloud gaming: [0.04415229]
10-08 20:35:37.121  1173  1594 D SemNscXgbMsL1: Probability - Real time: [0.10864212]
10-08 20:35:37.122  1173  1594 D SemNscXgbMsL1: Probability - Non real time: [0.915227]
10-08 20:35:37.122  1173  1594 D SemNscXgbMsL1: 1 sample inference time: 1.61273 msecs
10-08 20:35:37.125  1173  1594 D SemNscXgbL2Rt: L2 RT 1 sample inference time: 3.165769 msecs
10-08 20:35:37.128  1173  1594 D SemNscXgbL2Nrt: L2 NRT 1 sample inference time: 2.612654 msecs
10-08 20:35:37.128  1173  1594 I SemWifiServiceDetector: NSD results: [0, 1, 2, 0, 0, 1, 0, 1, 0] Traff. type 1 Thr 0
10-08 20:35:37.131  1173  1597 D SemWifiOptimizer: enable=0 state=0x10 prev=0x10 new=0x00 force=0 mode=0
10-08 20:35:37.353  1173  1460 D ActivityTaskManager: SafeActivityOptions created, mOriginalCallingPid=1173, mOriginalCallingUid=1000, options=ActivityOptions(267280129), mPackageName=null, mAnimationType=-1, mStartX=0, mStartY=0, mWidth=0, mHeight=0, caller=com.android.server.am.PendingIntentRecord.sendInner:486 com.android.server.am.ActivityManagerService.sendIntentSender:6624 com.android.server.am.ActivityManagerService.sendIntentSender:6613 android.app.PendingIntent.sendAndReturnResult:1029 android.app.PendingIntent.send:1000 com.android.server.alarm.AlarmManagerService$DeliveryTracker.deliverLocked:6377 com.android.server.alarm.AlarmManagerService.deliverAlarmsLocked:5218 
10-08 20:35:37.354  1173  1460 D ActivityManager: Received BROADCAST intent 0x15352c6 Key{broadcastIntent pkg=com.android.systemui intent=act=com.android.internal.policy.impl.PhoneWindowManager.DELAYED_KEYGUARD flg=0x10000000 pkg=com.android.systemui flags=0x4000000 u=0} requestCode=0 sent=0 from uid 1000
10-08 20:35:37.376  1678  1678 D KeyguardViewMediator: received DELAYED_KEYGUARD_ACTION with seq = 663, mDelayedShowingSequence = 663
10-08 20:35:37.377  1678  1678 D KeyguardUpdateMonitor: isUserUnlocked userId:0, unlocked:true
10-08 20:35:37.377  1678  1678 D FactoryTest: checkAutomationTestOption() : option=0
10-08 20:35:37.378  1678  1678 D FactoryTest: checkAutomationTestOption() : mode_screenlock=0
10-08 20:35:37.379  1678  1678 D KeyguardViewMediator: doKeyguard: showing the lock screen
10-08 20:35:37.379  1678  1678 D KeyguardViewMediator: showLocked
10-08 20:35:37.399  1173  2513 D FreecessController: UFZ : com.google.android.gm(1310)
10-08 20:35:37.399  1678  1678 D KeyguardViewMediator: handleMessage 1
10-08 20:35:37.401  1678  1678 D KeyguardSurface: restoreKeyguardSurface surfaceParam=android.view.SyncRtSurfaceTransactionApplier$SurfaceParams@aa9003b restored=true
10-08 20:35:37.402  1678  1678 D KeyguardViewMediator: handleShow
10-08 20:35:37.403  1173  2543 W LocationManagerService: onFreezeStateChanged, uid[10245]=false
10-08 20:35:37.403  1173  2513 D FreecessController: UFZ : com.google.android.gm(0), reason: Binder(1)-free_buffer_full
10-08 20:35:37.403  1678  1678 I KeyguardViewMediator: setLockScreenShown true true
10-08 20:35:37.405  1678  1678 D BubblesManager: onKeyguardShowingChanged: isUnlockedShade=false
10-08 20:35:37.406  1678  1678 D KeyguardSecAffordanceView: reset right:false
10-08 20:35:37.406  1678  1678 D KeyguardSecAffordanceView: reset right:true
10-08 20:35:37.407  1041  1681 I bauth_FPBAuthService: pcf : 0x1012, 0 ,1 ,0 ,0 ,0 ,0, 7.0.0.0
10-08 20:35:37.407  1041  1681 I bauth_FPBAuthService: thread id : 1, preenroll_flag : 0, nd cnt : 0, cso : 0, et : 0
10-08 20:35:37.407  1041  1681 I bauth_FPBAuthService: FPBAuthService, 11511
10-08 20:35:37.407  1678  1678 D SecQSFragmentAnimator_QSCinema: [panelExpanding:true] qsExpanded:false, qsFullyExpanded:false, qsExpansionPosition:0, qsExpandImmediate:false, qsCollapsingWhilePanelClosing:false &&&  panelExpansionFraction:1, panelExpansionDragDownPxAmount:892 ***   panelExpanded:true, panelExpanding:false %%%   barState:1, overScrolling:false, userId:-1, isRunningPanelOnHeightAnimation:false
10-08 20:35:37.408  1173  2543 I PowerManagerService: [PWL] SetWakeLockEnableDisable uid = 10245 , disable= false
10-08 20:35:37.408  1173  2543 I PowerManagerService: [PWL] can not change uid =  10245
10-08 20:35:37.409  2080 25548 I TouchInteractionService: onSystemUiStateChanged, stateFlags : 2097222 |navbar_hidden|notif_visible|keygrd_visible|device_dozing|
10-08 20:35:37.409  1678  1678 I FaceWidgetPositionAlgorithm: getClockContainerHeight() supplier = 270, bottom margin = 63, real height = 333
10-08 20:35:37.409  1678  1678 I FaceWidgetPositionAlgorithm: getMediaContainerHeight() height = 456 container Visibility = 8, isValid = true, mIsDozing = true, fraction = 1.0, source = 0, target = 0
10-08 20:35:37.410  1678  1678 I FaceWidgetPositionAlgorithm: getMediaContainerHeight() supplier = 0
10-08 20:35:37.410  1678  1678 I FaceWidgetPositionAlgorithm: getClockContainerHeight() supplier = 270, bottom margin = 0, real height = 333
10-08 20:35:37.410  1678  1727 D Bubbles : onStatusBarStateChanged:mIsStatusBarShade=false
10-08 20:35:37.410  1678  1727 D Bubbles : setExpanded: false
10-08 20:35:37.410  1678  1727 D Bubbles : setExpandedInternal: shouldExpand=false
10-08 20:35:37.410  1678  1678 D KeyguardTouchAnimator: reset unlockExecuted=false
10-08 20:35:37.410  1678  1678 D KeyguardEditModeAnimatorController: reset true
10-08 20:35:37.410  1678  1678 D KeyguardTouchAnimator: resetChildViewVI(): false
10-08 20:35:37.410  1678  1678 D KeyguardTouchDymLockInjector: resetDynamicLock mIsDynamicLockEnabled: false
10-08 20:35:37.410  1678  1678 D SecPanelLogger: makeExpandedVisible(force:true) mExpandedVisible:true, panelsEnabled: true
10-08 20:35:37.410  1678  1678 D CentralSurfaces: Received new disable state: enaihbcrsokt.qingr (unchanged)
10-08 20:35:37.411  1678  1678 D CentralSurfaces: Received new disable state: enaihbcrsokt.qingr (unchanged)
10-08 20:35:37.411  1678  1678 D SecPanelLogger: makeExpandedVisible(force:true) mExpandedVisible:true, panelsEnabled: true
10-08 20:35:37.411  1678  1678 D CentralSurfaces: Received new disable state: enaihbcrsokt.qingr (unchanged)
10-08 20:35:37.411  1678  1678 D CentralSurfaces: Received new disable state: enaihbcrsokt.qingr (unchanged)
10-08 20:35:37.411  1678  1824 D Tile.WifiTile: handleUpdateState isTransient=false transientEnabling =false cb.isTransient=false state.state = 2 mStateBeforeClick.value =false enabled =true
10-08 20:35:37.411  1678  1678 D KeyguardWallpaperController: mWallpaperView.reset()
10-08 20:35:37.412  1678  1824 W Settings: Setting all_sound_off has moved from android.provider.Settings.System to android.provider.Settings.Global, returning read-only value.
10-08 20:35:37.413  1173  1173 D PersonaServiceHelper: isDualDAREnabled result : false
10-08 20:35:37.413  1173  1173 I FaceService: getAuthenticatorId called from pid=1173 [0][1] 
10-08 20:35:37.413  1678  1678 E ThemeUtils: View class com.airbnb.lottie.LottieAnimationView is an AppCompat widget that can only be used with a Theme.AppCompat theme (or descendant).
10-08 20:35:37.413  1173  1173 D BiometricService: Sensor ID(1), oemStrength: 255, updatedStrength: 255, modality 8, state: 0, cookie: 0, sensorId 1, hasEnrollments: false cannot participate in Keystore operations
10-08 20:35:37.414  1173  1271 D UsbHostRestrictor: onKeyguardStateChanged: Screen Lock On
10-08 20:35:37.414  1678  1824 D Tile.BluetoothTile:  handleUpdateState enabled = true connected = false connecting = false changedState =false bluetoothState = 12 enabledChanging = false state = BooleanState[spec=Bluetooth,icon=ResourceIcon[resId=0x7f0809bd],iconSupplier=null,label=Bluetooth,secondaryLabel=null,contentDescription=Bluetooth,On,stateDescription=null,dualLabelContentDescription=Connected to Bluetooth.,expandedAccessibilityClassName=null,disabledByPolicy=false,dualTarget=true,isTransient=false,state=2,slash="null",sideViewCustomDrawable=null,tileClassName=null,value=true,forceExpandIcon=false]
10-08 20:35:37.415  1173  1271 D UsbHostRestrictor: Write ScrLck Block FILE
10-08 20:35:37.415  1173  1271 V UsbDeviceManager: onKeyguardStateChanged: isShowing:true secure:true user:0
10-08 20:35:37.416  2080  2080 I RecentsAnimationDeviceState: setSystemUiFlags, stateFlags : 2097222
10-08 20:35:37.416  2080  2080 I TouchInteractionService: onSystemUiFlagsChanged, lastSysUIFlags : 2097158
10-08 20:35:37.417   563  7870 I keystore2: keystore2::authorization: on_lock_screen_event(LockScreenEvent(1), user_id=0, password.is_some()=false, unlocking_sids=Some([7954249093418535510]))
10-08 20:35:37.417   563  7870 I keystore2: keystore2::super_key: Locking screen bound for user 0 sids [7954249093418535510]
10-08 20:35:37.417   564   564 W keymaster_tee: [WRN]start nwd_import_key
10-08 20:35:37.418  1678  1678 W Settings: Setting accessibility_reduce_transparency has moved from android.provider.Settings.System to android.provider.Settings.Global, returning read-only global URI.
10-08 20:35:37.418  1678  1678 V SettingsHelper: *** register listener for com.android.systemui.widget.SystemUITextView$BlurSettingsListener@c9ef34
10-08 20:35:37.418  1678  1678 D SystemUITextView: mOriginalFontSizeDp 14.095238  com.android.systemui.widget.SystemUITextView{314e15d G.ED..... ......I. 0,0-0,0 #7f0b044c app:id/keyguard_biometric_error_text}
10-08 20:35:37.418  1678  1678 W Settings: Setting accessibility_reduce_transparency has moved from android.provider.Settings.System to android.provider.Settings.Global, returning read-only global URI.
10-08 20:35:37.419  1678  1678 V SettingsHelper: *** register listener for com.android.systemui.widget.SystemUITextView$BlurSettingsListener@77c7ad2
10-08 20:35:37.419  1678  1678 D SystemUITextView: mOriginalFontSizeDp 14.095238  com.android.systemui.widget.SystemUITextView{dd877a3 G.ED..... ......I. 0,0-0,0 #7f0b0136 app:id/biometric_timeout_message}
10-08 20:35:37.419   564   564 W keymaster_tee: [WRN]ret OK PARAMS: A32 AT2 P1 B32 P1 TO15 CN1 S256 2025.10.08,20:35:37.417 
10-08 20:35:37.419  1173  1268 D UsbDeviceManager: handleMessage -> MSG_UPDATE_SCREEN_LOCK: mScreenLocked=true
10-08 20:35:37.420  1678  1824 D Tile.RotationLockTile:  handleUpdateState: false orientation = true
10-08 20:35:37.420  1173  1513 D StorageManagerService: handleMessage -> H_KEYGUARD_CHANGED isShowing=true
10-08 20:35:37.420  1678  1824 D NetworkController: IsPowerOffServiceState is false: 0
10-08 20:35:37.420  1678  1824 D Tile.AirplaneModeTile:  handleUpdateState: airplane mode is disabled : enter mSetting.getValue() == 0 mIsWiFiOnlyDevice false isNoSimState false !isPowerOffServiceState true
10-08 20:35:37.420  1678  1824 D Tile.AirplaneModeTile:  handleUpdateState:  value = false, state = 1
10-08 20:35:37.420  1678  1678 E SystemUIImageView: set Image Drawable!!
10-08 20:35:37.423  1678  1678 D WallpaperEventNotifier: sendUpdates: typesTobeNotified = [ | | | BACKGROUND | ]
10-08 20:35:37.423  1678  1678 D SystemUIImageView: updateStyle() flag=0,200 : com.android.systemui.widget.SystemUIImageView{8745791 V.ED..... ......ID 0,0-0,0 #7f0b016a app:id/bouncer_lock_icon}
10-08 20:35:37.423  1678  1678 D SystemUIImageView: apply style: default
10-08 20:35:37.423  1678  1678 D SystemUITextView: onAttachedToWindow mAttrCount = 8
10-08 20:35:37.423  1678  1678 D WallpaperEventNotifier: sendUpdates: typesTobeNotified = [ | | | BACKGROUND | ]
10-08 20:35:37.423  1678  1678 D SystemUITextView: onAttachedToWindow mAttrCount = 2
10-08 20:35:37.423  1678  1678 D WallpaperEventNotifier: sendUpdates: typesTobeNotified = [ | | | BACKGROUND | ]
10-08 20:35:37.424  1678  1678 D WallpaperEventNotifier: sendUpdates: typesTobeNotified = [ | | | BACKGROUND | ]
10-08 20:35:37.424  1678  1678 D SystemUIImageView: updateStyle() flag=0,200 : com.android.systemui.widget.SystemUIImageView{75da6f6 V.ED..... ......ID 0,0-0,0 #7f0b0450 app:id/keyguard_biometric_retry_icon}
10-08 20:35:37.424  1678  1678 D SystemUIImageView: apply style: default
10-08 20:35:37.424  1678  1678 D SystemUIImageView: set Image Drawable!!
10-08 20:35:37.425   563  7870 I keystore2: keystore2::database: In store_new_key "biometric_unlock_key_0", uid=1017, cert=false, cert_chain=false rebound=true
10-08 20:35:37.425  1678  1824 D KnoxStateMonitorImpl: removeCallback() callback=com.android.keyguard.CarrierTextManager$4@8f5dbcd
10-08 20:35:37.426  1678  1678 D EdmMonitor: MDM is not enabled...
10-08 20:35:37.426  1678  1678 V KeyguardUpdateMonitor: *** register callback for com.android.keyguard.KeyguardSecurityContainerController$5@8a68f93
10-08 20:35:37.426  1678  1678 V KeyguardUpdateMonitor: *** unregister callback for null
10-08 20:35:37.426  1678  1678 V KeyguardUpdateMonitor: *** register callback for com.android.keyguard.KeyguardSecSecurityContainerController$2@d5c1bd0
10-08 20:35:37.426  1678  1678 V KeyguardUpdateMonitor: *** unregister callback for null
10-08 20:35:37.427  1678  1678 V KeyguardUpdateMonitor: *** register callback for com.android.keyguard.biometrics.KeyguardBiometricViewController$keyguardUpdateMonitorCallback$1@39167c9
10-08 20:35:37.427  1678  1678 V KeyguardUpdateMonitor: *** unregister callback for null
10-08 20:35:37.427  1678  1678 V SettingsHelper: *** register listener for com.android.keyguard.biometrics.KeyguardBiometricViewController$settingsListener$1@fe9ece
10-08 20:35:37.427  1678  1824 D KnoxStateMonitorImpl: registerCallback() callback=com.android.keyguard.CarrierTextManager$4@8f5dbcd
10-08 20:35:37.427  1678  1824 D KnoxStateMonitorImpl: removeCallback() callback=null
10-08 20:35:37.428  1678  1678 V KeyguardUpdateMonitor: *** register callback for com.android.keyguard.KeyguardCarrierTextViewController$1@22091ef
10-08 20:35:37.428  1678  1678 V KeyguardUpdateMonitor: *** unregister callback for null
10-08 20:35:37.428  1678  1678 D IndicatorBasicGardener: com.android.keyguard.KeyguardCarrierTextViewController is done to update (IndicatorGardenModel) lp:72, lc:426, cc:85, rc:426, rp:72, h:74, ctm:true, ctms:16
10-08 20:35:37.428  1678  1678 W Settings: Setting airplane_mode_on has moved from android.provider.Settings.System to android.provider.Settings.Global, returning read-only global URI.
10-08 20:35:37.428  1678  1678 V KeyguardUpdateMonitor: *** register callback for com.android.keyguard.KeyguardHostViewController$1@22f24fc
10-08 20:35:37.428  1678  1678 V KeyguardUpdateMonitor: *** unregister callback for null
10-08 20:35:37.428  1173  1173 D SdpManagerImpl: onDeviceLocked : User 0
10-08 20:35:37.428  1173  1173 D DARUtil : Device owner status not updated yet...
10-08 20:35:37.428  1678  1678 V KeyguardSecurityView: showPrimarySecurityScreen(turningOff=false)
10-08 20:35:37.428  1678  1678 D KeyguardSecurityView: showSecurityScreen(Pattern)
10-08 20:35:37.428  1173  1173 D DARUtil : Not an enterprise user : 0
10-08 20:35:37.428  1678  1678 D KeyguardSecurityView: showSecurityScreen(Pattern)
10-08 20:35:37.428  1678  1678 W Settings: Setting airplane_mode_on has moved from android.provider.Settings.System to android.provider.Settings.Global, returning read-only global URI.
10-08 20:35:37.428  1678  1678 D KeyguardSecurityView: getLayoutIdFor securityMode = Pattern
10-08 20:35:37.428  1678  1678 V KeyguardSecurityView: inflating id = 2131624251
10-08 20:35:37.430  1678  1678 W Settings: Setting accessibility_reduce_transparency has moved from android.provider.Settings.System to android.provider.Settings.Global, returning read-only global URI.
10-08 20:35:37.430  1678  1678 V SettingsHelper: *** register listener for com.android.systemui.widget.SystemUITextView$BlurSettingsListener@7f51794
10-08 20:35:37.430  1678  1678 D SystemUITextView: mOriginalFontSizeDp 14.095238  com.android.systemui.widget.SystemUITextView{102523d V.ED..... ......I. 0,0-0,0 #7f0b03f1 app:id/hint_text}
10-08 20:35:37.430  1678  1678 W Settings: Setting accessibility_reduce_transparency has moved from android.provider.Settings.System to android.provider.Settings.Global, returning read-only global URI.
10-08 20:35:37.430  1678  1678 V SettingsHelper: *** register listener for com.android.systemui.widget.SystemUITextView$BlurSettingsListener@b39ca32
10-08 20:35:37.430  1678  1678 D SystemUITextView: mOriginalFontSizeDp 14.095238  com.android.systemui.widget.SystemUITextView{7e28383 G.ED..... ......I. 0,0-0,0 #7f0b08cf app:id/show_hint_text}
10-08 20:35:37.433  1678  1678 W Settings: Setting accessibility_reduce_transparency has moved from android.provider.Settings.System to android.provider.Settings.Global, returning read-only global URI.
10-08 20:35:37.433  1678  1678 V SettingsHelper: *** register listener for com.android.systemui.widget.SystemUITextView$BlurSettingsListener@1c6d539
10-08 20:35:37.433  1678  1678 D SystemUITextView: mOriginalFontSizeDp 17.904762  com.android.keyguard.KeyguardMessageArea{9b6577e IFED.V... ......ID 0,0-0,0 #7f0b047d app:id/keyguard_message_area}
10-08 20:35:37.433   563 13481 I keystore2: keystore2::gc: In process_one_key: Trying to invalidate key blob. Km(Not Support)
10-08 20:35:37.433  1678  1678 W Settings: Setting accessibility_reduce_transparency has moved from android.provider.Settings.System to android.provider.Settings.Global, returning read-only global URI.
10-08 20:35:37.433  1678  1678 V SettingsHelper: *** register listener for com.android.systemui.widget.SystemUITextView$BlurSettingsListener@a03c52c
10-08 20:35:37.433  1678  1678 D SystemUITextView: mOriginalFontSizeDp 12.952381  com.android.keyguard.KeyguardMessageArea{5b68bf5 IFED..... ......ID 0,0-0,0 #7f0b049c app:id/keyguard_sub_help_text}
10-08 20:35:37.435  1678  1678 W Settings: Setting accessibility_reduce_transparency has moved from android.provider.Settings.System to android.provider.Settings.Global, returning read-only global URI.
10-08 20:35:37.435  1678  1678 V SettingsHelper: *** register listener for com.android.systemui.widget.SystemUIButton$BlurSettingsListener@618d15c
10-08 20:35:37.435   565   565 I android.hardware.keymaster@4.0-impl_strong: StrongBox: hardware/samsung_slsi/exynos/ssp/strongbox_keymaster/strongbox_device/StrongboxKeymaster4Device.cpp: addRngEntropy: 320
10-08 20:35:37.437  1678  1678 W Settings: Setting accessibility_reduce_transparency has moved from android.provider.Settings.System to android.provider.Settings.Global, returning read-only global URI.
10-08 20:35:37.437  1678  1678 V SettingsHelper: *** register listener for com.android.systemui.widget.SystemUIButton$BlurSettingsListener@e790306
10-08 20:35:37.437  1678  1678 W Settings: Setting accessibility_reduce_transparency has moved from android.provider.Settings.System to android.provider.Settings.Global, returning read-only global URI.
10-08 20:35:37.437  1678  1678 V SettingsHelper: *** register listener for com.android.systemui.widget.SystemUIButton$BlurSettingsListener@51beff4
10-08 20:35:37.439  1678  1678 I KeyguardSecPatternView: onVisibilityChanged() visibility : 0
10-08 20:35:37.440  1678  1678 D SystemUITextView: onAttachedToWindow mAttrCount = 4
10-08 20:35:37.440  1678  1678 D WallpaperEventNotifier: sendUpdates: typesTobeNotified = [ | | | BACKGROUND | ]
10-08 20:35:37.440  1678  1678 D SystemUITextView: updateStyle() flag=0,200 : com.android.systemui.widget.SystemUITextView{102523d VFED..C.. ......I. 0,0-0,0 #7f0b03f1 app:id/hint_text}
10-08 20:35:37.445  1678  1678 D SFText  : clearAllTextEffect
10-08 20:35:37.446  1678  1678 E SystemUITextView: set Background Drawable!!
10-08 20:35:37.446  1678  1678 D SystemUITextView: onAttachedToWindow mAttrCount = 4
10-08 20:35:37.446  1678  1678 D WallpaperEventNotifier: sendUpdates: typesTobeNotified = [ | | | BACKGROUND | ]
10-08 20:35:37.446  1678  1678 D SystemUITextView: onAttachedToWindow mAttrCount = 3
10-08 20:35:37.446  1678  1678 D WallpaperEventNotifier: sendUpdates: typesTobeNotified = [ | | | BACKGROUND | ]
10-08 20:35:37.446  1678  1678 D SystemUITextView: onAttachedToWindow mAttrCount = 3
10-08 20:35:37.446  1678  1678 D WallpaperEventNotifier: sendUpdates: typesTobeNotified = [ | | | BACKGROUND | ]
10-08 20:35:37.446  1678  1678 D WallpaperEventNotifier: sendUpdates: typesTobeNotified = [ | | | BACKGROUND | ]
10-08 20:35:37.446  1678  1678 D SystemUIButton: updateStyle() flag=0,200 : com.android.keyguard.EmergencyButton{ab9b31d VFED..CL. ......I. 0,0-0,0 #7f0b0324 app:id/emergency_call_button_flex}
10-08 20:35:37.446  1678  1678 D SFText  : clearAllTextEffect
10-08 20:35:37.446  1678  1678 D WallpaperEventNotifier: sendUpdates: typesTobeNotified = [ | | | BACKGROUND | ]
10-08 20:35:37.446  1678  1678 D SystemUIButton: updateStyle() flag=0,200 : com.android.keyguard.EmergencyButton{b124992 VFED..CL. ......I. 0,0-0,0 #7f0b0323 app:id/emergency_call_button}
10-08 20:35:37.446  1678  1678 D SFText  : clearAllTextEffect
10-08 20:35:37.446  1678  1678 D WallpaperEventNotifier: sendUpdates: typesTobeNotified = [ | | | BACKGROUND | ]
10-08 20:35:37.446  1678  1678 W Settings: Setting airplane_mode_on has moved from android.provider.Settings.System to android.provider.Settings.Global, returning read-only global URI.
10-08 20:35:37.446  1173  2261 I Telecom:SamsungTelecomServiceImpl: isInCall - callingPackage : com.android.systemui
10-08 20:35:37.447  1678  1678 D EmergencyButton: updateEmergencyCallButton : secure
10-08 20:35:37.447  1678  1678 V KeyguardUpdateMonitor: *** register callback for com.android.keyguard.EmergencyButtonController$1@21fff63
10-08 20:35:37.447  1678  1678 V KeyguardUpdateMonitor: *** unregister callback for null
10-08 20:35:37.447  1173  2261 I Telecom:SamsungTelecomServiceImpl: isInCall - callingPackage : com.android.systemui
10-08 20:35:37.447  1678  1678 D EmergencyButton: updateEmergencyCallButton : secure
10-08 20:35:37.447  1173  2261 I Telecom:SamsungTelecomServiceImpl: isInCall - callingPackage : com.android.systemui
10-08 20:35:37.447  1678  1678 D EmergencyButton: updateEmergencyCallButton : secure
10-08 20:35:37.447  1678  1678 V KeyguardUpdateMonitor: *** register callback for com.android.keyguard.KeyguardMessageAreaController$1@1021760
10-08 20:35:37.447  1678  1678 V KeyguardUpdateMonitor: *** unregister callback for null
10-08 20:35:37.447  1678  1678 D WallpaperEventNotifier: sendUpdates: typesTobeNotified = [ | | | BACKGROUND | ]
10-08 20:35:37.451  1678  1678 D SemWallpaperColors: getColorThemeColor mColorTableList size : 3
10-08 20:35:37.451  1678  1678 D SemWallpaperColors: getColorThemeColor :512, 0, -6828813
10-08 20:35:37.451  1678  1678 D KeyguardSecPatternViewController: updateStyle theme color: -6828813
10-08 20:35:37.451  1678  1678 D SemWallpaperColors: getColorThemeColor :512, 0, -6828813
10-08 20:35:37.451  1678  1678 D SecLockPatternView: updateViewStyle whiteWp = false, open theme enabled = false, isSavingMode = false, isColorTheme = false, themeColor = #ff97ccf3, updateFlag = [ | | | BACKGROUND | ]
10-08 20:35:37.452  1173  2261 D PasswordPolicy: userHandle 0
10-08 20:35:37.453  1678  1678 D KeyguardSecPatternViewController: updateLayout rotation : 0
10-08 20:35:37.453  1678  1678 V KeyguardUpdateMonitor: *** register callback for com.android.keyguard.KeyguardSecPatternViewController$3@5436419
10-08 20:35:37.453  1678  1678 V KeyguardUpdateMonitor: *** unregister callback for null
10-08 20:35:37.453  1678  1678 D KnoxStateMonitorImpl: registerCallback() callback=com.android.keyguard.KeyguardSecPatternViewController$4@a876cde
10-08 20:35:37.453  1678  1678 D KnoxStateMonitorImpl: removeCallback() callback=null
10-08 20:35:37.453  1678  1678 D KeyguardSecPatternViewController: updateLayout rotation : 0
10-08 20:35:37.454   565   565 I StrongBox: StrongBox: ssp_hwctl_enable done. refcount(1)
10-08 20:35:37.455  1678  1678 D KeyguardUpdateMonitor: onKeyguardVisibilityChanged(v=false->true, s=false->true, o=false->false)
10-08 20:35:37.455  1678  1678 D BiometricUnlockCtrl: update biometric toast = false
10-08 20:35:37.455  1678  1678 D KeyguardWallpaperEventHandler: onKeyguardVisibilityChanged(), showing: true
10-08 20:35:37.455  1678  1678 D KeyguardWallpaperEventHandler: sendMessage(), what = 723 , obj = true , arg1 = -1 , arg2 = -1
10-08 20:35:37.455  1678  1678 D KeyguardSecBottomAreaView: mIndicationArea margin start : 63, end : 63, bottom : 197
10-08 20:35:37.455  1678  1966 I KeyguardWallpaperController: setKeyguardShowing() showing:true, mIsPendingTypeChange:false, mOccluded:false
10-08 20:35:37.455  1678  1678 V KeyguardStatusViewController: refresh statusview showing:true
10-08 20:35:37.456  1678  1678 I FaceWidgetWindowManager: onKeyguardVisibilityChanged() showing = true
10-08 20:35:37.456  1678  1678 D FaceWidgetAttribute: loadDimens()
10-08 20:35:37.456  1678  1678 I FaceWidgetPositionAlgorithm: getClockContainerHeight() supplier = 270, bottom margin = 63, real height = 333
10-08 20:35:37.456  1678  1678 I FaceWidgetPositionAlgorithm: getMediaContainerHeight() height = 456 container Visibility = 8, isValid = true, mIsDozing = true, fraction = 1.0, source = 0, target = 0
10-08 20:35:37.456  1678  1678 I FaceWidgetPositionAlgorithm: getMediaContainerHeight() supplier = 0
10-08 20:35:37.456  1678  1678 I FaceWidgetPositionAlgorithm: getClockContainerHeight() supplier = 270, bottom margin = 0, real height = 333
10-08 20:35:37.456  1678  1678 D FaceWidgetViewModel: updateInfoParameters(visibility) isAODState = false, clockSidePadding = (63, 63), musicSidePadding = (30, 30)
10-08 20:35:37.456  1678  1678 D FaceWidgetViewModel:  updateOwnerInfoVisible isKeyguardVisible true mIsDozing true
10-08 20:35:37.456  1678  1678 D FaceWidgetViewModel: shouldContainerVisible() reason = (visibility) true
10-08 20:35:37.457  1678  1678 D FaceWidgetMusicPageShownManager: Dozing
10-08 20:35:37.457  1678  1678 D FaceWidgetMusicPageShownManager: updateMusicPageShownState() show = false, reattach = false, reason = keyguard visibility
10-08 20:35:37.457  1678  1678 D FaceWidgetMusicPageShownManager: skip to show media panel
10-08 20:35:37.457  1678  1678 D FaceWidgetPagesController: refreshViews() reason = REFRESH_CLOCK_RECT, force = false
10-08 20:35:37.457  1678  1678 D FaceWidgetMusicViewModel: updateMusicPageColorForVisibility
10-08 20:35:37.457  1678  1678 D FaceWidgetMusicViewModel: updateMusicPageColorForVisibility, useLightModeColor = false
10-08 20:35:37.457  1678  1678 D FaceWidgetPagesController: onKeyguardVisibilityChanged() showing = true
10-08 20:35:37.457  1678  1678 D FaceWidgetPagesController: refreshViews() reason = VISIBILITY_CHANGED, force = true
10-08 20:35:37.457  1678  1678 D FaceWidgetClockPage: updateClockSuspendState() reason = visibility, suspend=true, kv=true, wa=true, di=false, wu=false, aodDash=false
10-08 20:35:37.457  1678  1678 I DigitalHorizontalClockView_LOCK_SCREEN: suspend : mSuspend = true, enable = true
10-08 20:35:37.457  1678  1678 D FaceWidgetMusicViewModel: updateMusicPageColorForVisibility
10-08 20:35:37.457  1678  1678 D FaceWidgetMusicViewModel: updateMusicPageColorForVisibility, useLightModeColor = false
10-08 20:35:37.457  1678  1678 D FaceWidgetPagesController: onKeyguardVisibilityChanged() pending refresh count = 1
10-08 20:35:37.457  1678  1678 D FaceWidgetPagesController: refreshViews() reason = REFRESH_CLOCK_RECT, force = false
10-08 20:35:37.457  1678  1678 D FaceWidgetMusicViewModel: updateMusicPageColorForVisibility
10-08 20:35:37.457  1678  1678 D FaceWidgetMusicViewModel: updateMusicPageColorForVisibility, useLightModeColor = false
10-08 20:35:37.457  1173  2261 I Telecom:SamsungTelecomServiceImpl: isInCall - callingPackage : com.android.systemui
10-08 20:35:37.458  1678  1678 D EmergencyButton: updateEmergencyCallButton : secure
10-08 20:35:37.458  1678  1678 D KeyguardFingerprint: shouldListenForFingerprint ( isFingerprintEnabled = true , mKeyguardIsVisible = true , mDeviceInteractive = false , mBouncerIsOrWillBeShowing = false , mBouncerFullyShown = false , mGoingToSleep = false , mSwitchingUser = false , mIsDreamingForBiometrics = true , mKeyguardUnlocking = false , mKeyguardGoingAway = false , mKeyguardShowing = true , mKeyguardOccluded = false , mSystemReady = true , mHasFocus = true
10-08 20:35:37.458  1678  1678 D KeyguardFingerprint: updateFingerprintListeningState#mFingerprintRunningState=1 shouldListenForFingerprint=true isUdfpsEnrolled=false bioType : 1
10-08 20:35:37.458  1678  1678 D KeyguardUpdateMonitor: sendKeyguardStateUpdated(true, false, false, false)
10-08 20:35:37.458  1678  1824 D KeyguardUpdateMonitor: broadcast intent= Intent { act=com.samsung.keyguard.KEYGUARD_STATE_UPDATE (has extras) }
10-08 20:35:37.458  1678  1678 D KeyguardViewMediator: adjustStatusBarLocked: keyguardGoingAway=false mShowing=true mOccluded=false isSecure=true force=false showHomeOverLock=true gestureNaviMode=false --> flags=0x1200000
10-08 20:35:37.460  1173  1173 D SGM:FgCheckThread: com.samsung.keyguard.KEYGUARD_STATE. check for pause
10-08 20:35:37.460  1173  1837 D PowerManagerService: [api] userActivity : event: 0 flags: 0 (uid: 10044 pid: 1678) eventTime = 112437909 displayId = 0
10-08 20:35:37.460  1173  1510 D SGM:FgCheckThread: onLooperPrepared(), msg: MSG_KEY_GUARD_LOCKED
10-08 20:35:37.460  1173  1510 D SGM:FgCheckThread: sendFocusOutConditionally() - mPrevNotiPkg: KILL_YOURSELF, userId: 0
10-08 20:35:37.460  1173  1632 I WatchBatteryManager: action: com.samsung.keyguard.KEYGUARD_STATE_UPDATE
10-08 20:35:37.461  1173  1632 I WatchBatteryManager: showing: true
10-08 20:35:37.461  1173  1632 I WatchBatteryManager: mRegistered: false/ mSyncState:0
10-08 20:35:37.461  1678  1678 D KnoxStateMonitorImpl: lockSdp :: Maybe keyguard shown as user 0
10-08 20:35:37.461  1678  1678 V KeyguardDisplayManager: show
10-08 20:35:37.462  1678  1678 I KeyguardDisplayManager: Do not show KeyguardPresentation on the default display
10-08 20:35:37.462  1678  1678 I DesktopManager: notifyShowKeyguard() security mode=2
10-08 20:35:37.462  1678  1678 D KeyguardViewMediator: handleMessage 1 / elapsed time: 62ms
10-08 20:35:37.462  1678  1678 D KeyguardWallpaperController: mIsKeyguardShowing=true, mOccluded=false
10-08 20:35:37.462  3767  3767 I TrayVisibilityController: TrayVisibilityReceiver action :com.samsung.keyguard.KEYGUARD_STATE_UPDATE
10-08 20:35:37.466  1678  1678 I FaceWidgetPositionAlgorithm: getClockContainerHeight() supplier = 270, bottom margin = 63, real height = 333
10-08 20:35:37.466  1678  1678 I FaceWidgetPositionAlgorithm: getMediaContainerHeight() height = 456 container Visibility = 8, isValid = true, mIsDozing = true, fraction = 1.0, source = 0, target = 0
10-08 20:35:37.467  1678  1678 I FaceWidgetPositionAlgorithm: getMediaContainerHeight() supplier = 0
10-08 20:35:37.467  1678  1678 I FaceWidgetPositionAlgorithm: getClockContainerHeight() supplier = 270, bottom margin = 0, real height = 333
10-08 20:35:37.469  1678  1678 D KeyguardSecBottomAreaView: mIndicationArea margin start : 63, end : 63, bottom : 197
10-08 20:35:37.469  3767  3767 I AbstractCocktailPanelView: removeSecurityView Apps
10-08 20:35:37.470  1678  1678 I ViewRootImpl@77e2bcf[NotificationShade]: performTraversals params={(0,0)(fillxfill) gr=TOP CENTER_VERTICAL sim={adjust=resize} layoutInDisplayCutoutMode=always ty=NOTIFICATION_SHADE fmt=TRANSLUCENT or=SCREEN_ORIENTATION_NOSENSOR if=INPUT_FEATURE_DISABLE_USER_ACTIVITY userActivityTimeout=3000
10-08 20:35:37.470  1678  1678 I ViewRootImpl@77e2bcf[NotificationShade]:   fl=81860040
10-08 20:35:37.470  1678  1678 I ViewRootImpl@77e2bcf[NotificationShade]:   pfl=1a000000
10-08 20:35:37.470  1678  1678 I ViewRootImpl@77e2bcf[NotificationShade]:   bhv=SHOW_TRANSIENT_BARS_BY_SWIPE
10-08 20:35:37.470  1678  1678 I ViewRootImpl@77e2bcf[NotificationShade]:  dimAmount=0.0 screenDimDuration=0 naviIconColor=0
10-08 20:35:37.470  1678  1678 I ViewRootImpl@77e2bcf[NotificationShade]:   sfl=40000}
10-08 20:35:37.470  1678  1678 I ViewRootImpl@77e2bcf[NotificationShade]: performTraversals mFirst=false windowShouldResize=false viewVisibilityChanged=false mForceNextWindowRelayout=false params={(0,0)(fillxfill) gr=TOP CENTER_VERTICAL sim={adjust=resize} layoutInDisplayCutoutMode=always ty=NOTIFICATION_SHADE fmt=TRANSLUCENT or=SCREEN_ORIENTATION_NOSENSOR if=INPUT_FEATURE_DISABLE_USER_ACTIVITY userActivityTimeout=3000
10-08 20:35:37.470  1678  1678 I ViewRootImpl@77e2bcf[NotificationShade]:   fl=81860040
10-08 20:35:37.470  1678  1678 I ViewRootImpl@77e2bcf[NotificationShade]:   pfl=1a000000
10-08 20:35:37.470  1678  1678 I ViewRootImpl@77e2bcf[NotificationShade]:   bhv=SHOW_TRANSIENT_BARS_BY_SWIPE
10-08 20:35:37.470  1678  1678 I ViewRootImpl@77e2bcf[NotificationShade]:  dimAmount=0.0 screenDimDuration=0 naviIconColor=0
10-08 20:35:37.470  1678  1678 I ViewRootImpl@77e2bcf[NotificationShade]:   sfl=40000}
10-08 20:35:37.470  1173  2261 V WindowManager: Relayout Window{9232ea3 u0 NotificationShade}: viewVisibility=0 req=1080x2400 d0
10-08 20:35:37.472  1173  1271 D PowerManagerService: [api] setUserActivityTimeoutOverrideFromWindowManagerInternal: timeoutMillis: 3000
10-08 20:35:37.472  1173  1271 D PowerManagerService: getScreenOffTimeoutLocked: 30000 -> 3000
10-08 20:35:37.472  1173  1271 D PowerManagerService: [api] setScreenDimDurationOverrideFromWindowManagerInternal: timeoutMillis: 0
10-08 20:35:37.473   565   565 I StrongBox: StrongBox: ssp_hwctl_disable done. refcount(0)
10-08 20:35:37.474  1173  2261 V WindowManager: Relayout hash=9232ea3, pid=1678, syncId=-1: mAttrs={(0,0)(fillxfill) gr=TOP CENTER_VERTICAL sim={adjust=resize} layoutInDisplayCutoutMode=always ty=NOTIFICATION_SHADE fmt=TRANSLUCENT or=SCREEN_ORIENTATION_NOSENSOR if=INPUT_FEATURE_DISABLE_USER_ACTIVITY userActivityTimeout=3000
10-08 20:35:37.474  1173  2261 V WindowManager:   fl=81860040
10-08 20:35:37.474  1173  2261 V WindowManager:   pfl=1a000000
10-08 20:35:37.474  1173  2261 V WindowManager:   bhv=SHOW_TRANSIENT_BARS_BY_SWIPE
10-08 20:35:37.474  1173  2261 V WindowManager:  dimAmount=0.0 screenDimDuration=0 naviIconColor=0
10-08 20:35:37.474  1173  2261 V WindowManager:   sfl=40000}
10-08 20:35:37.475  1678  1678 I ViewRootImpl@77e2bcf[NotificationShade]: updateBlastSurfaceIfNeeded mBlastBufferQueue=0x73847d7a70 isSameSurfaceControl=true
10-08 20:35:37.475  1678  1678 I BLASTBufferQueue: update, w= 1080 h= 2400 mName = ViewRootImpl@77e2bcf[NotificationShade] mNativeObject= 0x73847d7a70 sc.mNativeObject= 0x731485a8f0 format= -3 caller= android.view.ViewRootImpl.updateBlastSurfaceIfNeeded:2898 android.view.ViewRootImpl.relayoutWindow:9847 android.view.ViewRootImpl.performTraversals:3884 android.view.ViewRootImpl.doTraversal:3116 android.view.ViewRootImpl$TraversalRunnable.run:10885 android.view.Choreographer$CallbackRecord.run:1301 
10-08 20:35:37.475  1678  1678 I ViewRootImpl@77e2bcf[NotificationShade]: Relayout returned: old=(0,0,1080,2400) new=(0,0,1080,2400) req=(1080,2400)0 dur=5 res=0x0 s={true 0x74148ff530} ch=false seqId=1
10-08 20:35:37.476  1678  1678 I FaceWidgetPositionAlgorithm: getClockContainerHeight() supplier = 270, bottom margin = 63, real height = 333
10-08 20:35:37.476  1678  1678 I FaceWidgetPositionAlgorithm: getMediaContainerHeight() height = 456 container Visibility = 8, isValid = true, mIsDozing = true, fraction = 1.0, source = 0, target = 0
10-08 20:35:37.476  1678  1678 I FaceWidgetPositionAlgorithm: getMediaContainerHeight() supplier = 0
10-08 20:35:37.476  1678  1678 I FaceWidgetPositionAlgorithm: getClockContainerHeight() supplier = 270, bottom margin = 0, real height = 333
10-08 20:35:37.476  1678  1678 W KeyguardSecurityViewFlipper: onMeasure: widthSpec MeasureSpec: EXACTLY 1080 should be AT_MOST
10-08 20:35:37.476  1678  1678 W KeyguardSecurityViewFlipper: onMeasure: heightSpec MeasureSpec: EXACTLY 0 should be AT_MOST
10-08 20:35:37.477  1678  1678 D QSMumButton: needToBeVisible() result:false [MumSetting?false = (TwoPhoneSetting:false || (somethingInDetail(1):true && Pref:false && Settings:false)), DEX-(DeviceState?false, DesktopManager?false, SemDesktopModeStateEnable?false) Panel-mExpanded?false, RepairModeUser?false]
10-08 20:35:37.477  1678  1678 D NetworkController.WifiSignalController: notifyListener: visible=true, connected=true, inetCondition=1, isDefault=true, wifiTestReported=true, receivedInetCondition=-1, hideDuringMobileSwitching=false
10-08 20:35:37.477  1678  1678 D MobileSignalController(1/1): notifyListener: enabled=true, connected=true, dataConnected=false, networkType=LTE (4G), emergencyOnly=false, roaming=false, isDefault=false, dataActivity=, level=4, ca=false, mmWave=false, disabledDataIcon=false, simCard=ETC
10-08 20:35:37.478  1678  1678 V KeyguardUpdateMonitor: *** unregister callback for com.android.keyguard.CarrierTextManager$2@568dcb
10-08 20:35:37.478  1678  1678 V KeyguardUpdateMonitor: *** register callback for com.android.keyguard.CarrierTextManager$2@568dcb
10-08 20:35:37.478  1678  1678 V KeyguardUpdateMonitor: *** unregister callback for null
10-08 20:35:37.478  1678  1678 D CarrierTextController: onRefreshCarrierInfo(), mTelephonyCapable: false
10-08 20:35:37.479  1678  1678 D CarrierTextController: updateCarrierText(): 1
10-08 20:35:37.479  1678  1678 D CarrierTextController: Handling (subId=1): 5 50M+ Customers 1 Network
10-08 20:35:37.479  1678  1678 D CarrierTextController: carrierTextForSimState = 50M+ Customers 1 Network
10-08 20:35:37.479  1678  1678 D CarrierTextController: SIM ready and in service: subId=1, ss={mVoiceRegState=0(IN_SERVICE), mDataRegState=0(IN_SERVICE), mChannelNumber=1700, duplexMode()=1, mCellBandwidths=[20000], mOperatorAlphaLong=50M+ Customers 1 Network, mOperatorAlphaShort=50M+ Customers 1 Network, isManualNetworkSelection=false(automatic), getRilVoiceRadioTechnology=14(LTE), getRilDataRadioTechnology=14(LTE), mCssIndicator=unsupported, mNetworkId=*1, mSystemId=*1, mCdmaRoamingIndicator=-1, mCdmaDefaultRoamingIndicator=-1, VoiceRegType=0, Snap=0, MobileData=IN_SERVICE, MobileDataRoamingType=home, MobileDataRat=LTE, PsOnly=false, FemtocellInd=0, SprDisplayRoam=false, OptRadioTech=0, MsimSubmode=0, IsVoiceCallAvailable=true, mIsEmergencyOnly=false, isUsingCarrierAggregation=false, mArfcnRsrpBoost=0, mNetworkRegistrationInfos=[NetworkRegistrationInfo{ domain=CS transportType=WWAN registrationState=HOME roamingType=NOT_ROAMING accessNetworkTechnology=LTE rejectCause=0 emergencyEnabled=false availableServices=[VOICE,SMS,VIDEO] cellIdentity=CellIdentityLte:{ mCi=2****38 mPci=317 mTac=1***9 mEarfcn=1700 mBands=[] mBandwidth=2147483647 mMcc=639 mMnc=02 mAlphaLong=50M+ Customers 1 Network mAlphaShort=50M+ Customers 1 Network mAdditionalPlmns={} mCsgInfo=null} voiceSpecificInfo=VoiceSpecificRegistrationInfo { mCssSupported=false mRoamingIndicator=0 mSystemIsInPrl=0 mDefaultRoamingIndicator=0} dataSpecificInfo=null nrState=**** rRplmn=63902 isUsingCarrierAggregation=false}, NetworkRegistrationInfo{ domain=PS transportType=WWAN registrationState=HOME roamingType=NOT_ROAMING accessNetworkTechnology=LTE rejectCause=0 emergencyEnabled=false availableServices=[DATA] cellIdentity=CellIdentityLte:{ mCi=2****38 mPci=317 mTac=1***9 mEarfcn=1700 mBands=[] mBandwidth=2147483647 mMcc=639 mMnc=02 mAlphaLong=50M+ Customers 1 Network mAlphaShort=50M+ Customers 1 Network mAdditionalPlmns={} mCsgInfo=null} voiceSpecificInfo=null dataSpecificInfo=android.telephony.DataSpecificRegistrationInfo :{ maxDataCalls = 4 isDcNrRestricted = false isNrAvailable = false isEnDcAvailable = false LteVopsSupportInfo :  mVopsSupport = 3 mEmcBearerSupport = 3 } nrState=**** rRplmn=63902 isUsingCarrierAggregation=false}], mNrFrequencyRange=0, mOperatorAlphaLongRaw=50M+ Customers 1 Network, mOperatorAlphaShortRaw=50M+ Customers 1 Network, mIsDataRoamingFromRegistration=false, mIsIwlanPreferred=false}
10-08 20:35:37.479  1678  1678 D CarrierTextController: setText : 50M+ Customers 1 Network
10-08 20:35:37.479  1678  1678 D CarrierTextController: onTelephonyCapable() mTelephonyCapable: true
10-08 20:35:37.479  1678  1678 D CarrierTextController: updateCarrierText(): 1
10-08 20:35:37.479  1678  1678 D CarrierTextController: Handling (subId=1): 5 50M+ Customers 1 Network
10-08 20:35:37.479  1678  1678 D CarrierTextController: carrierTextForSimState = 50M+ Customers 1 Network
10-08 20:35:37.479  1678  1678 D CarrierTextController: SIM ready and in service: subId=1, ss={mVoiceRegState=0(IN_SERVICE), mDataRegState=0(IN_SERVICE), mChannelNumber=1700, duplexMode()=1, mCellBandwidths=[20000], mOperatorAlphaLong=50M+ Customers 1 Network, mOperatorAlphaShort=50M+ Customers 1 Network, isManualNetworkSelection=false(automatic), getRilVoiceRadioTechnology=14(LTE), getRilDataRadioTechnology=14(LTE), mCssIndicator=unsupported, mNetworkId=*1, mSystemId=*1, mCdmaRoamingIndicator=-1, mCdmaDefaultRoamingIndicator=-1, VoiceRegType=0, Snap=0, MobileData=IN_SERVICE, MobileDataRoamingType=home, MobileDataRat=LTE, PsOnly=false, FemtocellInd=0, SprDisplayRoam=false, OptRadioTech=0, MsimSubmode=0, IsVoiceCallAvailable=true, mIsEmergencyOnly=false, isUsingCarrierAggregation=false, mArfcnRsrpBoost=0, mNetworkRegistrationInfos=[NetworkRegistrationInfo{ domain=CS transportType=WWAN registrationState=HOME roamingType=NOT_ROAMING accessNetworkTechnology=LTE rejectCause=0 emergencyEnabled=false availableServices=[VOICE,SMS,VIDEO] cellIdentity=CellIdentityLte:{ mCi=2****38 mPci=317 mTac=1***9 mEarfcn=1700 mBands=[] mBandwidth=2147483647 mMcc=639 mMnc=02 mAlphaLong=50M+ Customers 1 Network mAlphaShort=50M+ Customers 1 Network mAdditionalPlmns={} mCsgInfo=null} voiceSpecificInfo=VoiceSpecificRegistrationInfo { mCssSupported=false mRoamingIndicator=0 mSystemIsInPrl=0 mDefaultRoamingIndicator=0} dataSpecificInfo=null nrState=**** rRplmn=63902 isUsingCarrierAggregation=false}, NetworkRegistrationInfo{ domain=PS transportType=WWAN registrationState=HOME roamingType=NOT_ROAMING accessNetworkTechnology=LTE rejectCause=0 emergencyEnabled=false availableServices=[DATA] cellIdentity=CellIdentityLte:{ mCi=2****38 mPci=317 mTac=1***9 mEarfcn=1700 mBands=[] mBandwidth=2147483647 mMcc=639 mMnc=02 mAlphaLong=50M+ Customers 1 Network mAlphaShort=50M+ Customers 1 Network mAdditionalPlmns={} mCsgInfo=null} voiceSpecificInfo=null dataSpecificInfo=android.telephony.DataSpecificRegistrationInfo :{ maxDataCalls = 4 isDcNrRestricted = false isNrAvailable = false isEnDcAvailable = false LteVopsSupportInfo :  mVopsSupport = 3 mEmcBearerSupport = 3 } nrState=**** rRplmn=63902 isUsingCarrierAggregation=false}], mNrFrequencyRange=0, mOperatorAlphaLongRaw=50M+ Customers 1 Network, mOperatorAlphaShortRaw=50M+ Customers 1 Network, mIsDataRoamingFromRegistration=false, mIsIwlanPreferred=false}
10-08 20:35:37.479  1678  1678 D CarrierTextController: setText : 50M+ Customers 1 Network
10-08 20:35:37.479  1678  1678 D CarrierTextController: onSimStateChanged: Normal, update: false
