10-08 20:35:32.988  1173  1897 V WindowManager:   fitSides=LEFT TOP RIGHT
10-08 20:35:32.988  1173  1897 V WindowManager:   fitIgnoreVis dimDuration=150 naviIconColor=0}
10-08 20:35:32.988  1678  1817 I ViewRootImpl@77e2bcf[NotificationShade]: Received frameDrawingCallback syncResult=0 frameNum=1.
10-08 20:35:32.989  1678  1817 I ViewRootImpl@77e2bcf[NotificationShade]: Setting up sync and frameCommitCallback
10-08 20:35:32.991   762   790 D gralloc : [mali_gralloc_allocate] allocation successful
10-08 20:35:32.992  6153  6697 E BtGatt.GattService: [GSIM LOG]: gsimLogHandler, msg: MESSAGE_SCAN_STOP, appName: android.uid.system, scannerId: 5, reportDelayMillis=0
10-08 20:35:32.992  1678  1742 I BLASTBufferQueue: [ViewRootImpl@77e2bcf[NotificationShade]#870](f:0,a:0) onFrameAvailable the first frame is available
10-08 20:35:32.992   762   790 D gralloc : [mali_gralloc_allocate] begin
10-08 20:35:32.992   762   790 D gralloc : buffer_descriptor: wh(1080 2400) usage_pc(0x40000000000b00 0x40000000000b00) hal_format(0x1) layer_count(1) sizes(0 0 0) strde(0) byte_stride(0) alloc_wh(0 0) internal_format(0x0) alloc_format(0x0) fd_count(1) plane_count(0)
10-08 20:35:32.992  1678  1742 I ViewRootImpl@77e2bcf[NotificationShade]: Received frameCommittedCallback lastAttemptedDrawFrameNum=1 didProduceBuffer=true
10-08 20:35:32.993  1678  1678 I ViewRootImpl@77e2bcf[NotificationShade]: onSyncComplete
10-08 20:35:32.993  1678  1678 I ViewRootImpl@77e2bcf[NotificationShade]: setupSync seqId=1 mSyncId=1322 fn=1 caller=android.view.ViewRootImpl$$ExternalSyntheticLambda11.accept:6 android.window.SurfaceSyncer.lambda$setupSync$1$android-window-SurfaceSyncer:128 android.window.SurfaceSyncer$$ExternalSyntheticLambda1.accept:8 android.window.SurfaceSyncer$SyncSet.checkIfSyncIsComplete:382 android.window.SurfaceSyncer$SyncSet.markSyncReady:359 android.window.SurfaceSyncer.markSyncReady:151 android.view.ViewRootImpl.performTraversals:4503 
10-08 20:35:32.993  6153  7276 W bt_stack: Received command complete with op_code LE_SET_RANDOM_ADDRESS
10-08 20:35:32.993  1678  1678 I ViewRootImpl@77e2bcf[NotificationShade]: reportDrawFinished seqId=1 mSyncId=-1 fn=1 mSurfaceChangedTransaction=0x7344701b90
10-08 20:35:32.993  6153  7276 W bt_stack: le_scanning_manager :: OnResume()
10-08 20:35:32.993  6153  7276 W bt_stack: Start LeSetExtendedScan
10-08 20:35:32.993  6153  7276 W bt_stack: le_scanning_manager :: OnResume() - call AckResume
10-08 20:35:32.993  6153  7276 W bt_stack: le_address_manager :: ack_resume()
10-08 20:35:32.993  4675  4675 I ViewRootImpl@1effe70[InputMethod]: updateBlastSurfaceIfNeeded mBlastBufferQueue=0x738477efb0 isSameSurfaceControl=true
10-08 20:35:32.994  1678  1678 I DymLock|DynamicLockManager: notifyAction action[LOCKED] arg[false]
10-08 20:35:32.994  1678  1678 I DymLock|BaseAnimator: setTouchIgnored() false
10-08 20:35:32.994  1678  1678 I DymLock|BaseLockContainer: onLocked() mIsSleeping[false], mIsKeyguardPresented[true], mOverlayState[NONE]
10-08 20:35:32.994  1678  1678 I DymLock|DynamicLockContainer: onLocked()
10-08 20:35:32.994  4675  4675 I BLASTBufferQueue: update, w= 1080 h= 2326 mName = ViewRootImpl@1effe70[InputMethod] mNativeObject= 0x738477efb0 sc.mNativeObject= 0x73147ef020 format= -2 caller= android.view.ViewRootImpl.updateBlastSurfaceIfNeeded:2898 android.view.ViewRootImpl.relayoutWindow:9847 android.view.ViewRootImpl.performTraversals:3884 android.view.ViewRootImpl.doTraversal:3116 android.view.ViewRootImpl$TraversalRunnable.run:10885 android.view.Choreographer$CallbackRecord.run:1301 
10-08 20:35:32.994  1678  1678 D KeyguardViewMediator: handleMessage 5
10-08 20:35:32.994  1678  1678 D KeyguardViewMediator: handleNotifyFinishedGoingToSleep
10-08 20:35:32.994  1678  1678 D SecPowerUI.Notification: dismissUnintentionallyLcdOnNotice
10-08 20:35:32.994  4675  4675 I ViewRootImpl@1effe70[InputMethod]: Relayout returned: old=(0,74,1080,2400) new=(0,74,1080,2400) req=(1080,2326)0 dur=9 res=0x1 s={true 0x74147757a0} ch=false seqId=0
10-08 20:35:32.994  1678  1678 D KeyguardUpdateMonitor: updateBiometricListeningState()
10-08 20:35:32.994  1678  1678 D KeyguardFingerprint: shouldListenForFingerprint ( isFingerprintEnabled = true , mKeyguardIsVisible = false , mDeviceInteractive = false , mBouncerIsOrWillBeShowing = false , mBouncerFullyShown = false , mGoingToSleep = false , mSwitchingUser = false , mIsDreamingForBiometrics = true , mKeyguardUnlocking = false , mKeyguardGoingAway = false , mKeyguardShowing = false , mKeyguardOccluded = false , mSystemReady = true , mHasFocus = false
10-08 20:35:32.994  1678  1678 D KeyguardFingerprint: updateFingerprintListeningState#mFingerprintRunningState=1 shouldListenForFingerprint=true isUdfpsEnrolled=false bioType : 1
10-08 20:35:32.994  1173  3627 D WindowManager: finishDrawingWindow: Window{9232ea3 u0 NotificationShade} mDrawState=DRAW_PENDING seqId=1
10-08 20:35:32.994  1678  1678 D SecLifecycle: wakefulness=0
10-08 20:35:32.994  1678  1678 D KeyguardWallpaperEventHandler: onFinishedGoingToSleep()
10-08 20:35:32.994  1678  1678 D KeyguardWallpaperEventHandler: sendMessage(), what = 835 , obj = null , arg1 = -1 , arg2 = -1
10-08 20:35:32.995  1678  1966 D KeyguardWallpaperController: mWallpaperView.onPause() visibility = 4 shouldControlScreenOff = false
10-08 20:35:32.995  1678  1678 D KeyguardSecIndicationPolicy:    removeAll
10-08 20:35:32.995  1678  1678 D KeyguardSecIndicationPolicy:   update top pos = DEFAULT, item = [id=6170|ty=BATTERY|pr=40|txt=Fully charged|ti=duration=3000|an=false] -> [id=0|ty=EMPTY_LOW|pr=1|txt=|ti=duration=PERSISTENT|an=false]
10-08 20:35:32.995  1173  1272 V WindowManager: performShowLocked: mDrawState=HAS_DRAWN in Window{9232ea3 u0 NotificationShade}
10-08 20:35:32.995  1678  1678 D KeyguardSecIndicationPolicy: update Event pos = BIOMETRIC_ERROR, type =           EMPTY_HIGH, id =  6172, text = 
10-08 20:35:32.995  1678  1678 D KeyguardSecIndicationPolicy:   update top pos = BIOMETRIC_ERROR, item = [id=6167|ty=EMPTY_HIGH|pr=45|txt=|ti=duration=PERSISTENT|an=false] -> [id=6172|ty=EMPTY_HIGH|pr=45|txt=|ti=duration=PERSISTENT|an=false]
10-08 20:35:32.996   762   790 D gralloc : [mali_gralloc_allocate] allocation successful
10-08 20:35:32.996  1678  1678 D SecPanelLogger: makeExpandedVisible(force:true) mExpandedVisible:true, panelsEnabled: true
10-08 20:35:32.996  1678  1678 D CentralSurfaces: Received new disable state: enaihbcrsokt.qingr (unchanged)
10-08 20:35:32.996  1173  1272 D SurfaceControl: applyGlobalTransaction called, mName=finishDrawing_syncId(1)_NotificationShade<pending>
10-08 20:35:32.996  1678  1678 D CentralSurfaces: Received new disable state: enaihbcrsokt.qingr (unchanged)
10-08 20:35:32.996  1678  1678 D SecPanelLogger: makeExpandedVisible(force:true) mExpandedVisible:true, panelsEnabled: true
10-08 20:35:32.996  1678  1678 D CentralSurfaces: Received new disable state: enaihbcrsokt.qingr (unchanged)
10-08 20:35:32.996  1678  1678 D CentralSurfaces: Received new disable state: enaihbcrsokt.qingr (unchanged)
10-08 20:35:32.996  1678  1678 D KeyguardWallpaperController: mWallpaperView.reset()
10-08 20:35:32.996  1678  1678 D FaceWidgetViewModel: onFinishedGoingToSleep
10-08 20:35:32.996  1678  1678 D FaceWidgetViewModel: updateInfoParameters(sleep) isAODState = false, clockSidePadding = (63, 63), musicSidePadding = (30, 30)
10-08 20:35:32.997  1678  1678 I FaceWidgetWindowManager: removeAllViews
10-08 20:35:32.997  1678  1678 D FaceWidgetClockPage: updateClockSuspendState() reason = sleep, suspend=true, kv=false, wa=true, di=false, wu=false, aodDash=false
10-08 20:35:32.997  1678  1678 I DigitalHorizontalClockView_LOCK_SCREEN: suspend : mSuspend = true, enable = true
10-08 20:35:32.997  1678  1678 D FaceWidgetClockPage: preUpdateWithAODClockColor() return - aod is disabled
10-08 20:35:32.997  1678  1678 I AODCommonUtils: isDesktopModeEnabled : desktopModeState = SemDesktopModeState(DISABLED, STATE_UNDEFINED, DISPLAY_TYPE_NONE)
10-08 20:35:32.997  4675  4675 I ViewRootImpl@1effe70[InputMethod]: reportNextDraw android.view.ViewRootImpl.performTraversals:4438 android.view.ViewRootImpl.doTraversal:3116 android.view.ViewRootImpl$TraversalRunnable.run:10885 android.view.Choreographer$CallbackRecord.run:1301 android.view.Choreographer$CallbackRecord.run:1309 
10-08 20:35:32.997  4675  4675 I ViewRootImpl@1effe70[InputMethod]: Setup new sync id=374
10-08 20:35:32.997  1678  1678 D DozeScreenState: setDozeScreenState(1, shouldWaitForTransitionToAodUi = false)
10-08 20:35:32.997  4675  4675 I ViewRootImpl@1effe70[InputMethod]: Setting syncFrameCallback
10-08 20:35:32.997  4675  4675 I ViewRootImpl@1effe70[InputMethod]: registerCallbacksForSync syncBuffer=false
10-08 20:35:32.999 17722 17722 I ORC/WindowInsetsAnimation: onProgress
10-08 20:35:32.999 17722 17722 I ORC/WindowInsetsAnimation: setBottomPadding, 865
10-08 20:35:32.999 17722 17722 I ORC/Setting: getEnableSupportSplitMode() smallest screen width : 411
10-08 20:35:32.999  6153  7276 E bt_stack: Receive set extended scan enable with error code COMMAND_DISALLOWED
10-08 20:35:33.000  1678  1678 D PluginAODManager: onNotificationInfoUpdated() 12
10-08 20:35:33.000  1678  1678 D PluginAODManager: onNotificationInfoUpdated() 0|com.whatsapp|1|sl7eV24vTfjisggXxlPUyKlOrGaGdiIR1kAeosxMZKg=
10-08 20:35:33.000  1678  1678 D PluginAODManager: |10311
10-08 20:35:33.000  1678  1678 D PluginAODManager: onNotificationInfoUpdated() 0|com.offline.bible|4097|null|10373
10-08 20:35:33.000  1678  1678 D PluginAODManager: onNotificationInfoUpdated() 0|com.google.android.youtube|0|XeNaxAsMZg4::8e1f53fb-2af0-4f2b-9ce9-b093f755edb0|10244
10-08 20:35:33.000  1678  1678 D PluginAODManager: onNotificationInfoUpdated() 0|com.google.android.youtube|0|l7FRvwQq2N8::43989c01-738a-46b2-ae07-dcd42bef29df|10244
10-08 20:35:33.000  1678  1678 D PluginAODManager: onNotificationInfoUpdated() 0|com.whatsapp|64|messages5fe412fb3069d8e259f3d1762f9d751e|10311
10-08 20:35:33.000  1678  1678 D PluginAODManager: onNotificationInfoUpdated() 0|com.instagram.android|64278|newstab|1492805866_churn_reminders&640a8803ec6acH58fa68eaH640a8c9d4c97eH9|10315
10-08 20:35:33.000  1678  1678 D PluginAODManager: onNotificationInfoUpdated() 0|com.instagram.android|64278|newstab|1492805866_story_daily_digest&640a604bbf83aH58fa68eaH640a64e51fb0cH5e|10315
10-08 20:35:33.000  1678  1678 D PluginAODManager: onNotificationInfoUpdated() 0|com.google.android.youtube|0|unwatched-channel::63e1fdd4-5b2c-4804-9426-0c00f8e4eb74|10244
10-08 20:35:33.000  1678  1678 D PluginAODManager: onNotificationInfoUpdated() 0|com.google.android.gm|313922430|gig:2086570980:^sq_ig_i_personal|10245
10-08 20:35:33.000  1678  1678 D PluginAODManager: onNotificationInfoUpdated() 0|com.offline.bible|0|campaign_collapse_key_3716002670453466113|10373
10-08 20:35:33.000  1678  1678 D PluginAODManager: onNotificationInfoUpdated() 0|ee.mtakso.client|164155715|appboy_notification|10317
10-08 20:35:33.000  1678  1678 D PluginAODManager: onNotificationInfoUpdated() 0|com.google.android.googlequicksearchbox|0|-465505200::a:snotification:[0x394,wx.f,NOTIFICATION]|10230
10-08 20:35:33.000  1678  1678 I AODNotificationManager: updateVisibleNotifications: 12
10-08 20:35:33.001  1678  1678 I ViewRootImpl@f3dc5c7[StatusBar]: handleResized, msg = 5 frames=ClientWindowFrames{frame=[0,0][1080,74] display=[0,0][1080,2400] parentFrame=[0,0][0,0] parentClippedByDisplayCutout=false} forceNextWindowRelayout=false displayId=0 resizeMode=-1 frameChanged=false displayFrameChanged=false configChanged=false displayChanged=false
10-08 20:35:33.001  1678  1678 I ViewRootImpl@f3dc5c7[StatusBar]: handleResized mSyncSeqId = 5
10-08 20:35:33.000  4675 18030 I ViewRootImpl@1effe70[InputMethod]: Received frameDrawingCallback syncResult=0 frameNum=35.
10-08 20:35:33.001  4675 18030 I ViewRootImpl@1effe70[InputMethod]: Setting up sync and frameCommitCallback
10-08 20:35:33.001  1678  1678 I ViewRootImpl@f3dc5c7[StatusBar]: reportNextDraw android.view.ViewRootImpl.handleResized:2450 android.view.ViewRootImpl.-$$Nest$mhandleResized:0 android.view.ViewRootImpl$ViewRootHandler.handleMessageImpl:6728 android.view.ViewRootImpl$ViewRootHandler.handleMessage:6697 android.os.Handler.dispatchMessage:106 
10-08 20:35:33.001  1678  1678 I ViewRootImpl@6d60797[NavigationBar0]: handleResized, msg = 5 frames=ClientWindowFrames{frame=[0,2274][1080,2400] display=[0,0][1080,2400] parentFrame=[0,0][0,0] parentClippedByDisplayCutout=false} forceNextWindowRelayout=false displayId=0 resizeMode=-1 frameChanged=false displayFrameChanged=false configChanged=false displayChanged=false
10-08 20:35:33.001  1678  1678 I ViewRootImpl@6d60797[NavigationBar0]: handleResized mSyncSeqId = 6
10-08 20:35:33.001  1678  1678 I ViewRootImpl@6d60797[NavigationBar0]: reportNextDraw android.view.ViewRootImpl.handleResized:2450 android.view.ViewRootImpl.-$$Nest$mhandleResized:0 android.view.ViewRootImpl$ViewRootHandler.handleMessageImpl:6728 android.view.ViewRootImpl$ViewRootHandler.handleMessage:6697 android.os.Handler.dispatchMessage:106 
10-08 20:35:33.001  1678  1678 V QsExpandAnimator: updateAnimators
10-08 20:35:33.001  1678  1678 V QsExpandAnimator: clearAnimationState 
10-08 20:35:33.001  1678  1678 V QsExpandAnimator: updateViews
10-08 20:35:33.002  1678  1678 V QsExpandAnimator: updateTileAnimator
10-08 20:35:33.002  1678  1678 V QsExpandAnimator: updateHeaderAnimator
10-08 20:35:33.002  1678  1678 V QsExpandAnimator: updateBarAnimator
10-08 20:35:33.002  1678  1678 V QsExpandAnimator: setQsExpansionPosition 0.0
10-08 20:35:33.002  1678  1678 V QsExpandAnimator: onAnimationAtStart
10-08 20:35:33.004  1678  1678 I ViewRootImpl@77e2bcf[NotificationShade]: performTraversals params={(0,0)(fillxfill) gr=TOP CENTER_VERTICAL sim={adjust=resize} layoutInDisplayCutoutMode=always ty=NOTIFICATION_SHADE fmt=TRANSLUCENT or=SCREEN_ORIENTATION_NOSENSOR
10-08 20:35:33.004  1678  1678 I ViewRootImpl@77e2bcf[NotificationShade]:   fl=81860040
10-08 20:35:33.004  1678  1678 I ViewRootImpl@77e2bcf[NotificationShade]:   pfl=1a000000
10-08 20:35:33.004  1678  1678 I ViewRootImpl@77e2bcf[NotificationShade]:   bhv=SHOW_TRANSIENT_BARS_BY_SWIPE
10-08 20:35:33.004  1678  1678 I ViewRootImpl@77e2bcf[NotificationShade]:  dimAmount=0.0 naviIconColor=0
10-08 20:35:33.004  1678  1678 I ViewRootImpl@77e2bcf[NotificationShade]:   sfl=40000}
10-08 20:35:33.004  1678  1678 I ViewRootImpl@77e2bcf[NotificationShade]: performTraversals mFirst=false windowShouldResize=false viewVisibilityChanged=false mForceNextWindowRelayout=false params={(0,0)(fillxfill) gr=TOP CENTER_VERTICAL sim={adjust=resize} layoutInDisplayCutoutMode=always ty=NOTIFICATION_SHADE fmt=TRANSLUCENT or=SCREEN_ORIENTATION_NOSENSOR
10-08 20:35:33.004  1678  1678 I ViewRootImpl@77e2bcf[NotificationShade]:   fl=81860040
10-08 20:35:33.004  1678  1678 I ViewRootImpl@77e2bcf[NotificationShade]:   pfl=1a000000
10-08 20:35:33.004  1678  1678 I ViewRootImpl@77e2bcf[NotificationShade]:   bhv=SHOW_TRANSIENT_BARS_BY_SWIPE
10-08 20:35:33.004  1678  1678 I ViewRootImpl@77e2bcf[NotificationShade]:  dimAmount=0.0 naviIconColor=0
10-08 20:35:33.004  1678  1678 I ViewRootImpl@77e2bcf[NotificationShade]:   sfl=40000}
10-08 20:35:33.004  1173  3642 V WindowManager: Relayout Window{9232ea3 u0 NotificationShade}: viewVisibility=0 req=1080x2400 d0
10-08 20:35:33.006  1173  3642 V WindowManager: Changing focus from null to Window{9232ea3 u0 NotificationShade} displayId=0 Callers=com.android.server.wm.RootWindowContainer.updateFocusedWindowLocked:595 com.android.server.wm.WindowManagerService.updateFocusedWindowLocked:6810 com.android.server.wm.WindowManagerService.relayoutWindow:2820 com.android.server.wm.Session.relayout:274 
10-08 20:35:33.006  1173  3642 I WindowManager: Cancelling animation restarting=true, leash=Surface(name=Surface(name=4ecb50b StatusBar)/@0xda8a006 - animation-leash of insets_animation)/@0x118ae12
10-08 20:35:33.006  1173  3642 I WindowManager: Reparenting to original parent: Surface(name=WindowToken{6ff2cda type=2000 android.os.BinderProxy@3917ffc})/@0xc3226c7, destroy=false, surface=Surface(name=4ecb50b StatusBar)/@0xda8a006
10-08 20:35:33.006  1173  3642 I WindowManager: Reparenting to leash, surface=Surface(name=4ecb50b StatusBar)/@0xda8a006, leashParent=Surface(name=WindowToken{6ff2cda type=2000 android.os.BinderProxy@3917ffc})/@0xc3226c7
10-08 20:35:33.006   846   879 I SurfaceFlinger: id=31357 createSurf flag=24000, Surface(name=4ecb50b StatusBar)/@0xda8a006 - animation-leash of insets_animation#31357
10-08 20:35:33.006  4675  6082 I ViewRootImpl@1effe70[InputMethod]: Received frameCommittedCallback lastAttemptedDrawFrameNum=35 didProduceBuffer=true
10-08 20:35:33.007  1173  3642 D WindowManager: makeSurface duration=1 leash=Surface(name=Surface(name=4ecb50b StatusBar)/@0xda8a006 - animation-leash of insets_animation)/@0xfe358e9
10-08 20:35:33.007  4675  4675 I ViewRootImpl@1effe70[InputMethod]: onSyncComplete
10-08 20:35:33.007  1173  3642 I WindowManager: Cancelling animation restarting=true, leash=Surface(name=Surface(name=5454305 NavigationBar0)/@0x1a06863 - animation-leash of insets_animation)/@0xded464b
10-08 20:35:33.007  1173  3642 I WindowManager: Reparenting to original parent: Surface(name=WindowToken{63d0d50 type=2019 android.os.BinderProxy@c717202})/@0xaccc60, destroy=false, surface=Surface(name=5454305 NavigationBar0)/@0x1a06863
10-08 20:35:33.007  1173  3642 I WindowManager: Reparenting to leash, surface=Surface(name=5454305 NavigationBar0)/@0x1a06863, leashParent=Surface(name=WindowToken{63d0d50 type=2019 android.os.BinderProxy@c717202})/@0xaccc60
10-08 20:35:33.007   846   879 I SurfaceFlinger: id=31358 createSurf flag=24000, Surface(name=5454305 NavigationBar0)/@0x1a06863 - animation-leash of insets_animation#31358
10-08 20:35:33.007  4675  4675 I ViewRootImpl@1effe70[InputMethod]: setupSync seqId=0 mSyncId=374 fn=35 caller=android.view.ViewRootImpl$$ExternalSyntheticLambda11.accept:6 android.window.SurfaceSyncer.lambda$setupSync$1$android-window-SurfaceSyncer:128 android.window.SurfaceSyncer$$ExternalSyntheticLambda1.accept:8 android.window.SurfaceSyncer$SyncSet.checkIfSyncIsComplete:382 android.window.SurfaceSyncer$SyncSet.markSyncReady:359 android.window.SurfaceSyncer.markSyncReady:151 android.view.ViewRootImpl.performTraversals:4503 
10-08 20:35:33.007  1173  3642 D WindowManager: makeSurface duration=0 leash=Surface(name=Surface(name=5454305 NavigationBar0)/@0x1a06863 - animation-leash of insets_animation)/@0x109b80f
10-08 20:35:33.008  1173  3642 D WindowManager: updateSystemBarAttributes: displayId=0, win=Window{9232ea3 u0 NotificationShade}, navColorWin=null, focusedCanBeNavColorWin=false, behavior=2, appearance=0, statusBarAppearanceRegions=[], requestedVisibilities=ITYPE_NAVIGATION_BAR: invisible, ITYPE_EXTRA_NAVIGATION_BAR: invisible, ITYPE_LOCAL_NAVIGATION_BAR_1: invisible, ITYPE_LOCAL_NAVIGATION_BAR_2: invisible, from=com.android.server.wm.DisplayPolicy.focusChangedLw:3247 com.android.server.wm.DisplayContent.updateFocusedWindowLocked:4632 com.android.server.wm.RootWindowContainer.updateFocusedWindowLocked:595 
10-08 20:35:33.008  4675  4675 I HBD     : HoneyBoardService onTrimMemory 20
10-08 20:35:33.008  1173  3642 D StatusBarManagerService: notifyRequestedSystemKey recent=false home=false
10-08 20:35:33.008  4675  4675 I ViewRootImpl@1effe70[InputMethod]: reportDrawFinished seqId=0 mSyncId=-1 fn=35 mSurfaceChangedTransaction=0x73446d1fb0
10-08 20:35:33.008  1173  3642 V WindowManager: Relayout hash=9232ea3, pid=1678, syncId=-1: mAttrs={(0,0)(fillxfill) gr=TOP CENTER_VERTICAL sim={adjust=resize} layoutInDisplayCutoutMode=always ty=NOTIFICATION_SHADE fmt=TRANSLUCENT or=SCREEN_ORIENTATION_NOSENSOR
10-08 20:35:33.008  1173  3642 V WindowManager:   fl=81860040
10-08 20:35:33.008  1173  3642 V WindowManager:   pfl=1a000000
10-08 20:35:33.008  1173  3642 V WindowManager:   bhv=SHOW_TRANSIENT_BARS_BY_SWIPE
10-08 20:35:33.008  1173  3642 V WindowManager:  dimAmount=0.0 naviIconColor=0
10-08 20:35:33.008  1173  3642 V WindowManager:   sfl=40000}
10-08 20:35:33.008  1173  3627 D WindowManager: finishDrawingWindow: Window{a7ad32f u0 InputMethod} mDrawState=HAS_DRAWN seqId=0
10-08 20:35:33.010  1678  1678 I ViewRootImpl@77e2bcf[NotificationShade]: updateBlastSurfaceIfNeeded mBlastBufferQueue=0x73847d7a70 isSameSurfaceControl=true
10-08 20:35:33.010  1678  1678 I BLASTBufferQueue: update, w= 1080 h= 2400 mName = ViewRootImpl@77e2bcf[NotificationShade] mNativeObject= 0x73847d7a70 sc.mNativeObject= 0x73149d7850 format= -3 caller= android.view.ViewRootImpl.updateBlastSurfaceIfNeeded:2898 android.view.ViewRootImpl.relayoutWindow:9847 android.view.ViewRootImpl.performTraversals:3884 android.view.ViewRootImpl.doTraversal:3116 android.view.ViewRootImpl$TraversalRunnable.run:10885 android.view.Choreographer$CallbackRecord.run:1301 
10-08 20:35:33.010  1678  1678 I ViewRootImpl@77e2bcf[NotificationShade]: Relayout returned: old=(0,0,1080,2400) new=(0,0,1080,2400) req=(1080,2400)0 dur=6 res=0x0 s={true 0x74148ff530} ch=false seqId=1
10-08 20:35:33.010  1173  1272 D InsetsSourceProvider: updateVisibility: serverVisible=true, clientVisible=false, source=InsetsSource: {mType=ITYPE_NAVIGATION_BAR, mFrame=[0,2274][1080,2400], mVisible=false, mInsetsRoundedCornerFrame=false}, controlTarget=Window{9232ea3 u0 NotificationShade}, from=com.android.server.wm.InsetsSourceProvider.setClientVisible:536 com.android.server.wm.InsetsSourceProvider.updateClientVisibility:518 com.android.server.wm.InsetsStateController.onInsetsModified:250 com.android.server.wm.InsetsStateController.lambda$notifyPendingInsetsControlChanged$5:414 com.android.server.wm.InsetsStateController.$r8$lambda$ni7v3ZO6TRbLZqXOFahDjPeXTS0:0 com.android.server.wm.InsetsStateController$$ExternalSyntheticLambda4.run:2 com.android.server.wm.WindowAnimator.executeAfterPrepareSurfacesRunnables:345 com.android.server.wm.RootWindowContainer.performSurfacePlacementNoTrace:1020 com.android.server.wm.RootWindowContainer.performSurfacePlacement:950 com.android.server.wm.WindowSurfacePlacer.performSurfacePlacementLoop:185 
10-08 20:35:33.012  1678  2546 I ViewRootImpl@77e2bcf[NotificationShade]: Resizing android.view.ViewRootImpl@65bb5eb: frame = [0,0][1080,2400] reportDraw = true forceLayout = false syncSeqId = 1
10-08 20:35:33.012  1678  2538 I ViewRootImpl@f3dc5c7[StatusBar]: Resizing android.view.ViewRootImpl@346f763: frame = [0,0][1080,74] reportDraw = true forceLayout = false syncSeqId = 5
10-08 20:35:33.012  1678  1678 I FaceWidgetPositionAlgorithm: getClockContainerHeight() supplier = 270, bottom margin = 63, real height = 333
10-08 20:35:33.012  1678  1678 I FaceWidgetPositionAlgorithm: getMediaContainerHeight() height = 456 container Visibility = 8, isValid = true, mIsDozing = true, fraction = 1.0, source = 0, target = 0
10-08 20:35:33.012  1678  1678 I FaceWidgetPositionAlgorithm: getMediaContainerHeight() supplier = 0
10-08 20:35:33.012  1678  1678 I FaceWidgetPositionAlgorithm: getClockContainerHeight() supplier = 270, bottom margin = 0, real height = 333
10-08 20:35:33.013  1678  1678 V QsExpandAnimator: setQsExpansionPosition 0.0
10-08 20:35:33.013  1678  1678 I FaceWidgetPositionAlgorithm: getClockContainerHeight() supplier = 270, bottom margin = 63, real height = 333
10-08 20:35:33.013  1678  1678 I FaceWidgetPositionAlgorithm: getMediaContainerHeight() height = 456 container Visibility = 8, isValid = true, mIsDozing = true, fraction = 1.0, source = 0, target = 0
10-08 20:35:33.013  1678  1678 I FaceWidgetPositionAlgorithm: getMediaContainerHeight() supplier = 0
10-08 20:35:33.013  1678  1678 I FaceWidgetPositionAlgorithm: getClockContainerHeight() supplier = 270, bottom margin = 0, real height = 333
10-08 20:35:33.013  1678  1678 D KeyguardSecIndicationController: changeBiometricErrorIndication = 
10-08 20:35:33.013  1678  1678 I ViewRootImpl@f3dc5c7[StatusBar]: Setup new sync id=269
10-08 20:35:33.013  1678  1678 I ViewRootImpl@f3dc5c7[StatusBar]: Setting syncFrameCallback
10-08 20:35:33.013  1678  1678 I ViewRootImpl@f3dc5c7[StatusBar]: registerCallbacksForSync syncBuffer=false
10-08 20:35:33.014  1678  1816 I ViewRootImpl@f3dc5c7[StatusBar]: Received frameDrawingCallback syncResult=0 frameNum=30744.
10-08 20:35:33.014  1678  1816 I ViewRootImpl@f3dc5c7[StatusBar]: Setting up sync and frameCommitCallback
10-08 20:35:33.015  1678  1742 I ViewRootImpl@f3dc5c7[StatusBar]: Received frameCommittedCallback lastAttemptedDrawFrameNum=30744 didProduceBuffer=true
10-08 20:35:33.016  1678  1678 I ViewRootImpl@f3dc5c7[StatusBar]: onSyncComplete
10-08 20:35:33.016  1678  1678 I ViewRootImpl@f3dc5c7[StatusBar]: setupSync seqId=5 mSyncId=269 fn=30744 caller=android.view.ViewRootImpl$$ExternalSyntheticLambda11.accept:6 android.window.SurfaceSyncer.lambda$setupSync$1$android-window-SurfaceSyncer:128 android.window.SurfaceSyncer$$ExternalSyntheticLambda1.accept:8 android.window.SurfaceSyncer$SyncSet.checkIfSyncIsComplete:382 android.window.SurfaceSyncer$SyncSet.markSyncReady:359 android.window.SurfaceSyncer.markSyncReady:151 android.view.ViewRootImpl.performTraversals:4503 
10-08 20:35:33.016  1678  1678 I ViewRootImpl@6d60797[NavigationBar0]: Setup new sync id=53
10-08 20:35:33.016  1678  1678 I ViewRootImpl@6d60797[NavigationBar0]: Setting syncFrameCallback
10-08 20:35:33.016  1678  1678 I ViewRootImpl@6d60797[NavigationBar0]: registerCallbacksForSync syncBuffer=false
10-08 20:35:33.016  1678  1817 I ViewRootImpl@6d60797[NavigationBar0]: Received frameDrawingCallback syncResult=0 frameNum=37008.
10-08 20:35:33.016  1678  1817 I ViewRootImpl@6d60797[NavigationBar0]: Setting up sync and frameCommitCallback
10-08 20:35:33.017  1678  1742 I ViewRootImpl@6d60797[NavigationBar0]: Received frameCommittedCallback lastAttemptedDrawFrameNum=37008 didProduceBuffer=true
10-08 20:35:33.018  1678  1678 I ViewRootImpl@6d60797[NavigationBar0]: onSyncComplete
10-08 20:35:33.018  1678  1678 I ViewRootImpl@6d60797[NavigationBar0]: setupSync seqId=6 mSyncId=53 fn=37008 caller=android.view.ViewRootImpl$$ExternalSyntheticLambda11.accept:6 android.window.SurfaceSyncer.lambda$setupSync$1$android-window-SurfaceSyncer:128 android.window.SurfaceSyncer$$ExternalSyntheticLambda1.accept:8 android.window.SurfaceSyncer$SyncSet.checkIfSyncIsComplete:382 android.window.SurfaceSyncer$SyncSet.markSyncReady:359 android.window.SurfaceSyncer.markSyncReady:151 android.view.ViewRootImpl.performTraversals:4503 
10-08 20:35:33.018  1678  1678 I ViewRootImpl@6d60797[NavigationBar0]: reportDrawFinished seqId=6 mSyncId=-1 fn=37008 mSurfaceChangedTransaction=0x73446f7ab0
10-08 20:35:33.019  1678  1678 I ViewRootImpl@f3dc5c7[StatusBar]: reportDrawFinished seqId=5 mSyncId=-1 fn=30744 mSurfaceChangedTransaction=0x7344702b50
10-08 20:35:33.019  1678  1678 D FaceWidgetContainerObserver: onChanged() FaceWidgetContainerLiveData{mIsContainerVisible=true, mClipLayoutVisibility=0, mRotation=0, mIsOwnerVisible=0, mOwnerInfoGravity=17, mAdditionalInfoGravity=17, mClockSideStartPadding=63, mClockSideEndPadding=63, mMusicSideStartPadding=30, mMusicSideEndPadding=30, mInfoSideStartPadding=63, mInfoSideEndPadding=63, mClipLayoutWidth = -1, mIsUpdateOwnerInfoText=true, mAdditionalInfoRemoteView=null, mHasCMAS=false, mIsAdditionalViewGoingToSleep=true, mConfig=CustomConfiguration{fontScale=1.0, screenLayout=268435810, orientation=1, screenWidthDp=411, screenHeightDp=838, smallestScreenWidthDp=411, densityDpi=420, uiMode=33, isRTL=false, mConfiguration={1.0 639mcc2mnc [en_GB] ldltr sw411dp w411dp h838dp 420dpi nrml long port night finger -keyb/v/h -nav/h winConfig={ mBounds=Rect(0, 0 - 1080, 2400) mAppBounds=Rect(0, 74 - 1080, 2274) mMaxBounds=Rect(0, 0 - 1080, 2400) mDisplayRotation=ROTATION_0 mWindowingMode=fullscreen mDisplayWindowingMode=fullscreen mActivityType=undefined mAlwaysOnTop=undefined mRotation=ROTATION_0 mPopOver=undefined mStageConfig=undefined mFreeformTaskPinningState=undefined mFreeformStashState=undefined mDexTaskDockingState=undefined} s.650 fontWeightAdjustment=0 ff=0 bf=0 bts=0 desktop/d dm/n ?dc ?dcui themeSeq=0 nightDim=0}}}
10-08 20:35:33.019   846   846 I Layer   : id=31327 removeFromCurrentState Surface(name=4ecb50b StatusBar)/@0xda8a006 - animation-leash of insets_animation#31327 (206)
10-08 20:35:33.019  1678  1678 D FaceWidgetPagesController: onGravityChanged()
10-08 20:35:33.019   846   846 I Layer   : id=31355 removeFromCurrentState Surface(name=5454305 NavigationBar0)/@0x1a06863 - animation-leash of insets_animation#31355 (206)
10-08 20:35:33.019   846   846 I SurfaceFlinger: [9232ea3 NotificationShade#72] FrameRatePriority: 1
10-08 20:35:33.019   846   846 D SurfaceFlinger: [input] inputWindowCommands.focusRequests size is 1
10-08 20:35:33.019  1678  1678 D FaceWidgetClockPage: setClockGravity() gravity = 49
10-08 20:35:33.019   846   846 I SurfaceFlinger: id=31327 Removed Surface(name=4ecb50b StatusBar)/@0xda8a006 - animation-leash of insets_animation#31327 (206)
10-08 20:35:33.019   846   846 I SurfaceFlinger: id=31355 Removed Surface(name=5454305 NavigationBar0)/@0x1a06863 - animation-leash of insets_animation#31355 (206)
10-08 20:35:33.020  1678  1678 V Navbar.Store: handleEvent(0) OnNavBarWindowStateHidden(noArguments=true) [Module] NavigationBar
10-08 20:35:33.020   846   846 I Layer   : id=31327 Destroyed Surface(name=4ecb50b StatusBar)/@0xda8a006 - animation-leash of insets_animation#31327
10-08 20:35:33.020   846   846 I Layer   : id=31355 Destroyed Surface(name=5454305 NavigationBar0)/@0x1a06863 - animation-leash of insets_animation#31355
10-08 20:35:33.020  1678  1678 D SamsungLightBarControlHelper: onStatusBarAppearanceChanged() -  sbModeChanged:false, statusBarMode:MODE_TRANSPARENT, barState:KEYGUARD, isKeyguardShowing:false, navbarColorManagedByIme:false, stackAppearancesChanged:true, (), packageName:com.android.systemui
10-08 20:35:33.020 17722 17722 I ORC/WindowInsetsAnimation: onProgress
10-08 20:35:33.020 17722 17722 I ORC/WindowInsetsAnimation: setBottomPadding, 727
10-08 20:35:33.020 17722 17722 I ORC/Setting: getEnableSupportSplitMode() smallest screen width : 411
10-08 20:35:33.021  1678  1678 I FaceWidgetPositionAlgorithm: getClockContainerHeight() supplier = 270, bottom margin = 63, real height = 333
10-08 20:35:33.021   846   957 D SurfaceFlinger: [input] setFocusedWindow: 9232ea3 NotificationShade
10-08 20:35:33.021  1678  1678 I FaceWidgetPositionAlgorithm: getMediaContainerHeight() height = 456 container Visibility = 8, isValid = true, mIsDozing = true, fraction = 1.0, source = 0, target = 0
10-08 20:35:33.021  1678  1678 I FaceWidgetPositionAlgorithm: getMediaContainerHeight() supplier = 0
10-08 20:35:33.021  1678  1678 I FaceWidgetPositionAlgorithm: getClockContainerHeight() supplier = 270, bottom margin = 0, real height = 333
10-08 20:35:33.021  2080  2631 I TouchInteractionService: onSystemUiStateChanged, stateFlags : 2228230 |navbar_hidden|notif_visible|allow_gesture|device_dozing|
10-08 20:35:33.021  1678  1678 I FaceWidgetPositionAlgorithm: getClockContainerHeight() supplier = 270, bottom margin = 63, real height = 333
10-08 20:35:33.021  1678  1678 I FaceWidgetPositionAlgorithm: getMediaContainerHeight() height = 456 container Visibility = 8, isValid = true, mIsDozing = true, fraction = 1.0, source = 0, target = 0
10-08 20:35:33.021  1678  1678 I FaceWidgetPositionAlgorithm: getMediaContainerHeight() supplier = 0
10-08 20:35:33.021  1678  1678 I FaceWidgetPositionAlgorithm: getClockContainerHeight() supplier = 270, bottom margin = 0, real height = 333
10-08 20:35:33.021  2080  2631 I TouchInteractionService: onSystemUiStateChanged, stateFlags : 2097158 |navbar_hidden|notif_visible|device_dozing|
10-08 20:35:33.021  2080  2080 I RecentsAnimationDeviceState: setSystemUiFlags, stateFlags : 2228230
10-08 20:35:33.021  2080  2080 I TouchInteractionService: onSystemUiFlagsChanged, lastSysUIFlags : 2228228
10-08 20:35:33.022  2080  2080 I RecentsAnimationDeviceState: setSystemUiFlags, stateFlags : 2097158
10-08 20:35:33.022  2080  2080 I TouchInteractionService: onSystemUiFlagsChanged, lastSysUIFlags : 2228230
10-08 20:35:33.022  1678  1678 D InsetsController: onStateChanged: InsetsState: {mDisplayFrame=Rect(0, 0 - 1080, 2400), mDisplayCutout=DisplayCutout{insets=Rect(0, 74 - 0, 0) waterfall=Insets{left=0, top=0, right=0, bottom=0} boundingRect={Bounds=[Rect(0, 0 - 0, 0), Rect(691, 0 - 749, 74), Rect(0, 0 - 0, 0), Rect(0, 0 - 0, 0)]} cutoutPathParserInfo={CutoutPathParserInfo{displayWidth=1080 displayHeight=2400 physicalDisplayWidth=1440 physicalDisplayHeight=3200 density={2.625} cutoutSpec={M 0,0 H -11.14285714285714 V 28.28571428571429 H 11.14285714285714 V 0 H 0 Z @dp} rotation={0} scale={1.0} physicalPixelDisplaySizeRatio={1.0}}}}, mRoundedCorners=RoundedCorners{[RoundedCorner{position=TopLeft, radius=63, center=Point(63, 63)}, RoundedCorner{position=TopRight, radius=63, center=Point(1017, 63)}, RoundedCorner{position=BottomRight, radius=63, center=Point(1017, 2337)}, RoundedCorner{position=BottomLeft, radius=63, center=Point(63, 2337)}]}  mRoundedCornerFrame=Rect(0, 0 - 0, 0), mPrivacyIndicatorBounds=PrivacyIndicatorBounds {static bounds=Rect(964, 0 - 1080, 74) rotation=0}, mSources= { InsetsSource: {mType=ITYPE_NAVIGATION_BAR, mFrame=[0,2274][1080,2400], mVisible=true, mInsetsRoundedCornerFrame=false}, InsetsSource: {mType=ITYPE_LEFT_GESTURES, mFrame=[0,0][0,2400], mVisible=true, mInsetsRoundedCornerFrame=false}, InsetsSource: {mType=ITYPE_RIGHT_GESTURES, mFrame=[1080,0][1080,2400], mVisible=true, mInsetsRoundedCornerFrame=false}, InsetsSource: {mType=ITYPE_TOP_MANDATORY_GESTURES, mFrame=[0,0][1080,106], mVisible=true, mInsetsRoundedCornerFrame=false}, InsetsSource: {mType=ITYPE_BOTTOM_MANDATORY_GESTURES, mFrame=[0,2274][1080,2400], mVisible=true, mInsetsRoundedCornerFrame=false}, InsetsSource: {mType=ITYPE_LEFT_DISPLAY_CUTOUT, mFrame=[0,0][-100000,2400], mVisible=true, mInsetsRoundedCornerFrame=false}, InsetsSource: {mType=ITYPE_TOP_DISPLAY_CUTOUT, mFrame=[0,0][1080,74], mVisible=true, mInsetsRoundedCornerFrame=false}, InsetsSource: {mType=ITYPE_RIGHT_DISPLAY_CUTOUT, mFrame=[100000,0][1080,2400], mVisible=true, mInsetsRoundedCornerFrame=false}, InsetsSource: {mType=ITYPE_BOTTOM_DISPLAY_CUTOUT, mFrame=[0,100000][1080,2400], mVisible=true, mInsetsRoundedCornerFrame=false}, InsetsSource: {mType=ITYPE_BOTTOM_TAPPABLE_ELEMENT, mFrame=[0,2274][1080,2400], mVisible=true, mInsetsRoundedCornerFrame=false} } host=NotificationShade from=android.view.ViewRootImpl$ViewRootHandler.handleMessageImpl:6740
10-08 20:35:33.019  1173  3627 D WindowManager: finishDrawingWindow: Window{5454305 u0 NavigationBar0} mDrawState=DRAW_PENDING seqId=6
10-08 20:35:33.022  1173  4214 D InputDispatcher: Focus entered window (0): 9232ea3 NotificationShade
10-08 20:35:33.022  1173  1582 I FingerprintService.Ext: onReceive : android.intent.action.SCREEN_OFF
10-08 20:35:33.023  1678  1678 D InsetsController: controlAnimationUnchecked: Added types=2 animType=1 host=NotificationShade from=android.view.InsetsController.applyAnimation:1576 android.view.InsetsController.applyAnimation:1557 android.view.InsetsController.onControlsChanged:995 
10-08 20:35:33.023  1173  1272 D SurfaceControl: applyGlobalTransaction called, mName=finishDrawing_syncId(6)_NavigationBar0
10-08 20:35:33.023  1678  1678 D InsetsController: onStateChanged: InsetsState: {mDisplayFrame=Rect(0, 0 - 1080, 2400), mDisplayCutout=DisplayCutout{insets=Rect(0, 74 - 0, 0) waterfall=Insets{left=0, top=0, right=0, bottom=0} boundingRect={Bounds=[Rect(0, 0 - 0, 0), Rect(691, 0 - 749, 74), Rect(0, 0 - 0, 0), Rect(0, 0 - 0, 0)]} cutoutPathParserInfo={CutoutPathParserInfo{displayWidth=1080 displayHeight=2400 physicalDisplayWidth=1440 physicalDisplayHeight=3200 density={2.625} cutoutSpec={M 0,0 H -11.14285714285714 V 28.28571428571429 H 11.14285714285714 V 0 H 0 Z @dp} rotation={0} scale={1.0} physicalPixelDisplaySizeRatio={1.0}}}}, mRoundedCorners=RoundedCorners{[RoundedCorner{position=TopLeft, radius=63, center=Point(63, 63)}, RoundedCorner{position=TopRight, radius=63, center=Point(1017, 63)}, RoundedCorner{position=BottomRight, radius=63, center=Point(1017, 2337)}, RoundedCorner{position=BottomLeft, radius=63, center=Point(63, 2337)}]}  mRoundedCornerFrame=Rect(0, 0 - 0, 0), mPrivacyIndicatorBounds=PrivacyIndicatorBounds {static bounds=Rect(964, 0 - 1080, 74) rotation=0}, mSources= { InsetsSource: {mType=ITYPE_NAVIGATION_BAR, mFrame=[0,2274][1080,2400], mVisible=false, mInsetsRoundedCornerFrame=false}, InsetsSource: {mType=ITYPE_LEFT_GESTURES, mFrame=[0,0][0,2400], mVisible=true, mInsetsRoundedCornerFrame=false}, InsetsSource: {mType=ITYPE_RIGHT_GESTURES, mFrame=[1080,0][1080,2400], mVisible=true, mInsetsRoundedCornerFrame=false}, InsetsSource: {mType=ITYPE_TOP_MANDATORY_GESTURES, mFrame=[0,0][1080,106], mVisible=true, mInsetsRoundedCornerFrame=false}, InsetsSource: {mType=ITYPE_BOTTOM_MANDATORY_GESTURES, mFrame=[0,2274][1080,2400], mVisible=true, mInsetsRoundedCornerFrame=false}, InsetsSource: {mType=ITYPE_LEFT_DISPLAY_CUTOUT, mFrame=[0,0][-100000,2400], mVisible=true, mInsetsRoundedCornerFrame=false}, InsetsSource: {mType=ITYPE_TOP_DISPLAY_CUTOUT, mFrame=[0,0][1080,74], mVisible=true, mInsetsRoundedCornerFrame=false}, InsetsSource: {mType=ITYPE_RIGHT_DISPLAY_CUTOUT, mFrame=[100000,0][1080,2400], mVisible=true, mInsetsRoundedCornerFrame=false}, InsetsSource: {mType=ITYPE_BOTTOM_DISPLAY_CUTOUT, mFrame=[0,100000][1080,2400], mVisible=true, mInsetsRoundedCornerFrame=false}, InsetsSource: {mType=ITYPE_BOTTOM_TAPPABLE_ELEMENT, mFrame=[0,2274][1080,2400], mVisible=true, mInsetsRoundedCornerFrame=false} } host=NotificationShade from=android.view.ViewRootImpl$ViewRootHandler.handleMessageImpl:6727
10-08 20:35:33.023  1678  1678 I ViewRootImpl@77e2bcf[NotificationShade]: handleResized, msg = 5 frames=ClientWindowFrames{frame=[0,0][1080,2400] display=[0,0][1080,2400] parentFrame=[0,0][0,0] parentClippedByDisplayCutout=false} forceNextWindowRelayout=false displayId=0 resizeMode=-1 frameChanged=false displayFrameChanged=false configChanged=false displayChanged=false
10-08 20:35:33.023  1678  1678 I ViewRootImpl@77e2bcf[NotificationShade]: handleResized mSyncSeqId = 1
10-08 20:35:33.023  1678  1678 I ViewRootImpl@77e2bcf[NotificationShade]: reportNextDraw android.view.ViewRootImpl.handleResized:2450 android.view.ViewRootImpl.-$$Nest$mhandleResized:0 android.view.ViewRootImpl$ViewRootHandler.handleMessageImpl:6728 android.view.ViewRootImpl$ViewRootHandler.handleMessage:6697 android.os.Handler.dispatchMessage:106 
10-08 20:35:33.024  1678  1678 D InsetsController: onStateChanged: InsetsState: {mDisplayFrame=Rect(0, 0 - 1080, 2400), mDisplayCutout=DisplayCutout{insets=Rect(0, 74 - 0, 0) waterfall=Insets{left=0, top=0, right=0, bottom=0} boundingRect={Bounds=[Rect(0, 0 - 0, 0), Rect(691, 0 - 749, 74), Rect(0, 0 - 0, 0), Rect(0, 0 - 0, 0)]} cutoutPathParserInfo={CutoutPathParserInfo{displayWidth=1080 displayHeight=2400 physicalDisplayWidth=1440 physicalDisplayHeight=3200 density={2.625} cutoutSpec={M 0,0 H -11.14285714285714 V 28.28571428571429 H 11.14285714285714 V 0 H 0 Z @dp} rotation={0} scale={1.0} physicalPixelDisplaySizeRatio={1.0}}}}, mRoundedCorners=RoundedCorners{[RoundedCorner{position=TopLeft, radius=63, center=Point(63, 63)}, RoundedCorner{position=TopRight, radius=63, center=Point(1017, 63)}, RoundedCorner{position=BottomRight, radius=63, center=Point(1017, 2337)}, RoundedCorner{position=BottomLeft, radius=63, center=Point(63, 2337)}]}  mRoundedCornerFrame=Rect(0, 0 - 0, 0), mPrivacyIndicatorBounds=PrivacyIndicatorBounds {static bounds=Rect(964, 0 - 1080, 74) rotation=0}, mSources= { InsetsSource: {mType=ITYPE_NAVIGATION_BAR, mFrame=[0,2274][1080,2400], mVisible=false, mInsetsRoundedCornerFrame=false}, InsetsSource: {mType=ITYPE_LEFT_GESTURES, mFrame=[0,0][0,2400], mVisible=true, mInsetsRoundedCornerFrame=false}, InsetsSource: {mType=ITYPE_RIGHT_GESTURES, mFrame=[1080,0][1080,2400], mVisible=true, mInsetsRoundedCornerFrame=false}, InsetsSource: {mType=ITYPE_TOP_MANDATORY_GESTURES, mFrame=[0,0][1080,106], mVisible=true, mInsetsRoundedCornerFrame=false}, InsetsSource: {mType=ITYPE_BOTTOM_MANDATORY_GESTURES, mFrame=[0,2274][1080,2400], mVisible=true, mInsetsRoundedCornerFrame=false}, InsetsSource: {mType=ITYPE_LEFT_DISPLAY_CUTOUT, mFrame=[0,0][-100000,2400], mVisible=true, mInsetsRoundedCornerFrame=false}, InsetsSource: {mType=ITYPE_TOP_DISPLAY_CUTOUT, mFrame=[0,0][1080,74], mVisible=true, mInsetsRoundedCornerFrame=false}, InsetsSource: {mType=ITYPE_RIGHT_DISPLAY_CUTOUT, mFrame=[100000,0][1080,2400], mVisible=true, mInsetsRoundedCornerFrame=false}, InsetsSource: {mType=ITYPE_BOTTOM_DISPLAY_CUTOUT, mFrame=[0,100000][1080,2400], mVisible=true, mInsetsRoundedCornerFrame=false}, InsetsSource: {mType=ITYPE_BOTTOM_TAPPABLE_ELEMENT, mFrame=[0,2274][1080,2400], mVisible=true, mInsetsRoundedCornerFrame=false} } host=StatusBar from=android.view.ViewRootImpl$ViewRootHandler.handleMessageImpl:6727
10-08 20:35:33.024  1678  1678 I ViewRootImpl@f3dc5c7[StatusBar]: handleResized, msg = 5 frames=ClientWindowFrames{frame=[0,0][1080,74] display=[0,0][1080,2400] parentFrame=[0,0][0,0] parentClippedByDisplayCutout=false} forceNextWindowRelayout=false displayId=0 resizeMode=-1 frameChanged=false displayFrameChanged=false configChanged=false displayChanged=false
10-08 20:35:33.024  1678  1678 I ViewRootImpl@f3dc5c7[StatusBar]: handleResized mSyncSeqId = 5
10-08 20:35:33.024  1678  1678 I ViewRootImpl@f3dc5c7[StatusBar]: reportNextDraw android.view.ViewRootImpl.handleResized:2450 android.view.ViewRootImpl.-$$Nest$mhandleResized:0 android.view.ViewRootImpl$ViewRootHandler.handleMessageImpl:6728 android.view.ViewRootImpl$ViewRootHandler.handleMessage:6697 android.os.Handler.dispatchMessage:106 
10-08 20:35:33.025  1173  4214 D WindowManager: finishDrawingWindow: Window{4ecb50b u0 StatusBar} mDrawState=DRAW_PENDING seqId=5
10-08 20:35:33.025  1173  1173 I AfterimageCompensationService: ACTION_SCREEN_OFF
10-08 20:35:33.026  1173  1173 I MdnieScenarioControlService: action  :  android.intent.action.SCREEN_OFF
10-08 20:35:33.026  1173  1272 V WindowManager: performShowLocked: mDrawState=HAS_DRAWN in Window{4ecb50b u0 StatusBar}
10-08 20:35:33.026  1173  1272 D SurfaceControl: applyGlobalTransaction called, mName=finishDrawing_syncId(5)_StatusBar
10-08 20:35:33.026  1173  1173 I AdaptiveDisplaySolutionService: action  :  android.intent.action.SCREEN_OFF
10-08 20:35:33.027  1173  1173 I EyeComfortSolutionService: action  :  android.intent.action.SCREEN_OFF
10-08 20:35:33.028  1173  1901 I SLocation: DeviceStatusNotiManager - received action : android.intent.action.SCREEN_OFF
10-08 20:35:33.031  1961  1961 D NfcService: MSG_APPLY_SCREEN_STATE 1
10-08 20:35:33.031  1961  1961 D NfcService: doSetScreenState - MSG_APPLY_SCREEN_STATE
10-08 20:35:33.032  2066  2066 I SecHAL  : nfc_hal_write: enter;
10-08 20:35:33.032  2066  2066 E SecHAL  : nfc_hal_write: [Cmd]Send EVT data_sending_flag = true, return size=7!!
10-08 20:35:33.032  2066  2066 I SecHAL  : nfc_hal_write: exit;
10-08 20:35:33.032  2066  3840 D SecHAL  : nfc_hal_task: Got a event: HAL_EVT_WRITE(3)
10-08 20:35:33.032  2066  3840 D SecHAL  : nfc_hal_task: current state: SERVICE
10-08 20:35:33.032  2066  3840 I SecHAL  : device_wakeup: Wakeup! in 20 ms
10-08 20:35:33.034  1963  2351 I VolteServiceModule: onSreenOnOffChanged: on =0
10-08 20:35:33.034  1963  2351 I StackIF<0>: updateScreenOnOff: on 0
10-08 20:35:33.035  1963  2351 I SECIMSJ : [0976]> 80
10-08 20:35:33.035  1963  2348 I [IMS6.0]: IMS_onResponse()
10-08 20:35:33.035  1963  2348 I StackIF : processMessage 2
10-08 20:35:33.035  1963  2348 I StackIF : Processing Response
10-08 20:35:33.035  1963  2348 I SECIMSJ : [0976]< 101
10-08 20:35:33.035  1963  2348 I StackIF : processResponse: reqId 101
10-08 20:35:33.035  1963  2348 I StackIF : processResponse: handle -1 result 0 reason 0
10-08 20:35:33.037 17722 17722 I ORC/WindowInsetsAnimation: onProgress
10-08 20:35:33.037 17722 17722 I ORC/WindowInsetsAnimation: setBottomPadding, 516
10-08 20:35:33.037 17722 17722 I ORC/Setting: getEnableSupportSplitMode() smallest screen width : 411
10-08 20:35:33.037  1173  2541 D LiftUpHandler:   mReceiver.onReceive : ACTION_SCREEN_OFF
10-08 20:35:33.038  1173  1173 I SemWifiApAdvancedAutohotspotService:  Screen OFF
10-08 20:35:33.038  1173  2541 D LiftUpHandler: [LTW] Running already.
10-08 20:35:33.038  1173  2615 I SemWifiApAdvancedAutohotspotService: got: CMD_SCREEN_OFF
10-08 20:35:33.038  1173  2615 D SemWifiApAdvancedAutohotspotService: prev history :10
10-08 20:35:33.039  1173  2615 D SemWifiApSmartGattClient: mHotspotVersion value : 0
10-08 20:35:33.039  1678  1678 I FaceWidgetPositionAlgorithm: getClockContainerHeight() supplier = 270, bottom margin = 63, real height = 333
10-08 20:35:33.039  1678  1678 I FaceWidgetPositionAlgorithm: getMediaContainerHeight() height = 456 container Visibility = 8, isValid = true, mIsDozing = true, fraction = 1.0, source = 0, target = 0
10-08 20:35:33.039  1678  1678 I FaceWidgetPositionAlgorithm: getMediaContainerHeight() supplier = 0
10-08 20:35:33.039  1678  1678 I FaceWidgetPositionAlgorithm: getClockContainerHeight() supplier = 270, bottom margin = 0, real height = 333
10-08 20:35:33.039  1678  1678 I FaceWidgetPositionAlgorithm: getClockContainerHeight() supplier = 270, bottom margin = 63, real height = 333
10-08 20:35:33.039  1678  1678 I FaceWidgetPositionAlgorithm: getMediaContainerHeight() height = 456 container Visibility = 8, isValid = true, mIsDozing = true, fraction = 1.0, source = 0, target = 0
10-08 20:35:33.039  1678  1678 I FaceWidgetPositionAlgorithm: getMediaContainerHeight() supplier = 0
10-08 20:35:33.039  1678  1678 I FaceWidgetPositionAlgorithm: getClockContainerHeight() supplier = 270, bottom margin = 0, real height = 333
10-08 20:35:33.039  2517  2628 I EventReceiver_FLP: BroadcastReceiver : ACTION_SCREEN_OFF
10-08 20:35:33.039  2517  2628 I EventReceiver_FLP: BroadcastReceiver finished
10-08 20:35:33.040  2517  2613 I SettingManager_FLP: LocationPowerSave is changed to true by screen state
10-08 20:35:33.040  1678  1678 D InsetsController: cancelAnimation of types: 2, animType: 1, host: NotificationShade, from:android.view.InsetsController.notifyFinished:1375 android.view.InsetsAnimationControlImpl.applyChangeInsets:285 android.view.InsetsController.lambda$new$3$android-view-InsetsController:674 
10-08 20:35:33.040  1678  1678 I ViewRootImpl@77e2bcf[NotificationShade]: Setup new sync id=1323
10-08 20:35:33.040  1678  1678 I ViewRootImpl@77e2bcf[NotificationShade]: Setting syncFrameCallback
10-08 20:35:33.040  1678  1678 I ViewRootImpl@77e2bcf[NotificationShade]: registerCallbacksForSync syncBuffer=false
10-08 20:35:33.042  2080  2080 I Launcher: mScreenOffReceiver start
10-08 20:35:33.042  2080  2080 I Launcher: mScreenOffReceiver end
10-08 20:35:33.045  1678  1816 I ViewRootImpl@77e2bcf[NotificationShade]: mWNT: t=0x7344982330 mBlastBufferQueue=0x73847d7a70 fn= 2 caller= android.view.SyncRtSurfaceTransactionApplier.applyTransaction:96 android.view.SyncRtSurfaceTransactionApplier.lambda$scheduleApply$0$android-view-SyncRtSurfaceTransactionApplier:69 android.view.SyncRtSurfaceTransactionApplier$$ExternalSyntheticLambda0.onFrameDraw:4 
10-08 20:35:33.045  1678  1816 I ViewRootImpl@77e2bcf[NotificationShade]: Received frameDrawingCallback syncResult=0 frameNum=2.
10-08 20:35:33.045  1678  1816 I ViewRootImpl@77e2bcf[NotificationShade]: Setting up sync and frameCommitCallback
10-08 20:35:33.047  1678  1742 I ViewRootImpl@77e2bcf[NotificationShade]: Received frameCommittedCallback lastAttemptedDrawFrameNum=2 didProduceBuffer=true
10-08 20:35:33.047  1678  1678 I ViewRootImpl@77e2bcf[NotificationShade]: onSyncComplete
10-08 20:35:33.047  1678  1678 I ViewRootImpl@77e2bcf[NotificationShade]: setupSync seqId=1 mSyncId=1323 fn=2 caller=android.view.ViewRootImpl$$ExternalSyntheticLambda11.accept:6 android.window.SurfaceSyncer.lambda$setupSync$1$android-window-SurfaceSyncer:128 android.window.SurfaceSyncer$$ExternalSyntheticLambda1.accept:8 android.window.SurfaceSyncer$SyncSet.checkIfSyncIsComplete:382 android.window.SurfaceSyncer$SyncSet.markSyncReady:359 android.window.SurfaceSyncer.markSyncReady:151 android.view.ViewRootImpl.performTraversals:4503 
10-08 20:35:33.048  1678  1678 I ViewRootImpl@f3dc5c7[StatusBar]: Setup new sync id=270
10-08 20:35:33.048  1678  1678 I ViewRootImpl@f3dc5c7[StatusBar]: Setting syncFrameCallback
10-08 20:35:33.048  1678  1678 I ViewRootImpl@f3dc5c7[StatusBar]: registerCallbacksForSync syncBuffer=false
10-08 20:35:33.049  1678  1817 I ViewRootImpl@f3dc5c7[StatusBar]: Received frameDrawingCallback syncResult=0 frameNum=30745.
10-08 20:35:33.049  1678  1817 I ViewRootImpl@f3dc5c7[StatusBar]: Setting up sync and frameCommitCallback
10-08 20:35:33.050  1678  1742 I ViewRootImpl@f3dc5c7[StatusBar]: Received frameCommittedCallback lastAttemptedDrawFrameNum=30745 didProduceBuffer=true
10-08 20:35:33.051  1678  1678 I ViewRootImpl@f3dc5c7[StatusBar]: onSyncComplete
10-08 20:35:33.051  1678  1678 I ViewRootImpl@f3dc5c7[StatusBar]: setupSync seqId=5 mSyncId=270 fn=30745 caller=android.view.ViewRootImpl$$ExternalSyntheticLambda11.accept:6 android.window.SurfaceSyncer.lambda$setupSync$1$android-window-SurfaceSyncer:128 android.window.SurfaceSyncer$$ExternalSyntheticLambda1.accept:8 android.window.SurfaceSyncer$SyncSet.checkIfSyncIsComplete:382 android.window.SurfaceSyncer$SyncSet.markSyncReady:359 android.window.SurfaceSyncer.markSyncReady:151 android.view.ViewRootImpl.performTraversals:4503 
10-08 20:35:33.051  1678  1678 I ViewRootImpl@f3dc5c7[StatusBar]: reportDrawFinished seqId=5 mSyncId=-1 fn=30745 mSurfaceChangedTransaction=0x7344702b50
10-08 20:35:33.052  1678  1678 I ViewRootImpl@77e2bcf[NotificationShade]: reportDrawFinished seqId=1 mSyncId=-1 fn=2 mSurfaceChangedTransaction=0x7344701b90
10-08 20:35:33.052  1678  1678 I ViewRootImpl@77e2bcf[NotificationShade]: MSG_WINDOW_FOCUS_CHANGED 1 1
